Mar 22 12:19:07.161482 dv-neutron-834653-1-hyperv neutron-server[83794]: DEBUG neutron.plugins.ml2.managers [None req-658753b0-1418-4e87-9b5c-71684d46c539 tempest-PortsAdminExtendedAttrsIpV6TestJSON-670032287 tempest-PortsAdminExtendedAttrsIpV6TestJSON-670032287-project-admin] Attempting to bind port 135843fd-2203-46c9-be39-a2b8ea293e34 on host hv-neutron-8346 for vnic_type normal with profile {{(pid=83794) bind_port /opt/stack/neutron/neutron/plugins/ml2/managers.py:790}}
Mar 22 12:19:07.162092 dv-neutron-834653-1-hyperv neutron-server[83794]: DEBUG neutron.plugins.ml2.managers [None req-658753b0-1418-4e87-9b5c-71684d46c539 tempest-PortsAdminExtendedAttrsIpV6TestJSON-670032287 tempest-PortsAdminExtendedAttrsIpV6TestJSON-670032287-project-admin] Attempting to bind port 135843fd-2203-46c9-be39-a2b8ea293e34 by drivers openvswitch,hyperv on host hv-neutron-8346 at level 0 using segments [{'id': '94e860cf-ed78-471f-ac6c-7850b37fa2a7', 'network_type': 'vlan', 'physical_network': 'physnet1', 'segmentation_id': 219, 'network_id': 'ac275591-f031-429c-9058-82e9778c31aa'}] {{(pid=83794) _bind_port_level /opt/stack/neutron/neutron/plugins/ml2/managers.py:815}}
Mar 22 12:19:07.163607 dv-neutron-834653-1-hyperv neutron-server[83794]: DEBUG neutron.plugins.ml2.drivers.mech_agent [None req-658753b0-1418-4e87-9b5c-71684d46c539 tempest-PortsAdminExtendedAttrsIpV6TestJSON-670032287 tempest-PortsAdminExtendedAttrsIpV6TestJSON-670032287-project-admin] Attempting to bind port 135843fd-2203-46c9-be39-a2b8ea293e34 on network ac275591-f031-429c-9058-82e9778c31aa {{(pid=83794) bind_port /opt/stack/neutron/neutron/plugins/ml2/drivers/mech_agent.py:85}}
Mar 22 12:19:07.188957 dv-neutron-834653-1-hyperv neutron-server[83794]: DEBUG neutron_lib.callbacks.manager [None req-72854d11-3ea7-47e8-b995-b466a00001d6 tempest-QuotasNegativeTest-106115256 tempest-QuotasNegativeTest-106115256-project-admin] Notify callbacks ['neutron.plugins.ml2.plugin.Ml2Plugin._handle_segment_change-1198777'] for segment, precommit_delete {{(pid=83794) _notify_loop /usr/local/lib/python3.8/dist-packages/neutron_lib/callbacks/manager.py:192}}
Mar 22 12:19:07.242249 dv-neutron-834653-1-hyperv neutron-server[83794]: DEBUG neutron.plugins.ml2.drivers.type_vlan [None req-72854d11-3ea7-47e8-b995-b466a00001d6 tempest-QuotasNegativeTest-106115256 tempest-QuotasNegativeTest-106115256-project-admin] Releasing vlan 238 on physical network physnet1 to pool {{(pid=83794) release_segment /opt/stack/neutron/neutron/plugins/ml2/drivers/type_vlan.py:310}}
Mar 22 12:19:07.243161 dv-neutron-834653-1-hyperv neutron-server[83794]: DEBUG neutron_lib.callbacks.manager [None req-72854d11-3ea7-47e8-b995-b466a00001d6 tempest-QuotasNegativeTest-106115256 tempest-QuotasNegativeTest-106115256-project-admin] Notify callbacks ['neutron.plugins.ml2.plugin.Ml2Plugin._handle_after_delete_segment_change-1198754', 'neutron.services.segments.plugin.NovaSegmentNotifier._notify_segment_deleted-15254188'] for segment, after_delete {{(pid=83794) _notify_loop /usr/local/lib/python3.8/dist-packages/neutron_lib/callbacks/manager.py:192}}
Mar 22 12:19:07.243756 dv-neutron-834653-1-hyperv neutron-server[83795]: DEBUG neutron.db.provisioning_blocks [None req-e1697633-6906-4197-a1cf-5daf594cee1b None None] Provisioning for port c4bc52a0-df57-4ee2-a932-dfd43e957a00 completed by entity DHCP. {{(pid=83795) provisioning_complete /opt/stack/neutron/neutron/db/provisioning_blocks.py:133}}
Mar 22 12:19:07.261303 dv-neutron-834653-1-hyperv neutron-server[83793]: DEBUG neutron.plugins.ml2.drivers.helpers [None req-cfbdfd4b-00a5-4f7c-837c-055a81ed4eeb tempest-ExternalNetworksTestJSON-1887034975 tempest-ExternalNetworksTestJSON-1887034975-project-admin] vlan segment allocate from pool success with {'vlan_id': 225, 'physical_network': 'physnet1'} {{(pid=83793) allocate_partially_specified_segment /opt/stack/neutron/neutron/plugins/ml2/drivers/helpers.py:153}}
Mar 22 12:19:07.275179 dv-neutron-834653-1-hyperv neutron-server[83793]: INFO neutron.wsgi [None req-58376922-d9e2-41c4-b047-95a99460700c tempest-RoutersIpV6AdminTest-2054278977 tempest-RoutersIpV6AdminTest-2054278977-project-admin] 10.222.0.62 "POST /v2.0/ports HTTP/1.1" status: 201 len: 1029 time: 2.4629321
Mar 22 12:19:07.281506 dv-neutron-834653-1-hyperv neutron-server[83793]: DEBUG neutron.wsgi [-] (83793) accepted ('10.222.0.62', 35120) {{(pid=83793) server /usr/local/lib/python3.8/dist-packages/eventlet/wsgi.py:992}}
Mar 22 12:19:07.282272 dv-neutron-834653-1-hyperv neutron-server[83794]: /usr/local/lib/python3.8/dist-packages/sqlalchemy/orm/relationships.py:1993: SAWarning: Setting backref / back_populates on relationship QosNetworkPolicyBinding.port to refer to viewonly relationship Port.qos_network_policy_binding should include sync_backref=False set on the QosNetworkPolicyBinding.port relationship. (this warning may be suppressed after 10 occurrences)
Mar 22 12:19:07.282272 dv-neutron-834653-1-hyperv neutron-server[83794]: util.warn_limited(
Mar 22 12:19:07.282272 dv-neutron-834653-1-hyperv neutron-server[83794]: /usr/local/lib/python3.8/dist-packages/sqlalchemy/orm/relationships.py:1993: SAWarning: Setting backref / back_populates on relationship Tag.standard_attr to refer to viewonly relationship StandardAttribute.tags should include sync_backref=False set on the Tag.standard_attr relationship. (this warning may be suppressed after 10 occurrences)
Mar 22 12:19:07.282272 dv-neutron-834653-1-hyperv neutron-server[83794]: util.warn_limited(
Mar 22 12:19:07.282272 dv-neutron-834653-1-hyperv neutron-server[83794]: Traceback (most recent call last):
Mar 22 12:19:07.282272 dv-neutron-834653-1-hyperv neutron-server[83794]: File "/usr/local/lib/python3.8/dist-packages/eventlet/hubs/hub.py", line 461, in fire_timers
Mar 22 12:19:07.282272 dv-neutron-834653-1-hyperv neutron-server[83794]: timer()
Mar 22 12:19:07.282272 dv-neutron-834653-1-hyperv neutron-server[83794]: File "/usr/local/lib/python3.8/dist-packages/eventlet/hubs/timer.py", line 59, in __call__
Mar 22 12:19:07.282272 dv-neutron-834653-1-hyperv neutron-server[83794]: cb(*args, **kw)
Mar 22 12:19:07.282272 dv-neutron-834653-1-hyperv neutron-server[83794]: File "/opt/stack/neutron/neutron/common/utils.py", line 912, in wrapper
Mar 22 12:19:07.282272 dv-neutron-834653-1-hyperv neutron-server[83794]: return func(*args, **kwargs)
Mar 22 12:19:07.282272 dv-neutron-834653-1-hyperv neutron-server[83794]: File "/opt/stack/neutron/neutron/notifiers/batch_notifier.py", line 58, in synced_send
Mar 22 12:19:07.282272 dv-neutron-834653-1-hyperv neutron-server[83794]: self._notify()
Mar 22 12:19:07.282272 dv-neutron-834653-1-hyperv neutron-server[83794]: File "/opt/stack/neutron/neutron/notifiers/batch_notifier.py", line 69, in _notify
Mar 22 12:19:07.282272 dv-neutron-834653-1-hyperv neutron-server[83794]: self.callback(batched_events)
Mar 22 12:19:07.282272 dv-neutron-834653-1-hyperv neutron-server[83794]: File "/opt/stack/neutron/neutron/services/segments/plugin.py", line 211, in _send_notifications
Mar 22 12:19:07.282272 dv-neutron-834653-1-hyperv neutron-server[83794]: event.method(event)
Mar 22 12:19:07.282272 dv-neutron-834653-1-hyperv neutron-server[83794]: File "/opt/stack/neutron/neutron/services/segments/plugin.py", line 379, in _delete_nova_inventory
Mar 22 12:19:07.282272 dv-neutron-834653-1-hyperv neutron-server[83794]: aggregate_id = self._get_aggregate_id(event.segment_id)
Mar 22 12:19:07.282272 dv-neutron-834653-1-hyperv neutron-server[83794]: File "/opt/stack/neutron/neutron/services/segments/plugin.py", line 366, in _get_aggregate_id
Mar 22 12:19:07.282272 dv-neutron-834653-1-hyperv neutron-server[83794]: aggregate_uuid = self.p_client.list_aggregates(
Mar 22 12:19:07.282272 dv-neutron-834653-1-hyperv neutron-server[83794]: File "/usr/local/lib/python3.8/dist-packages/neutron_lib/placement/client.py", line 57, in wrapper
Mar 22 12:19:07.282272 dv-neutron-834653-1-hyperv neutron-server[83794]: return f(self, *a, **k)
Mar 22 12:19:07.282272 dv-neutron-834653-1-hyperv neutron-server[83794]: File "/usr/local/lib/python3.8/dist-packages/neutron_lib/placement/client.py", line 554, in list_aggregates
Mar 22 12:19:07.282272 dv-neutron-834653-1-hyperv neutron-server[83794]: return self._get(url).json()
Mar 22 12:19:07.282272 dv-neutron-834653-1-hyperv neutron-server[83794]: File "/usr/local/lib/python3.8/dist-packages/neutron_lib/placement/client.py", line 190, in _get
Mar 22 12:19:07.282272 dv-neutron-834653-1-hyperv neutron-server[83794]: return self._client.get(url, endpoint_filter=self._ks_filter,
Mar 22 12:19:07.282272 dv-neutron-834653-1-hyperv neutron-server[83794]: File "/usr/local/lib/python3.8/dist-packages/keystoneauth1/session.py", line 1131, in get
Mar 22 12:19:07.282272 dv-neutron-834653-1-hyperv neutron-server[83794]: return self.request(url, 'GET', **kwargs)
Mar 22 12:19:07.282272 dv-neutron-834653-1-hyperv neutron-server[83794]: File "/usr/local/lib/python3.8/dist-packages/keystoneauth1/session.py", line 801, in request
Mar 22 12:19:07.282272 dv-neutron-834653-1-hyperv neutron-server[83794]: base_url = self.get_endpoint(auth, allow=allow,
Mar 22 12:19:07.282272 dv-neutron-834653-1-hyperv neutron-server[83794]: File "/usr/local/lib/python3.8/dist-packages/keystoneauth1/session.py", line 1231, in get_endpoint
Mar 22 12:19:07.282272 dv-neutron-834653-1-hyperv neutron-server[83794]: auth = self._auth_required(auth, 'determine endpoint URL')
Mar 22 12:19:07.282272 dv-neutron-834653-1-hyperv neutron-server[83794]: File "/usr/local/lib/python3.8/dist-packages/keystoneauth1/session.py", line 1171, in _auth_required
Mar 22 12:19:07.282272 dv-neutron-834653-1-hyperv neutron-server[83794]: raise exceptions.MissingAuthPlugin(msg_fmt % msg)
Mar 22 12:19:07.282272 dv-neutron-834653-1-hyperv neutron-server[83794]: keystoneauth1.exceptions.auth_plugins.MissingAuthPlugin: An auth plugin is required to determine endpoint URL
Mar 22 12:19:07.353572 dv-neutron-834653-1-hyperv neutron-server[83795]: DEBUG neutron.db.provisioning_blocks [None req-ed6bd8f8-02f7-4c37-94d5-87f204cf1238 None None] Provisioning complete for port 4f0307b5-a590-4f99-af99-bd8ee6248b4c triggered by entity L2. {{(pid=83795) provisioning_complete /opt/stack/neutron/neutron/db/provisioning_blocks.py:139}}
Mar 22 12:19:07.354199 dv-neutron-834653-1-hyperv neutron-server[83795]: DEBUG neutron_lib.callbacks.manager [None req-ed6bd8f8-02f7-4c37-94d5-87f204cf1238 None None] Notify callbacks ['neutron.plugins.ml2.plugin.Ml2Plugin._port_provisioned-1225531'] for port, provisioning_complete {{(pid=83795) _notify_loop /usr/local/lib/python3.8/dist-packages/neutron_lib/callbacks/manager.py:192}}
Mar 22 12:19:07.355650 dv-neutron-834653-1-hyperv neutron-server[83793]: DEBUG neutron_lib.callbacks.manager [None req-cfbdfd4b-00a5-4f7c-837c-055a81ed4eeb tempest-ExternalNetworksTestJSON-1887034975 tempest-ExternalNetworksTestJSON-1887034975-project-admin] Notify callbacks ['neutron.plugins.ml2.plugin.Ml2Plugin._handle_segment_change-1198777'] for segment, precommit_create {{(pid=83793) _notify_loop /usr/local/lib/python3.8/dist-packages/neutron_lib/callbacks/manager.py:192}}
Mar 22 12:19:07.356059 dv-neutron-834653-1-hyperv neutron-server[83793]: INFO neutron.db.segments_db [None req-cfbdfd4b-00a5-4f7c-837c-055a81ed4eeb tempest-ExternalNetworksTestJSON-1887034975 tempest-ExternalNetworksTestJSON-1887034975-project-admin] Added segment 1ba006ff-b533-4b14-848e-44c190098813 of type vlan for network 4041cc2d-ab20-452c-a321-befa6d20e92a
Mar 22 12:19:07.359086 dv-neutron-834653-1-hyperv neutron-server[83794]: DEBUG neutron.plugins.ml2.drivers.mech_agent [None req-658753b0-1418-4e87-9b5c-71684d46c539 tempest-PortsAdminExtendedAttrsIpV6TestJSON-670032287 tempest-PortsAdminExtendedAttrsIpV6TestJSON-670032287-project-admin] Port 135843fd-2203-46c9-be39-a2b8ea293e34 on network ac275591-f031-429c-9058-82e9778c31aa not bound, no agent of type Open vSwitch agent registered on host hv-neutron-8346 {{(pid=83794) bind_port /opt/stack/neutron/neutron/plugins/ml2/drivers/mech_agent.py:97}}
Mar 22 12:19:07.359408 dv-neutron-834653-1-hyperv neutron-server[83794]: ERROR neutron.plugins.ml2.managers [None req-658753b0-1418-4e87-9b5c-71684d46c539 tempest-PortsAdminExtendedAttrsIpV6TestJSON-670032287 tempest-PortsAdminExtendedAttrsIpV6TestJSON-670032287-project-admin] Failed to bind port 135843fd-2203-46c9-be39-a2b8ea293e34 on host hv-neutron-8346 for vnic_type normal using segments [{'id': '94e860cf-ed78-471f-ac6c-7850b37fa2a7', 'network_type': 'vlan', 'physical_network': 'physnet1', 'segmentation_id': 219, 'network_id': 'ac275591-f031-429c-9058-82e9778c31aa'}]
Mar 22 12:19:07.359757 dv-neutron-834653-1-hyperv neutron-server[83794]: DEBUG neutron_lib.callbacks.manager [None req-658753b0-1418-4e87-9b5c-71684d46c539 tempest-PortsAdminExtendedAttrsIpV6TestJSON-670032287 tempest-PortsAdminExtendedAttrsIpV6TestJSON-670032287-project-admin] Notify callbacks ['neutron.plugins.ml2.plugin.SecurityGroupDbMixin._ensure_default_security_group_handler-1314816'] for port, before_update {{(pid=83794) _notify_loop /usr/local/lib/python3.8/dist-packages/neutron_lib/callbacks/manager.py:192}}
Mar 22 12:19:07.531324 dv-neutron-834653-1-hyperv neutron-server[83793]: DEBUG neutron.plugins.ml2.plugin [None req-a6df4f64-60f5-4f1a-ba4d-b0172d93c104 tempest-RoutersIpV6AdminTest-2054278977 tempest-RoutersIpV6AdminTest-2054278977-project-admin] Deleting port 106323cf-e342-42f1-98fa-c667981fe310 {{(pid=83793) _pre_delete_port /opt/stack/neutron/neutron/plugins/ml2/plugin.py:1886}}
Mar 22 12:19:07.532278 dv-neutron-834653-1-hyperv neutron-server[83794]: DEBUG neutron_lib.callbacks.manager [None req-4a56f2e6-fc20-4c34-9237-e6fd6c92b924 tempest-ServerActionsTestJSON-194443877 tempest-ServerActionsTestJSON-194443877-project] Notify callbacks [] for security_group_rule, precommit_create {{(pid=83794) _notify_loop /usr/local/lib/python3.8/dist-packages/neutron_lib/callbacks/manager.py:192}}
Mar 22 12:19:07.532449 dv-neutron-834653-1-hyperv neutron-server[83793]: DEBUG neutron_lib.callbacks.manager [None req-a6df4f64-60f5-4f1a-ba4d-b0172d93c104 tempest-RoutersIpV6AdminTest-2054278977 tempest-RoutersIpV6AdminTest-2054278977-project-admin] Notify callbacks ['neutron.db.l3_db.L3_NAT_dbonly_mixin._prevent_l3_port_delete_callback-8747665734099'] for port, before_delete {{(pid=83793) _notify_loop /usr/local/lib/python3.8/dist-packages/neutron_lib/callbacks/manager.py:192}}
Mar 22 12:19:07.543011 dv-neutron-834653-1-hyperv neutron-server[83794]: DEBUG neutron_lib.callbacks.manager [None req-72854d11-3ea7-47e8-b995-b466a00001d6 tempest-QuotasNegativeTest-106115256 tempest-QuotasNegativeTest-106115256-project-admin] Notify callbacks ['neutron.plugins.ml2.plugin.Ml2Plugin._network_delete_after_delete_handler-1228097', 'neutron.plugins.ml2.ovo_rpc._ObjectChangeHandler.handle_event-16359255', 'neutron.api.rpc.agentnotifiers.dhcp_rpc_agent_api.DhcpAgentNotifyAPI._native_event_send_dhcp_notification-15613852', 'neutron.services.l3_router.l3_router_plugin.DVRResourceOperationHandler.delete_fip_namespaces_for_ext_net-16348466'] for network, after_delete {{(pid=83794) _notify_loop /usr/local/lib/python3.8/dist-packages/neutron_lib/callbacks/manager.py:192}}
Mar 22 12:19:07.561058 dv-neutron-834653-1-hyperv neutron-server[83794]: DEBUG neutron_lib.callbacks.manager [None req-4a56f2e6-fc20-4c34-9237-e6fd6c92b924 tempest-ServerActionsTestJSON-194443877 tempest-ServerActionsTestJSON-194443877-project] Notify callbacks ['neutron.plugins.ml2.ovo_rpc._ObjectChangeHandler.handle_event-16360713'] for security_group_rule, after_create {{(pid=83794) _notify_loop /usr/local/lib/python3.8/dist-packages/neutron_lib/callbacks/manager.py:192}}
Mar 22 12:19:07.592524 dv-neutron-834653-1-hyperv neutron-server[83793]: DEBUG neutron_lib.callbacks.manager [None req-cfbdfd4b-00a5-4f7c-837c-055a81ed4eeb tempest-ExternalNetworksTestJSON-1887034975 tempest-ExternalNetworksTestJSON-1887034975-project-admin] Notify callbacks ['neutron.services.auto_allocate.db._ensure_external_network_default_value_callback-8747665371396'] for network, precommit_create {{(pid=83793) _notify_loop /usr/local/lib/python3.8/dist-packages/neutron_lib/callbacks/manager.py:192}}
Mar 22 12:19:07.623754 dv-neutron-834653-1-hyperv neutron-server[83794]: DEBUG neutron.api.rpc.handlers.resources_rpc [None req-4a56f2e6-fc20-4c34-9237-e6fd6c92b924 tempest-ServerActionsTestJSON-194443877 tempest-ServerActionsTestJSON-194443877-project] Pushing event updated for resources: {'SecurityGroupRule': ['ID=5d4fdf32-5065-4639-9e5d-702f44dfbebe,revision_number=0']} {{(pid=83794) push /opt/stack/neutron/neutron/api/rpc/handlers/resources_rpc.py:237}}
Mar 22 12:19:07.639705 dv-neutron-834653-1-hyperv neutron-server[83794]: DEBUG neutron_lib.callbacks.manager [None req-72854d11-3ea7-47e8-b995-b466a00001d6 tempest-QuotasNegativeTest-106115256 tempest-QuotasNegativeTest-106115256-project-admin] Notify callbacks ['neutron.api.rpc.agentnotifiers.dhcp_rpc_agent_api.DhcpAgentNotifyAPI._send_dhcp_notification-15613845'] for network, before_response {{(pid=83794) _notify_loop /usr/local/lib/python3.8/dist-packages/neutron_lib/callbacks/manager.py:192}}
Mar 22 12:19:07.657077 dv-neutron-834653-1-hyperv neutron-server[83794]: DEBUG neutron.api.rpc.handlers.resources_rpc [None req-72854d11-3ea7-47e8-b995-b466a00001d6 tempest-QuotasNegativeTest-106115256 tempest-QuotasNegativeTest-106115256-project-admin] Pushing event deleted for resources: {'Network': ['ID=2c7d29f3-92cb-417d-b3ba-8de9976d9add,revision_number=None']} {{(pid=83794) push /opt/stack/neutron/neutron/api/rpc/handlers/resources_rpc.py:237}}
Mar 22 12:19:07.695107 dv-neutron-834653-1-hyperv neutron-server[83794]: INFO neutron.wsgi [None req-72854d11-3ea7-47e8-b995-b466a00001d6 tempest-QuotasNegativeTest-106115256 tempest-QuotasNegativeTest-106115256-project-admin] 10.222.0.62 "DELETE /v2.0/networks/2c7d29f3-92cb-417d-b3ba-8de9976d9add HTTP/1.1" status: 204 len: 168 time: 2.0302050
Mar 22 12:19:07.699723 dv-neutron-834653-1-hyperv neutron-server[83794]: DEBUG neutron.wsgi [-] (83794) accepted ('10.222.0.62', 35128) {{(pid=83794) server /usr/local/lib/python3.8/dist-packages/eventlet/wsgi.py:992}}
Mar 22 12:19:07.705060 dv-neutron-834653-1-hyperv neutron-server[83794]: DEBUG neutron.plugins.ml2.db [None req-658753b0-1418-4e87-9b5c-71684d46c539 tempest-PortsAdminExtendedAttrsIpV6TestJSON-670032287 tempest-PortsAdminExtendedAttrsIpV6TestJSON-670032287-project-admin] For port 135843fd-2203-46c9-be39-a2b8ea293e34, host hv-neutron-8346, cleared binding levels {{(pid=83794) clear_binding_levels /opt/stack/neutron/neutron/plugins/ml2/db.py:87}}
Mar 22 12:19:07.705416 dv-neutron-834653-1-hyperv neutron-server[83794]: DEBUG neutron.plugins.ml2.db [None req-658753b0-1418-4e87-9b5c-71684d46c539 tempest-PortsAdminExtendedAttrsIpV6TestJSON-670032287 tempest-PortsAdminExtendedAttrsIpV6TestJSON-670032287-project-admin] Attempted to set empty binding levels {{(pid=83794) set_binding_levels /opt/stack/neutron/neutron/plugins/ml2/db.py:65}}
Mar 22 12:19:07.705787 dv-neutron-834653-1-hyperv neutron-server[83793]: DEBUG neutron_lib.callbacks.manager [None req-9d42552a-1b72-48f9-ad18-2fe6a3ba957e tempest-DHCPAgentSchedulersTestJSON-137604267 tempest-DHCPAgentSchedulersTestJSON-137604267-project] Notify callbacks [] for port, precommit_create {{(pid=83793) _notify_loop /usr/local/lib/python3.8/dist-packages/neutron_lib/callbacks/manager.py:192}}
Mar 22 12:19:07.740761 dv-neutron-834653-1-hyperv neutron-server[83794]: DEBUG neutron_lib.callbacks.manager [None req-658753b0-1418-4e87-9b5c-71684d46c539 tempest-PortsAdminExtendedAttrsIpV6TestJSON-670032287 tempest-PortsAdminExtendedAttrsIpV6TestJSON-670032287-project-admin] Notify callbacks ['neutron.plugins.ml2.plugin.SecurityGroupServerNotifierRpcMixin.notify_sg_on_port_change-1316732', 'neutron.plugins.ml2.ovo_rpc._ObjectChangeHandler.handle_event-498592', 'neutron.api.rpc.agentnotifiers.dhcp_rpc_agent_api.DhcpAgentNotifyAPI._native_event_send_dhcp_notification-15613852', 'neutron.db.l3_db.L3RpcNotifierMixin._notify_gateway_port_ip_changed-8747665871782', 'neutron.db.l3_dvrscheduler_db._notify_l3_agent_port_update-8747665382045', 'neutron.db.l3_hascheduler_db._notify_l3_agent_ha_port_update-8747665382090', 'neutron.services.segments.plugin.NovaSegmentNotifier._notify_port_updated-15254152'] for port, after_update {{(pid=83794) _notify_loop /usr/local/lib/python3.8/dist-packages/neutron_lib/callbacks/manager.py:192}}
Mar 22 12:19:07.803662 dv-neutron-834653-1-hyperv neutron-server[83795]: DEBUG neutron.plugins.ml2.rpc [None req-ed6bd8f8-02f7-4c37-94d5-87f204cf1238 None None] Device c4bc52a0-df57-4ee2-a932-dfd43e957a00 up at agent ovs-agent-dv-neutron-834653-1-hyperv {{(pid=83795) update_device_up /opt/stack/neutron/neutron/plugins/ml2/rpc.py:278}}
Mar 22 12:19:07.849558 dv-neutron-834653-1-hyperv neutron-server[83795]: DEBUG neutron.db.l3_dvr_db [None req-5ade3f9e-08e2-44cd-bfdf-fc78fcbd0bdb None None] Set router d6831f3b-5b40-424f-9147-d04618137e70 gateway port host: dv-neutron-834653-1-hyperv {{(pid=83795) _build_routers_list /opt/stack/neutron/neutron/db/l3_dvr_db.py:871}}
Mar 22 12:19:07.854130 dv-neutron-834653-1-hyperv neutron-server[83794]: DEBUG neutron_lib.callbacks.manager [None req-658753b0-1418-4e87-9b5c-71684d46c539 tempest-PortsAdminExtendedAttrsIpV6TestJSON-670032287 tempest-PortsAdminExtendedAttrsIpV6TestJSON-670032287-project-admin] Notify callbacks ['neutron.notifiers.nova.Notifier._send_nova_notification-114155', 'neutron.api.rpc.agentnotifiers.dhcp_rpc_agent_api.DhcpAgentNotifyAPI._send_dhcp_notification-15613845'] for port, before_response {{(pid=83794) _notify_loop /usr/local/lib/python3.8/dist-packages/neutron_lib/callbacks/manager.py:192}}
Mar 22 12:19:07.872548 dv-neutron-834653-1-hyperv neutron-server[83794]: DEBUG neutron_lib.callbacks.manager [None req-4a56f2e6-fc20-4c34-9237-e6fd6c92b924 tempest-ServerActionsTestJSON-194443877 tempest-ServerActionsTestJSON-194443877-project] Notify callbacks [] for security_group_rule, before_response {{(pid=83794) _notify_loop /usr/local/lib/python3.8/dist-packages/neutron_lib/callbacks/manager.py:192}}
Mar 22 12:19:07.876486 dv-neutron-834653-1-hyperv neutron-server[83794]: INFO neutron.wsgi [None req-4a56f2e6-fc20-4c34-9237-e6fd6c92b924 tempest-ServerActionsTestJSON-194443877 tempest-ServerActionsTestJSON-194443877-project] 10.222.0.62 "POST /v2.0/security-group-rules HTTP/1.1" status: 201 len: 711 time: 1.4498684
Mar 22 12:19:07.876901 dv-neutron-834653-1-hyperv neutron-server[83793]: DEBUG neutron.db.provisioning_blocks [None req-9d42552a-1b72-48f9-ad18-2fe6a3ba957e tempest-DHCPAgentSchedulersTestJSON-137604267 tempest-DHCPAgentSchedulersTestJSON-137604267-project] Transition to ACTIVE for port object c3681e39-82d9-4da3-a0cc-6cd0458ef4bb will not be triggered until provisioned by entity DHCP. {{(pid=83793) add_provisioning_component /opt/stack/neutron/neutron/db/provisioning_blocks.py:73}}
Mar 22 12:19:07.886932 dv-neutron-834653-1-hyperv neutron-server[83794]: DEBUG neutron_lib.db.resource_extend [None req-ca1ba897-a47f-496f-95e2-03094975e002 admin admin] It took 0.16 seconds to run function 'neutron_lib.db.resource_extend.apply_funcs' {{(pid=83794) wrapper /usr/local/lib/python3.8/dist-packages/oslo_utils/timeutils.py:386}}
Mar 22 12:19:07.890653 dv-neutron-834653-1-hyperv neutron-server[83793]: DEBUG neutron.wsgi [-] (83793) accepted ('10.222.0.62', 35132) {{(pid=83793) server /usr/local/lib/python3.8/dist-packages/eventlet/wsgi.py:992}}
Mar 22 12:19:07.904690 dv-neutron-834653-1-hyperv neutron-server[83793]: DEBUG neutron.api.v2.base [None req-edd22bf3-3a1f-47d5-a400-652bf17d4d2f tempest-ServerActionsTestJSON-194443877 tempest-ServerActionsTestJSON-194443877-project] Request body: {'floatingip': {'floating_network_id': '4ef20b8a-ce47-44f1-8e77-92ffb5938f3c'}} {{(pid=83793) prepare_request_body /opt/stack/neutron/neutron/api/v2/base.py:719}}
Mar 22 12:19:07.912582 dv-neutron-834653-1-hyperv neutron-server[83793]: DEBUG neutron_lib.callbacks.manager [None req-cfbdfd4b-00a5-4f7c-837c-055a81ed4eeb tempest-ExternalNetworksTestJSON-1887034975 tempest-ExternalNetworksTestJSON-1887034975-project-admin] Notify callbacks ['neutron.plugins.ml2.ovo_rpc._ObjectChangeHandler.handle_event-16359255', 'neutron.api.rpc.agentnotifiers.dhcp_rpc_agent_api.DhcpAgentNotifyAPI._native_event_send_dhcp_notification-15613852'] for network, after_create {{(pid=83793) _notify_loop /usr/local/lib/python3.8/dist-packages/neutron_lib/callbacks/manager.py:192}}
Mar 22 12:19:07.914449 dv-neutron-834653-1-hyperv neutron-server[83793]: DEBUG neutron.pecan_wsgi.hooks.policy_enforcement [None req-cfbdfd4b-00a5-4f7c-837c-055a81ed4eeb tempest-ExternalNetworksTestJSON-1887034975 tempest-ExternalNetworksTestJSON-1887034975-project-admin] Attributes excluded by policy engine: ['vlan_transparent'] {{(pid=83793) _exclude_attributes_by_policy /opt/stack/neutron/neutron/pecan_wsgi/hooks/policy_enforcement.py:255}}
Mar 22 12:19:07.914449 dv-neutron-834653-1-hyperv neutron-server[83793]: DEBUG neutron_lib.callbacks.manager [None req-cfbdfd4b-00a5-4f7c-837c-055a81ed4eeb tempest-ExternalNetworksTestJSON-1887034975 tempest-ExternalNetworksTestJSON-1887034975-project-admin] Notify callbacks ['neutron.api.rpc.agentnotifiers.dhcp_rpc_agent_api.DhcpAgentNotifyAPI._send_dhcp_notification-15613845'] for network, before_response {{(pid=83793) _notify_loop /usr/local/lib/python3.8/dist-packages/neutron_lib/callbacks/manager.py:192}}
Mar 22 12:19:07.918199 dv-neutron-834653-1-hyperv neutron-server[83794]: DEBUG neutron_lib.callbacks.manager [None req-ca1ba897-a47f-496f-95e2-03094975e002 admin admin] Notify callbacks [] for port, precommit_update {{(pid=83794) _notify_loop /usr/local/lib/python3.8/dist-packages/neutron_lib/callbacks/manager.py:192}}
Mar 22 12:19:07.928802 dv-neutron-834653-1-hyperv neutron-server[83794]: INFO neutron.wsgi [None req-658753b0-1418-4e87-9b5c-71684d46c539 tempest-PortsAdminExtendedAttrsIpV6TestJSON-670032287 tempest-PortsAdminExtendedAttrsIpV6TestJSON-670032287-project-admin] 10.222.0.62 "POST /v2.0/ports HTTP/1.1" status: 201 len: 986 time: 5.1716681
Mar 22 12:19:07.931286 dv-neutron-834653-1-hyperv neutron-server[83794]: DEBUG neutron.api.rpc.handlers.resources_rpc [None req-658753b0-1418-4e87-9b5c-71684d46c539 tempest-PortsAdminExtendedAttrsIpV6TestJSON-670032287 tempest-PortsAdminExtendedAttrsIpV6TestJSON-670032287-project-admin] Pushing event updated for resources: {'Port': ['ID=135843fd-2203-46c9-be39-a2b8ea293e34,revision_number=2']} {{(pid=83794) push /opt/stack/neutron/neutron/api/rpc/handlers/resources_rpc.py:237}}
Mar 22 12:19:07.932991 dv-neutron-834653-1-hyperv neutron-server[83794]: DEBUG neutron.wsgi [-] (83794) accepted ('10.222.0.62', 35136) {{(pid=83794) server /usr/local/lib/python3.8/dist-packages/eventlet/wsgi.py:992}}
Mar 22 12:19:07.937558 dv-neutron-834653-1-hyperv neutron-server[83794]: DEBUG neutron_lib.callbacks.manager [None req-cf0b622f-72bd-425d-97d6-10dfd9227ab4 tempest-QuotasNegativeTest-106115256 tempest-QuotasNegativeTest-106115256-project-admin] Notify callbacks ['neutron.plugins.ml2.plugin.External_net_db_mixin._before_network_delete_handler-1284667'] for network, before_delete {{(pid=83794) _notify_loop /usr/local/lib/python3.8/dist-packages/neutron_lib/callbacks/manager.py:192}}
Mar 22 12:19:07.939281 dv-neutron-834653-1-hyperv neutron-server[83794]: DEBUG neutron_lib.callbacks.manager [None req-ca1ba897-a47f-496f-95e2-03094975e002 admin admin] Notify callbacks ['neutron.plugins.ml2.plugin.SecurityGroupServerNotifierRpcMixin.notify_sg_on_port_change-1316732', 'neutron.plugins.ml2.ovo_rpc._ObjectChangeHandler.handle_event-498592', 'neutron.api.rpc.agentnotifiers.dhcp_rpc_agent_api.DhcpAgentNotifyAPI._native_event_send_dhcp_notification-15613852', 'neutron.db.l3_db.L3RpcNotifierMixin._notify_gateway_port_ip_changed-8747665871782', 'neutron.db.l3_dvrscheduler_db._notify_l3_agent_port_update-8747665382045', 'neutron.db.l3_hascheduler_db._notify_l3_agent_ha_port_update-8747665382090', 'neutron.services.segments.plugin.NovaSegmentNotifier._notify_port_updated-15254152'] for port, after_update {{(pid=83794) _notify_loop /usr/local/lib/python3.8/dist-packages/neutron_lib/callbacks/manager.py:192}}
Mar 22 12:19:07.958254 dv-neutron-834653-1-hyperv neutron-server[83793]: DEBUG neutron.db.quota.driver [None req-edd22bf3-3a1f-47d5-a400-652bf17d4d2f tempest-ServerActionsTestJSON-194443877 tempest-ServerActionsTestJSON-194443877-project] Resources subnetpool have unlimited quota limit. It is not required to calculate headroom {{(pid=83793) make_reservation /opt/stack/neutron/neutron/db/quota/driver.py:219}}
Mar 22 12:19:07.975759 dv-neutron-834653-1-hyperv neutron-server[83793]: DEBUG neutron.quota.resource [None req-edd22bf3-3a1f-47d5-a400-652bf17d4d2f tempest-ServerActionsTestJSON-194443877 tempest-ServerActionsTestJSON-194443877-project] Usage tracker for resource:floatingip and tenant:88cb3d04f1ad41cd9c7b280bcf095c66 is out of sync, need to count used quota {{(pid=83793) count_used /opt/stack/neutron/neutron/quota/resource.py:270}}
Mar 22 12:19:07.980732 dv-neutron-834653-1-hyperv neutron-server[83795]: DEBUG neutron.db.provisioning_blocks [None req-e30eec6e-ad50-4b69-b1fb-04676cda21c4 None None] Provisioning for port 33da4b66-4520-483f-a135-7a7941ebd418 completed by entity DHCP. {{(pid=83795) provisioning_complete /opt/stack/neutron/neutron/db/provisioning_blocks.py:133}}
Mar 22 12:19:08.018649 dv-neutron-834653-1-hyperv neutron-server[83795]: DEBUG neutron.db.provisioning_blocks [None req-e30eec6e-ad50-4b69-b1fb-04676cda21c4 None None] Provisioning complete for port 33da4b66-4520-483f-a135-7a7941ebd418 triggered by entity DHCP. {{(pid=83795) provisioning_complete /opt/stack/neutron/neutron/db/provisioning_blocks.py:139}}
Mar 22 12:19:08.019014 dv-neutron-834653-1-hyperv neutron-server[83795]: DEBUG neutron_lib.callbacks.manager [None req-e30eec6e-ad50-4b69-b1fb-04676cda21c4 None None] Notify callbacks ['neutron.plugins.ml2.plugin.Ml2Plugin._port_provisioned-1225531'] for port, provisioning_complete {{(pid=83795) _notify_loop /usr/local/lib/python3.8/dist-packages/neutron_lib/callbacks/manager.py:192}}
Mar 22 12:19:08.029245 dv-neutron-834653-1-hyperv neutron-server[83793]: DEBUG neutron.quota.resource [None req-edd22bf3-3a1f-47d5-a400-652bf17d4d2f tempest-ServerActionsTestJSON-194443877 tempest-ServerActionsTestJSON-194443877-project] Quota usage for floatingip was recalculated. Used quota:0. {{(pid=83793) count_used /opt/stack/neutron/neutron/quota/resource.py:290}}
Mar 22 12:19:08.100483 dv-neutron-834653-1-hyperv neutron-server[83793]: DEBUG neutron.db.quota.driver [None req-edd22bf3-3a1f-47d5-a400-652bf17d4d2f tempest-ServerActionsTestJSON-194443877 tempest-ServerActionsTestJSON-194443877-project] Attempting to reserve 1 items for resource floatingip. Total usage: 0; quota limit: 50; headroom:50 {{(pid=83793) make_reservation /opt/stack/neutron/neutron/db/quota/driver.py:246}}
Mar 22 12:19:08.138251 dv-neutron-834653-1-hyperv neutron-server[83793]: INFO neutron.wsgi [None req-cfbdfd4b-00a5-4f7c-837c-055a81ed4eeb tempest-ExternalNetworksTestJSON-1887034975 tempest-ExternalNetworksTestJSON-1887034975-project-admin] 10.222.0.62 "POST /v2.0/networks HTTP/1.1" status: 201 len: 836 time: 1.4027224
Mar 22 12:19:08.145963 dv-neutron-834653-1-hyperv neutron-server[83793]: DEBUG neutron.wsgi [-] (83793) accepted ('10.222.0.62', 35140) {{(pid=83793) server /usr/local/lib/python3.8/dist-packages/eventlet/wsgi.py:992}}
Mar 22 12:19:08.149246 dv-neutron-834653-1-hyperv neutron-server[83794]: DEBUG neutron.plugins.ml2.plugin [None req-dee16910-35d8-455c-842a-347b19e0c842 tempest-PortsAdminExtendedAttrsIpV6TestJSON-670032287 tempest-PortsAdminExtendedAttrsIpV6TestJSON-670032287-project-admin] Deleting port 135843fd-2203-46c9-be39-a2b8ea293e34 {{(pid=83794) _pre_delete_port /opt/stack/neutron/neutron/plugins/ml2/plugin.py:1886}}
Mar 22 12:19:08.149602 dv-neutron-834653-1-hyperv neutron-server[83794]: DEBUG neutron_lib.callbacks.manager [None req-dee16910-35d8-455c-842a-347b19e0c842 tempest-PortsAdminExtendedAttrsIpV6TestJSON-670032287 tempest-PortsAdminExtendedAttrsIpV6TestJSON-670032287-project-admin] Notify callbacks ['neutron.db.l3_db.L3_NAT_dbonly_mixin._prevent_l3_port_delete_callback-8747665734099'] for port, before_delete {{(pid=83794) _notify_loop /usr/local/lib/python3.8/dist-packages/neutron_lib/callbacks/manager.py:192}}
Mar 22 12:19:08.158802 dv-neutron-834653-1-hyperv neutron-server[83795]: DEBUG neutron.db.l3_hamode_db [None req-844a4def-8e59-4832-8fae-028b12ef0b1a None None] neutron.services.l3_router.l3_router_plugin.L3RouterPlugin method _process_sync_ha_data called with arguments (, [{'id': '0f7d70ca-d258-460e-8b48-854a24005328', 'name': 'tempest-ServersTestManualDisk-1506269555-router', 'tenant_id': '8531d086af9d478aac581589cdb32384', 'admin_state_up': True, 'status': 'ACTIVE', 'external_gateway_info': {'network_id': '4ef20b8a-ce47-44f1-8e77-92ffb5938f3c', 'external_fixed_ips': [{'subnet_id': '2f200d6e-0fca-4325-b853-53af745693a0', 'ip_address': '172.26.0.169'}], 'enable_snat': True}, 'gw_port_id': 'b5545b3c-7570-445e-a93e-e6de11cff82d', 'description': '', 'availability_zones': ['nova'], 'distributed': False, 'ha': False, 'ha_vr_id': 0, 'availability_zone_hints': [], 'routes': [], 'flavor_id': None, 'tags': [], 'created_at': '2022-03-22T12:18:56Z', 'updated_at': '2022-03-22T12:18:58Z', 'revision_number': 3, 'project_id': '8531d086af9d478aac581589cdb32384', 'gw_port': {'id': 'b5545b3c-7570-445e-a93e-e6de11cff82d', 'name': '', 'network_id': '4ef20b8a-ce47-44f1-8e77-92ffb5938f3c', 'tenant_id': '', 'mac_address': 'fa:16:3e:eb:7e:02', 'admin_state_up': True, 'status': 'DOWN', 'device_id': '0f7d70ca-d258-460e-8b48-854a24005328', 'device_owner': 'network:router_gateway', 'fixed_ips': [{'subnet_id': '2f200d6e-0fca-4325-b853-53af745693a0', 'ip_address': '172.26.0.169', 'prefixlen': 24}], 'allowed_address_pairs': [], 'extra_dhcp_opts': [], 'security_groups': [], 'description': '', 'binding:vnic_type': 'normal', 'binding:profile': {}, 'binding:host_id': 'dv-neutron-834653-1-hyperv', 'binding:vif_type': 'ovs', 'binding:vif_details': {'connectivity': 'l2', 'port_filter': True, 'ovs_hybrid_plug': False, 'datapath_type': 'system', 'bridge_name': 'br-int'}, 'port_security_enabled': False, 'tags': [], 'created_at': '2022-03-22T12:18:57Z', 'updated_at': '2022-03-22T12:19:05Z', 'revision_number': 3, 'project_id': '', 'subnets': [{'id': '2f200d6e-0fca-4325-b853-53af745693a0', 'cidr': '172.26.0.0/24', 'gateway_ip': '172.26.0.1', 'dns_nameservers': [], 'ipv6_ra_mode': None, 'subnetpool_id': None}], 'extra_subnets': [], 'address_scopes': {4: None, 6: None}, 'mtu': 1500}, 'enable_snat': True, 'gw_port_host': 'dv-neutron-834653-1-hyperv'}], 'dv-neutron-834653-1-hyperv', False) {} {{(pid=83795) wrapper /usr/local/lib/python3.8/dist-packages/oslo_log/helpers.py:65}}
Mar 22 12:19:08.163966 dv-neutron-834653-1-hyperv neutron-server[83795]: DEBUG neutron.plugins.ml2.plugin [None req-e30eec6e-ad50-4b69-b1fb-04676cda21c4 None None] Port 33da4b66-4520-483f-a135-7a7941ebd418 cannot update to ACTIVE because it is not bound. {{(pid=83795) _port_provisioned /opt/stack/neutron/neutron/plugins/ml2/plugin.py:311}}
Mar 22 12:19:08.170593 dv-neutron-834653-1-hyperv neutron-server[83795]: DEBUG neutron.api.rpc.handlers.l3_rpc [None req-844a4def-8e59-4832-8fae-028b12ef0b1a None None] The sync data for ids ['0f7d70ca-d258-460e-8b48-854a24005328'] in dv-neutron-834653-1-hyperv is: [{'id': '0f7d70ca-d258-460e-8b48-854a24005328', 'name': 'tempest-ServersTestManualDisk-1506269555-router', 'tenant_id': '8531d086af9d478aac581589cdb32384', 'admin_state_up': True, 'status': 'ACTIVE', 'external_gateway_info': {'network_id': '4ef20b8a-ce47-44f1-8e77-92ffb5938f3c', 'external_fixed_ips': [{'subnet_id': '2f200d6e-0fca-4325-b853-53af745693a0', 'ip_address': '172.26.0.169'}], 'enable_snat': True}, 'gw_port_id': 'b5545b3c-7570-445e-a93e-e6de11cff82d', 'description': '', 'availability_zones': ['nova'], 'distributed': False, 'ha': False, 'ha_vr_id': 0, 'availability_zone_hints': [], 'routes': [], 'flavor_id': None, 'tags': [], 'created_at': '2022-03-22T12:18:56Z', 'updated_at': '2022-03-22T12:18:58Z', 'revision_number': 3, 'project_id': '8531d086af9d478aac581589cdb32384', 'gw_port': {'id': 'b5545b3c-7570-445e-a93e-e6de11cff82d', 'name': '', 'network_id': '4ef20b8a-ce47-44f1-8e77-92ffb5938f3c', 'tenant_id': '', 'mac_address': 'fa:16:3e:eb:7e:02', 'admin_state_up': True, 'status': 'DOWN', 'device_id': '0f7d70ca-d258-460e-8b48-854a24005328', 'device_owner': 'network:router_gateway', 'fixed_ips': [{'subnet_id': '2f200d6e-0fca-4325-b853-53af745693a0', 'ip_address': '172.26.0.169', 'prefixlen': 24}], 'allowed_address_pairs': [], 'extra_dhcp_opts': [], 'security_groups': [], 'description': '', 'binding:vnic_type': 'normal', 'binding:profile': {}, 'binding:host_id': 'dv-neutron-834653-1-hyperv', 'binding:vif_type': 'ovs', 'binding:vif_details': {'connectivity': 'l2', 'port_filter': True, 'ovs_hybrid_plug': False, 'datapath_type': 'system', 'bridge_name': 'br-int'}, 'port_security_enabled': False, 'tags': [], 'created_at': '2022-03-22T12:18:57Z', 'updated_at': '2022-03-22T12:19:05Z', 'revision_number': 3, 'project_id': '', 'subnets': [{'id': '2f200d6e-0fca-4325-b853-53af745693a0', 'cidr': '172.26.0.0/24', 'gateway_ip': '172.26.0.1', 'dns_nameservers': [], 'ipv6_ra_mode': None, 'subnetpool_id': None}], 'extra_subnets': [], 'address_scopes': {4: None, 6: None}, 'mtu': 1500}, 'enable_snat': True, 'gw_port_host': 'dv-neutron-834653-1-hyperv'}] {{(pid=83795) sync_routers /opt/stack/neutron/neutron/api/rpc/handlers/l3_rpc.py:131}}
Mar 22 12:19:08.179116 dv-neutron-834653-1-hyperv neutron-server[83794]: DEBUG neutron_lib.callbacks.manager [None req-ca1ba897-a47f-496f-95e2-03094975e002 admin admin] Notify callbacks ['neutron.api.rpc.agentnotifiers.dhcp_rpc_agent_api.DhcpAgentNotifyAPI._after_router_interface_created-15613732', 'neutron.services.l3_router.l3_router_plugin.DVRResourceOperationHandler._update_snat_v6_addrs_after_intf_update-16346148'] for router_interface, after_create {{(pid=83794) _notify_loop /usr/local/lib/python3.8/dist-packages/neutron_lib/callbacks/manager.py:192}}
Mar 22 12:19:08.182087 dv-neutron-834653-1-hyperv neutron-server[83794]: DEBUG neutron.api.rpc.handlers.resources_rpc [None req-ca1ba897-a47f-496f-95e2-03094975e002 admin admin] Pushing event updated for resources: {'Port': ['ID=33da4b66-4520-483f-a135-7a7941ebd418,revision_number=2']} {{(pid=83794) push /opt/stack/neutron/neutron/api/rpc/handlers/resources_rpc.py:237}}
Mar 22 12:19:08.184736 dv-neutron-834653-1-hyperv neutron-server[83795]: DEBUG neutron.db.provisioning_blocks [None req-ed6bd8f8-02f7-4c37-94d5-87f204cf1238 None None] Provisioning for port c4bc52a0-df57-4ee2-a932-dfd43e957a00 completed by entity L2. {{(pid=83795) provisioning_complete /opt/stack/neutron/neutron/db/provisioning_blocks.py:133}}
Mar 22 12:19:08.185731 dv-neutron-834653-1-hyperv neutron-server[83793]: DEBUG neutron.api.v2.base [None req-7c31b40e-1b10-4919-9be6-0718c23094af tempest-ExternalNetworksTestJSON-1887034975 tempest-ExternalNetworksTestJSON-1887034975-project-admin] Request body: {'subnet': {'network_id': '4041cc2d-ab20-452c-a321-befa6d20e92a', 'cidr': '172.20.0.0/28', 'ip_version': 4, 'gateway_ip': '172.20.0.1', 'enable_dhcp': False}} {{(pid=83793) prepare_request_body /opt/stack/neutron/neutron/api/v2/base.py:719}}
Mar 22 12:19:08.193866 dv-neutron-834653-1-hyperv neutron-server[83795]: DEBUG neutron.db.provisioning_blocks [None req-ed6bd8f8-02f7-4c37-94d5-87f204cf1238 None None] Provisioning complete for port c4bc52a0-df57-4ee2-a932-dfd43e957a00 triggered by entity L2. {{(pid=83795) provisioning_complete /opt/stack/neutron/neutron/db/provisioning_blocks.py:139}}
Mar 22 12:19:08.194231 dv-neutron-834653-1-hyperv neutron-server[83795]: DEBUG neutron_lib.callbacks.manager [None req-ed6bd8f8-02f7-4c37-94d5-87f204cf1238 None None] Notify callbacks ['neutron.plugins.ml2.plugin.Ml2Plugin._port_provisioned-1225531'] for port, provisioning_complete {{(pid=83795) _notify_loop /usr/local/lib/python3.8/dist-packages/neutron_lib/callbacks/manager.py:192}}
Mar 22 12:19:08.197689 dv-neutron-834653-1-hyperv neutron-server[83793]: DEBUG neutron_lib.callbacks.manager [None req-edd22bf3-3a1f-47d5-a400-652bf17d4d2f tempest-ServerActionsTestJSON-194443877 tempest-ServerActionsTestJSON-194443877-project] Notify callbacks [] for floatingip, before_create {{(pid=83793) _notify_loop /usr/local/lib/python3.8/dist-packages/neutron_lib/callbacks/manager.py:192}}
Mar 22 12:19:08.234181 dv-neutron-834653-1-hyperv neutron-server[83793]: DEBUG neutron.api.rpc.handlers.resources_rpc [None req-cfbdfd4b-00a5-4f7c-837c-055a81ed4eeb tempest-ExternalNetworksTestJSON-1887034975 tempest-ExternalNetworksTestJSON-1887034975-project-admin] Pushing event updated for resources: {'Network': ['ID=4041cc2d-ab20-452c-a321-befa6d20e92a,revision_number=1']} {{(pid=83793) push /opt/stack/neutron/neutron/api/rpc/handlers/resources_rpc.py:237}}
Mar 22 12:19:08.249904 dv-neutron-834653-1-hyperv neutron-server[83793]: DEBUG neutron.db.quota.driver [None req-7c31b40e-1b10-4919-9be6-0718c23094af tempest-ExternalNetworksTestJSON-1887034975 tempest-ExternalNetworksTestJSON-1887034975-project-admin] Resources subnetpool have unlimited quota limit. It is not required to calculate headroom {{(pid=83793) make_reservation /opt/stack/neutron/neutron/db/quota/driver.py:219}}
Mar 22 12:19:08.251491 dv-neutron-834653-1-hyperv neutron-server[83795]: DEBUG neutron.plugins.ml2.rpc [None req-ed6bd8f8-02f7-4c37-94d5-87f204cf1238 None None] Network 4041cc2d-ab20-452c-a321-befa6d20e92a details requested by agent ovs-agent-dv-neutron-834653-1-hyperv with host dv-neutron-834653-1-hyperv {{(pid=83795) get_network_details /opt/stack/neutron/neutron/plugins/ml2/rpc.py:232}}
Mar 22 12:19:08.266994 dv-neutron-834653-1-hyperv neutron-server[83793]: DEBUG neutron.quota.resource [None req-7c31b40e-1b10-4919-9be6-0718c23094af tempest-ExternalNetworksTestJSON-1887034975 tempest-ExternalNetworksTestJSON-1887034975-project-admin] Usage tracker for resource:subnet and tenant:b3ce1b836bcb46aea7f27b9d5ef8da3b is out of sync, need to count used quota {{(pid=83793) count_used /opt/stack/neutron/neutron/quota/resource.py:270}}
Mar 22 12:19:08.272209 dv-neutron-834653-1-hyperv neutron-server[83793]: DEBUG neutron_lib.callbacks.manager [None req-9d42552a-1b72-48f9-ad18-2fe6a3ba957e tempest-DHCPAgentSchedulersTestJSON-137604267 tempest-DHCPAgentSchedulersTestJSON-137604267-project] Notify callbacks ['neutron.plugins.ml2.plugin.SecurityGroupServerNotifierRpcMixin.notify_sg_on_port_change-1316732', 'neutron.plugins.ml2.ovo_rpc._ObjectChangeHandler.handle_event-498592', 'neutron.api.rpc.agentnotifiers.dhcp_rpc_agent_api.DhcpAgentNotifyAPI._native_event_send_dhcp_notification-15613852', 'neutron.db.l3_dvrscheduler_db._notify_l3_agent_new_port-8747665382027', 'neutron.services.segments.plugin.NovaSegmentNotifier._notify_port_created_or_deleted-15792657'] for port, after_create {{(pid=83793) _notify_loop /usr/local/lib/python3.8/dist-packages/neutron_lib/callbacks/manager.py:192}}
Mar 22 12:19:08.274952 dv-neutron-834653-1-hyperv neutron-server[83793]: DEBUG neutron.quota.resource [None req-7c31b40e-1b10-4919-9be6-0718c23094af tempest-ExternalNetworksTestJSON-1887034975 tempest-ExternalNetworksTestJSON-1887034975-project-admin] Quota usage for subnet was recalculated. Used quota:0. {{(pid=83793) count_used /opt/stack/neutron/neutron/quota/resource.py:290}}
Mar 22 12:19:08.303120 dv-neutron-834653-1-hyperv neutron-server[83794]: DEBUG neutron_lib.callbacks.manager [None req-cf0b622f-72bd-425d-97d6-10dfd9227ab4 tempest-QuotasNegativeTest-106115256 tempest-QuotasNegativeTest-106115256-project-admin] Notify callbacks ['neutron.plugins.ml2.plugin.Ml2Plugin._network_delete_precommit_handler-1228106', 'neutron.services.segments.db._delete_segments_for_network-8747665834873'] for network, precommit_delete {{(pid=83794) _notify_loop /usr/local/lib/python3.8/dist-packages/neutron_lib/callbacks/manager.py:192}}
Mar 22 12:19:08.440852 dv-neutron-834653-1-hyperv neutron-server[83794]: DEBUG neutron.services.segments.db [None req-cf0b622f-72bd-425d-97d6-10dfd9227ab4 tempest-QuotasNegativeTest-106115256 tempest-QuotasNegativeTest-106115256-project-admin] neutron.services.segments.plugin.Plugin method get_segments called with arguments (,) {'filters': {'network_id': ['b6271fe8-0385-48d6-870f-8d10cd7801ad']}} {{(pid=83794) wrapper /usr/local/lib/python3.8/dist-packages/oslo_log/helpers.py:65}}
Mar 22 12:19:08.472269 dv-neutron-834653-1-hyperv neutron-server[83793]: DEBUG neutron.db.quota.driver [None req-7c31b40e-1b10-4919-9be6-0718c23094af tempest-ExternalNetworksTestJSON-1887034975 tempest-ExternalNetworksTestJSON-1887034975-project-admin] Attempting to reserve 1 items for resource subnet. Total usage: 0; quota limit: 100; headroom:100 {{(pid=83793) make_reservation /opt/stack/neutron/neutron/db/quota/driver.py:246}}
Mar 22 12:19:08.477434 dv-neutron-834653-1-hyperv neutron-server[83794]: DEBUG neutron.services.segments.db [None req-cf0b622f-72bd-425d-97d6-10dfd9227ab4 tempest-QuotasNegativeTest-106115256 tempest-QuotasNegativeTest-106115256-project-admin] neutron.services.segments.plugin.Plugin method delete_segment called with arguments (, '602559b1-6e1b-4b95-9177-a8acbb5adced') {'for_net_delete': True} {{(pid=83794) wrapper /usr/local/lib/python3.8/dist-packages/oslo_log/helpers.py:65}}
Mar 22 12:19:08.477980 dv-neutron-834653-1-hyperv neutron-server[83794]: DEBUG neutron.services.segments.db [None req-cf0b622f-72bd-425d-97d6-10dfd9227ab4 tempest-QuotasNegativeTest-106115256 tempest-QuotasNegativeTest-106115256-project-admin] neutron.services.segments.plugin.Plugin method get_segment called with arguments (, '602559b1-6e1b-4b95-9177-a8acbb5adced') {} {{(pid=83794) wrapper /usr/local/lib/python3.8/dist-packages/oslo_log/helpers.py:65}}
Mar 22 12:19:08.507453 dv-neutron-834653-1-hyperv neutron-server[83795]: DEBUG neutron.db.db_base_plugin_common [None req-eea8f65e-c827-4ee1-8c32-75889c4b090a None None] Allocated IP 172.20.0.2 (a0839960-494d-47d4-9594-b2523cc51b49/bcd2bc6c-05a1-4d8b-b9dd-4a22779fc5f8/1757243f-2452-44d6-92a1-c17636a832c0) {{(pid=83795) _store_ip_allocation /opt/stack/neutron/neutron/db/db_base_plugin_common.py:131}}
Mar 22 12:19:08.509383 dv-neutron-834653-1-hyperv neutron-server[83795]: DEBUG neutron.db.provisioning_blocks [None req-33c2547b-350a-4098-8d32-de8b4424528d None None] Provisioning complete for port c4bc52a0-df57-4ee2-a932-dfd43e957a00 triggered by entity DHCP. {{(pid=83795) provisioning_complete /opt/stack/neutron/neutron/db/provisioning_blocks.py:139}}
Mar 22 12:19:08.509707 dv-neutron-834653-1-hyperv neutron-server[83795]: DEBUG neutron_lib.callbacks.manager [None req-33c2547b-350a-4098-8d32-de8b4424528d None None] Notify callbacks ['neutron.plugins.ml2.plugin.Ml2Plugin._port_provisioned-1225531'] for port, provisioning_complete {{(pid=83795) _notify_loop /usr/local/lib/python3.8/dist-packages/neutron_lib/callbacks/manager.py:192}}
Mar 22 12:19:08.537595 dv-neutron-834653-1-hyperv neutron-server[83793]: DEBUG neutron.pecan_wsgi.hooks.quota_enforcement [None req-7c31b40e-1b10-4919-9be6-0718c23094af tempest-ExternalNetworksTestJSON-1887034975 tempest-ExternalNetworksTestJSON-1887034975-project-admin] Made reservation on behalf of b3ce1b836bcb46aea7f27b9d5ef8da3b for: {'subnet': 1} {{(pid=83793) before /opt/stack/neutron/neutron/pecan_wsgi/hooks/quota_enforcement.py:53}}
Mar 22 12:19:08.540332 dv-neutron-834653-1-hyperv neutron-server[83793]: DEBUG neutron_lib.callbacks.manager [None req-7c31b40e-1b10-4919-9be6-0718c23094af tempest-ExternalNetworksTestJSON-1887034975 tempest-ExternalNetworksTestJSON-1887034975-project-admin] Notify callbacks ['neutron.services.segments.plugin.SegmentHostRoutes.host_routes_before_create-15443259'] for subnet, before_create {{(pid=83793) _notify_loop /usr/local/lib/python3.8/dist-packages/neutron_lib/callbacks/manager.py:192}}
Mar 22 12:19:08.561687 dv-neutron-834653-1-hyperv neutron-server[83793]: DEBUG neutron_lib.callbacks.manager [None req-a6df4f64-60f5-4f1a-ba4d-b0172d93c104 tempest-RoutersIpV6AdminTest-2054278977 tempest-RoutersIpV6AdminTest-2054278977-project-admin] Notify callbacks ['neutron.services.l3_router.l3_router_plugin.L3_NAT_dbonly_mixin._precommit_delete_port_callback-16718848'] for port, precommit_delete {{(pid=83793) _notify_loop /usr/local/lib/python3.8/dist-packages/neutron_lib/callbacks/manager.py:192}}
Mar 22 12:19:08.568084 dv-neutron-834653-1-hyperv neutron-server[83794]: DEBUG neutron_lib.callbacks.manager [None req-cf0b622f-72bd-425d-97d6-10dfd9227ab4 tempest-QuotasNegativeTest-106115256 tempest-QuotasNegativeTest-106115256-project-admin] Notify callbacks ['neutron.plugins.ml2.db._prevent_segment_delete_with_port_bound-8747665834756', 'neutron.services.segments.plugin.Plugin._prevent_segment_delete_with_subnet_associated-16026949'] for segment, before_delete {{(pid=83794) _notify_loop /usr/local/lib/python3.8/dist-packages/neutron_lib/callbacks/manager.py:192}}
Mar 22 12:19:08.613342 dv-neutron-834653-1-hyperv neutron-server[83794]: DEBUG neutron_lib.callbacks.manager [None req-cf0b622f-72bd-425d-97d6-10dfd9227ab4 tempest-QuotasNegativeTest-106115256 tempest-QuotasNegativeTest-106115256-project-admin] Notify callbacks ['neutron.plugins.ml2.plugin.Ml2Plugin._handle_segment_change-1198777'] for segment, precommit_delete {{(pid=83794) _notify_loop /usr/local/lib/python3.8/dist-packages/neutron_lib/callbacks/manager.py:192}}
