Mar 23 02:37:59.008658 dv-neutron-834613-2-hyperv neutron-server[104349]: DEBUG neutron.api.rpc.handlers.resources_rpc [None req-0675db81-fadd-4a16-b327-2811bc9017da tempest-ServerActionsTestJSON-1228362944 tempest-ServerActionsTestJSON-1228362944-project] Pushing event updated for resources: {'Port': ['ID=b1c2f96b-7108-49be-9bca-58773bb2d8fc,revision_number=1']} {{(pid=104349) push /opt/stack/neutron/neutron/api/rpc/handlers/resources_rpc.py:237}}
Mar 23 02:37:59.062641 dv-neutron-834613-2-hyperv neutron-server[104350]: DEBUG neutron.db.provisioning_blocks [None req-ae09e0e5-52a0-4d9c-9df5-4604417512de None None] Provisioning complete for port 3564a790-cc84-4d94-9d26-689bc94e905e triggered by entity DHCP. {{(pid=104350) provisioning_complete /opt/stack/neutron/neutron/db/provisioning_blocks.py:140}}
Mar 23 02:37:59.063027 dv-neutron-834613-2-hyperv neutron-server[104350]: DEBUG neutron_lib.callbacks.manager [None req-ae09e0e5-52a0-4d9c-9df5-4604417512de None None] Publish callbacks ['neutron.plugins.ml2.plugin.Ml2Plugin._port_provisioned-852518'] for port (3564a790-cc84-4d94-9d26-689bc94e905e), provisioning_complete {{(pid=104350) _notify_loop /usr/local/lib/python3.8/dist-packages/neutron_lib/callbacks/manager.py:176}}
Mar 23 02:37:59.099224 dv-neutron-834613-2-hyperv neutron-server[104349]: DEBUG neutron.pecan_wsgi.hooks.policy_enforcement [req-9a9e38a6-3c01-414c-9b13-29756f3b1c97 req-3e1b2c72-7078-42b9-9600-abe87df7ae0b tempest-ServersTestJSON-1437292850 tempest-ServersTestJSON-1437292850-project] Attributes excluded by policy engine: ['standard_attr_id', 'vlan_transparent', 'provider:network_type', 'provider:physical_network', 'provider:segmentation_id'] {{(pid=104349) _exclude_attributes_by_policy /opt/stack/neutron/neutron/pecan_wsgi/hooks/policy_enforcement.py:255}}
Mar 23 02:37:59.102324 dv-neutron-834613-2-hyperv neutron-server[104349]: INFO neutron.wsgi [req-9a9e38a6-3c01-414c-9b13-29756f3b1c97 req-3e1b2c72-7078-42b9-9600-abe87df7ae0b tempest-ServersTestJSON-1437292850 tempest-ServersTestJSON-1437292850-project] 10.222.0.23 "GET /v2.0/networks?id=22c45d4e-453f-46ea-9852-f03123ae9cab HTTP/1.1" status: 200 len: 805 time: 0.4958291
Mar 23 02:37:59.111795 dv-neutron-834613-2-hyperv neutron-server[104350]: DEBUG neutron.plugins.ml2.rpc [None req-bc58c904-fd49-4f49-8d56-2370a9dfe27d None None] Device e806bc40-5539-4e85-a8e3-6cc52dcc6d17 up at agent ovs-agent-dv-neutron-834613-2-hyperv {{(pid=104350) update_device_up /opt/stack/neutron/neutron/plugins/ml2/rpc.py:296}}
Mar 23 02:37:59.159992 dv-neutron-834613-2-hyperv neutron-server[104348]: DEBUG neutron.api.rpc.handlers.resources_rpc [None req-fb622ca1-fa38-4365-b301-024cbb40c426 tempest-RoutersAdminNegativeIpV6Test-1395598110 tempest-RoutersAdminNegativeIpV6Test-1395598110-project-admin] Pushing event updated for resources: {'SecurityGroup': ['ID=395cfe0c-0e40-4da5-8824-9491d9bc9fd6,revision_number=1']} {{(pid=104348) push /opt/stack/neutron/neutron/api/rpc/handlers/resources_rpc.py:237}}
Mar 23 02:37:59.179186 dv-neutron-834613-2-hyperv neutron-server[104350]: DEBUG neutron.plugins.ml2.plugin [None req-ae09e0e5-52a0-4d9c-9df5-4604417512de None None] Port 3564a790-cc84-4d94-9d26-689bc94e905e cannot update to ACTIVE because it is not bound. {{(pid=104350) _port_provisioned /opt/stack/neutron/neutron/plugins/ml2/plugin.py:343}}
Mar 23 02:37:59.180091 dv-neutron-834613-2-hyperv neutron-server[104348]: DEBUG neutron.plugins.ml2.drivers.helpers [None req-b538e1a1-71d2-42b4-8946-330056dd949e tempest-BulkNetworkOpsTest-1960688429 tempest-BulkNetworkOpsTest-1960688429-project] vlan segment allocate from pool success with {'vlan_id': 142, 'physical_network': 'physnet1'} {{(pid=104348) allocate_partially_specified_segment /opt/stack/neutron/neutron/plugins/ml2/drivers/helpers.py:153}}
Mar 23 02:37:59.221348 dv-neutron-834613-2-hyperv neutron-server[104348]: DEBUG neutron_lib.callbacks.manager [None req-b538e1a1-71d2-42b4-8946-330056dd949e tempest-BulkNetworkOpsTest-1960688429 tempest-BulkNetworkOpsTest-1960688429-project] Publish callbacks ['neutron.plugins.ml2.plugin.Ml2Plugin._handle_segment_change-879379'] for segment (0b35ef6a-78c1-4a6e-a687-76ac21480a8a), precommit_create {{(pid=104348) _notify_loop /usr/local/lib/python3.8/dist-packages/neutron_lib/callbacks/manager.py:176}}
Mar 23 02:37:59.221902 dv-neutron-834613-2-hyperv neutron-server[104348]: INFO neutron.db.segments_db [None req-b538e1a1-71d2-42b4-8946-330056dd949e tempest-BulkNetworkOpsTest-1960688429 tempest-BulkNetworkOpsTest-1960688429-project] Added segment 0b35ef6a-78c1-4a6e-a687-76ac21480a8a of type vlan for network 032330ca-d16b-4637-bc10-5e1527489840
Mar 23 02:37:59.225497 dv-neutron-834613-2-hyperv neutron-server[104348]: DEBUG neutron.plugins.ml2.plugin [None req-aa835d25-e84a-412c-9a5c-898a7212041f tempest-NetworksTestDHCPv6-1496809651 tempest-NetworksTestDHCPv6-1496809651-project] Deleting port 3564a790-cc84-4d94-9d26-689bc94e905e {{(pid=104348) _pre_delete_port /opt/stack/neutron/neutron/plugins/ml2/plugin.py:2002}}
Mar 23 02:37:59.226026 dv-neutron-834613-2-hyperv neutron-server[104348]: DEBUG neutron_lib.callbacks.manager [None req-aa835d25-e84a-412c-9a5c-898a7212041f tempest-NetworksTestDHCPv6-1496809651 tempest-NetworksTestDHCPv6-1496809651-project] Publish callbacks ['neutron.db.l3_db.L3_NAT_dbonly_mixin._prevent_l3_port_delete_callback-8728337332511'] for port (3564a790-cc84-4d94-9d26-689bc94e905e), before_delete {{(pid=104348) _notify_loop /usr/local/lib/python3.8/dist-packages/neutron_lib/callbacks/manager.py:176}}
Mar 23 02:37:59.264108 dv-neutron-834613-2-hyperv neutron-server[104350]: DEBUG neutron.db.provisioning_blocks [None req-bc58c904-fd49-4f49-8d56-2370a9dfe27d None None] Provisioning complete for port e806bc40-5539-4e85-a8e3-6cc52dcc6d17 triggered by entity L2. {{(pid=104350) provisioning_complete /opt/stack/neutron/neutron/db/provisioning_blocks.py:140}}
Mar 23 02:37:59.268558 dv-neutron-834613-2-hyperv neutron-server[104350]: DEBUG neutron_lib.callbacks.manager [None req-bc58c904-fd49-4f49-8d56-2370a9dfe27d None None] Publish callbacks ['neutron.plugins.ml2.plugin.Ml2Plugin._port_provisioned-852518'] for port (e806bc40-5539-4e85-a8e3-6cc52dcc6d17), provisioning_complete {{(pid=104350) _notify_loop /usr/local/lib/python3.8/dist-packages/neutron_lib/callbacks/manager.py:176}}
Mar 23 02:37:59.268558 dv-neutron-834613-2-hyperv neutron-server[104350]: DEBUG neutron.db.provisioning_blocks [None req-ae09e0e5-52a0-4d9c-9df5-4604417512de None None] Provisioning complete for port e806bc40-5539-4e85-a8e3-6cc52dcc6d17 triggered by entity DHCP. {{(pid=104350) provisioning_complete /opt/stack/neutron/neutron/db/provisioning_blocks.py:140}}
Mar 23 02:37:59.268558 dv-neutron-834613-2-hyperv neutron-server[104350]: DEBUG neutron_lib.callbacks.manager [None req-ae09e0e5-52a0-4d9c-9df5-4604417512de None None] Publish callbacks ['neutron.plugins.ml2.plugin.Ml2Plugin._port_provisioned-852518'] for port (e806bc40-5539-4e85-a8e3-6cc52dcc6d17), provisioning_complete {{(pid=104350) _notify_loop /usr/local/lib/python3.8/dist-packages/neutron_lib/callbacks/manager.py:176}}
Mar 23 02:37:59.271510 dv-neutron-834613-2-hyperv neutron-server[104349]: DEBUG neutron_lib.callbacks.manager [None req-b8c168a6-4b47-4bf6-b654-0762d494b062 tempest-PortsAdminExtendedAttrsTestJSON-1493571665 tempest-PortsAdminExtendedAttrsTestJSON-1493571665-project-admin] Publish callbacks ['neutron.plugins.ml2.plugin.SecurityGroupDbMixin._ensure_default_security_group_handler-988468'] for port (8a6029f7-a356-43a3-8481-1005aafaeab4), before_update {{(pid=104349) _notify_loop /usr/local/lib/python3.8/dist-packages/neutron_lib/callbacks/manager.py:176}}
Mar 23 02:37:59.335801 dv-neutron-834613-2-hyperv neutron-server[104349]: INFO neutron.wsgi [req-3f268492-1f05-46f6-b709-40d3a8ced64e req-0675db81-fadd-4a16-b327-2811bc9017da tempest-ServerActionsTestJSON-1228362944 tempest-ServerActionsTestJSON-1228362944-project] 10.222.0.23 "POST /v2.0/ports HTTP/1.1" status: 201 len: 933 time: 4.4017091
Mar 23 02:37:59.344370 dv-neutron-834613-2-hyperv neutron-server[104349]: DEBUG neutron.pecan_wsgi.hooks.policy_enforcement [req-d8e8852d-6711-4d19-a495-330c34105422 req-2d654620-ad0d-4fda-bb06-8ca1cf835191 tempest-ServerActionsTestJSON-1228362944 tempest-ServerActionsTestJSON-1228362944-project] Attributes excluded by policy engine: ['standard_attr_id', 'binding:profile', 'binding:host_id', 'binding:vif_type', 'binding:vif_details'] {{(pid=104349) _exclude_attributes_by_policy /opt/stack/neutron/neutron/pecan_wsgi/hooks/policy_enforcement.py:255}}
Mar 23 02:37:59.351757 dv-neutron-834613-2-hyperv neutron-server[104349]: INFO neutron.wsgi [req-d8e8852d-6711-4d19-a495-330c34105422 req-2d654620-ad0d-4fda-bb06-8ca1cf835191 tempest-ServerActionsTestJSON-1228362944 tempest-ServerActionsTestJSON-1228362944-project] 10.222.0.24 "GET /v2.0/ports?device_id=87611f01-8ebb-4ebc-8b34-372a2847db9a HTTP/1.1" status: 200 len: 931 time: 1.1155934
Mar 23 02:37:59.375241 dv-neutron-834613-2-hyperv neutron-server[104348]: DEBUG neutron_lib.callbacks.manager [None req-b538e1a1-71d2-42b4-8946-330056dd949e tempest-BulkNetworkOpsTest-1960688429 tempest-BulkNetworkOpsTest-1960688429-project] Publish callbacks ['neutron.services.auto_allocate.db._ensure_external_network_default_value_callback-8728336804711'] for network (032330ca-d16b-4637-bc10-5e1527489840), precommit_create {{(pid=104348) _notify_loop /usr/local/lib/python3.8/dist-packages/neutron_lib/callbacks/manager.py:176}}
Mar 23 02:37:59.397234 dv-neutron-834613-2-hyperv neutron-server[104349]: DEBUG neutron.wsgi [req-3f268492-1f05-46f6-b709-40d3a8ced64e req-a5abcf36-9c09-4e50-9f3c-a2235dd2bae7 tempest-ServerActionsTestJSON-1228362944 tempest-ServerActionsTestJSON-1228362944-project] http://10.222.0.24:9696/v2.0/extensions returned with HTTP 200 {{(pid=104349) __call__ /opt/stack/neutron/neutron/wsgi.py:730}}
Mar 23 02:37:59.398284 dv-neutron-834613-2-hyperv neutron-server[104349]: INFO neutron.wsgi [req-3f268492-1f05-46f6-b709-40d3a8ced64e req-a5abcf36-9c09-4e50-9f3c-a2235dd2bae7 tempest-ServerActionsTestJSON-1228362944 tempest-ServerActionsTestJSON-1228362944-project] 10.222.0.23 "GET /v2.0/extensions HTTP/1.1" status: 200 len: 14082 time: 0.0439878
Mar 23 02:37:59.456619 dv-neutron-834613-2-hyperv neutron-server[104350]: DEBUG neutron.plugins.ml2.plugin [None req-bc58c904-fd49-4f49-8d56-2370a9dfe27d None None] Current status of the port e806bc40-5539-4e85-a8e3-6cc52dcc6d17 is: ACTIVE; New status is: ACTIVE {{(pid=104350) _update_individual_port_db_status /opt/stack/neutron/neutron/plugins/ml2/plugin.py:2256}}
Mar 23 02:37:59.527461 dv-neutron-834613-2-hyperv neutron-server[104350]: DEBUG neutron.plugins.ml2.plugin [None req-ae09e0e5-52a0-4d9c-9df5-4604417512de None None] Current status of the port e806bc40-5539-4e85-a8e3-6cc52dcc6d17 is: ACTIVE; New status is: ACTIVE {{(pid=104350) _update_individual_port_db_status /opt/stack/neutron/neutron/plugins/ml2/plugin.py:2256}}
Mar 23 02:37:59.577435 dv-neutron-834613-2-hyperv neutron-server[104348]: DEBUG neutron_lib.callbacks.manager [None req-aa835d25-e84a-412c-9a5c-898a7212041f tempest-NetworksTestDHCPv6-1496809651 tempest-NetworksTestDHCPv6-1496809651-project] Publish callbacks ['neutron.services.l3_router.l3_router_plugin.L3_NAT_dbonly_mixin._precommit_delete_port_callback-1660497'] for port (3564a790-cc84-4d94-9d26-689bc94e905e), precommit_delete {{(pid=104348) _notify_loop /usr/local/lib/python3.8/dist-packages/neutron_lib/callbacks/manager.py:176}}
Mar 23 02:37:59.611241 dv-neutron-834613-2-hyperv neutron-server[104348]: DEBUG neutron_lib.callbacks.manager [None req-b538e1a1-71d2-42b4-8946-330056dd949e tempest-BulkNetworkOpsTest-1960688429 tempest-BulkNetworkOpsTest-1960688429-project] Publish callbacks ['neutron.plugins.ml2.ovo_rpc._ObjectChangeHandler.handle_event-1600208', 'neutron.api.rpc.agentnotifiers.dhcp_rpc_agent_api.DhcpAgentNotifyAPI._native_event_send_dhcp_notification-1603659'] for network (032330ca-d16b-4637-bc10-5e1527489840), after_create {{(pid=104348) _notify_loop /usr/local/lib/python3.8/dist-packages/neutron_lib/callbacks/manager.py:176}}
Mar 23 02:37:59.621569 dv-neutron-834613-2-hyperv neutron-server[104348]: DEBUG neutron.pecan_wsgi.hooks.policy_enforcement [None req-b538e1a1-71d2-42b4-8946-330056dd949e tempest-BulkNetworkOpsTest-1960688429 tempest-BulkNetworkOpsTest-1960688429-project] Attributes excluded by policy engine: ['standard_attr_id', 'provider:network_type', 'provider:physical_network', 'provider:segmentation_id', 'vlan_transparent'] {{(pid=104348) _exclude_attributes_by_policy /opt/stack/neutron/neutron/pecan_wsgi/hooks/policy_enforcement.py:255}}
Mar 23 02:37:59.621569 dv-neutron-834613-2-hyperv neutron-server[104348]: DEBUG neutron_lib.callbacks.manager [None req-b538e1a1-71d2-42b4-8946-330056dd949e tempest-BulkNetworkOpsTest-1960688429 tempest-BulkNetworkOpsTest-1960688429-project] Publish callbacks [] for network (None), before_response {{(pid=104348) _notify_loop /usr/local/lib/python3.8/dist-packages/neutron_lib/callbacks/manager.py:176}}
Mar 23 02:37:59.621569 dv-neutron-834613-2-hyperv neutron-server[104348]: DEBUG neutron.plugins.ml2.plugin [None req-aa835d25-e84a-412c-9a5c-898a7212041f tempest-NetworksTestDHCPv6-1496809651 tempest-NetworksTestDHCPv6-1496809651-project] Calling delete_port for 3564a790-cc84-4d94-9d26-689bc94e905e owned by {{(pid=104348) delete_port /opt/stack/neutron/neutron/plugins/ml2/plugin.py:2080}}
Mar 23 02:37:59.624607 dv-neutron-834613-2-hyperv neutron-server[104348]: DEBUG neutron.db.db_base_plugin_common [None req-fb622ca1-fa38-4365-b301-024cbb40c426 tempest-RoutersAdminNegativeIpV6Test-1395598110 tempest-RoutersAdminNegativeIpV6Test-1395598110-project-admin] Allocated IP 172.26.2.208 (6bbcca03-75ff-487c-8b0e-a32302dacbee/7d8c0eee-dcd2-4f23-a38c-55d0b7448ed5/5021c28f-37d9-4b5d-a513-aca378570083) {{(pid=104348) _store_ip_allocation /opt/stack/neutron/neutron/db/db_base_plugin_common.py:131}}
Mar 23 02:37:59.662256 dv-neutron-834613-2-hyperv neutron-server[104350]: DEBUG neutron.db.provisioning_blocks [None req-e45876ba-51ae-44da-98df-1fcc31ed5b7a None None] Provisioning complete for port 3564a790-cc84-4d94-9d26-689bc94e905e triggered by entity DHCP. {{(pid=104350) provisioning_complete /opt/stack/neutron/neutron/db/provisioning_blocks.py:140}}
Mar 23 02:37:59.662256 dv-neutron-834613-2-hyperv neutron-server[104350]: DEBUG neutron_lib.callbacks.manager [None req-e45876ba-51ae-44da-98df-1fcc31ed5b7a None None] Publish callbacks ['neutron.plugins.ml2.plugin.Ml2Plugin._port_provisioned-852518'] for port (3564a790-cc84-4d94-9d26-689bc94e905e), provisioning_complete {{(pid=104350) _notify_loop /usr/local/lib/python3.8/dist-packages/neutron_lib/callbacks/manager.py:176}}
Mar 23 02:37:59.687560 dv-neutron-834613-2-hyperv neutron-server[104349]: DEBUG neutron_lib.callbacks.manager [None req-b963228b-4241-4ff3-9c19-b3d96ddc204e tempest-ExternalNetworksTestJSON-1869378640 tempest-ExternalNetworksTestJSON-1869378640-project-admin] Publish callbacks ['neutron.plugins.ml2.plugin.Ml2Plugin._network_delete_precommit_handler-867775', 'neutron.services.segments.db._delete_segments_for_network-8728337176643'] for network (0566d946-07eb-41bf-8573-acc0751bbb81), precommit_delete {{(pid=104349) _notify_loop /usr/local/lib/python3.8/dist-packages/neutron_lib/callbacks/manager.py:176}}
Mar 23 02:37:59.779302 dv-neutron-834613-2-hyperv neutron-server[104350]: DEBUG neutron.plugins.ml2.plugin [None req-e45876ba-51ae-44da-98df-1fcc31ed5b7a None None] Port 3564a790-cc84-4d94-9d26-689bc94e905e cannot update to ACTIVE because it is not bound. {{(pid=104350) _port_provisioned /opt/stack/neutron/neutron/plugins/ml2/plugin.py:343}}
Mar 23 02:37:59.783873 dv-neutron-834613-2-hyperv neutron-server[104349]: DEBUG neutron.services.segments.db [None req-b963228b-4241-4ff3-9c19-b3d96ddc204e tempest-ExternalNetworksTestJSON-1869378640 tempest-ExternalNetworksTestJSON-1869378640-project-admin] neutron.services.segments.plugin.Plugin method get_segments called with arguments (,) {'filters': {'network_id': ['0566d946-07eb-41bf-8573-acc0751bbb81']}} {{(pid=104349) wrapper /usr/local/lib/python3.8/dist-packages/oslo_log/helpers.py:65}}
Mar 23 02:37:59.788879 dv-neutron-834613-2-hyperv neutron-server[104348]: INFO neutron.wsgi [None req-b538e1a1-71d2-42b4-8946-330056dd949e tempest-BulkNetworkOpsTest-1960688429 tempest-BulkNetworkOpsTest-1960688429-project] 10.222.0.24 "POST /v2.0/networks HTTP/1.1" status: 201 len: 785 time: 1.7348394
Mar 23 02:37:59.788879 dv-neutron-834613-2-hyperv neutron-server[104348]: DEBUG neutron.wsgi [-] (104348) accepted ('10.222.0.24', 56396) {{(pid=104348) server /usr/local/lib/python3.8/dist-packages/eventlet/wsgi.py:1004}}
Mar 23 02:37:59.799044 dv-neutron-834613-2-hyperv neutron-server[104348]: DEBUG neutron.api.v2.base [None req-c48c03d8-cdf6-4544-a629-eaef2f67cb9e tempest-BulkNetworkOpsTest-1960688429 tempest-BulkNetworkOpsTest-1960688429-project] Request body: {'ports': [{'network_id': 'a1f9936d-01ca-48d2-bd00-8bf7fd68bf5f', 'name': 'tempest-port--1058348547', 'admin_state_up': True}, {'network_id': '032330ca-d16b-4637-bc10-5e1527489840', 'admin_state_up': False}]} {{(pid=104348) prepare_request_body /opt/stack/neutron/neutron/api/v2/base.py:729}}
Mar 23 02:37:59.804410 dv-neutron-834613-2-hyperv neutron-server[104349]: INFO neutron.wsgi [req-9a9e38a6-3c01-414c-9b13-29756f3b1c97 req-ad078fa2-6cfc-4fa3-9512-1b0779c5e93e tempest-ServersTestJSON-1437292850 tempest-ServersTestJSON-1437292850-project] 10.222.0.23 "GET /v2.0/security-groups?fields=id&fields=name&tenant_id=f6f078640e4c4af68e0bac25d7acd7c7 HTTP/1.1" status: 200 len: 379 time: 0.6787629
Mar 23 02:37:59.804920 dv-neutron-834613-2-hyperv neutron-server[104348]: DEBUG neutron.api.v2.base [None req-c48c03d8-cdf6-4544-a629-eaef2f67cb9e tempest-BulkNetworkOpsTest-1960688429 tempest-BulkNetworkOpsTest-1960688429-project] Request body: {'port': {'network_id': 'a1f9936d-01ca-48d2-bd00-8bf7fd68bf5f', 'name': 'tempest-port--1058348547', 'admin_state_up': True}} {{(pid=104348) prepare_request_body /opt/stack/neutron/neutron/api/v2/base.py:729}}
Mar 23 02:37:59.805558 dv-neutron-834613-2-hyperv neutron-server[104348]: DEBUG neutron.api.v2.base [None req-c48c03d8-cdf6-4544-a629-eaef2f67cb9e tempest-BulkNetworkOpsTest-1960688429 tempest-BulkNetworkOpsTest-1960688429-project] Request body: {'port': {'network_id': '032330ca-d16b-4637-bc10-5e1527489840', 'admin_state_up': False}} {{(pid=104348) prepare_request_body /opt/stack/neutron/neutron/api/v2/base.py:729}}
Mar 23 02:37:59.815468 dv-neutron-834613-2-hyperv neutron-server[104349]: DEBUG neutron.api.v2.base [req-3f268492-1f05-46f6-b709-40d3a8ced64e req-f58bc950-7c5d-4fc5-b6b5-831665c01657 service neutron] Request body: {'port': {'device_id': '87611f01-8ebb-4ebc-8b34-372a2847db9a', 'device_owner': 'compute:nova', 'binding:host_id': 'hv-neutron-8346'}} {{(pid=104349) prepare_request_body /opt/stack/neutron/neutron/api/v2/base.py:729}}
Mar 23 02:37:59.834376 dv-neutron-834613-2-hyperv neutron-server[104349]: DEBUG neutron.services.segments.db [None req-b963228b-4241-4ff3-9c19-b3d96ddc204e tempest-ExternalNetworksTestJSON-1869378640 tempest-ExternalNetworksTestJSON-1869378640-project-admin] neutron.services.segments.plugin.Plugin method delete_segment called with arguments (, '9846256a-65f8-4d98-a1f7-d47960454a63') {'for_net_delete': True} {{(pid=104349) wrapper /usr/local/lib/python3.8/dist-packages/oslo_log/helpers.py:65}}
Mar 23 02:37:59.834681 dv-neutron-834613-2-hyperv neutron-server[104349]: DEBUG neutron.services.segments.db [None req-b963228b-4241-4ff3-9c19-b3d96ddc204e tempest-ExternalNetworksTestJSON-1869378640 tempest-ExternalNetworksTestJSON-1869378640-project-admin] neutron.services.segments.plugin.Plugin method get_segment called with arguments (, '9846256a-65f8-4d98-a1f7-d47960454a63') {} {{(pid=104349) wrapper /usr/local/lib/python3.8/dist-packages/oslo_log/helpers.py:65}}
Mar 23 02:37:59.839458 dv-neutron-834613-2-hyperv neutron-server[104349]: DEBUG neutron.api.v2.base [req-9a9e38a6-3c01-414c-9b13-29756f3b1c97 req-ebb3657f-97b9-46d4-9817-b73d8164f830 tempest-ServersTestJSON-1437292850 tempest-ServersTestJSON-1437292850-project] Request body: {'port': {'device_id': '754c7ed1-b58b-4feb-84ca-b7ce20755966', 'network_id': '22c45d4e-453f-46ea-9852-f03123ae9cab', 'admin_state_up': True, 'tenant_id': 'f6f078640e4c4af68e0bac25d7acd7c7', 'security_groups': ['273b898c-a099-44af-8002-d1e1f19ddc82']}} {{(pid=104349) prepare_request_body /opt/stack/neutron/neutron/api/v2/base.py:729}}
Mar 23 02:37:59.876351 dv-neutron-834613-2-hyperv neutron-server[104349]: INFO neutron.wsgi [req-d8e8852d-6711-4d19-a495-330c34105422 req-450ae4e7-78ed-48e1-8a16-2150ec305f56 tempest-ServerActionsTestJSON-1228362944 tempest-ServerActionsTestJSON-1228362944-project] 10.222.0.24 "GET /v2.0/security-groups?id=3b0dc365-0bd7-406d-9157-bc3355e24a4b&fields=id&fields=name HTTP/1.1" status: 200 len: 313 time: 0.4770379
Mar 23 02:37:59.912946 dv-neutron-834613-2-hyperv neutron-server[104348]: DEBUG neutron.api.rpc.handlers.resources_rpc [None req-b538e1a1-71d2-42b4-8946-330056dd949e tempest-BulkNetworkOpsTest-1960688429 tempest-BulkNetworkOpsTest-1960688429-project] Pushing event updated for resources: {'Network': ['ID=032330ca-d16b-4637-bc10-5e1527489840,revision_number=1']} {{(pid=104348) push /opt/stack/neutron/neutron/api/rpc/handlers/resources_rpc.py:237}}
Mar 23 02:37:59.925542 dv-neutron-834613-2-hyperv neutron-server[104350]: DEBUG neutron.plugins.ml2.rpc [None req-bc58c904-fd49-4f49-8d56-2370a9dfe27d None None] Network 032330ca-d16b-4637-bc10-5e1527489840 details requested by agent ovs-agent-dv-neutron-834613-2-hyperv with host dv-neutron-834613-2-hyperv {{(pid=104350) get_network_details /opt/stack/neutron/neutron/plugins/ml2/rpc.py:248}}
Mar 23 02:37:59.945841 dv-neutron-834613-2-hyperv neutron-server[104349]: DEBUG neutron_lib.callbacks.manager [None req-b963228b-4241-4ff3-9c19-b3d96ddc204e tempest-ExternalNetworksTestJSON-1869378640 tempest-ExternalNetworksTestJSON-1869378640-project-admin] Publish callbacks ['neutron.plugins.ml2.db._prevent_segment_delete_with_port_bound-8728337178444', 'neutron.services.segments.plugin.Plugin._prevent_segment_delete_with_subnet_associated-18654225'] for segment (9846256a-65f8-4d98-a1f7-d47960454a63), before_delete {{(pid=104349) _notify_loop /usr/local/lib/python3.8/dist-packages/neutron_lib/callbacks/manager.py:176}}
Mar 23 02:38:00.042394 dv-neutron-834613-2-hyperv neutron-server[104349]: DEBUG neutron_lib.callbacks.manager [None req-b963228b-4241-4ff3-9c19-b3d96ddc204e tempest-ExternalNetworksTestJSON-1869378640 tempest-ExternalNetworksTestJSON-1869378640-project-admin] Publish callbacks ['neutron.plugins.ml2.plugin.Ml2Plugin._handle_segment_change-879379'] for segment (9846256a-65f8-4d98-a1f7-d47960454a63), precommit_delete {{(pid=104349) _notify_loop /usr/local/lib/python3.8/dist-packages/neutron_lib/callbacks/manager.py:176}}
Mar 23 02:38:00.079460 dv-neutron-834613-2-hyperv neutron-server[104349]: DEBUG neutron.wsgi [-] (104349) accepted ('10.222.0.24', 56400) {{(pid=104349) server /usr/local/lib/python3.8/dist-packages/eventlet/wsgi.py:1004}}
Mar 23 02:38:00.257508 dv-neutron-834613-2-hyperv neutron-server[104348]: DEBUG neutron_lib.callbacks.manager [None req-fb622ca1-fa38-4365-b301-024cbb40c426 tempest-RoutersAdminNegativeIpV6Test-1395598110 tempest-RoutersAdminNegativeIpV6Test-1395598110-project-admin] Publish callbacks [] for port (5021c28f-37d9-4b5d-a513-aca378570083), precommit_create {{(pid=104348) _notify_loop /usr/local/lib/python3.8/dist-packages/neutron_lib/callbacks/manager.py:176}}
Mar 23 02:38:00.317672 dv-neutron-834613-2-hyperv neutron-server[104349]: DEBUG neutron.plugins.ml2.drivers.type_vlan [None req-b963228b-4241-4ff3-9c19-b3d96ddc204e tempest-ExternalNetworksTestJSON-1869378640 tempest-ExternalNetworksTestJSON-1869378640-project-admin] Releasing vlan 147 on physical network physnet1 to pool {{(pid=104349) release_segment /opt/stack/neutron/neutron/plugins/ml2/drivers/type_vlan.py:304}}
Mar 23 02:38:00.318232 dv-neutron-834613-2-hyperv neutron-server[104349]: DEBUG neutron_lib.callbacks.manager [None req-b963228b-4241-4ff3-9c19-b3d96ddc204e tempest-ExternalNetworksTestJSON-1869378640 tempest-ExternalNetworksTestJSON-1869378640-project-admin] Publish callbacks ['neutron.plugins.ml2.plugin.Ml2Plugin._handle_segment_change-879379', 'neutron.services.segments.plugin.NovaSegmentNotifier._notify_segment_deleted-17237731'] for segment (9846256a-65f8-4d98-a1f7-d47960454a63), after_delete {{(pid=104349) _notify_loop /usr/local/lib/python3.8/dist-packages/neutron_lib/callbacks/manager.py:176}}
Mar 23 02:38:00.320141 dv-neutron-834613-2-hyperv neutron-server[104349]: Traceback (most recent call last):
Mar 23 02:38:00.320141 dv-neutron-834613-2-hyperv neutron-server[104349]: File "/usr/local/lib/python3.8/dist-packages/eventlet/hubs/hub.py", line 476, in fire_timers
Mar 23 02:38:00.320141 dv-neutron-834613-2-hyperv neutron-server[104349]: timer()
Mar 23 02:38:00.320141 dv-neutron-834613-2-hyperv neutron-server[104349]: File "/usr/local/lib/python3.8/dist-packages/eventlet/hubs/timer.py", line 59, in __call__
Mar 23 02:38:00.320141 dv-neutron-834613-2-hyperv neutron-server[104349]: cb(*args, **kw)
Mar 23 02:38:00.320141 dv-neutron-834613-2-hyperv neutron-server[104349]: File "/opt/stack/neutron/neutron/common/utils.py", line 921, in wrapper
Mar 23 02:38:00.320141 dv-neutron-834613-2-hyperv neutron-server[104349]: return func(*args, **kwargs)
Mar 23 02:38:00.320141 dv-neutron-834613-2-hyperv neutron-server[104349]: File "/opt/stack/neutron/neutron/notifiers/batch_notifier.py", line 58, in synced_send
Mar 23 02:38:00.320141 dv-neutron-834613-2-hyperv neutron-server[104349]: self._notify()
Mar 23 02:38:00.320141 dv-neutron-834613-2-hyperv neutron-server[104349]: File "/opt/stack/neutron/neutron/notifiers/batch_notifier.py", line 69, in _notify
Mar 23 02:38:00.320141 dv-neutron-834613-2-hyperv neutron-server[104349]: self.callback(batched_events)
Mar 23 02:38:00.320141 dv-neutron-834613-2-hyperv neutron-server[104349]: File "/opt/stack/neutron/neutron/services/segments/plugin.py", line 211, in _send_notifications
Mar 23 02:38:00.320141 dv-neutron-834613-2-hyperv neutron-server[104349]: event.method(event)
Mar 23 02:38:00.320141 dv-neutron-834613-2-hyperv neutron-server[104349]: File "/opt/stack/neutron/neutron/services/segments/plugin.py", line 383, in _delete_nova_inventory
Mar 23 02:38:00.320141 dv-neutron-834613-2-hyperv neutron-server[104349]: aggregate_id = self._get_aggregate_id(event.segment_id)
Mar 23 02:38:00.320141 dv-neutron-834613-2-hyperv neutron-server[104349]: File "/opt/stack/neutron/neutron/services/segments/plugin.py", line 370, in _get_aggregate_id
Mar 23 02:38:00.320141 dv-neutron-834613-2-hyperv neutron-server[104349]: aggregate_uuid = self.p_client.list_aggregates(
Mar 23 02:38:00.320141 dv-neutron-834613-2-hyperv neutron-server[104349]: File "/usr/local/lib/python3.8/dist-packages/neutron_lib/placement/client.py", line 58, in wrapper
Mar 23 02:38:00.320141 dv-neutron-834613-2-hyperv neutron-server[104349]: return f(self, *a, **k)
Mar 23 02:38:00.320141 dv-neutron-834613-2-hyperv neutron-server[104349]: File "/usr/local/lib/python3.8/dist-packages/neutron_lib/placement/client.py", line 554, in list_aggregates
Mar 23 02:38:00.320141 dv-neutron-834613-2-hyperv neutron-server[104349]: return self._get(url).json()
Mar 23 02:38:00.320141 dv-neutron-834613-2-hyperv neutron-server[104349]: File "/usr/local/lib/python3.8/dist-packages/neutron_lib/placement/client.py", line 190, in _get
Mar 23 02:38:00.320141 dv-neutron-834613-2-hyperv neutron-server[104349]: return self._client.get(url, endpoint_filter=self._ks_filter,
Mar 23 02:38:00.320141 dv-neutron-834613-2-hyperv neutron-server[104349]: File "/usr/local/lib/python3.8/dist-packages/keystoneauth1/session.py", line 1141, in get
Mar 23 02:38:00.320141 dv-neutron-834613-2-hyperv neutron-server[104349]: return self.request(url, 'GET', **kwargs)
Mar 23 02:38:00.320141 dv-neutron-834613-2-hyperv neutron-server[104349]: File "/usr/local/lib/python3.8/dist-packages/keystoneauth1/session.py", line 811, in request
Mar 23 02:38:00.320141 dv-neutron-834613-2-hyperv neutron-server[104349]: base_url = self.get_endpoint(auth, allow=allow,
Mar 23 02:38:00.320141 dv-neutron-834613-2-hyperv neutron-server[104349]: File "/usr/local/lib/python3.8/dist-packages/keystoneauth1/session.py", line 1241, in get_endpoint
Mar 23 02:38:00.320141 dv-neutron-834613-2-hyperv neutron-server[104349]: auth = self._auth_required(auth, 'determine endpoint URL')
Mar 23 02:38:00.320141 dv-neutron-834613-2-hyperv neutron-server[104349]: File "/usr/local/lib/python3.8/dist-packages/keystoneauth1/session.py", line 1181, in _auth_required
Mar 23 02:38:00.320141 dv-neutron-834613-2-hyperv neutron-server[104349]: raise exceptions.MissingAuthPlugin(msg_fmt % msg)
Mar 23 02:38:00.320141 dv-neutron-834613-2-hyperv neutron-server[104349]: keystoneauth1.exceptions.auth_plugins.MissingAuthPlugin: An auth plugin is required to determine endpoint URL
Mar 23 02:38:00.429022 dv-neutron-834613-2-hyperv neutron-server[104349]: DEBUG neutron.notifiers.nova [None req-b8c168a6-4b47-4bf6-b654-0762d494b062 tempest-PortsAdminExtendedAttrsTestJSON-1493571665 tempest-PortsAdminExtendedAttrsTestJSON-1493571665-project-admin] device_id is not set on port 8a6029f7-a356-43a3-8481-1005aafaeab4 yet. {{(pid=104349) _can_notify /opt/stack/neutron/neutron/notifiers/nova.py:199}}
Mar 23 02:38:00.435195 dv-neutron-834613-2-hyperv neutron-server[104349]: DEBUG neutron_lib.callbacks.manager [req-3f268492-1f05-46f6-b709-40d3a8ced64e req-f58bc950-7c5d-4fc5-b6b5-831665c01657 service neutron] Publish callbacks ['neutron.plugins.ml2.plugin.SecurityGroupDbMixin._ensure_default_security_group_handler-988468'] for port (b1c2f96b-7108-49be-9bca-58773bb2d8fc), before_update {{(pid=104349) _notify_loop /usr/local/lib/python3.8/dist-packages/neutron_lib/callbacks/manager.py:176}}
Mar 23 02:38:00.451056 dv-neutron-834613-2-hyperv neutron-server[104349]: DEBUG neutron_lib.callbacks.manager [None req-b8c168a6-4b47-4bf6-b654-0762d494b062 tempest-PortsAdminExtendedAttrsTestJSON-1493571665 tempest-PortsAdminExtendedAttrsTestJSON-1493571665-project-admin] Publish callbacks [] for port (8a6029f7-a356-43a3-8481-1005aafaeab4), precommit_update {{(pid=104349) _notify_loop /usr/local/lib/python3.8/dist-packages/neutron_lib/callbacks/manager.py:176}}
Mar 23 02:38:00.501109 dv-neutron-834613-2-hyperv neutron-server[104349]: DEBUG neutron.api.v2.base [None req-e2c7adef-83ea-46d3-bc91-d5033360325c tempest-FloatingIPAdminTestJSON-601147116 tempest-FloatingIPAdminTestJSON-601147116-project] Request body: {'floatingip': {'floating_network_id': '6bbcca03-75ff-487c-8b0e-a32302dacbee'}} {{(pid=104349) prepare_request_body /opt/stack/neutron/neutron/api/v2/base.py:729}}
Mar 23 02:38:00.502457 dv-neutron-834613-2-hyperv neutron-server[104348]: INFO neutron.wsgi [req-cc2f7b37-dccf-4392-9720-234391827d4c req-4ede8130-a0e5-4e92-8e93-d008c14b0cff tempest-ServersTestJSON-1437292850 tempest-ServersTestJSON-1437292850-project] 10.222.0.24 "GET /v2.0/ports?device_id=754c7ed1-b58b-4feb-84ca-b7ce20755966 HTTP/1.1" status: 200 len: 210 time: 0.3446529
Mar 23 02:38:00.525286 dv-neutron-834613-2-hyperv neutron-server[104348]: DEBUG neutron_lib.callbacks.manager [None req-aa835d25-e84a-412c-9a5c-898a7212041f tempest-NetworksTestDHCPv6-1496809651 tempest-NetworksTestDHCPv6-1496809651-project] Publish callbacks ['neutron.plugins.ml2.plugin.SecurityGroupServerNotifierRpcMixin._notify_sg_on_port_change-988535', 'neutron.plugins.ml2.ovo_rpc._ObjectChangeHandler.handle_event-68642', 'neutron.api.rpc.agentnotifiers.dhcp_rpc_agent_api.DhcpAgentNotifyAPI._native_event_send_dhcp_notification-1603659', 'neutron.db.l3_db.L3RpcNotifierMixin._notify_routers_callback-8728337337474', 'neutron.db.l3_dvrscheduler_db._notify_port_delete-8728336850966', 'neutron.services.segments.plugin.NovaSegmentNotifier._notify_port_created_or_deleted-3460963'] for port (3564a790-cc84-4d94-9d26-689bc94e905e), after_delete {{(pid=104348) _notify_loop /usr/local/lib/python3.8/dist-packages/neutron_lib/callbacks/manager.py:176}}
Mar 23 02:38:00.610002 dv-neutron-834613-2-hyperv neutron-server[104348]: DEBUG neutron.api.rpc.handlers.resources_rpc [None req-aa835d25-e84a-412c-9a5c-898a7212041f tempest-NetworksTestDHCPv6-1496809651 tempest-NetworksTestDHCPv6-1496809651-project] Pushing event deleted for resources: {'Port': ['ID=3564a790-cc84-4d94-9d26-689bc94e905e,revision_number=None']} {{(pid=104348) push /opt/stack/neutron/neutron/api/rpc/handlers/resources_rpc.py:237}}
Mar 23 02:38:00.628596 dv-neutron-834613-2-hyperv neutron-server[104348]: DEBUG neutron.pecan_wsgi.hooks.quota_enforcement [None req-c48c03d8-cdf6-4544-a629-eaef2f67cb9e tempest-BulkNetworkOpsTest-1960688429 tempest-BulkNetworkOpsTest-1960688429-project] Made reservation on behalf of 9d2072c7669741f59f04c53a74a7a55d for: {'port': 2} {{(pid=104348) before /opt/stack/neutron/neutron/pecan_wsgi/hooks/quota_enforcement.py:53}}
Mar 23 02:38:00.633037 dv-neutron-834613-2-hyperv neutron-server[104348]: DEBUG neutron_lib.callbacks.manager [None req-c48c03d8-cdf6-4544-a629-eaef2f67cb9e tempest-BulkNetworkOpsTest-1960688429 tempest-BulkNetworkOpsTest-1960688429-project] Publish callbacks ['neutron.plugins.ml2.plugin.SecurityGroupDbMixin._ensure_default_security_group_handler-988468'] for port (None), before_create {{(pid=104348) _notify_loop /usr/local/lib/python3.8/dist-packages/neutron_lib/callbacks/manager.py:176}}
Mar 23 02:38:00.640601 dv-neutron-834613-2-hyperv neutron-server[104348]: DEBUG neutron_lib.callbacks.manager [None req-aa835d25-e84a-412c-9a5c-898a7212041f tempest-NetworksTestDHCPv6-1496809651 tempest-NetworksTestDHCPv6-1496809651-project] Publish callbacks ['neutron.notifiers.nova.Notifier._send_nova_notification-197074'] for port (None), before_response {{(pid=104348) _notify_loop /usr/local/lib/python3.8/dist-packages/neutron_lib/callbacks/manager.py:176}}
Mar 23 02:38:00.651779 dv-neutron-834613-2-hyperv neutron-server[104349]: DEBUG neutron.pecan_wsgi.hooks.quota_enforcement [req-9a9e38a6-3c01-414c-9b13-29756f3b1c97 req-ebb3657f-97b9-46d4-9817-b73d8164f830 tempest-ServersTestJSON-1437292850 tempest-ServersTestJSON-1437292850-project] Made reservation on behalf of f6f078640e4c4af68e0bac25d7acd7c7 for: {'port': 1} {{(pid=104349) before /opt/stack/neutron/neutron/pecan_wsgi/hooks/quota_enforcement.py:53}}
Mar 23 02:38:00.655236 dv-neutron-834613-2-hyperv neutron-server[104349]: DEBUG neutron_lib.callbacks.manager [req-9a9e38a6-3c01-414c-9b13-29756f3b1c97 req-ebb3657f-97b9-46d4-9817-b73d8164f830 tempest-ServersTestJSON-1437292850 tempest-ServersTestJSON-1437292850-project] Publish callbacks ['neutron.plugins.ml2.plugin.SecurityGroupDbMixin._ensure_default_security_group_handler-988468'] for port (None), before_create {{(pid=104349) _notify_loop /usr/local/lib/python3.8/dist-packages/neutron_lib/callbacks/manager.py:176}}
Mar 23 02:38:00.657547 dv-neutron-834613-2-hyperv neutron-server[104348]: INFO neutron.wsgi [None req-aa835d25-e84a-412c-9a5c-898a7212041f tempest-NetworksTestDHCPv6-1496809651 tempest-NetworksTestDHCPv6-1496809651-project] 10.222.0.24 "DELETE /v2.0/ports/3564a790-cc84-4d94-9d26-689bc94e905e HTTP/1.1" status: 204 len: 168 time: 2.6365311
Mar 23 02:38:00.658380 dv-neutron-834613-2-hyperv neutron-server[104348]: DEBUG neutron.wsgi [-] (104348) accepted ('10.222.0.24', 56404) {{(pid=104348) server /usr/local/lib/python3.8/dist-packages/eventlet/wsgi.py:1004}}
Mar 23 02:38:00.683685 dv-neutron-834613-2-hyperv neutron-server[104348]: DEBUG neutron_lib.callbacks.manager [None req-c48c03d8-cdf6-4544-a629-eaef2f67cb9e tempest-BulkNetworkOpsTest-1960688429 tempest-BulkNetworkOpsTest-1960688429-project] Publish callbacks ['neutron.plugins.ml2.plugin.SecurityGroupDbMixin._ensure_default_security_group_handler-988468'] for port (None), before_create {{(pid=104348) _notify_loop /usr/local/lib/python3.8/dist-packages/neutron_lib/callbacks/manager.py:176}}
Mar 23 02:38:00.697404 dv-neutron-834613-2-hyperv neutron-server[104349]: DEBUG neutron_lib.callbacks.manager [None req-b8c168a6-4b47-4bf6-b654-0762d494b062 tempest-PortsAdminExtendedAttrsTestJSON-1493571665 tempest-PortsAdminExtendedAttrsTestJSON-1493571665-project-admin] Publish callbacks ['neutron.plugins.ml2.plugin.SecurityGroupServerNotifierRpcMixin._notify_sg_on_port_change-988535', 'neutron.plugins.ml2.ovo_rpc._ObjectChangeHandler.handle_event-68642', 'neutron.api.rpc.agentnotifiers.dhcp_rpc_agent_api.DhcpAgentNotifyAPI._native_event_send_dhcp_notification-1603659', 'neutron.db.l3_db.L3RpcNotifierMixin._notify_gateway_port_ip_changed-8728337337492', 'neutron.db.l3_dvrscheduler_db._notify_l3_agent_port_update-8728336850975', 'neutron.db.l3_hascheduler_db._notify_l3_agent_ha_port_update-8728336850993', 'neutron.services.segments.plugin.NovaSegmentNotifier._notify_port_updated-17237639'] for port (8a6029f7-a356-43a3-8481-1005aafaeab4), after_update {{(pid=104349) _notify_loop /usr/local/lib/python3.8/dist-packages/neutron_lib/callbacks/manager.py:176}}
Mar 23 02:38:00.709672 dv-neutron-834613-2-hyperv neutron-server[104349]: DEBUG neutron_lib.callbacks.manager [None req-b963228b-4241-4ff3-9c19-b3d96ddc204e tempest-ExternalNetworksTestJSON-1869378640 tempest-ExternalNetworksTestJSON-1869378640-project-admin] Publish callbacks ['neutron.plugins.ml2.plugin.Ml2Plugin._network_delete_after_delete_handler-867716', 'neutron.plugins.ml2.ovo_rpc._ObjectChangeHandler.handle_event-1600208', 'neutron.api.rpc.agentnotifiers.dhcp_rpc_agent_api.DhcpAgentNotifyAPI._native_event_send_dhcp_notification-1603659', 'neutron.services.l3_router.l3_router_plugin.DVRResourceOperationHandler.delete_fip_namespaces_for_ext_net-1655157'] for network (0566d946-07eb-41bf-8573-acc0751bbb81), after_delete {{(pid=104349) _notify_loop /usr/local/lib/python3.8/dist-packages/neutron_lib/callbacks/manager.py:176}}
Mar 23 02:38:00.709898 dv-neutron-834613-2-hyperv neutron-server[104348]: DEBUG neutron_lib.callbacks.manager [None req-fb622ca1-fa38-4365-b301-024cbb40c426 tempest-RoutersAdminNegativeIpV6Test-1395598110 tempest-RoutersAdminNegativeIpV6Test-1395598110-project-admin] Publish callbacks ['neutron.plugins.ml2.plugin.SecurityGroupServerNotifierRpcMixin._notify_sg_on_port_change-988535', 'neutron.plugins.ml2.ovo_rpc._ObjectChangeHandler.handle_event-68642', 'neutron.api.rpc.agentnotifiers.dhcp_rpc_agent_api.DhcpAgentNotifyAPI._native_event_send_dhcp_notification-1603659', 'neutron.db.l3_dvrscheduler_db._notify_l3_agent_new_port-8728336850957', 'neutron.services.segments.plugin.NovaSegmentNotifier._notify_port_created_or_deleted-3460963'] for port (5021c28f-37d9-4b5d-a513-aca378570083), after_create {{(pid=104348) _notify_loop /usr/local/lib/python3.8/dist-packages/neutron_lib/callbacks/manager.py:176}}
Mar 23 02:38:00.711748 dv-neutron-834613-2-hyperv neutron-server[104349]: DEBUG neutron.api.rpc.agentnotifiers.l3_rpc_agent_api [None req-b963228b-4241-4ff3-9c19-b3d96ddc204e tempest-ExternalNetworksTestJSON-1869378640 tempest-ExternalNetworksTestJSON-1869378640-project-admin] Fanout notify agent at l3_agent the message fipnamespace_delete_on_ext_net for external_network 0566d946-07eb-41bf-8573-acc0751bbb81 {{(pid=104349) _notification_fanout /opt/stack/neutron/neutron/api/rpc/agentnotifiers/l3_rpc_agent_api.py:120}}
Mar 23 02:38:00.715434 dv-neutron-834613-2-hyperv neutron-server[104349]: DEBUG neutron_lib.callbacks.manager [None req-b963228b-4241-4ff3-9c19-b3d96ddc204e tempest-ExternalNetworksTestJSON-1869378640 tempest-ExternalNetworksTestJSON-1869378640-project-admin] Publish callbacks ['neutron.api.rpc.agentnotifiers.dhcp_rpc_agent_api.DhcpAgentNotifyAPI._send_dhcp_notification-1603705'] for network (None), before_response {{(pid=104349) _notify_loop /usr/local/lib/python3.8/dist-packages/neutron_lib/callbacks/manager.py:176}}
Mar 23 02:38:00.724261 dv-neutron-834613-2-hyperv neutron-server[104349]: INFO neutron.wsgi [None req-b963228b-4241-4ff3-9c19-b3d96ddc204e tempest-ExternalNetworksTestJSON-1869378640 tempest-ExternalNetworksTestJSON-1869378640-project-admin] 10.222.0.24 "DELETE /v2.0/networks/0566d946-07eb-41bf-8573-acc0751bbb81 HTTP/1.1" status: 204 len: 168 time: 2.9085186
Mar 23 02:38:00.783287 dv-neutron-834613-2-hyperv neutron-server[104349]: DEBUG neutron_lib.callbacks.manager [None req-e2c7adef-83ea-46d3-bc91-d5033360325c tempest-FloatingIPAdminTestJSON-601147116 tempest-FloatingIPAdminTestJSON-601147116-project] Publish callbacks [] for floatingip (None), before_create {{(pid=104349) _notify_loop /usr/local/lib/python3.8/dist-packages/neutron_lib/callbacks/manager.py:176}}
Mar 23 02:38:00.783287 dv-neutron-834613-2-hyperv neutron-server[104349]: DEBUG neutron.wsgi [-] (104349) accepted ('10.222.0.24', 56406) {{(pid=104349) server /usr/local/lib/python3.8/dist-packages/eventlet/wsgi.py:1004}}
Mar 23 02:38:00.792156 dv-neutron-834613-2-hyperv neutron-server[104349]: DEBUG neutron.api.rpc.handlers.resources_rpc [None req-b8c168a6-4b47-4bf6-b654-0762d494b062 tempest-PortsAdminExtendedAttrsTestJSON-1493571665 tempest-PortsAdminExtendedAttrsTestJSON-1493571665-project-admin] Pushing event updated for resources: {'Port': ['ID=8a6029f7-a356-43a3-8481-1005aafaeab4,revision_number=2']} {{(pid=104349) push /opt/stack/neutron/neutron/api/rpc/handlers/resources_rpc.py:237}}
Mar 23 02:38:00.935463 dv-neutron-834613-2-hyperv neutron-server[104349]: DEBUG neutron.api.rpc.handlers.resources_rpc [None req-b963228b-4241-4ff3-9c19-b3d96ddc204e tempest-ExternalNetworksTestJSON-1869378640 tempest-ExternalNetworksTestJSON-1869378640-project-admin] Pushing event deleted for resources: {'Network': ['ID=0566d946-07eb-41bf-8573-acc0751bbb81,revision_number=None']} {{(pid=104349) push /opt/stack/neutron/neutron/api/rpc/handlers/resources_rpc.py:237}}
Mar 23 02:38:00.967060 dv-neutron-834613-2-hyperv neutron-server[104349]: INFO neutron.pecan_wsgi.hooks.translation [None req-d9fa895a-92fc-408b-9ff5-0e39a242239b tempest-ExternalNetworksTestJSON-1290770457 tempest-ExternalNetworksTestJSON-1290770457-project] DELETE failed (client error): The resource could not be found.
Mar 23 02:38:00.967562 dv-neutron-834613-2-hyperv neutron-server[104349]: DEBUG neutron.pecan_wsgi.hooks.notifier [None req-d9fa895a-92fc-408b-9ff5-0e39a242239b tempest-ExternalNetworksTestJSON-1290770457 tempest-ExternalNetworksTestJSON-1290770457-project] No notification will be sent due to unsuccessful status code: 404 {{(pid=104349) after /opt/stack/neutron/neutron/pecan_wsgi/hooks/notifier.py:78}}
Mar 23 02:38:00.973408 dv-neutron-834613-2-hyperv neutron-server[104349]: INFO neutron.wsgi [None req-d9fa895a-92fc-408b-9ff5-0e39a242239b tempest-ExternalNetworksTestJSON-1290770457 tempest-ExternalNetworksTestJSON-1290770457-project] 10.222.0.24 "DELETE /v2.0/subnets/ab1863db-a955-4ea5-b677-450b42b7645f HTTP/1.1" status: 404 len: 337 time: 0.1749876
Mar 23 02:38:01.008047 dv-neutron-834613-2-hyperv neutron-server[104349]: DEBUG neutron.wsgi [-] (104349) accepted ('10.222.0.24', 56410) {{(pid=104349) server /usr/local/lib/python3.8/dist-packages/eventlet/wsgi.py:1004}}
Mar 23 02:38:01.039979 dv-neutron-834613-2-hyperv neutron-server[104348]: DEBUG neutron.scheduler.dhcp_agent_scheduler [None req-fb622ca1-fa38-4365-b301-024cbb40c426 tempest-RoutersAdminNegativeIpV6Test-1395598110 tempest-RoutersAdminNegativeIpV6Test-1395598110-project-admin] Network 6bbcca03-75ff-487c-8b0e-a32302dacbee is already hosted by enough agents. {{(pid=104348) _get_dhcp_agents_hosting_network /opt/stack/neutron/neutron/scheduler/dhcp_agent_scheduler.py:275}}
Mar 23 02:38:01.065116 dv-neutron-834613-2-hyperv neutron-server[104348]: DEBUG neutron.scheduler.base_scheduler [None req-fb622ca1-fa38-4365-b301-024cbb40c426 tempest-RoutersAdminNegativeIpV6Test-1395598110 tempest-RoutersAdminNegativeIpV6Test-1395598110-project-admin] Resources bound (agent type, host, resource id): {{(pid=104348) schedule /opt/stack/neutron/neutron/scheduler/base_scheduler.py:57}}
Mar 23 02:38:01.102866 dv-neutron-834613-2-hyperv neutron-server[104348]: DEBUG neutron.db.l3_dvrscheduler_db [None req-fb622ca1-fa38-4365-b301-024cbb40c426 tempest-RoutersAdminNegativeIpV6Test-1395598110 tempest-RoutersAdminNegativeIpV6Test-1395598110-project-admin] Received port after_create {{(pid=104348) _notify_l3_agent_new_port /opt/stack/neutron/neutron/db/l3_dvrscheduler_db.py:536}}
Mar 23 02:38:01.228989 dv-neutron-834613-2-hyperv neutron-server[104348]: DEBUG neutron.pecan_wsgi.hooks.policy_enforcement [None req-107fecb2-4d34-4021-ae84-64133a5be45b tempest-NetworksTestDHCPv6-1496809651 tempest-NetworksTestDHCPv6-1496809651-project] Attributes excluded by policy engine: ['standard_attr_id', 'shared', 'segment_id'] {{(pid=104348) _exclude_attributes_by_policy /opt/stack/neutron/neutron/pecan_wsgi/hooks/policy_enforcement.py:255}}
Mar 23 02:38:01.229894 dv-neutron-834613-2-hyperv neutron-server[104349]: DEBUG neutron_lib.callbacks.manager [None req-1e1075c5-720d-4d56-9161-2178b539cc0d tempest-ExternalNetworksTestJSON-1290770457 tempest-ExternalNetworksTestJSON-1290770457-project] Publish callbacks ['neutron.plugins.ml2.plugin.External_net_db_mixin._before_network_delete_handler-1298757'] for network (faf2bbdc-5836-43cf-a423-9981813a67c0), before_delete {{(pid=104349) _notify_loop /usr/local/lib/python3.8/dist-packages/neutron_lib/callbacks/manager.py:176}}
Mar 23 02:38:01.230532 dv-neutron-834613-2-hyperv neutron-server[104348]: DEBUG neutron.pecan_wsgi.hooks.policy_enforcement [None req-107fecb2-4d34-4021-ae84-64133a5be45b tempest-NetworksTestDHCPv6-1496809651 tempest-NetworksTestDHCPv6-1496809651-project] Attributes excluded by policy engine: ['standard_attr_id', 'shared', 'segment_id'] {{(pid=104348) _exclude_attributes_by_policy /opt/stack/neutron/neutron/pecan_wsgi/hooks/policy_enforcement.py:255}}
Mar 23 02:38:01.234355 dv-neutron-834613-2-hyperv neutron-server[104348]: INFO neutron.wsgi [None req-107fecb2-4d34-4021-ae84-64133a5be45b tempest-NetworksTestDHCPv6-1496809651 tempest-NetworksTestDHCPv6-1496809651-project] 10.222.0.24 "GET /v2.0/subnets HTTP/1.1" status: 200 len: 1477 time: 0.5600669
Mar 23 02:38:01.234355 dv-neutron-834613-2-hyperv neutron-server[104348]: DEBUG neutron.api.rpc.handlers.resources_rpc [None req-fb622ca1-fa38-4365-b301-024cbb40c426 tempest-RoutersAdminNegativeIpV6Test-1395598110 tempest-RoutersAdminNegativeIpV6Test-1395598110-project-admin] Pushing event updated for resources: {'Port': ['ID=5021c28f-37d9-4b5d-a513-aca378570083,revision_number=1']} {{(pid=104348) push /opt/stack/neutron/neutron/api/rpc/handlers/resources_rpc.py:237}}
Mar 23 02:38:01.235894 dv-neutron-834613-2-hyperv neutron-server[104349]: DEBUG neutron.wsgi [-] (104349) accepted ('10.222.0.24', 56412) {{(pid=104349) server /usr/local/lib/python3.8/dist-packages/eventlet/wsgi.py:1004}}
Mar 23 02:38:01.257747 dv-neutron-834613-2-hyperv neutron-server[104348]: DEBUG neutron.pecan_wsgi.hooks.policy_enforcement [None req-fb622ca1-fa38-4365-b301-024cbb40c426 tempest-RoutersAdminNegativeIpV6Test-1395598110 tempest-RoutersAdminNegativeIpV6Test-1395598110-project-admin] Attributes excluded by policy engine: ['standard_attr_id', 'network'] {{(pid=104348) _exclude_attributes_by_policy /opt/stack/neutron/neutron/pecan_wsgi/hooks/policy_enforcement.py:255}}
Mar 23 02:38:01.258484 dv-neutron-834613-2-hyperv neutron-server[104348]: DEBUG neutron_lib.callbacks.manager [None req-fb622ca1-fa38-4365-b301-024cbb40c426 tempest-RoutersAdminNegativeIpV6Test-1395598110 tempest-RoutersAdminNegativeIpV6Test-1395598110-project-admin] Publish callbacks ['neutron.notifiers.nova.Notifier._send_nova_notification-197074'] for port (None), before_response {{(pid=104348) _notify_loop /usr/local/lib/python3.8/dist-packages/neutron_lib/callbacks/manager.py:176}}
Mar 23 02:38:01.260526 dv-neutron-834613-2-hyperv neutron-server[104349]: DEBUG neutron.plugins.ml2.managers [None req-b8c168a6-4b47-4bf6-b654-0762d494b062 tempest-PortsAdminExtendedAttrsTestJSON-1493571665 tempest-PortsAdminExtendedAttrsTestJSON-1493571665-project-admin] Attempting to bind port 8a6029f7-a356-43a3-8481-1005aafaeab4 on host hv-neutron-8346 for vnic_type normal with profile {{(pid=104349) bind_port /opt/stack/neutron/neutron/plugins/ml2/managers.py:795}}
Mar 23 02:38:01.261027 dv-neutron-834613-2-hyperv neutron-server[104349]: DEBUG neutron.plugins.ml2.managers [None req-b8c168a6-4b47-4bf6-b654-0762d494b062 tempest-PortsAdminExtendedAttrsTestJSON-1493571665 tempest-PortsAdminExtendedAttrsTestJSON-1493571665-project-admin] Attempting to bind port 8a6029f7-a356-43a3-8481-1005aafaeab4 by drivers openvswitch,hyperv on host hv-neutron-8346 at level 0 using segments [{'id': '86e5fa44-a3e4-4719-9f05-64968f568843', 'network_type': 'vlan', 'physical_network': 'physnet1', 'segmentation_id': 139, 'network_id': '967d21ba-c21a-4084-8234-d794f5c3c574'}] {{(pid=104349) _bind_port_level /opt/stack/neutron/neutron/plugins/ml2/managers.py:820}}
Mar 23 02:38:01.261521 dv-neutron-834613-2-hyperv neutron-server[104349]: DEBUG neutron.plugins.ml2.drivers.mech_agent [None req-b8c168a6-4b47-4bf6-b654-0762d494b062 tempest-PortsAdminExtendedAttrsTestJSON-1493571665 tempest-PortsAdminExtendedAttrsTestJSON-1493571665-project-admin] Attempting to bind port 8a6029f7-a356-43a3-8481-1005aafaeab4 on network 967d21ba-c21a-4084-8234-d794f5c3c574 {{(pid=104349) bind_port /opt/stack/neutron/neutron/plugins/ml2/drivers/mech_agent.py:91}}
