May 06 06:23:18.767435 dv-neutron-834260-5-hyperv devstack@n-api.service[118131]: DEBUG nova.compute.api [None req-0c26779a-fb20-4773-a96a-8d8a753699c7 tempest-ServersTestJSON-1568439476 tempest-ServersTestJSON-1568439476-project] [instance: 2e96bd88-6de6-4bf7-b5be-b5b298203d87] Fetching instance by UUID {{(pid=118131) get /opt/stack/nova/nova/compute/api.py:2918}}
May 06 06:23:18.777469 dv-neutron-834260-5-hyperv devstack@n-api.service[118131]: DEBUG oslo_concurrency.lockutils [None req-0c26779a-fb20-4773-a96a-8d8a753699c7 tempest-ServersTestJSON-1568439476 tempest-ServersTestJSON-1568439476-project] Lock "11623f74-e21d-4327-9cf4-52b77163bc7a" acquired by "nova.context.set_target_cell..get_or_set_cached_cell_and_set_connections" :: waited 0.000s {{(pid=118131) inner /usr/local/lib/python3.8/dist-packages/oslo_concurrency/lockutils.py:386}}
May 06 06:23:18.777926 dv-neutron-834260-5-hyperv devstack@n-api.service[118131]: DEBUG oslo_concurrency.lockutils [None req-0c26779a-fb20-4773-a96a-8d8a753699c7 tempest-ServersTestJSON-1568439476 tempest-ServersTestJSON-1568439476-project] Lock "11623f74-e21d-4327-9cf4-52b77163bc7a" "released" by "nova.context.set_target_cell..get_or_set_cached_cell_and_set_connections" :: held 0.001s {{(pid=118131) inner /usr/local/lib/python3.8/dist-packages/oslo_concurrency/lockutils.py:400}}
May 06 06:23:18.778746 dv-neutron-834260-5-hyperv devstack@n-api.service[118131]: DEBUG oslo_concurrency.lockutils [None req-0c26779a-fb20-4773-a96a-8d8a753699c7 tempest-ServersTestJSON-1568439476 tempest-ServersTestJSON-1568439476-project] Lock "11623f74-e21d-4327-9cf4-52b77163bc7a" acquired by "nova.context.set_target_cell..get_or_set_cached_cell_and_set_connections" :: waited 0.000s {{(pid=118131) inner /usr/local/lib/python3.8/dist-packages/oslo_concurrency/lockutils.py:386}}
May 06 06:23:18.791593 dv-neutron-834260-5-hyperv devstack@n-api.service[118131]: DEBUG oslo_concurrency.lockutils [None req-0c26779a-fb20-4773-a96a-8d8a753699c7 tempest-ServersTestJSON-1568439476 tempest-ServersTestJSON-1568439476-project] Lock "11623f74-e21d-4327-9cf4-52b77163bc7a" "released" by "nova.context.set_target_cell..get_or_set_cached_cell_and_set_connections" :: held 0.013s {{(pid=118131) inner /usr/local/lib/python3.8/dist-packages/oslo_concurrency/lockutils.py:400}}
May 06 06:23:18.956784 dv-neutron-834260-5-hyperv devstack@n-api.service[118131]: INFO nova.api.openstack.requestlog [None req-0c26779a-fb20-4773-a96a-8d8a753699c7 tempest-ServersTestJSON-1568439476 tempest-ServersTestJSON-1568439476-project] 10.222.0.11 "GET /compute/v2.1/servers/2e96bd88-6de6-4bf7-b5be-b5b298203d87/os-interface" status: 200 len: 285 microversion: 2.1 time: 0.194714
May 06 06:23:18.957489 dv-neutron-834260-5-hyperv devstack@n-api.service[118131]: [pid: 118131|app: 0|req: 30/62] 10.222.0.11 () {58 vars in 1274 bytes} [Fri May 6 06:23:18 2022] GET /compute/v2.1/servers/2e96bd88-6de6-4bf7-b5be-b5b298203d87/os-interface => generated 285 bytes in 196 msecs (HTTP/1.1 200) 9 headers in 357 bytes (1 switches on core 0)
May 06 06:23:19.651053 dv-neutron-834260-5-hyperv devstack@n-api.service[118132]: DEBUG nova.policy [None req-74dbc2ec-7fe2-4d5d-bb9f-b2ea641228e0 tempest-ServerActionsTestJSON-909680074 tempest-ServerActionsTestJSON-909680074-project] Policy check for os_compute_api:os-extended-server-attributes failed with credentials {'is_admin': False, 'user_id': '2982566e64db4cacb0e4301589fa7448', 'user_domain_id': 'default', 'system_scope': None, 'domain_id': None, 'project_id': '147303021dd54637abf6455ea5ea6c69', 'project_domain_id': 'default', 'roles': ['reader', 'member'], 'is_admin_project': True, 'service_user_id': None, 'service_user_domain_id': None, 'service_project_id': None, 'service_project_domain_id': None, 'service_roles': []} {{(pid=118132) authorize /opt/stack/nova/nova/policy.py:199}}
May 06 06:23:19.671841 dv-neutron-834260-5-hyperv devstack@n-api.service[118132]: INFO nova.api.openstack.requestlog [None req-74dbc2ec-7fe2-4d5d-bb9f-b2ea641228e0 tempest-ServerActionsTestJSON-909680074 tempest-ServerActionsTestJSON-909680074-project] 10.222.0.11 "GET /compute/v2.1/servers/bac3e92b-5dcd-4e33-a867-b98e851ffc38" status: 200 len: 1365 microversion: 2.1 time: 0.971679
May 06 06:23:19.674057 dv-neutron-834260-5-hyperv devstack@n-api.service[118132]: [pid: 118132|app: 0|req: 33/63] 10.222.0.11 () {58 vars in 1235 bytes} [Fri May 6 06:23:18 2022] GET /compute/v2.1/servers/bac3e92b-5dcd-4e33-a867-b98e851ffc38 => generated 1365 bytes in 975 msecs (HTTP/1.1 200) 9 headers in 358 bytes (1 switches on core 0)
May 06 06:23:20.694554 dv-neutron-834260-5-hyperv devstack@n-api.service[118131]: DEBUG nova.api.openstack.wsgi [None req-593b8357-a216-49c1-8550-90cd7c841974 tempest-ServerActionsTestJSON-909680074 tempest-ServerActionsTestJSON-909680074-project] Calling method '>' {{(pid=118131) _process_stack /opt/stack/nova/nova/api/openstack/wsgi.py:513}}
May 06 06:23:20.696528 dv-neutron-834260-5-hyperv devstack@n-api.service[118131]: DEBUG nova.compute.api [None req-593b8357-a216-49c1-8550-90cd7c841974 tempest-ServerActionsTestJSON-909680074 tempest-ServerActionsTestJSON-909680074-project] [instance: bac3e92b-5dcd-4e33-a867-b98e851ffc38] Fetching instance by UUID {{(pid=118131) get /opt/stack/nova/nova/compute/api.py:2918}}
May 06 06:23:20.707349 dv-neutron-834260-5-hyperv devstack@n-api.service[118131]: DEBUG oslo_concurrency.lockutils [None req-593b8357-a216-49c1-8550-90cd7c841974 tempest-ServerActionsTestJSON-909680074 tempest-ServerActionsTestJSON-909680074-project] Lock "11623f74-e21d-4327-9cf4-52b77163bc7a" acquired by "nova.context.set_target_cell..get_or_set_cached_cell_and_set_connections" :: waited 0.000s {{(pid=118131) inner /usr/local/lib/python3.8/dist-packages/oslo_concurrency/lockutils.py:386}}
May 06 06:23:20.709078 dv-neutron-834260-5-hyperv devstack@n-api.service[118131]: DEBUG oslo_concurrency.lockutils [None req-593b8357-a216-49c1-8550-90cd7c841974 tempest-ServerActionsTestJSON-909680074 tempest-ServerActionsTestJSON-909680074-project] Lock "11623f74-e21d-4327-9cf4-52b77163bc7a" "released" by "nova.context.set_target_cell..get_or_set_cached_cell_and_set_connections" :: held 0.001s {{(pid=118131) inner /usr/local/lib/python3.8/dist-packages/oslo_concurrency/lockutils.py:400}}
May 06 06:23:20.710193 dv-neutron-834260-5-hyperv devstack@n-api.service[118131]: DEBUG oslo_concurrency.lockutils [None req-593b8357-a216-49c1-8550-90cd7c841974 tempest-ServerActionsTestJSON-909680074 tempest-ServerActionsTestJSON-909680074-project] Lock "11623f74-e21d-4327-9cf4-52b77163bc7a" acquired by "nova.context.set_target_cell..get_or_set_cached_cell_and_set_connections" :: waited 0.000s {{(pid=118131) inner /usr/local/lib/python3.8/dist-packages/oslo_concurrency/lockutils.py:386}}
May 06 06:23:20.711720 dv-neutron-834260-5-hyperv devstack@n-api.service[118131]: DEBUG oslo_concurrency.lockutils [None req-593b8357-a216-49c1-8550-90cd7c841974 tempest-ServerActionsTestJSON-909680074 tempest-ServerActionsTestJSON-909680074-project] Lock "11623f74-e21d-4327-9cf4-52b77163bc7a" "released" by "nova.context.set_target_cell..get_or_set_cached_cell_and_set_connections" :: held 0.001s {{(pid=118131) inner /usr/local/lib/python3.8/dist-packages/oslo_concurrency/lockutils.py:400}}
May 06 06:23:21.086540 dv-neutron-834260-5-hyperv devstack@n-api.service[118132]: DEBUG nova.api.openstack.wsgi [None req-582fb9fa-953d-4fb6-a4f5-383db517bceb tempest-ServersTestManualDisk-690532045 tempest-ServersTestManualDisk-690532045-project] Calling method '>' {{(pid=118132) _process_stack /opt/stack/nova/nova/api/openstack/wsgi.py:513}}
May 06 06:23:21.090464 dv-neutron-834260-5-hyperv devstack@n-api.service[118132]: DEBUG nova.compute.api [None req-582fb9fa-953d-4fb6-a4f5-383db517bceb tempest-ServersTestManualDisk-690532045 tempest-ServersTestManualDisk-690532045-project] [instance: 83284c2e-ef6f-47e4-86f2-30a99e4a684f] Fetching instance by UUID {{(pid=118132) get /opt/stack/nova/nova/compute/api.py:2918}}
May 06 06:23:21.100471 dv-neutron-834260-5-hyperv devstack@n-api.service[118132]: DEBUG oslo_concurrency.lockutils [None req-582fb9fa-953d-4fb6-a4f5-383db517bceb tempest-ServersTestManualDisk-690532045 tempest-ServersTestManualDisk-690532045-project] Lock "11623f74-e21d-4327-9cf4-52b77163bc7a" acquired by "nova.context.set_target_cell..get_or_set_cached_cell_and_set_connections" :: waited 0.000s {{(pid=118132) inner /usr/local/lib/python3.8/dist-packages/oslo_concurrency/lockutils.py:386}}
May 06 06:23:21.101223 dv-neutron-834260-5-hyperv devstack@n-api.service[118132]: DEBUG oslo_concurrency.lockutils [None req-582fb9fa-953d-4fb6-a4f5-383db517bceb tempest-ServersTestManualDisk-690532045 tempest-ServersTestManualDisk-690532045-project] Lock "11623f74-e21d-4327-9cf4-52b77163bc7a" "released" by "nova.context.set_target_cell..get_or_set_cached_cell_and_set_connections" :: held 0.001s {{(pid=118132) inner /usr/local/lib/python3.8/dist-packages/oslo_concurrency/lockutils.py:400}}
May 06 06:23:21.102330 dv-neutron-834260-5-hyperv devstack@n-api.service[118132]: DEBUG oslo_concurrency.lockutils [None req-582fb9fa-953d-4fb6-a4f5-383db517bceb tempest-ServersTestManualDisk-690532045 tempest-ServersTestManualDisk-690532045-project] Lock "11623f74-e21d-4327-9cf4-52b77163bc7a" acquired by "nova.context.set_target_cell..get_or_set_cached_cell_and_set_connections" :: waited 0.000s {{(pid=118132) inner /usr/local/lib/python3.8/dist-packages/oslo_concurrency/lockutils.py:386}}
May 06 06:23:21.103121 dv-neutron-834260-5-hyperv devstack@n-api.service[118132]: DEBUG oslo_concurrency.lockutils [None req-582fb9fa-953d-4fb6-a4f5-383db517bceb tempest-ServersTestManualDisk-690532045 tempest-ServersTestManualDisk-690532045-project] Lock "11623f74-e21d-4327-9cf4-52b77163bc7a" "released" by "nova.context.set_target_cell..get_or_set_cached_cell_and_set_connections" :: held 0.001s {{(pid=118132) inner /usr/local/lib/python3.8/dist-packages/oslo_concurrency/lockutils.py:400}}
May 06 06:23:21.313830 dv-neutron-834260-5-hyperv devstack@n-api.service[118131]: DEBUG nova.policy [None req-593b8357-a216-49c1-8550-90cd7c841974 tempest-ServerActionsTestJSON-909680074 tempest-ServerActionsTestJSON-909680074-project] Policy check for os_compute_api:os-extended-server-attributes failed with credentials {'is_admin': False, 'user_id': '2982566e64db4cacb0e4301589fa7448', 'user_domain_id': 'default', 'system_scope': None, 'domain_id': None, 'project_id': '147303021dd54637abf6455ea5ea6c69', 'project_domain_id': 'default', 'roles': ['reader', 'member'], 'is_admin_project': True, 'service_user_id': None, 'service_user_domain_id': None, 'service_project_id': None, 'service_project_domain_id': None, 'service_roles': []} {{(pid=118131) authorize /opt/stack/nova/nova/policy.py:199}}
May 06 06:23:21.323279 dv-neutron-834260-5-hyperv devstack@n-api.service[118131]: INFO nova.api.openstack.requestlog [None req-593b8357-a216-49c1-8550-90cd7c841974 tempest-ServerActionsTestJSON-909680074 tempest-ServerActionsTestJSON-909680074-project] 10.222.0.11 "GET /compute/v2.1/servers/bac3e92b-5dcd-4e33-a867-b98e851ffc38" status: 200 len: 1550 microversion: 2.1 time: 0.636660
May 06 06:23:21.337033 dv-neutron-834260-5-hyperv devstack@n-api.service[118131]: [pid: 118131|app: 0|req: 31/64] 10.222.0.11 () {58 vars in 1235 bytes} [Fri May 6 06:23:20 2022] GET /compute/v2.1/servers/bac3e92b-5dcd-4e33-a867-b98e851ffc38 => generated 1550 bytes in 652 msecs (HTTP/1.1 200) 9 headers in 358 bytes (2 switches on core 0)
May 06 06:23:21.343750 dv-neutron-834260-5-hyperv devstack@n-api.service[118131]: DEBUG nova.api.openstack.wsgi [req-1d2109e2-62c3-4b81-b701-4602cc19c0f4 req-39a8bc6a-c6c6-4a9c-919b-90507617f4d5 service nova] Action: 'create', calling method: >, body: {"events": [{"name": "network-changed", "server_uuid": "83284c2e-ef6f-47e4-86f2-30a99e4a684f", "tag": "44fcfb7b-6077-41f8-b48f-582dc3145b93"}]} {{(pid=118131) _process_stack /opt/stack/nova/nova/api/openstack/wsgi.py:511}}
May 06 06:23:21.356505 dv-neutron-834260-5-hyperv devstack@n-api.service[118131]: DEBUG oslo_concurrency.lockutils [req-1d2109e2-62c3-4b81-b701-4602cc19c0f4 req-39a8bc6a-c6c6-4a9c-919b-90507617f4d5 service nova] Lock "11623f74-e21d-4327-9cf4-52b77163bc7a" acquired by "nova.context.set_target_cell..get_or_set_cached_cell_and_set_connections" :: waited 0.000s {{(pid=118131) inner /usr/local/lib/python3.8/dist-packages/oslo_concurrency/lockutils.py:386}}
May 06 06:23:21.357419 dv-neutron-834260-5-hyperv devstack@n-api.service[118131]: DEBUG oslo_concurrency.lockutils [req-1d2109e2-62c3-4b81-b701-4602cc19c0f4 req-39a8bc6a-c6c6-4a9c-919b-90507617f4d5 service nova] Lock "11623f74-e21d-4327-9cf4-52b77163bc7a" "released" by "nova.context.set_target_cell..get_or_set_cached_cell_and_set_connections" :: held 0.001s {{(pid=118131) inner /usr/local/lib/python3.8/dist-packages/oslo_concurrency/lockutils.py:400}}
May 06 06:23:21.372764 dv-neutron-834260-5-hyperv devstack@n-api.service[118131]: INFO nova.api.openstack.compute.server_external_events [req-1d2109e2-62c3-4b81-b701-4602cc19c0f4 req-39a8bc6a-c6c6-4a9c-919b-90507617f4d5 service nova] Creating event network-changed:44fcfb7b-6077-41f8-b48f-582dc3145b93 for instance 83284c2e-ef6f-47e4-86f2-30a99e4a684f on hv-neutron-8342
May 06 06:23:21.389944 dv-neutron-834260-5-hyperv devstack@n-api.service[118131]: INFO nova.api.openstack.requestlog [req-1d2109e2-62c3-4b81-b701-4602cc19c0f4 req-39a8bc6a-c6c6-4a9c-919b-90507617f4d5 service nova] 10.222.0.11 "POST /compute/v2.1/os-server-external-events" status: 200 len: 179 microversion: 2.1 time: 0.051157
May 06 06:23:21.390942 dv-neutron-834260-5-hyperv devstack@n-api.service[118131]: [pid: 118131|app: 0|req: 32/65] 10.222.0.11 () {64 vars in 1317 bytes} [Fri May 6 06:23:21 2022] POST /compute/v2.1/os-server-external-events => generated 179 bytes in 53 msecs (HTTP/1.1 200) 9 headers in 357 bytes (1 switches on core 0)
May 06 06:23:21.395980 dv-neutron-834260-5-hyperv devstack@n-api.service[118131]: DEBUG nova.api.openstack.wsgi [None req-a5958723-0134-4ba6-9574-b0559e82e124 tempest-ServerActionsTestJSON-909680074 tempest-ServerActionsTestJSON-909680074-project] Calling method '>' {{(pid=118131) _process_stack /opt/stack/nova/nova/api/openstack/wsgi.py:513}}
May 06 06:23:21.396695 dv-neutron-834260-5-hyperv devstack@n-api.service[118131]: DEBUG nova.compute.api [None req-a5958723-0134-4ba6-9574-b0559e82e124 tempest-ServerActionsTestJSON-909680074 tempest-ServerActionsTestJSON-909680074-project] [instance: bac3e92b-5dcd-4e33-a867-b98e851ffc38] Fetching instance by UUID {{(pid=118131) get /opt/stack/nova/nova/compute/api.py:2918}}
May 06 06:23:21.412741 dv-neutron-834260-5-hyperv devstack@n-api.service[118131]: DEBUG oslo_concurrency.lockutils [None req-a5958723-0134-4ba6-9574-b0559e82e124 tempest-ServerActionsTestJSON-909680074 tempest-ServerActionsTestJSON-909680074-project] Lock "11623f74-e21d-4327-9cf4-52b77163bc7a" acquired by "nova.context.set_target_cell..get_or_set_cached_cell_and_set_connections" :: waited 0.000s {{(pid=118131) inner /usr/local/lib/python3.8/dist-packages/oslo_concurrency/lockutils.py:386}}
May 06 06:23:21.418344 dv-neutron-834260-5-hyperv devstack@n-api.service[118131]: DEBUG oslo_concurrency.lockutils [None req-a5958723-0134-4ba6-9574-b0559e82e124 tempest-ServerActionsTestJSON-909680074 tempest-ServerActionsTestJSON-909680074-project] Lock "11623f74-e21d-4327-9cf4-52b77163bc7a" "released" by "nova.context.set_target_cell..get_or_set_cached_cell_and_set_connections" :: held 0.001s {{(pid=118131) inner /usr/local/lib/python3.8/dist-packages/oslo_concurrency/lockutils.py:400}}
May 06 06:23:21.419649 dv-neutron-834260-5-hyperv devstack@n-api.service[118131]: DEBUG oslo_concurrency.lockutils [None req-a5958723-0134-4ba6-9574-b0559e82e124 tempest-ServerActionsTestJSON-909680074 tempest-ServerActionsTestJSON-909680074-project] Lock "11623f74-e21d-4327-9cf4-52b77163bc7a" acquired by "nova.context.set_target_cell..get_or_set_cached_cell_and_set_connections" :: waited 0.000s {{(pid=118131) inner /usr/local/lib/python3.8/dist-packages/oslo_concurrency/lockutils.py:386}}
May 06 06:23:21.420551 dv-neutron-834260-5-hyperv devstack@n-api.service[118131]: DEBUG oslo_concurrency.lockutils [None req-a5958723-0134-4ba6-9574-b0559e82e124 tempest-ServerActionsTestJSON-909680074 tempest-ServerActionsTestJSON-909680074-project] Lock "11623f74-e21d-4327-9cf4-52b77163bc7a" "released" by "nova.context.set_target_cell..get_or_set_cached_cell_and_set_connections" :: held 0.001s {{(pid=118131) inner /usr/local/lib/python3.8/dist-packages/oslo_concurrency/lockutils.py:400}}
May 06 06:23:21.608085 dv-neutron-834260-5-hyperv devstack@n-api.service[118132]: DEBUG nova.policy [None req-582fb9fa-953d-4fb6-a4f5-383db517bceb tempest-ServersTestManualDisk-690532045 tempest-ServersTestManualDisk-690532045-project] Policy check for os_compute_api:os-extended-server-attributes failed with credentials {'is_admin': False, 'user_id': 'de5bf442adba4f938173b5543462e4e7', 'user_domain_id': 'default', 'system_scope': None, 'domain_id': None, 'project_id': '2bfb6ce7c751448eb8d296fea77893b2', 'project_domain_id': 'default', 'roles': ['reader', 'member'], 'is_admin_project': True, 'service_user_id': None, 'service_user_domain_id': None, 'service_project_id': None, 'service_project_domain_id': None, 'service_roles': []} {{(pid=118132) authorize /opt/stack/nova/nova/policy.py:199}}
May 06 06:23:21.624108 dv-neutron-834260-5-hyperv devstack@n-api.service[118132]: INFO nova.api.openstack.requestlog [None req-582fb9fa-953d-4fb6-a4f5-383db517bceb tempest-ServersTestManualDisk-690532045 tempest-ServersTestManualDisk-690532045-project] 10.222.0.11 "GET /compute/v2.1/servers/83284c2e-ef6f-47e4-86f2-30a99e4a684f" status: 200 len: 1589 microversion: 2.1 time: 0.548748
May 06 06:23:21.626997 dv-neutron-834260-5-hyperv devstack@n-api.service[118132]: [pid: 118132|app: 0|req: 34/66] 10.222.0.11 () {58 vars in 1235 bytes} [Fri May 6 06:23:21 2022] GET /compute/v2.1/servers/83284c2e-ef6f-47e4-86f2-30a99e4a684f => generated 1589 bytes in 552 msecs (HTTP/1.1 200) 9 headers in 358 bytes (1 switches on core 0)
May 06 06:23:21.644669 dv-neutron-834260-5-hyperv devstack@n-api.service[118132]: DEBUG nova.api.openstack.wsgi [None req-8a29c5d8-28ba-4748-a82f-9e1bbad9ad40 tempest-ServersTestManualDisk-690532045 tempest-ServersTestManualDisk-690532045-project] Calling method '>' {{(pid=118132) _process_stack /opt/stack/nova/nova/api/openstack/wsgi.py:513}}
May 06 06:23:21.655046 dv-neutron-834260-5-hyperv devstack@n-api.service[118132]: INFO nova.api.openstack.requestlog [None req-8a29c5d8-28ba-4748-a82f-9e1bbad9ad40 tempest-ServersTestManualDisk-690532045 tempest-ServersTestManualDisk-690532045-project] 10.222.0.11 "GET /compute/v2.1/flavors/452" status: 200 len: 370 microversion: 2.1 time: 0.014833
May 06 06:23:21.656361 dv-neutron-834260-5-hyperv devstack@n-api.service[118132]: [pid: 118132|app: 0|req: 35/67] 10.222.0.11 () {58 vars in 1136 bytes} [Fri May 6 06:23:21 2022] GET /compute/v2.1/flavors/452 => generated 370 bytes in 17 msecs (HTTP/1.1 200) 9 headers in 357 bytes (2 switches on core 0)
May 06 06:23:21.873752 dv-neutron-834260-5-hyperv devstack@n-api.service[118131]: INFO nova.api.openstack.requestlog [None req-a5958723-0134-4ba6-9574-b0559e82e124 tempest-ServerActionsTestJSON-909680074 tempest-ServerActionsTestJSON-909680074-project] 10.222.0.11 "GET /compute/v2.1/servers/bac3e92b-5dcd-4e33-a867-b98e851ffc38/os-interface" status: 200 len: 284 microversion: 2.1 time: 0.481904
May 06 06:23:21.874357 dv-neutron-834260-5-hyperv devstack@n-api.service[118131]: [pid: 118131|app: 0|req: 33/68] 10.222.0.11 () {58 vars in 1274 bytes} [Fri May 6 06:23:21 2022] GET /compute/v2.1/servers/bac3e92b-5dcd-4e33-a867-b98e851ffc38/os-interface => generated 284 bytes in 483 msecs (HTTP/1.1 200) 9 headers in 357 bytes (1 switches on core 0)
May 06 06:23:23.731784 dv-neutron-834260-5-hyperv devstack@n-api.service[118132]: DEBUG nova.api.openstack.wsgi [None req-7720858d-4647-4bdd-a674-dae0d3804b87 tempest-ServersTestJSON-1568439476 tempest-ServersTestJSON-1568439476-project] Calling method '>' {{(pid=118132) _process_stack /opt/stack/nova/nova/api/openstack/wsgi.py:513}}
May 06 06:23:23.732979 dv-neutron-834260-5-hyperv devstack@n-api.service[118132]: DEBUG nova.compute.api [None req-7720858d-4647-4bdd-a674-dae0d3804b87 tempest-ServersTestJSON-1568439476 tempest-ServersTestJSON-1568439476-project] [instance: 2e96bd88-6de6-4bf7-b5be-b5b298203d87] Fetching instance by UUID {{(pid=118132) get /opt/stack/nova/nova/compute/api.py:2918}}
May 06 06:23:23.748567 dv-neutron-834260-5-hyperv devstack@n-api.service[118131]: DEBUG nova.api.openstack.wsgi [req-ed597611-5963-4829-b937-13bd79bb10d4 req-43451278-0caa-42c1-be1f-6e17f4a41be3 service nova] Action: 'create', calling method: >, body: {"events": [{"name": "network-changed", "server_uuid": "2e96bd88-6de6-4bf7-b5be-b5b298203d87", "tag": "0839761e-4740-42f2-a8c1-18ea34cba716"}]} {{(pid=118131) _process_stack /opt/stack/nova/nova/api/openstack/wsgi.py:511}}
May 06 06:23:23.756428 dv-neutron-834260-5-hyperv devstack@n-api.service[118132]: DEBUG oslo_concurrency.lockutils [None req-7720858d-4647-4bdd-a674-dae0d3804b87 tempest-ServersTestJSON-1568439476 tempest-ServersTestJSON-1568439476-project] Lock "11623f74-e21d-4327-9cf4-52b77163bc7a" acquired by "nova.context.set_target_cell..get_or_set_cached_cell_and_set_connections" :: waited 0.000s {{(pid=118132) inner /usr/local/lib/python3.8/dist-packages/oslo_concurrency/lockutils.py:386}}
May 06 06:23:23.756881 dv-neutron-834260-5-hyperv devstack@n-api.service[118132]: DEBUG oslo_concurrency.lockutils [None req-7720858d-4647-4bdd-a674-dae0d3804b87 tempest-ServersTestJSON-1568439476 tempest-ServersTestJSON-1568439476-project] Lock "11623f74-e21d-4327-9cf4-52b77163bc7a" "released" by "nova.context.set_target_cell..get_or_set_cached_cell_and_set_connections" :: held 0.001s {{(pid=118132) inner /usr/local/lib/python3.8/dist-packages/oslo_concurrency/lockutils.py:400}}
May 06 06:23:23.757681 dv-neutron-834260-5-hyperv devstack@n-api.service[118132]: DEBUG oslo_concurrency.lockutils [None req-7720858d-4647-4bdd-a674-dae0d3804b87 tempest-ServersTestJSON-1568439476 tempest-ServersTestJSON-1568439476-project] Lock "11623f74-e21d-4327-9cf4-52b77163bc7a" acquired by "nova.context.set_target_cell..get_or_set_cached_cell_and_set_connections" :: waited 0.000s {{(pid=118132) inner /usr/local/lib/python3.8/dist-packages/oslo_concurrency/lockutils.py:386}}
May 06 06:23:23.758119 dv-neutron-834260-5-hyperv devstack@n-api.service[118132]: DEBUG oslo_concurrency.lockutils [None req-7720858d-4647-4bdd-a674-dae0d3804b87 tempest-ServersTestJSON-1568439476 tempest-ServersTestJSON-1568439476-project] Lock "11623f74-e21d-4327-9cf4-52b77163bc7a" "released" by "nova.context.set_target_cell..get_or_set_cached_cell_and_set_connections" :: held 0.000s {{(pid=118132) inner /usr/local/lib/python3.8/dist-packages/oslo_concurrency/lockutils.py:400}}
May 06 06:23:23.769371 dv-neutron-834260-5-hyperv devstack@n-api.service[118131]: DEBUG oslo_concurrency.lockutils [req-ed597611-5963-4829-b937-13bd79bb10d4 req-43451278-0caa-42c1-be1f-6e17f4a41be3 service nova] Lock "11623f74-e21d-4327-9cf4-52b77163bc7a" acquired by "nova.context.set_target_cell..get_or_set_cached_cell_and_set_connections" :: waited 0.001s {{(pid=118131) inner /usr/local/lib/python3.8/dist-packages/oslo_concurrency/lockutils.py:386}}
May 06 06:23:23.772131 dv-neutron-834260-5-hyperv devstack@n-api.service[118131]: DEBUG oslo_concurrency.lockutils [req-ed597611-5963-4829-b937-13bd79bb10d4 req-43451278-0caa-42c1-be1f-6e17f4a41be3 service nova] Lock "11623f74-e21d-4327-9cf4-52b77163bc7a" "released" by "nova.context.set_target_cell..get_or_set_cached_cell_and_set_connections" :: held 0.001s {{(pid=118131) inner /usr/local/lib/python3.8/dist-packages/oslo_concurrency/lockutils.py:400}}
May 06 06:23:23.813714 dv-neutron-834260-5-hyperv devstack@n-api.service[118131]: INFO nova.api.openstack.compute.server_external_events [req-ed597611-5963-4829-b937-13bd79bb10d4 req-43451278-0caa-42c1-be1f-6e17f4a41be3 service nova] Creating event network-changed:0839761e-4740-42f2-a8c1-18ea34cba716 for instance 2e96bd88-6de6-4bf7-b5be-b5b298203d87 on hv-neutron-8342
May 06 06:23:23.829219 dv-neutron-834260-5-hyperv devstack@n-api.service[118131]: INFO nova.api.openstack.requestlog [req-ed597611-5963-4829-b937-13bd79bb10d4 req-43451278-0caa-42c1-be1f-6e17f4a41be3 service nova] 10.222.0.11 "POST /compute/v2.1/os-server-external-events" status: 200 len: 179 microversion: 2.1 time: 0.095449
May 06 06:23:23.830023 dv-neutron-834260-5-hyperv devstack@n-api.service[118131]: [pid: 118131|app: 0|req: 34/69] 10.222.0.11 () {64 vars in 1317 bytes} [Fri May 6 06:23:23 2022] POST /compute/v2.1/os-server-external-events => generated 179 bytes in 97 msecs (HTTP/1.1 200) 9 headers in 357 bytes (1 switches on core 0)
May 06 06:23:24.847835 dv-neutron-834260-5-hyperv devstack@n-api.service[118132]: DEBUG nova.policy [None req-7720858d-4647-4bdd-a674-dae0d3804b87 tempest-ServersTestJSON-1568439476 tempest-ServersTestJSON-1568439476-project] Policy check for os_compute_api:os-extended-server-attributes failed with credentials {'is_admin': False, 'user_id': 'b4be0b564b344f6d8ba7a7dbe7929332', 'user_domain_id': 'default', 'system_scope': None, 'domain_id': None, 'project_id': 'f238e7bba6b341f8817b4661d7f20e61', 'project_domain_id': 'default', 'roles': ['reader', 'member'], 'is_admin_project': True, 'service_user_id': None, 'service_user_domain_id': None, 'service_project_id': None, 'service_project_domain_id': None, 'service_roles': []} {{(pid=118132) authorize /opt/stack/nova/nova/policy.py:199}}
May 06 06:23:24.856606 dv-neutron-834260-5-hyperv devstack@n-api.service[118132]: INFO nova.api.openstack.requestlog [None req-7720858d-4647-4bdd-a674-dae0d3804b87 tempest-ServersTestJSON-1568439476 tempest-ServersTestJSON-1568439476-project] 10.222.0.11 "GET /compute/v2.1/servers/2e96bd88-6de6-4bf7-b5be-b5b298203d87" status: 200 len: 1577 microversion: 2.1 time: 1.131873
May 06 06:23:24.859990 dv-neutron-834260-5-hyperv devstack@n-api.service[118132]: [pid: 118132|app: 0|req: 36/70] 10.222.0.11 () {58 vars in 1235 bytes} [Fri May 6 06:23:23 2022] GET /compute/v2.1/servers/2e96bd88-6de6-4bf7-b5be-b5b298203d87 => generated 1577 bytes in 1136 msecs (HTTP/1.1 200) 9 headers in 358 bytes (1 switches on core 0)
May 06 06:23:24.876356 dv-neutron-834260-5-hyperv devstack@n-api.service[118131]: DEBUG nova.api.openstack.wsgi [None req-beeca60d-c1a7-47a7-8a4f-38487be91048 tempest-ServersTestJSON-1568439476 tempest-ServersTestJSON-1568439476-project] Calling method '>' {{(pid=118131) _process_stack /opt/stack/nova/nova/api/openstack/wsgi.py:513}}
May 06 06:23:24.894971 dv-neutron-834260-5-hyperv devstack@n-api.service[118131]: INFO nova.api.openstack.requestlog [None req-beeca60d-c1a7-47a7-8a4f-38487be91048 tempest-ServersTestJSON-1568439476 tempest-ServersTestJSON-1568439476-project] 10.222.0.11 "GET /compute/v2.1/flavors/452" status: 200 len: 370 microversion: 2.1 time: 0.022624
May 06 06:23:24.895570 dv-neutron-834260-5-hyperv devstack@n-api.service[118131]: [pid: 118131|app: 0|req: 35/71] 10.222.0.11 () {58 vars in 1136 bytes} [Fri May 6 06:23:24 2022] GET /compute/v2.1/flavors/452 => generated 370 bytes in 24 msecs (HTTP/1.1 200) 9 headers in 357 bytes (1 switches on core 0)
May 06 06:23:25.350241 dv-neutron-834260-5-hyperv devstack@n-api.service[118132]: DEBUG nova.api.openstack.wsgi [None req-70aa64db-32d1-46e1-9819-8042c36bf218 tempest-ServerActionsTestJSON-909680074 tempest-ServerActionsTestJSON-909680074-project] Calling method '>' {{(pid=118132) _process_stack /opt/stack/nova/nova/api/openstack/wsgi.py:513}}
May 06 06:23:25.350892 dv-neutron-834260-5-hyperv devstack@n-api.service[118132]: DEBUG nova.compute.api [None req-70aa64db-32d1-46e1-9819-8042c36bf218 tempest-ServerActionsTestJSON-909680074 tempest-ServerActionsTestJSON-909680074-project] [instance: bac3e92b-5dcd-4e33-a867-b98e851ffc38] Fetching instance by UUID {{(pid=118132) get /opt/stack/nova/nova/compute/api.py:2918}}
May 06 06:23:25.365687 dv-neutron-834260-5-hyperv devstack@n-api.service[118132]: DEBUG oslo_concurrency.lockutils [None req-70aa64db-32d1-46e1-9819-8042c36bf218 tempest-ServerActionsTestJSON-909680074 tempest-ServerActionsTestJSON-909680074-project] Lock "11623f74-e21d-4327-9cf4-52b77163bc7a" acquired by "nova.context.set_target_cell..get_or_set_cached_cell_and_set_connections" :: waited 0.000s {{(pid=118132) inner /usr/local/lib/python3.8/dist-packages/oslo_concurrency/lockutils.py:386}}
May 06 06:23:25.366331 dv-neutron-834260-5-hyperv devstack@n-api.service[118132]: DEBUG oslo_concurrency.lockutils [None req-70aa64db-32d1-46e1-9819-8042c36bf218 tempest-ServerActionsTestJSON-909680074 tempest-ServerActionsTestJSON-909680074-project] Lock "11623f74-e21d-4327-9cf4-52b77163bc7a" "released" by "nova.context.set_target_cell..get_or_set_cached_cell_and_set_connections" :: held 0.001s {{(pid=118132) inner /usr/local/lib/python3.8/dist-packages/oslo_concurrency/lockutils.py:400}}
May 06 06:23:25.367329 dv-neutron-834260-5-hyperv devstack@n-api.service[118132]: DEBUG oslo_concurrency.lockutils [None req-70aa64db-32d1-46e1-9819-8042c36bf218 tempest-ServerActionsTestJSON-909680074 tempest-ServerActionsTestJSON-909680074-project] Lock "11623f74-e21d-4327-9cf4-52b77163bc7a" acquired by "nova.context.set_target_cell..get_or_set_cached_cell_and_set_connections" :: waited 0.000s {{(pid=118132) inner /usr/local/lib/python3.8/dist-packages/oslo_concurrency/lockutils.py:386}}
May 06 06:23:25.372138 dv-neutron-834260-5-hyperv devstack@n-api.service[118132]: DEBUG oslo_concurrency.lockutils [None req-70aa64db-32d1-46e1-9819-8042c36bf218 tempest-ServerActionsTestJSON-909680074 tempest-ServerActionsTestJSON-909680074-project] Lock "11623f74-e21d-4327-9cf4-52b77163bc7a" "released" by "nova.context.set_target_cell..get_or_set_cached_cell_and_set_connections" :: held 0.004s {{(pid=118132) inner /usr/local/lib/python3.8/dist-packages/oslo_concurrency/lockutils.py:400}}
May 06 06:23:26.109663 dv-neutron-834260-5-hyperv devstack@n-api.service[118131]: DEBUG nova.api.openstack.wsgi [req-1d91e97c-bff8-4279-9b56-2f0c4b11fb13 req-c8f4c378-4137-4d63-ace5-84ec4e9cd52e service nova] Action: 'create', calling method: >, body: {"events": [{"name": "network-changed", "server_uuid": "bac3e92b-5dcd-4e33-a867-b98e851ffc38", "tag": "6b75a7f4-92eb-47f7-8ad6-b2ce32e9e560"}]} {{(pid=118131) _process_stack /opt/stack/nova/nova/api/openstack/wsgi.py:511}}
May 06 06:23:26.124777 dv-neutron-834260-5-hyperv devstack@n-api.service[118131]: DEBUG oslo_concurrency.lockutils [req-1d91e97c-bff8-4279-9b56-2f0c4b11fb13 req-c8f4c378-4137-4d63-ace5-84ec4e9cd52e service nova] Lock "11623f74-e21d-4327-9cf4-52b77163bc7a" acquired by "nova.context.set_target_cell..get_or_set_cached_cell_and_set_connections" :: waited 0.000s {{(pid=118131) inner /usr/local/lib/python3.8/dist-packages/oslo_concurrency/lockutils.py:386}}
May 06 06:23:26.124777 dv-neutron-834260-5-hyperv devstack@n-api.service[118131]: DEBUG oslo_concurrency.lockutils [req-1d91e97c-bff8-4279-9b56-2f0c4b11fb13 req-c8f4c378-4137-4d63-ace5-84ec4e9cd52e service nova] Lock "11623f74-e21d-4327-9cf4-52b77163bc7a" "released" by "nova.context.set_target_cell..get_or_set_cached_cell_and_set_connections" :: held 0.001s {{(pid=118131) inner /usr/local/lib/python3.8/dist-packages/oslo_concurrency/lockutils.py:400}}
May 06 06:23:26.153702 dv-neutron-834260-5-hyperv devstack@n-api.service[118131]: INFO nova.api.openstack.compute.server_external_events [req-1d91e97c-bff8-4279-9b56-2f0c4b11fb13 req-c8f4c378-4137-4d63-ace5-84ec4e9cd52e service nova] Creating event network-changed:6b75a7f4-92eb-47f7-8ad6-b2ce32e9e560 for instance bac3e92b-5dcd-4e33-a867-b98e851ffc38 on hv-neutron-8342
May 06 06:23:26.163270 dv-neutron-834260-5-hyperv devstack@n-api.service[118131]: INFO nova.api.openstack.requestlog [req-1d91e97c-bff8-4279-9b56-2f0c4b11fb13 req-c8f4c378-4137-4d63-ace5-84ec4e9cd52e service nova] 10.222.0.11 "POST /compute/v2.1/os-server-external-events" status: 200 len: 179 microversion: 2.1 time: 0.057018
May 06 06:23:26.164338 dv-neutron-834260-5-hyperv devstack@n-api.service[118131]: [pid: 118131|app: 0|req: 36/72] 10.222.0.11 () {64 vars in 1317 bytes} [Fri May 6 06:23:26 2022] POST /compute/v2.1/os-server-external-events => generated 179 bytes in 59 msecs (HTTP/1.1 200) 9 headers in 357 bytes (1 switches on core 0)
May 06 06:23:26.691305 dv-neutron-834260-5-hyperv devstack@n-api.service[118132]: DEBUG nova.policy [None req-70aa64db-32d1-46e1-9819-8042c36bf218 tempest-ServerActionsTestJSON-909680074 tempest-ServerActionsTestJSON-909680074-project] Policy check for os_compute_api:os-extended-server-attributes failed with credentials {'is_admin': False, 'user_id': '2982566e64db4cacb0e4301589fa7448', 'user_domain_id': 'default', 'system_scope': None, 'domain_id': None, 'project_id': '147303021dd54637abf6455ea5ea6c69', 'project_domain_id': 'default', 'roles': ['reader', 'member'], 'is_admin_project': True, 'service_user_id': None, 'service_user_domain_id': None, 'service_project_id': None, 'service_project_domain_id': None, 'service_roles': []} {{(pid=118132) authorize /opt/stack/nova/nova/policy.py:199}}
May 06 06:23:26.702027 dv-neutron-834260-5-hyperv devstack@n-api.service[118132]: INFO nova.api.openstack.requestlog [None req-70aa64db-32d1-46e1-9819-8042c36bf218 tempest-ServerActionsTestJSON-909680074 tempest-ServerActionsTestJSON-909680074-project] 10.222.0.11 "GET /compute/v2.1/servers/bac3e92b-5dcd-4e33-a867-b98e851ffc38" status: 200 len: 1550 microversion: 2.1 time: 1.355592
May 06 06:23:26.702886 dv-neutron-834260-5-hyperv devstack@n-api.service[118132]: [pid: 118132|app: 0|req: 37/73] 10.222.0.11 () {58 vars in 1235 bytes} [Fri May 6 06:23:25 2022] GET /compute/v2.1/servers/bac3e92b-5dcd-4e33-a867-b98e851ffc38 => generated 1550 bytes in 1357 msecs (HTTP/1.1 200) 9 headers in 358 bytes (1 switches on core 0)
May 06 06:23:26.724626 dv-neutron-834260-5-hyperv devstack@n-api.service[118131]: DEBUG nova.api.openstack.wsgi [None req-9d16542a-dac6-4cbe-80d2-5178ad8ed048 tempest-ServerActionsTestJSON-909680074 tempest-ServerActionsTestJSON-909680074-project] Calling method '>' {{(pid=118131) _process_stack /opt/stack/nova/nova/api/openstack/wsgi.py:513}}
May 06 06:23:26.725355 dv-neutron-834260-5-hyperv devstack@n-api.service[118131]: DEBUG nova.compute.api [None req-9d16542a-dac6-4cbe-80d2-5178ad8ed048 tempest-ServerActionsTestJSON-909680074 tempest-ServerActionsTestJSON-909680074-project] [instance: bac3e92b-5dcd-4e33-a867-b98e851ffc38] Fetching instance by UUID {{(pid=118131) get /opt/stack/nova/nova/compute/api.py:2918}}
May 06 06:23:26.755455 dv-neutron-834260-5-hyperv devstack@n-api.service[118131]: DEBUG oslo_concurrency.lockutils [None req-9d16542a-dac6-4cbe-80d2-5178ad8ed048 tempest-ServerActionsTestJSON-909680074 tempest-ServerActionsTestJSON-909680074-project] Lock "11623f74-e21d-4327-9cf4-52b77163bc7a" acquired by "nova.context.set_target_cell..get_or_set_cached_cell_and_set_connections" :: waited 0.000s {{(pid=118131) inner /usr/local/lib/python3.8/dist-packages/oslo_concurrency/lockutils.py:386}}
May 06 06:23:26.760915 dv-neutron-834260-5-hyperv devstack@n-api.service[118131]: DEBUG oslo_concurrency.lockutils [None req-9d16542a-dac6-4cbe-80d2-5178ad8ed048 tempest-ServerActionsTestJSON-909680074 tempest-ServerActionsTestJSON-909680074-project] Lock "11623f74-e21d-4327-9cf4-52b77163bc7a" "released" by "nova.context.set_target_cell..get_or_set_cached_cell_and_set_connections" :: held 0.006s {{(pid=118131) inner /usr/local/lib/python3.8/dist-packages/oslo_concurrency/lockutils.py:400}}
May 06 06:23:26.765747 dv-neutron-834260-5-hyperv devstack@n-api.service[118131]: DEBUG oslo_concurrency.lockutils [None req-9d16542a-dac6-4cbe-80d2-5178ad8ed048 tempest-ServerActionsTestJSON-909680074 tempest-ServerActionsTestJSON-909680074-project] Lock "11623f74-e21d-4327-9cf4-52b77163bc7a" acquired by "nova.context.set_target_cell..get_or_set_cached_cell_and_set_connections" :: waited 0.000s {{(pid=118131) inner /usr/local/lib/python3.8/dist-packages/oslo_concurrency/lockutils.py:386}}
May 06 06:23:26.766361 dv-neutron-834260-5-hyperv devstack@n-api.service[118131]: DEBUG oslo_concurrency.lockutils [None req-9d16542a-dac6-4cbe-80d2-5178ad8ed048 tempest-ServerActionsTestJSON-909680074 tempest-ServerActionsTestJSON-909680074-project] Lock "11623f74-e21d-4327-9cf4-52b77163bc7a" "released" by "nova.context.set_target_cell..get_or_set_cached_cell_and_set_connections" :: held 0.001s {{(pid=118131) inner /usr/local/lib/python3.8/dist-packages/oslo_concurrency/lockutils.py:400}}
May 06 06:23:27.310858 dv-neutron-834260-5-hyperv devstack@n-api.service[118132]: DEBUG nova.api.openstack.wsgi [None req-4c032323-ed07-49e5-8e46-3d6106e10d68 tempest-PortsAdminExtendedAttrsTestJSON-1502279900 tempest-PortsAdminExtendedAttrsTestJSON-1502279900-project-admin] Calling method '.version_select at 0x7fdbfc1ede50>' {{(pid=118132) _process_stack /opt/stack/nova/nova/api/openstack/wsgi.py:513}}
May 06 06:23:27.312758 dv-neutron-834260-5-hyperv devstack@n-api.service[118132]: /usr/local/lib/python3.8/dist-packages/oslo_policy/policy.py:1129: UserWarning: Policy "os_compute_api:os-hypervisors:list": "rule:context_is_admin" failed scope check. The token used to make the request was project scoped but the policy requires ['system'] scope. This behavior may change in the future where using the intended scope is required
May 06 06:23:27.312758 dv-neutron-834260-5-hyperv devstack@n-api.service[118132]: warnings.warn(msg)
May 06 06:23:27.318811 dv-neutron-834260-5-hyperv devstack@n-api.service[118132]: DEBUG nova.compute.api [None req-4c032323-ed07-49e5-8e46-3d6106e10d68 tempest-PortsAdminExtendedAttrsTestJSON-1502279900 tempest-PortsAdminExtendedAttrsTestJSON-1502279900-project-admin] Found 2 cells: 00000000-0000-0000-0000-000000000000(cell0),11623f74-e21d-4327-9cf4-52b77163bc7a(cell1) {{(pid=118132) load_cells /opt/stack/nova/nova/compute/api.py:306}}
May 06 06:23:27.319856 dv-neutron-834260-5-hyperv devstack@n-api.service[118132]: DEBUG oslo_concurrency.lockutils [None req-4c032323-ed07-49e5-8e46-3d6106e10d68 tempest-PortsAdminExtendedAttrsTestJSON-1502279900 tempest-PortsAdminExtendedAttrsTestJSON-1502279900-project-admin] Lock "11623f74-e21d-4327-9cf4-52b77163bc7a" acquired by "nova.context.set_target_cell..get_or_set_cached_cell_and_set_connections" :: waited 0.000s {{(pid=118132) inner /usr/local/lib/python3.8/dist-packages/oslo_concurrency/lockutils.py:386}}
May 06 06:23:27.320461 dv-neutron-834260-5-hyperv devstack@n-api.service[118132]: DEBUG oslo_concurrency.lockutils [None req-4c032323-ed07-49e5-8e46-3d6106e10d68 tempest-PortsAdminExtendedAttrsTestJSON-1502279900 tempest-PortsAdminExtendedAttrsTestJSON-1502279900-project-admin] Lock "11623f74-e21d-4327-9cf4-52b77163bc7a" "released" by "nova.context.set_target_cell..get_or_set_cached_cell_and_set_connections" :: held 0.001s {{(pid=118132) inner /usr/local/lib/python3.8/dist-packages/oslo_concurrency/lockutils.py:400}}
May 06 06:23:27.352140 dv-neutron-834260-5-hyperv devstack@n-api.service[118132]: DEBUG oslo_concurrency.lockutils [None req-4c032323-ed07-49e5-8e46-3d6106e10d68 tempest-PortsAdminExtendedAttrsTestJSON-1502279900 tempest-PortsAdminExtendedAttrsTestJSON-1502279900-project-admin] Lock "11623f74-e21d-4327-9cf4-52b77163bc7a" acquired by "nova.context.set_target_cell..get_or_set_cached_cell_and_set_connections" :: waited 0.000s {{(pid=118132) inner /usr/local/lib/python3.8/dist-packages/oslo_concurrency/lockutils.py:386}}
May 06 06:23:27.352838 dv-neutron-834260-5-hyperv devstack@n-api.service[118132]: DEBUG oslo_concurrency.lockutils [None req-4c032323-ed07-49e5-8e46-3d6106e10d68 tempest-PortsAdminExtendedAttrsTestJSON-1502279900 tempest-PortsAdminExtendedAttrsTestJSON-1502279900-project-admin] Lock "11623f74-e21d-4327-9cf4-52b77163bc7a" "released" by "nova.context.set_target_cell..get_or_set_cached_cell_and_set_connections" :: held 0.002s {{(pid=118132) inner /usr/local/lib/python3.8/dist-packages/oslo_concurrency/lockutils.py:400}}
May 06 06:23:27.364472 dv-neutron-834260-5-hyperv devstack@n-api.service[118131]: DEBUG nova.policy [None req-9d16542a-dac6-4cbe-80d2-5178ad8ed048 tempest-ServerActionsTestJSON-909680074 tempest-ServerActionsTestJSON-909680074-project] Policy check for os_compute_api:os-extended-server-attributes failed with credentials {'is_admin': False, 'user_id': '2982566e64db4cacb0e4301589fa7448', 'user_domain_id': 'default', 'system_scope': None, 'domain_id': None, 'project_id': '147303021dd54637abf6455ea5ea6c69', 'project_domain_id': 'default', 'roles': ['reader', 'member'], 'is_admin_project': True, 'service_user_id': None, 'service_user_domain_id': None, 'service_project_id': None, 'service_project_domain_id': None, 'service_roles': []} {{(pid=118131) authorize /opt/stack/nova/nova/policy.py:199}}
May 06 06:23:27.369247 dv-neutron-834260-5-hyperv devstack@n-api.service[118132]: INFO nova.api.openstack.requestlog [None req-4c032323-ed07-49e5-8e46-3d6106e10d68 tempest-PortsAdminExtendedAttrsTestJSON-1502279900 tempest-PortsAdminExtendedAttrsTestJSON-1502279900-project-admin] 10.222.0.11 "GET /compute/v2.1/os-hypervisors" status: 200 len: 106 microversion: 2.1 time: 0.283009
May 06 06:23:27.371735 dv-neutron-834260-5-hyperv devstack@n-api.service[118132]: [pid: 118132|app: 0|req: 38/74] 10.222.0.11 () {58 vars in 1145 bytes} [Fri May 6 06:23:27 2022] GET /compute/v2.1/os-hypervisors => generated 106 bytes in 286 msecs (HTTP/1.1 200) 9 headers in 357 bytes (1 switches on core 0)
May 06 06:23:27.377207 dv-neutron-834260-5-hyperv devstack@n-api.service[118131]: INFO nova.api.openstack.requestlog [None req-9d16542a-dac6-4cbe-80d2-5178ad8ed048 tempest-ServerActionsTestJSON-909680074 tempest-ServerActionsTestJSON-909680074-project] 10.222.0.11 "GET /compute/v2.1/servers/bac3e92b-5dcd-4e33-a867-b98e851ffc38" status: 200 len: 1550 microversion: 2.1 time: 0.659449
May 06 06:23:27.378215 dv-neutron-834260-5-hyperv devstack@n-api.service[118131]: [pid: 118131|app: 0|req: 37/75] 10.222.0.11 () {58 vars in 1235 bytes} [Fri May 6 06:23:26 2022] GET /compute/v2.1/servers/bac3e92b-5dcd-4e33-a867-b98e851ffc38 => generated 1550 bytes in 664 msecs (HTTP/1.1 200) 9 headers in 358 bytes (1 switches on core 0)
May 06 06:23:28.395943 dv-neutron-834260-5-hyperv devstack@n-api.service[118132]: DEBUG nova.api.openstack.wsgi [None req-5bfe4dbb-3a11-4f0c-be57-850cfebd91d8 tempest-ServerActionsTestJSON-909680074 tempest-ServerActionsTestJSON-909680074-project] Calling method '>' {{(pid=118132) _process_stack /opt/stack/nova/nova/api/openstack/wsgi.py:513}}
May 06 06:23:28.396640 dv-neutron-834260-5-hyperv devstack@n-api.service[118132]: DEBUG nova.compute.api [None req-5bfe4dbb-3a11-4f0c-be57-850cfebd91d8 tempest-ServerActionsTestJSON-909680074 tempest-ServerActionsTestJSON-909680074-project] [instance: bac3e92b-5dcd-4e33-a867-b98e851ffc38] Fetching instance by UUID {{(pid=118132) get /opt/stack/nova/nova/compute/api.py:2918}}
May 06 06:23:28.402636 dv-neutron-834260-5-hyperv devstack@n-api.service[118132]: DEBUG oslo_concurrency.lockutils [None req-5bfe4dbb-3a11-4f0c-be57-850cfebd91d8 tempest-ServerActionsTestJSON-909680074 tempest-ServerActionsTestJSON-909680074-project] Lock "11623f74-e21d-4327-9cf4-52b77163bc7a" acquired by "nova.context.set_target_cell..get_or_set_cached_cell_and_set_connections" :: waited 0.000s {{(pid=118132) inner /usr/local/lib/python3.8/dist-packages/oslo_concurrency/lockutils.py:386}}
May 06 06:23:28.403386 dv-neutron-834260-5-hyperv devstack@n-api.service[118132]: DEBUG oslo_concurrency.lockutils [None req-5bfe4dbb-3a11-4f0c-be57-850cfebd91d8 tempest-ServerActionsTestJSON-909680074 tempest-ServerActionsTestJSON-909680074-project] Lock "11623f74-e21d-4327-9cf4-52b77163bc7a" "released" by "nova.context.set_target_cell..get_or_set_cached_cell_and_set_connections" :: held 0.001s {{(pid=118132) inner /usr/local/lib/python3.8/dist-packages/oslo_concurrency/lockutils.py:400}}
May 06 06:23:28.403892 dv-neutron-834260-5-hyperv devstack@n-api.service[118132]: DEBUG oslo_concurrency.lockutils [None req-5bfe4dbb-3a11-4f0c-be57-850cfebd91d8 tempest-ServerActionsTestJSON-909680074 tempest-ServerActionsTestJSON-909680074-project] Lock "11623f74-e21d-4327-9cf4-52b77163bc7a" acquired by "nova.context.set_target_cell..get_or_set_cached_cell_and_set_connections" :: waited 0.000s {{(pid=118132) inner /usr/local/lib/python3.8/dist-packages/oslo_concurrency/lockutils.py:386}}
May 06 06:23:28.404282 dv-neutron-834260-5-hyperv devstack@n-api.service[118132]: DEBUG oslo_concurrency.lockutils [None req-5bfe4dbb-3a11-4f0c-be57-850cfebd91d8 tempest-ServerActionsTestJSON-909680074 tempest-ServerActionsTestJSON-909680074-project] Lock "11623f74-e21d-4327-9cf4-52b77163bc7a" "released" by "nova.context.set_target_cell..get_or_set_cached_cell_and_set_connections" :: held 0.000s {{(pid=118132) inner /usr/local/lib/python3.8/dist-packages/oslo_concurrency/lockutils.py:400}}
May 06 06:23:28.787051 dv-neutron-834260-5-hyperv devstack@n-api.service[118132]: DEBUG nova.policy [None req-5bfe4dbb-3a11-4f0c-be57-850cfebd91d8 tempest-ServerActionsTestJSON-909680074 tempest-ServerActionsTestJSON-909680074-project] Policy check for os_compute_api:os-extended-server-attributes failed with credentials {'is_admin': False, 'user_id': '2982566e64db4cacb0e4301589fa7448', 'user_domain_id': 'default', 'system_scope': None, 'domain_id': None, 'project_id': '147303021dd54637abf6455ea5ea6c69', 'project_domain_id': 'default', 'roles': ['reader', 'member'], 'is_admin_project': True, 'service_user_id': None, 'service_user_domain_id': None, 'service_project_id': None, 'service_project_domain_id': None, 'service_roles': []} {{(pid=118132) authorize /opt/stack/nova/nova/policy.py:199}}
May 06 06:23:28.803129 dv-neutron-834260-5-hyperv devstack@n-api.service[118132]: INFO nova.api.openstack.requestlog [None req-5bfe4dbb-3a11-4f0c-be57-850cfebd91d8 tempest-ServerActionsTestJSON-909680074 tempest-ServerActionsTestJSON-909680074-project] 10.222.0.11 "GET /compute/v2.1/servers/bac3e92b-5dcd-4e33-a867-b98e851ffc38" status: 200 len: 1668 microversion: 2.1 time: 0.411472
May 06 06:23:28.803667 dv-neutron-834260-5-hyperv devstack@n-api.service[118132]: [pid: 118132|app: 0|req: 39/76] 10.222.0.11 () {58 vars in 1235 bytes} [Fri May 6 06:23:28 2022] GET /compute/v2.1/servers/bac3e92b-5dcd-4e33-a867-b98e851ffc38 => generated 1668 bytes in 413 msecs (HTTP/1.1 200) 9 headers in 358 bytes (1 switches on core 0)
May 06 06:23:28.820386 dv-neutron-834260-5-hyperv devstack@n-api.service[118131]: DEBUG nova.api.openstack.wsgi [None req-c5a0d4af-8628-4534-a5c2-a4d711d209da tempest-ServerActionsTestJSON-909680074 tempest-ServerActionsTestJSON-909680074-project] Calling method '>' {{(pid=118131) _process_stack /opt/stack/nova/nova/api/openstack/wsgi.py:513}}
May 06 06:23:28.821023 dv-neutron-834260-5-hyperv devstack@n-api.service[118131]: DEBUG nova.compute.api [None req-c5a0d4af-8628-4534-a5c2-a4d711d209da tempest-ServerActionsTestJSON-909680074 tempest-ServerActionsTestJSON-909680074-project] [instance: bac3e92b-5dcd-4e33-a867-b98e851ffc38] Fetching instance by UUID {{(pid=118131) get /opt/stack/nova/nova/compute/api.py:2918}}
May 06 06:23:28.827829 dv-neutron-834260-5-hyperv devstack@n-api.service[118131]: DEBUG oslo_concurrency.lockutils [None req-c5a0d4af-8628-4534-a5c2-a4d711d209da tempest-ServerActionsTestJSON-909680074 tempest-ServerActionsTestJSON-909680074-project] Lock "11623f74-e21d-4327-9cf4-52b77163bc7a" acquired by "nova.context.set_target_cell..get_or_set_cached_cell_and_set_connections" :: waited 0.000s {{(pid=118131) inner /usr/local/lib/python3.8/dist-packages/oslo_concurrency/lockutils.py:386}}
May 06 06:23:28.828489 dv-neutron-834260-5-hyperv devstack@n-api.service[118131]: DEBUG oslo_concurrency.lockutils [None req-c5a0d4af-8628-4534-a5c2-a4d711d209da tempest-ServerActionsTestJSON-909680074 tempest-ServerActionsTestJSON-909680074-project] Lock "11623f74-e21d-4327-9cf4-52b77163bc7a" "released" by "nova.context.set_target_cell..get_or_set_cached_cell_and_set_connections" :: held 0.001s {{(pid=118131) inner /usr/local/lib/python3.8/dist-packages/oslo_concurrency/lockutils.py:400}}
May 06 06:23:28.829419 dv-neutron-834260-5-hyperv devstack@n-api.service[118131]: DEBUG oslo_concurrency.lockutils [None req-c5a0d4af-8628-4534-a5c2-a4d711d209da tempest-ServerActionsTestJSON-909680074 tempest-ServerActionsTestJSON-909680074-project] Lock "11623f74-e21d-4327-9cf4-52b77163bc7a" acquired by "nova.context.set_target_cell..get_or_set_cached_cell_and_set_connections" :: waited 0.000s {{(pid=118131) inner /usr/local/lib/python3.8/dist-packages/oslo_concurrency/lockutils.py:386}}
May 06 06:23:28.830028 dv-neutron-834260-5-hyperv devstack@n-api.service[118131]: DEBUG oslo_concurrency.lockutils [None req-c5a0d4af-8628-4534-a5c2-a4d711d209da tempest-ServerActionsTestJSON-909680074 tempest-ServerActionsTestJSON-909680074-project] Lock "11623f74-e21d-4327-9cf4-52b77163bc7a" "released" by "nova.context.set_target_cell..get_or_set_cached_cell_and_set_connections" :: held 0.001s {{(pid=118131) inner /usr/local/lib/python3.8/dist-packages/oslo_concurrency/lockutils.py:400}}
