Mar 16 22:00:59.134805 dv-neutron-834071-2-hyperv neutron-server[103936]: DEBUG neutron.wsgi [-] (103936) accepted ('10.222.0.43', 33312) {{(pid=103936) server /usr/local/lib/python3.8/dist-packages/eventlet/wsgi.py:1004}}
Mar 16 22:00:59.139466 dv-neutron-834071-2-hyperv neutron-server[103937]: DEBUG neutron.quota.resource [None req-d0220f95-ae2f-46c4-9429-8c3c4dace4de tempest-QuotasTest-455002592 tempest-QuotasTest-455002592-project-admin] Quota usage for subnetpool was recalculated. Used quota:0. {{(pid=103937) count_used /opt/stack/neutron/neutron/quota/resource.py:312}}
Mar 16 22:00:59.226084 dv-neutron-834071-2-hyperv neutron-server[103937]: INFO neutron.wsgi [req-dec5a5b4-0123-466e-974d-50be991f254a req-b8cb416d-eda7-46b5-913c-845164dd149b tempest-ServersTestJSON-914826380 tempest-ServersTestJSON-914826380-project] 10.222.0.43 "GET /v2.0/ports?device_id=c6c02581-23b6-4d08-8ad1-b7c55e24ce23 HTTP/1.1" status: 200 len: 210 time: 0.0606546
Mar 16 22:00:59.235104 dv-neutron-834071-2-hyperv neutron-server[103937]: DEBUG neutron.quota.resource [None req-d0220f95-ae2f-46c4-9429-8c3c4dace4de tempest-QuotasTest-455002592 tempest-QuotasTest-455002592-project-admin] Usage tracker for resource:port and project:cd71a842965145d8ad712de2644ab149 is out of sync, need to count used quota {{(pid=103937) count_used /opt/stack/neutron/neutron/quota/resource.py:291}}
Mar 16 22:00:59.258985 dv-neutron-834071-2-hyperv neutron-server[103936]: DEBUG neutron.wsgi [req-10285bbd-9eff-43e6-89ab-f56ccc418edd req-cbe84515-8177-497a-a73c-e31d36f07c8e tempest-ServerActionsTestJSON-1511006693 tempest-ServerActionsTestJSON-1511006693-project] http://10.222.0.43:9696/v2.0/extensions returned with HTTP 200 {{(pid=103936) __call__ /opt/stack/neutron/neutron/wsgi.py:730}}
Mar 16 22:00:59.260107 dv-neutron-834071-2-hyperv neutron-server[103936]: INFO neutron.wsgi [req-10285bbd-9eff-43e6-89ab-f56ccc418edd req-cbe84515-8177-497a-a73c-e31d36f07c8e tempest-ServerActionsTestJSON-1511006693 tempest-ServerActionsTestJSON-1511006693-project] 10.222.0.35 "GET /v2.0/extensions HTTP/1.1" status: 200 len: 14082 time: 0.0069077
Mar 16 22:00:59.268698 dv-neutron-834071-2-hyperv neutron-server[103936]: INFO neutron.wsgi [None req-407ca350-0018-4731-b874-25333799f9d8 admin admin] 10.222.0.43 "GET /v2.0/security-groups?tenant_id=0be4da9256094b4bbd3f1437e617711d&name=default HTTP/1.1" status: 200 len: 2992 time: 0.3845465
Mar 16 22:00:59.274227 dv-neutron-834071-2-hyperv neutron-server[103936]: DEBUG neutron.wsgi [-] (103936) accepted ('10.222.0.43', 33316) {{(pid=103936) server /usr/local/lib/python3.8/dist-packages/eventlet/wsgi.py:1004}}
Mar 16 22:00:59.298075 dv-neutron-834071-2-hyperv neutron-server[103937]: DEBUG neutron.quota.resource [None req-d0220f95-ae2f-46c4-9429-8c3c4dace4de tempest-QuotasTest-455002592 tempest-QuotasTest-455002592-project-admin] Quota usage for port was recalculated. Used quota:0. {{(pid=103937) count_used /opt/stack/neutron/neutron/quota/resource.py:312}}
Mar 16 22:00:59.299577 dv-neutron-834071-2-hyperv neutron-server[103936]: DEBUG neutron_lib.callbacks.manager [None req-9f5cf3cb-955d-4307-b269-cdac71d7e1f7 admin admin] Publish callbacks [] for security_group (666b8a21-537c-478f-b90d-2cd1b9009d3d), before_delete {{(pid=103936) _notify_loop /usr/local/lib/python3.8/dist-packages/neutron_lib/callbacks/manager.py:176}}
Mar 16 22:00:59.315563 dv-neutron-834071-2-hyperv neutron-server[103937]: DEBUG neutron_lib.callbacks.manager [None req-c6aa8760-3869-43a4-8ae8-76a0224ec875 admin admin] Publish callbacks ['neutron.plugins.ml2.ovo_rpc._ObjectChangeHandler.handle_event-3916068'] for security_group (8441cfb0-ae31-45cf-9154-2f73faa9d9b4), after_delete {{(pid=103937) _notify_loop /usr/local/lib/python3.8/dist-packages/neutron_lib/callbacks/manager.py:176}}
Mar 16 22:00:59.324050 dv-neutron-834071-2-hyperv neutron-server[103937]: DEBUG neutron_lib.callbacks.manager [None req-c6aa8760-3869-43a4-8ae8-76a0224ec875 admin admin] Publish callbacks [] for security_group (None), before_response {{(pid=103937) _notify_loop /usr/local/lib/python3.8/dist-packages/neutron_lib/callbacks/manager.py:176}}
Mar 16 22:00:59.337603 dv-neutron-834071-2-hyperv neutron-server[103937]: INFO neutron.wsgi [None req-c6aa8760-3869-43a4-8ae8-76a0224ec875 admin admin] 10.222.0.43 "DELETE /v2.0/security-groups/8441cfb0-ae31-45cf-9154-2f73faa9d9b4 HTTP/1.1" status: 204 len: 168 time: 1.0545764
Mar 16 22:00:59.408848 dv-neutron-834071-2-hyperv neutron-server[103936]: DEBUG neutron_lib.callbacks.manager [None req-9f5cf3cb-955d-4307-b269-cdac71d7e1f7 admin admin] Publish callbacks [] for security_group (666b8a21-537c-478f-b90d-2cd1b9009d3d), precommit_delete {{(pid=103936) _notify_loop /usr/local/lib/python3.8/dist-packages/neutron_lib/callbacks/manager.py:176}}
Mar 16 22:00:59.415294 dv-neutron-834071-2-hyperv neutron-server[103937]: DEBUG neutron_lib.callbacks.manager [None req-0b8fded6-c8e2-4303-a85a-d83b914aea93 admin admin] Publish callbacks [] for security_group (86c52f8e-c82c-4403-81d3-37d991244b67), precommit_create {{(pid=103937) _notify_loop /usr/local/lib/python3.8/dist-packages/neutron_lib/callbacks/manager.py:176}}
Mar 16 22:00:59.424405 dv-neutron-834071-2-hyperv neutron-server[103937]: DEBUG neutron.quota.resource [None req-d0220f95-ae2f-46c4-9429-8c3c4dace4de tempest-QuotasTest-455002592 tempest-QuotasTest-455002592-project-admin] Usage tracker for resource:router and project:cd71a842965145d8ad712de2644ab149 is out of sync, need to count used quota {{(pid=103937) count_used /opt/stack/neutron/neutron/quota/resource.py:291}}
Mar 16 22:00:59.463496 dv-neutron-834071-2-hyperv neutron-server[103937]: DEBUG neutron_lib.callbacks.manager [None req-0b8fded6-c8e2-4303-a85a-d83b914aea93 admin admin] Publish callbacks ['neutron.plugins.ml2.ovo_rpc._ObjectChangeHandler.handle_event-3916068'] for security_group (86c52f8e-c82c-4403-81d3-37d991244b67), after_create {{(pid=103937) _notify_loop /usr/local/lib/python3.8/dist-packages/neutron_lib/callbacks/manager.py:176}}
Mar 16 22:00:59.506511 dv-neutron-834071-2-hyperv neutron-server[103936]: DEBUG neutron_lib.callbacks.manager [None req-4cb88eae-746d-44b5-9721-0e60b6ec749b tempest-FloatingIPAdminTestJSON-369391488 tempest-FloatingIPAdminTestJSON-369391488-project-admin] Publish callbacks [] for floatingip (a1d58b9e-26ff-4d35-81dc-b13344cbf122), precommit_create {{(pid=103936) _notify_loop /usr/local/lib/python3.8/dist-packages/neutron_lib/callbacks/manager.py:176}}
Mar 16 22:00:59.507788 dv-neutron-834071-2-hyperv neutron-server[103936]: DEBUG neutron_lib.callbacks.manager [None req-a8e6b68e-1291-4984-956d-59395d0d4390 admin admin] Publish callbacks [] for security_group (b84845b1-6cdc-403a-bedc-8deb486fb2ae), before_delete {{(pid=103936) _notify_loop /usr/local/lib/python3.8/dist-packages/neutron_lib/callbacks/manager.py:176}}
Mar 16 22:00:59.554635 dv-neutron-834071-2-hyperv neutron-server[103937]: DEBUG neutron.api.rpc.handlers.resources_rpc [None req-c6aa8760-3869-43a4-8ae8-76a0224ec875 admin admin] Pushing event deleted for resources: {'SecurityGroup': ['ID=8441cfb0-ae31-45cf-9154-2f73faa9d9b4,revision_number=None']} {{(pid=103937) push /opt/stack/neutron/neutron/api/rpc/handlers/resources_rpc.py:237}}
Mar 16 22:00:59.596930 dv-neutron-834071-2-hyperv neutron-server[103937]: INFO neutron.wsgi [None req-0b8fded6-c8e2-4303-a85a-d83b914aea93 admin admin] 10.222.0.43 "GET /v2.0/security-groups?tenant_id=cd77d1a957ca45a9ab1a90af54053a18&name=default HTTP/1.1" status: 200 len: 2996 time: 0.9234483
Mar 16 22:00:59.609608 dv-neutron-834071-2-hyperv neutron-server[103937]: DEBUG neutron.wsgi [-] (103937) accepted ('10.222.0.43', 33330) {{(pid=103937) server /usr/local/lib/python3.8/dist-packages/eventlet/wsgi.py:1004}}
Mar 16 22:00:59.626995 dv-neutron-834071-2-hyperv neutron-server[103937]: DEBUG neutron.quota.resource [None req-d0220f95-ae2f-46c4-9429-8c3c4dace4de tempest-QuotasTest-455002592 tempest-QuotasTest-455002592-project-admin] Quota usage for router was recalculated. Used quota:0. {{(pid=103937) count_used /opt/stack/neutron/neutron/quota/resource.py:312}}
Mar 16 22:00:59.717733 dv-neutron-834071-2-hyperv neutron-server[103937]: DEBUG neutron.quota.resource [None req-d0220f95-ae2f-46c4-9429-8c3c4dace4de tempest-QuotasTest-455002592 tempest-QuotasTest-455002592-project-admin] Usage tracker for resource:floatingip and project:cd71a842965145d8ad712de2644ab149 is out of sync, need to count used quota {{(pid=103937) count_used /opt/stack/neutron/neutron/quota/resource.py:291}}
Mar 16 22:00:59.734439 dv-neutron-834071-2-hyperv neutron-server[103937]: DEBUG neutron.api.rpc.handlers.resources_rpc [None req-0b8fded6-c8e2-4303-a85a-d83b914aea93 admin admin] Pushing event updated for resources: {'SecurityGroup': ['ID=86c52f8e-c82c-4403-81d3-37d991244b67,revision_number=1']} {{(pid=103937) push /opt/stack/neutron/neutron/api/rpc/handlers/resources_rpc.py:237}}
Mar 16 22:00:59.755245 dv-neutron-834071-2-hyperv neutron-server[103937]: DEBUG neutron.quota.resource [None req-d0220f95-ae2f-46c4-9429-8c3c4dace4de tempest-QuotasTest-455002592 tempest-QuotasTest-455002592-project-admin] Quota usage for floatingip was recalculated. Used quota:0. {{(pid=103937) count_used /opt/stack/neutron/neutron/quota/resource.py:312}}
Mar 16 22:00:59.797095 dv-neutron-834071-2-hyperv neutron-server[103936]: DEBUG neutron_lib.callbacks.manager [None req-a8e6b68e-1291-4984-956d-59395d0d4390 admin admin] Publish callbacks [] for security_group (b84845b1-6cdc-403a-bedc-8deb486fb2ae), precommit_delete {{(pid=103936) _notify_loop /usr/local/lib/python3.8/dist-packages/neutron_lib/callbacks/manager.py:176}}
Mar 16 22:00:59.805115 dv-neutron-834071-2-hyperv neutron-server[103937]: DEBUG neutron_lib.callbacks.manager [None req-df11042f-a323-463a-af68-4d163fac8388 admin admin] Publish callbacks [] for security_group (86c52f8e-c82c-4403-81d3-37d991244b67), before_delete {{(pid=103937) _notify_loop /usr/local/lib/python3.8/dist-packages/neutron_lib/callbacks/manager.py:176}}
Mar 16 22:00:59.844418 dv-neutron-834071-2-hyperv neutron-server[103937]: DEBUG neutron_lib.callbacks.manager [None req-df11042f-a323-463a-af68-4d163fac8388 admin admin] Publish callbacks [] for security_group (86c52f8e-c82c-4403-81d3-37d991244b67), precommit_delete {{(pid=103937) _notify_loop /usr/local/lib/python3.8/dist-packages/neutron_lib/callbacks/manager.py:176}}
Mar 16 22:00:59.859884 dv-neutron-834071-2-hyperv neutron-server[103937]: DEBUG neutron.quota.resource [None req-d0220f95-ae2f-46c4-9429-8c3c4dace4de tempest-QuotasTest-455002592 tempest-QuotasTest-455002592-project-admin] Usage tracker for resource:security_group and project:cd71a842965145d8ad712de2644ab149 is out of sync, need to count used quota {{(pid=103937) count_used /opt/stack/neutron/neutron/quota/resource.py:291}}
Mar 16 22:00:59.869427 dv-neutron-834071-2-hyperv neutron-server[103937]: DEBUG neutron.quota.resource [None req-d0220f95-ae2f-46c4-9429-8c3c4dace4de tempest-QuotasTest-455002592 tempest-QuotasTest-455002592-project-admin] Quota usage for security_group was recalculated. Used quota:0. {{(pid=103937) count_used /opt/stack/neutron/neutron/quota/resource.py:312}}
Mar 16 22:00:59.911387 dv-neutron-834071-2-hyperv neutron-server[103937]: DEBUG neutron.quota.resource [None req-d0220f95-ae2f-46c4-9429-8c3c4dace4de tempest-QuotasTest-455002592 tempest-QuotasTest-455002592-project-admin] Usage tracker for resource:security_group_rule and project:cd71a842965145d8ad712de2644ab149 is out of sync, need to count used quota {{(pid=103937) count_used /opt/stack/neutron/neutron/quota/resource.py:291}}
Mar 16 22:00:59.913428 dv-neutron-834071-2-hyperv neutron-server[103936]: DEBUG neutron_lib.callbacks.manager [None req-9f5cf3cb-955d-4307-b269-cdac71d7e1f7 admin admin] Publish callbacks ['neutron.plugins.ml2.ovo_rpc._ObjectChangeHandler.handle_event-3916068'] for security_group (666b8a21-537c-478f-b90d-2cd1b9009d3d), after_delete {{(pid=103936) _notify_loop /usr/local/lib/python3.8/dist-packages/neutron_lib/callbacks/manager.py:176}}
Mar 16 22:00:59.916008 dv-neutron-834071-2-hyperv neutron-server[103936]: DEBUG neutron_lib.callbacks.manager [None req-9f5cf3cb-955d-4307-b269-cdac71d7e1f7 admin admin] Publish callbacks [] for security_group (None), before_response {{(pid=103936) _notify_loop /usr/local/lib/python3.8/dist-packages/neutron_lib/callbacks/manager.py:176}}
Mar 16 22:00:59.919730 dv-neutron-834071-2-hyperv neutron-server[103936]: INFO neutron.wsgi [None req-9f5cf3cb-955d-4307-b269-cdac71d7e1f7 admin admin] 10.222.0.43 "DELETE /v2.0/security-groups/666b8a21-537c-478f-b90d-2cd1b9009d3d HTTP/1.1" status: 204 len: 168 time: 0.7802022
Mar 16 22:00:59.932641 dv-neutron-834071-2-hyperv neutron-server[103937]: DEBUG neutron.quota.resource [None req-d0220f95-ae2f-46c4-9429-8c3c4dace4de tempest-QuotasTest-455002592 tempest-QuotasTest-455002592-project-admin] Quota usage for security_group_rule was recalculated. Used quota:0. {{(pid=103937) count_used /opt/stack/neutron/neutron/quota/resource.py:312}}
Mar 16 22:00:59.947043 dv-neutron-834071-2-hyperv neutron-server[103936]: DEBUG neutron_lib.callbacks.manager [None req-4cb88eae-746d-44b5-9721-0e60b6ec749b tempest-FloatingIPAdminTestJSON-369391488 tempest-FloatingIPAdminTestJSON-369391488-project-admin] Publish callbacks ['neutron.plugins.ml2.plugin.SecurityGroupDbMixin._ensure_default_security_group_handler-819306'] for port (e3c791f8-6806-4376-a887-3dd2b97a0b9b), before_update {{(pid=103936) _notify_loop /usr/local/lib/python3.8/dist-packages/neutron_lib/callbacks/manager.py:176}}
Mar 16 22:00:59.949818 dv-neutron-834071-2-hyperv neutron-server[103937]: INFO neutron.wsgi [None req-d0220f95-ae2f-46c4-9429-8c3c4dace4de tempest-QuotasTest-455002592 tempest-QuotasTest-455002592-project-admin] 10.222.0.43 "GET /v2.0/quotas/cd71a842965145d8ad712de2644ab149/details.json HTTP/1.1" status: 200 len: 703 time: 1.4285722
Mar 16 22:00:59.963211 dv-neutron-834071-2-hyperv neutron-server[103936]: DEBUG neutron.api.rpc.handlers.resources_rpc [None req-9f5cf3cb-955d-4307-b269-cdac71d7e1f7 admin admin] Pushing event deleted for resources: {'SecurityGroup': ['ID=666b8a21-537c-478f-b90d-2cd1b9009d3d,revision_number=None']} {{(pid=103936) push /opt/stack/neutron/neutron/api/rpc/handlers/resources_rpc.py:237}}
Mar 16 22:00:59.965740 dv-neutron-834071-2-hyperv neutron-server[103937]: DEBUG neutron_lib.callbacks.manager [None req-df11042f-a323-463a-af68-4d163fac8388 admin admin] Publish callbacks ['neutron.plugins.ml2.ovo_rpc._ObjectChangeHandler.handle_event-3916068'] for security_group (86c52f8e-c82c-4403-81d3-37d991244b67), after_delete {{(pid=103937) _notify_loop /usr/local/lib/python3.8/dist-packages/neutron_lib/callbacks/manager.py:176}}
Mar 16 22:00:59.968533 dv-neutron-834071-2-hyperv neutron-server[103937]: DEBUG neutron_lib.callbacks.manager [None req-df11042f-a323-463a-af68-4d163fac8388 admin admin] Publish callbacks [] for security_group (None), before_response {{(pid=103937) _notify_loop /usr/local/lib/python3.8/dist-packages/neutron_lib/callbacks/manager.py:176}}
Mar 16 22:00:59.969918 dv-neutron-834071-2-hyperv neutron-server[103937]: INFO neutron.wsgi [None req-df11042f-a323-463a-af68-4d163fac8388 admin admin] 10.222.0.43 "DELETE /v2.0/security-groups/86c52f8e-c82c-4403-81d3-37d991244b67 HTTP/1.1" status: 204 len: 168 time: 0.3470836
Mar 16 22:01:00.021152 dv-neutron-834071-2-hyperv neutron-server[103937]: DEBUG neutron.api.rpc.handlers.resources_rpc [None req-df11042f-a323-463a-af68-4d163fac8388 admin admin] Pushing event deleted for resources: {'SecurityGroup': ['ID=86c52f8e-c82c-4403-81d3-37d991244b67,revision_number=None']} {{(pid=103937) push /opt/stack/neutron/neutron/api/rpc/handlers/resources_rpc.py:237}}
Mar 16 22:01:00.057005 dv-neutron-834071-2-hyperv neutron-server[103936]: DEBUG neutron_lib.callbacks.manager [None req-a8e6b68e-1291-4984-956d-59395d0d4390 admin admin] Publish callbacks ['neutron.plugins.ml2.ovo_rpc._ObjectChangeHandler.handle_event-3916068'] for security_group (b84845b1-6cdc-403a-bedc-8deb486fb2ae), after_delete {{(pid=103936) _notify_loop /usr/local/lib/python3.8/dist-packages/neutron_lib/callbacks/manager.py:176}}
Mar 16 22:01:00.059775 dv-neutron-834071-2-hyperv neutron-server[103936]: DEBUG neutron_lib.callbacks.manager [None req-a8e6b68e-1291-4984-956d-59395d0d4390 admin admin] Publish callbacks [] for security_group (None), before_response {{(pid=103936) _notify_loop /usr/local/lib/python3.8/dist-packages/neutron_lib/callbacks/manager.py:176}}
Mar 16 22:01:00.060893 dv-neutron-834071-2-hyperv neutron-server[103936]: INFO neutron.wsgi [None req-a8e6b68e-1291-4984-956d-59395d0d4390 admin admin] 10.222.0.43 "DELETE /v2.0/security-groups/b84845b1-6cdc-403a-bedc-8deb486fb2ae HTTP/1.1" status: 204 len: 168 time: 0.7857251
Mar 16 22:01:00.209070 dv-neutron-834071-2-hyperv neutron-server[103937]: DEBUG neutron.wsgi [-] (103937) accepted ('10.222.0.43', 33352) {{(pid=103937) server /usr/local/lib/python3.8/dist-packages/eventlet/wsgi.py:1004}}
Mar 16 22:01:00.365999 dv-neutron-834071-2-hyperv neutron-server[103936]: DEBUG neutron.api.v2.base [req-10285bbd-9eff-43e6-89ab-f56ccc418edd req-70324678-a456-4a55-9f08-e77a4f35ad73 service neutron] Request body: {'port': {'device_id': '97f29068-0e91-47aa-9354-12376ed0beeb', 'device_owner': 'compute:nova', 'binding:host_id': 'hv-neutron-8340'}} {{(pid=103936) prepare_request_body /opt/stack/neutron/neutron/api/v2/base.py:729}}
Mar 16 22:01:00.385591 dv-neutron-834071-2-hyperv neutron-server[103937]: INFO neutron.wsgi [None req-c8351ce0-c25c-4989-ba65-56f2391ecf64 admin admin] 10.222.0.43 "GET /v2.0/security-groups?tenant_id=30a5bc1470774cefaeb4aa56addb2027&name=default HTTP/1.1" status: 200 len: 2996 time: 0.1744535
Mar 16 22:01:00.392007 dv-neutron-834071-2-hyperv neutron-server[103937]: DEBUG neutron.wsgi [-] (103937) accepted ('10.222.0.43', 33362) {{(pid=103937) server /usr/local/lib/python3.8/dist-packages/eventlet/wsgi.py:1004}}
Mar 16 22:01:00.435246 dv-neutron-834071-2-hyperv neutron-server[103937]: INFO neutron.wsgi [req-d7782e11-1c59-4e60-9e9d-f76c93327a2e req-adbc781d-4606-437b-a9cb-ac8817aecddd tempest-ServersTestJSON-914826380 tempest-ServersTestJSON-914826380-project] 10.222.0.43 "GET /v2.0/ports?device_id=c6c02581-23b6-4d08-8ad1-b7c55e24ce23 HTTP/1.1" status: 200 len: 210 time: 0.1073761
Mar 16 22:01:00.572320 dv-neutron-834071-2-hyperv neutron-server[103936]: DEBUG neutron.api.rpc.handlers.resources_rpc [None req-a8e6b68e-1291-4984-956d-59395d0d4390 admin admin] Pushing event deleted for resources: {'SecurityGroup': ['ID=b84845b1-6cdc-403a-bedc-8deb486fb2ae,revision_number=None']} {{(pid=103936) push /opt/stack/neutron/neutron/api/rpc/handlers/resources_rpc.py:237}}
Mar 16 22:01:00.574777 dv-neutron-834071-2-hyperv neutron-server[103937]: DEBUG neutron_lib.callbacks.manager [None req-1b0bbb6c-cf11-40ff-93f1-8b872528fb00 admin admin] Publish callbacks [] for security_group (128a7ae8-619e-43d7-a2c6-bc364cc126c8), before_delete {{(pid=103937) _notify_loop /usr/local/lib/python3.8/dist-packages/neutron_lib/callbacks/manager.py:176}}
Mar 16 22:01:00.669600 dv-neutron-834071-2-hyperv neutron-server[103937]: DEBUG neutron_lib.callbacks.manager [None req-1b0bbb6c-cf11-40ff-93f1-8b872528fb00 admin admin] Publish callbacks [] for security_group (128a7ae8-619e-43d7-a2c6-bc364cc126c8), precommit_delete {{(pid=103937) _notify_loop /usr/local/lib/python3.8/dist-packages/neutron_lib/callbacks/manager.py:176}}
Mar 16 22:01:00.752688 dv-neutron-834071-2-hyperv neutron-server[103937]: DEBUG neutron_lib.callbacks.manager [None req-1b0bbb6c-cf11-40ff-93f1-8b872528fb00 admin admin] Publish callbacks ['neutron.plugins.ml2.ovo_rpc._ObjectChangeHandler.handle_event-3916068'] for security_group (128a7ae8-619e-43d7-a2c6-bc364cc126c8), after_delete {{(pid=103937) _notify_loop /usr/local/lib/python3.8/dist-packages/neutron_lib/callbacks/manager.py:176}}
Mar 16 22:01:00.755341 dv-neutron-834071-2-hyperv neutron-server[103937]: DEBUG neutron_lib.callbacks.manager [None req-1b0bbb6c-cf11-40ff-93f1-8b872528fb00 admin admin] Publish callbacks [] for security_group (None), before_response {{(pid=103937) _notify_loop /usr/local/lib/python3.8/dist-packages/neutron_lib/callbacks/manager.py:176}}
Mar 16 22:01:00.757090 dv-neutron-834071-2-hyperv neutron-server[103937]: INFO neutron.wsgi [None req-1b0bbb6c-cf11-40ff-93f1-8b872528fb00 admin admin] 10.222.0.43 "DELETE /v2.0/security-groups/128a7ae8-619e-43d7-a2c6-bc364cc126c8 HTTP/1.1" status: 204 len: 168 time: 0.3244224
Mar 16 22:01:00.765017 dv-neutron-834071-2-hyperv neutron-server[103936]: DEBUG neutron_lib.callbacks.manager [req-10285bbd-9eff-43e6-89ab-f56ccc418edd req-70324678-a456-4a55-9f08-e77a4f35ad73 service neutron] Publish callbacks ['neutron.plugins.ml2.plugin.SecurityGroupDbMixin._ensure_default_security_group_handler-819306'] for port (faa00f3f-bf28-44e7-96a5-fdb009a4db2d), before_update {{(pid=103936) _notify_loop /usr/local/lib/python3.8/dist-packages/neutron_lib/callbacks/manager.py:176}}
Mar 16 22:01:00.775231 dv-neutron-834071-2-hyperv neutron-server[103937]: DEBUG neutron.api.rpc.handlers.resources_rpc [None req-1b0bbb6c-cf11-40ff-93f1-8b872528fb00 admin admin] Pushing event deleted for resources: {'SecurityGroup': ['ID=128a7ae8-619e-43d7-a2c6-bc364cc126c8,revision_number=None']} {{(pid=103937) push /opt/stack/neutron/neutron/api/rpc/handlers/resources_rpc.py:237}}
Mar 16 22:01:00.849019 dv-neutron-834071-2-hyperv neutron-server[103936]: DEBUG neutron_lib.callbacks.manager [None req-4cb88eae-746d-44b5-9721-0e60b6ec749b tempest-FloatingIPAdminTestJSON-369391488 tempest-FloatingIPAdminTestJSON-369391488-project-admin] Publish callbacks [] for port (e3c791f8-6806-4376-a887-3dd2b97a0b9b), precommit_update {{(pid=103936) _notify_loop /usr/local/lib/python3.8/dist-packages/neutron_lib/callbacks/manager.py:176}}
Mar 16 22:01:00.861763 dv-neutron-834071-2-hyperv neutron-server[103936]: DEBUG neutron.pecan_wsgi.hooks.policy_enforcement [req-2a3503c2-da43-4454-b1ca-adad38151f27 req-33b7e6ed-1e34-477d-b28b-7c56d78e8d2b tempest-ServerActionsTestJSON-1511006693 tempest-ServerActionsTestJSON-1511006693-project] Attributes excluded by policy engine: ['standard_attr_id', 'binding:profile', 'binding:host_id', 'binding:vif_type', 'binding:vif_details'] {{(pid=103936) _exclude_attributes_by_policy /opt/stack/neutron/neutron/pecan_wsgi/hooks/policy_enforcement.py:255}}
Mar 16 22:01:00.863287 dv-neutron-834071-2-hyperv neutron-server[103936]: INFO neutron.wsgi [req-2a3503c2-da43-4454-b1ca-adad38151f27 req-33b7e6ed-1e34-477d-b28b-7c56d78e8d2b tempest-ServerActionsTestJSON-1511006693 tempest-ServerActionsTestJSON-1511006693-project] 10.222.0.43 "GET /v2.0/ports?device_id=97f29068-0e91-47aa-9354-12376ed0beeb HTTP/1.1" status: 200 len: 932 time: 0.5203266
Mar 16 22:01:01.107345 dv-neutron-834071-2-hyperv neutron-server[103936]: DEBUG neutron_lib.callbacks.manager [None req-4cb88eae-746d-44b5-9721-0e60b6ec749b tempest-FloatingIPAdminTestJSON-369391488 tempest-FloatingIPAdminTestJSON-369391488-project-admin] Publish callbacks ['neutron.plugins.ml2.plugin.SecurityGroupServerNotifierRpcMixin._notify_sg_on_port_change-819241', 'neutron.plugins.ml2.ovo_rpc._ObjectChangeHandler.handle_event-91426', 'neutron.api.rpc.agentnotifiers.dhcp_rpc_agent_api.DhcpAgentNotifyAPI._native_event_send_dhcp_notification-3714123', 'neutron.db.l3_db.L3RpcNotifierMixin._notify_gateway_port_ip_changed-8781876602772', 'neutron.db.l3_dvrscheduler_db._notify_l3_agent_port_update-8781876049183', 'neutron.db.l3_hascheduler_db._notify_l3_agent_ha_port_update-8781876049201', 'neutron.services.segments.plugin.NovaSegmentNotifier._notify_port_updated-10383622'] for port (e3c791f8-6806-4376-a887-3dd2b97a0b9b), after_update {{(pid=103936) _notify_loop /usr/local/lib/python3.8/dist-packages/neutron_lib/callbacks/manager.py:176}}
Mar 16 22:01:01.138805 dv-neutron-834071-2-hyperv neutron-server[103937]: DEBUG neutron.wsgi [-] (103937) accepted ('10.222.0.43', 33372) {{(pid=103937) server /usr/local/lib/python3.8/dist-packages/eventlet/wsgi.py:1004}}
Mar 16 22:01:01.196546 dv-neutron-834071-2-hyperv neutron-server[103936]: DEBUG neutron.api.rpc.handlers.resources_rpc [None req-4cb88eae-746d-44b5-9721-0e60b6ec749b tempest-FloatingIPAdminTestJSON-369391488 tempest-FloatingIPAdminTestJSON-369391488-project-admin] Pushing event updated for resources: {'Port': ['ID=e3c791f8-6806-4376-a887-3dd2b97a0b9b,revision_number=2']} {{(pid=103936) push /opt/stack/neutron/neutron/api/rpc/handlers/resources_rpc.py:237}}
Mar 16 22:01:01.282773 dv-neutron-834071-2-hyperv neutron-server[103937]: INFO neutron.wsgi [None req-6331e2ee-d943-4619-bf8b-a813a9d2a8aa admin admin] 10.222.0.43 "GET /v2.0/security-groups?tenant_id=836fa2ab3f6840e5b292422dbb3e5331&name=default HTTP/1.1" status: 200 len: 2992 time: 0.1405017
Mar 16 22:01:01.285288 dv-neutron-834071-2-hyperv neutron-server[103936]: DEBUG neutron.wsgi [-] (103936) accepted ('10.222.0.43', 33376) {{(pid=103936) server /usr/local/lib/python3.8/dist-packages/eventlet/wsgi.py:1004}}
Mar 16 22:01:01.407264 dv-neutron-834071-2-hyperv neutron-server[103936]: DEBUG neutron_lib.callbacks.manager [None req-4cb88eae-746d-44b5-9721-0e60b6ec749b tempest-FloatingIPAdminTestJSON-369391488 tempest-FloatingIPAdminTestJSON-369391488-project-admin] Publish callbacks ['neutron.services.l3_router.l3_router_plugin.DVRResourceOperationHandler._create_dvr_floating_gw_port-3726915'] for floatingip (a1d58b9e-26ff-4d35-81dc-b13344cbf122), after_create {{(pid=103936) _notify_loop /usr/local/lib/python3.8/dist-packages/neutron_lib/callbacks/manager.py:176}}
Mar 16 22:01:01.459671 dv-neutron-834071-2-hyperv neutron-server[103937]: DEBUG neutron.wsgi [-] (103937) accepted ('10.222.0.43', 33380) {{(pid=103937) server /usr/local/lib/python3.8/dist-packages/eventlet/wsgi.py:1004}}
Mar 16 22:01:01.538217 dv-neutron-834071-2-hyperv neutron-server[103936]: INFO neutron.db.l3_db [None req-4cb88eae-746d-44b5-9721-0e60b6ec749b tempest-FloatingIPAdminTestJSON-369391488 tempest-FloatingIPAdminTestJSON-369391488-project-admin] Floating IP a1d58b9e-26ff-4d35-81dc-b13344cbf122 associated. External IP: 172.26.2.130, port: e43b9a59-e947-493d-bfd5-dcfc69204573.
Mar 16 22:01:01.659127 dv-neutron-834071-2-hyperv neutron-server[103937]: INFO neutron.wsgi [req-371aaf6a-b3fd-48ec-a866-4efcf972a099 req-969dc2be-fc08-4adc-bf10-390066721f89 tempest-ServersTestJSON-914826380 tempest-ServersTestJSON-914826380-project] 10.222.0.43 "GET /v2.0/ports?device_id=c6c02581-23b6-4d08-8ad1-b7c55e24ce23 HTTP/1.1" status: 200 len: 210 time: 0.0871792
Mar 16 22:01:01.876442 dv-neutron-834071-2-hyperv neutron-server[103936]: INFO neutron.wsgi [req-2a3503c2-da43-4454-b1ca-adad38151f27 req-11a053c8-ef34-4571-b295-433cd0911f4e tempest-ServerActionsTestJSON-1511006693 tempest-ServerActionsTestJSON-1511006693-project] 10.222.0.43 "GET /v2.0/security-groups?id=d226273c-1210-403e-b800-e6fb936ffe8a&fields=id&fields=name HTTP/1.1" status: 200 len: 312 time: 0.7439651
Mar 16 22:01:01.895244 dv-neutron-834071-2-hyperv neutron-server[103937]: DEBUG neutron_lib.callbacks.manager [None req-8a2223ab-b809-4eb4-a44a-8f4b48445eae admin admin] Publish callbacks [] for security_group (None), before_create {{(pid=103937) _notify_loop /usr/local/lib/python3.8/dist-packages/neutron_lib/callbacks/manager.py:176}}
Mar 16 22:01:01.957494 dv-neutron-834071-2-hyperv neutron-server[103936]: DEBUG neutron_lib.callbacks.manager [None req-fcd0026a-6e98-442a-b356-e63220224b38 admin admin] Publish callbacks [] for security_group (513702d3-d5c1-40c7-bdab-896651973a8c), before_delete {{(pid=103936) _notify_loop /usr/local/lib/python3.8/dist-packages/neutron_lib/callbacks/manager.py:176}}
Mar 16 22:01:01.994044 dv-neutron-834071-2-hyperv neutron-server[103936]: DEBUG neutron_lib.callbacks.manager [None req-fcd0026a-6e98-442a-b356-e63220224b38 admin admin] Publish callbacks [] for security_group (513702d3-d5c1-40c7-bdab-896651973a8c), precommit_delete {{(pid=103936) _notify_loop /usr/local/lib/python3.8/dist-packages/neutron_lib/callbacks/manager.py:176}}
Mar 16 22:01:02.092593 dv-neutron-834071-2-hyperv neutron-server[103937]: DEBUG neutron_lib.callbacks.manager [None req-8a2223ab-b809-4eb4-a44a-8f4b48445eae admin admin] Publish callbacks [] for security_group (2c8c6b52-9349-4906-a5a4-eaead48e624f), precommit_create {{(pid=103937) _notify_loop /usr/local/lib/python3.8/dist-packages/neutron_lib/callbacks/manager.py:176}}
Mar 16 22:01:02.100941 dv-neutron-834071-2-hyperv neutron-server[103937]: DEBUG neutron_lib.callbacks.manager [None req-8a2223ab-b809-4eb4-a44a-8f4b48445eae admin admin] Publish callbacks ['neutron.plugins.ml2.ovo_rpc._ObjectChangeHandler.handle_event-3916068'] for security_group (2c8c6b52-9349-4906-a5a4-eaead48e624f), after_create {{(pid=103937) _notify_loop /usr/local/lib/python3.8/dist-packages/neutron_lib/callbacks/manager.py:176}}
Mar 16 22:01:02.202289 dv-neutron-834071-2-hyperv neutron-server[103937]: INFO neutron.wsgi [None req-8a2223ab-b809-4eb4-a44a-8f4b48445eae admin admin] 10.222.0.43 "GET /v2.0/security-groups?tenant_id=b2aa5d27a84e43a79058c7bac4b13fed&name=default HTTP/1.1" status: 200 len: 2996 time: 0.7387948
Mar 16 22:01:02.204796 dv-neutron-834071-2-hyperv neutron-server[103936]: DEBUG neutron.wsgi [-] (103936) accepted ('10.222.0.43', 33408) {{(pid=103936) server /usr/local/lib/python3.8/dist-packages/eventlet/wsgi.py:1004}}
Mar 16 22:01:02.211774 dv-neutron-834071-2-hyperv neutron-server[103937]: DEBUG neutron.api.rpc.handlers.resources_rpc [None req-8a2223ab-b809-4eb4-a44a-8f4b48445eae admin admin] Pushing event updated for resources: {'SecurityGroup': ['ID=2c8c6b52-9349-4906-a5a4-eaead48e624f,revision_number=1']} {{(pid=103937) push /opt/stack/neutron/neutron/api/rpc/handlers/resources_rpc.py:237}}
Mar 16 22:01:02.254129 dv-neutron-834071-2-hyperv neutron-server[103936]: DEBUG neutron.notifiers.nova [req-10285bbd-9eff-43e6-89ab-f56ccc418edd req-70324678-a456-4a55-9f08-e77a4f35ad73 service neutron] Ignoring state change previous_port_status: DOWN current_port_status: DOWN port_id faa00f3f-bf28-44e7-96a5-fdb009a4db2d {{(pid=103936) record_port_status_changed /opt/stack/neutron/neutron/notifiers/nova.py:233}}
Mar 16 22:01:02.274695 dv-neutron-834071-2-hyperv neutron-server[103936]: DEBUG neutron_lib.callbacks.manager [req-10285bbd-9eff-43e6-89ab-f56ccc418edd req-70324678-a456-4a55-9f08-e77a4f35ad73 service neutron] Publish callbacks [] for port (faa00f3f-bf28-44e7-96a5-fdb009a4db2d), precommit_update {{(pid=103936) _notify_loop /usr/local/lib/python3.8/dist-packages/neutron_lib/callbacks/manager.py:176}}
Mar 16 22:01:02.292118 dv-neutron-834071-2-hyperv neutron-server[103936]: DEBUG neutron_lib.callbacks.manager [None req-fcd0026a-6e98-442a-b356-e63220224b38 admin admin] Publish callbacks ['neutron.plugins.ml2.ovo_rpc._ObjectChangeHandler.handle_event-3916068'] for security_group (513702d3-d5c1-40c7-bdab-896651973a8c), after_delete {{(pid=103936) _notify_loop /usr/local/lib/python3.8/dist-packages/neutron_lib/callbacks/manager.py:176}}
Mar 16 22:01:02.294719 dv-neutron-834071-2-hyperv neutron-server[103936]: DEBUG neutron_lib.callbacks.manager [None req-fcd0026a-6e98-442a-b356-e63220224b38 admin admin] Publish callbacks [] for security_group (None), before_response {{(pid=103936) _notify_loop /usr/local/lib/python3.8/dist-packages/neutron_lib/callbacks/manager.py:176}}
Mar 16 22:01:02.295881 dv-neutron-834071-2-hyperv neutron-server[103936]: INFO neutron.wsgi [None req-fcd0026a-6e98-442a-b356-e63220224b38 admin admin] 10.222.0.43 "DELETE /v2.0/security-groups/513702d3-d5c1-40c7-bdab-896651973a8c HTTP/1.1" status: 204 len: 168 time: 0.9984360
Mar 16 22:01:02.335091 dv-neutron-834071-2-hyperv neutron-server[103936]: DEBUG neutron.db.provisioning_blocks [req-10285bbd-9eff-43e6-89ab-f56ccc418edd req-70324678-a456-4a55-9f08-e77a4f35ad73 service neutron] Transition to ACTIVE for port object faa00f3f-bf28-44e7-96a5-fdb009a4db2d will not be triggered until provisioned by entity L2. {{(pid=103936) add_provisioning_component /opt/stack/neutron/neutron/db/provisioning_blocks.py:74}}
Mar 16 22:01:02.345536 dv-neutron-834071-2-hyperv neutron-server[103936]: DEBUG neutron.api.rpc.handlers.resources_rpc [None req-fcd0026a-6e98-442a-b356-e63220224b38 admin admin] Pushing event deleted for resources: {'SecurityGroup': ['ID=513702d3-d5c1-40c7-bdab-896651973a8c,revision_number=None']} {{(pid=103936) push /opt/stack/neutron/neutron/api/rpc/handlers/resources_rpc.py:237}}
Mar 16 22:01:02.360051 dv-neutron-834071-2-hyperv neutron-server[103936]: DEBUG neutron_lib.callbacks.manager [req-10285bbd-9eff-43e6-89ab-f56ccc418edd req-70324678-a456-4a55-9f08-e77a4f35ad73 service neutron] Publish callbacks ['neutron.plugins.ml2.plugin.SecurityGroupServerNotifierRpcMixin._notify_sg_on_port_change-819241', 'neutron.plugins.ml2.ovo_rpc._ObjectChangeHandler.handle_event-91426', 'neutron.api.rpc.agentnotifiers.dhcp_rpc_agent_api.DhcpAgentNotifyAPI._native_event_send_dhcp_notification-3714123', 'neutron.db.l3_db.L3RpcNotifierMixin._notify_gateway_port_ip_changed-8781876602772', 'neutron.db.l3_dvrscheduler_db._notify_l3_agent_port_update-8781876049183', 'neutron.db.l3_hascheduler_db._notify_l3_agent_ha_port_update-8781876049201', 'neutron.services.segments.plugin.NovaSegmentNotifier._notify_port_updated-10383622'] for port (faa00f3f-bf28-44e7-96a5-fdb009a4db2d), after_update {{(pid=103936) _notify_loop /usr/local/lib/python3.8/dist-packages/neutron_lib/callbacks/manager.py:176}}
Mar 16 22:01:02.462595 dv-neutron-834071-2-hyperv neutron-server[103936]: DEBUG neutron.scheduler.l3_agent_scheduler [None req-4cb88eae-746d-44b5-9721-0e60b6ec749b tempest-FloatingIPAdminTestJSON-369391488 tempest-FloatingIPAdminTestJSON-369391488-project-admin] Router c17a28bd-5b52-4109-b0e6-1f3d82588f40 has already been hosted by L3 agent 2272ae4f-f1c3-4c75-96f4-a15ea1e28f86 {{(pid=103936) _get_candidates /opt/stack/neutron/neutron/scheduler/l3_agent_scheduler.py:126}}
Mar 16 22:01:02.463880 dv-neutron-834071-2-hyperv neutron-server[103936]: DEBUG neutron_lib.callbacks.manager [None req-9cc1ce0b-bf71-4d4d-a5e2-de19227da68c admin admin] Publish callbacks [] for security_group (2c8c6b52-9349-4906-a5a4-eaead48e624f), before_delete {{(pid=103936) _notify_loop /usr/local/lib/python3.8/dist-packages/neutron_lib/callbacks/manager.py:176}}
Mar 16 22:01:02.501622 dv-neutron-834071-2-hyperv neutron-server[103936]: DEBUG neutron.api.rpc.handlers.resources_rpc [None req-70324678-a456-4a55-9f08-e77a4f35ad73 service neutron] Pushing event updated for resources: {'Port': ['ID=faa00f3f-bf28-44e7-96a5-fdb009a4db2d,revision_number=2']} {{(pid=103936) push /opt/stack/neutron/neutron/api/rpc/handlers/resources_rpc.py:237}}
Mar 16 22:01:02.551549 dv-neutron-834071-2-hyperv neutron-server[103936]: DEBUG neutron_lib.callbacks.manager [None req-9cc1ce0b-bf71-4d4d-a5e2-de19227da68c admin admin] Publish callbacks [] for security_group (2c8c6b52-9349-4906-a5a4-eaead48e624f), precommit_delete {{(pid=103936) _notify_loop /usr/local/lib/python3.8/dist-packages/neutron_lib/callbacks/manager.py:176}}
Mar 16 22:01:02.631891 dv-neutron-834071-2-hyperv neutron-server[103937]: DEBUG neutron.wsgi [-] (103937) accepted ('10.222.0.35', 54940) {{(pid=103937) server /usr/local/lib/python3.8/dist-packages/eventlet/wsgi.py:1004}}
Mar 16 22:01:02.879635 dv-neutron-834071-2-hyperv neutron-server[103936]: DEBUG neutron.api.rpc.agentnotifiers.l3_rpc_agent_api [None req-4cb88eae-746d-44b5-9721-0e60b6ec749b tempest-FloatingIPAdminTestJSON-369391488 tempest-FloatingIPAdminTestJSON-369391488-project-admin] Notify agent at l3_agent.dv-neutron-834071-2-hyperv the message routers_updated {{(pid=103936) _agent_notification /opt/stack/neutron/neutron/api/rpc/agentnotifiers/l3_rpc_agent_api.py:65}}
Mar 16 22:01:02.893503 dv-neutron-834071-2-hyperv neutron-server[103939]: DEBUG neutron.api.rpc.handlers.l3_rpc [None req-103f8804-e7e2-4970-832d-f764cac8b38c None None] Sync routers for ids ['c17a28bd-5b52-4109-b0e6-1f3d82588f40'] in dv-neutron-834071-2-hyperv {{(pid=103939) sync_routers /opt/stack/neutron/neutron/api/rpc/handlers/l3_rpc.py:125}}
Mar 16 22:01:02.916357 dv-neutron-834071-2-hyperv neutron-server[103937]: INFO neutron.wsgi [req-11d06028-6c4b-493a-a27a-024c2d8ed03c req-c8135ae5-bc3b-44e4-8882-6d8b6cb08915 tempest-ServersTestJSON-914826380 tempest-ServersTestJSON-914826380-project] 10.222.0.43 "GET /v2.0/ports?device_id=c6c02581-23b6-4d08-8ad1-b7c55e24ce23 HTTP/1.1" status: 200 len: 210 time: 0.0814381
Mar 16 22:01:02.917648 dv-neutron-834071-2-hyperv neutron-server[103939]: DEBUG neutron.db.l3_dvrscheduler_db [None req-103f8804-e7e2-4970-832d-f764cac8b38c None None] Routers {'c17a28bd-5b52-4109-b0e6-1f3d82588f40'} bound to L3 agent in host dv-neutron-834071-2-hyperv {{(pid=103939) _get_router_ids_for_agent /opt/stack/neutron/neutron/db/l3_dvrscheduler_db.py:421}}
Mar 16 22:01:02.918302 dv-neutron-834071-2-hyperv neutron-server[103939]: DEBUG neutron.db.l3_hamode_db [None req-103f8804-e7e2-4970-832d-f764cac8b38c None None] neutron.services.l3_router.l3_router_plugin.L3RouterPlugin method get_ha_sync_data_for_host called with arguments (, 'dv-neutron-834071-2-hyperv', Agent(admin_state_up=True,agent_type='L3 agent',availability_zone='nova',binary='neutron-l3-agent',configurations={"agent_mode": "legacy", "ex_gw_ports": 2, "extensions": [], "floating_ips": 0, "handle_internal_only_routers": true, "interface_driver": "openvswitch", "interfaces": 1, "log_agent_heartbeats": false, "routers": 2},created_at=2022-03-16T21:53:08Z,description=,heartbeat_timestamp=2022-03-16T22:00:38Z,host='dv-neutron-834071-2-hyperv',id=2272ae4f-f1c3-4c75-96f4-a15ea1e28f86,load=0,resource_versions=,resources_synced=,started_at=2022-03-16T21:53:08Z,topic='l3_agent')) {'router_ids': ['c17a28bd-5b52-4109-b0e6-1f3d82588f40'], 'active': True} {{(pid=103939) wrapper /usr/local/lib/python3.8/dist-packages/oslo_log/helpers.py:65}}
Mar 16 22:01:02.974225 dv-neutron-834071-2-hyperv neutron-server[103936]: DEBUG neutron_lib.callbacks.manager [None req-9cc1ce0b-bf71-4d4d-a5e2-de19227da68c admin admin] Publish callbacks ['neutron.plugins.ml2.ovo_rpc._ObjectChangeHandler.handle_event-3916068'] for security_group (2c8c6b52-9349-4906-a5a4-eaead48e624f), after_delete {{(pid=103936) _notify_loop /usr/local/lib/python3.8/dist-packages/neutron_lib/callbacks/manager.py:176}}
Mar 16 22:01:02.983531 dv-neutron-834071-2-hyperv neutron-server[103936]: DEBUG neutron_lib.callbacks.manager [None req-9cc1ce0b-bf71-4d4d-a5e2-de19227da68c admin admin] Publish callbacks [] for security_group (None), before_response {{(pid=103936) _notify_loop /usr/local/lib/python3.8/dist-packages/neutron_lib/callbacks/manager.py:176}}
Mar 16 22:01:02.998824 dv-neutron-834071-2-hyperv neutron-server[103936]: INFO neutron.wsgi [None req-9cc1ce0b-bf71-4d4d-a5e2-de19227da68c admin admin] 10.222.0.43 "DELETE /v2.0/security-groups/2c8c6b52-9349-4906-a5a4-eaead48e624f HTTP/1.1" status: 204 len: 168 time: 0.7929947
Mar 16 22:01:03.013555 dv-neutron-834071-2-hyperv neutron-server[103937]: DEBUG neutron.pecan_wsgi.hooks.policy_enforcement [req-de2dc6af-997b-4762-9c28-d1ebc59dfa8f req-31f4861c-ea6e-4178-a82a-bb2610af591e tempest-ServersTestJSON-914826380 tempest-ServersTestJSON-914826380-project] Attributes excluded by policy engine: ['standard_attr_id', 'vlan_transparent', 'provider:network_type', 'provider:physical_network', 'provider:segmentation_id'] {{(pid=103937) _exclude_attributes_by_policy /opt/stack/neutron/neutron/pecan_wsgi/hooks/policy_enforcement.py:255}}
Mar 16 22:01:03.014352 dv-neutron-834071-2-hyperv neutron-server[103936]: DEBUG neutron_lib.callbacks.manager [None req-4cb88eae-746d-44b5-9721-0e60b6ec749b tempest-FloatingIPAdminTestJSON-369391488 tempest-FloatingIPAdminTestJSON-369391488-project-admin] Publish callbacks ['neutron.notifiers.nova.Notifier._send_nova_notification-95186'] for floatingip (None), before_response {{(pid=103936) _notify_loop /usr/local/lib/python3.8/dist-packages/neutron_lib/callbacks/manager.py:176}}
Mar 16 22:01:03.023105 dv-neutron-834071-2-hyperv neutron-server[103936]: DEBUG neutron.plugins.ml2.managers [req-10285bbd-9eff-43e6-89ab-f56ccc418edd req-70324678-a456-4a55-9f08-e77a4f35ad73 service neutron] Attempting to bind port faa00f3f-bf28-44e7-96a5-fdb009a4db2d on host hv-neutron-8340 for vnic_type normal with profile {{(pid=103936) bind_port /opt/stack/neutron/neutron/plugins/ml2/managers.py:795}}
Mar 16 22:01:03.026124 dv-neutron-834071-2-hyperv neutron-server[103936]: DEBUG neutron.plugins.ml2.managers [req-10285bbd-9eff-43e6-89ab-f56ccc418edd req-70324678-a456-4a55-9f08-e77a4f35ad73 service neutron] Attempting to bind port faa00f3f-bf28-44e7-96a5-fdb009a4db2d by drivers openvswitch,hyperv on host hv-neutron-8340 at level 0 using segments [{'id': 'f726af3a-72e5-428e-a0e3-0ef5b228b948', 'network_type': 'vlan', 'physical_network': 'physnet1', 'segmentation_id': 217, 'network_id': 'fd4d68b9-5d6d-4bb3-94a6-bae777fc021e'}] {{(pid=103936) _bind_port_level /opt/stack/neutron/neutron/plugins/ml2/managers.py:820}}
Mar 16 22:01:03.026461 dv-neutron-834071-2-hyperv neutron-server[103936]: DEBUG neutron.plugins.ml2.drivers.mech_agent [req-10285bbd-9eff-43e6-89ab-f56ccc418edd req-70324678-a456-4a55-9f08-e77a4f35ad73 service neutron] Attempting to bind port faa00f3f-bf28-44e7-96a5-fdb009a4db2d on network fd4d68b9-5d6d-4bb3-94a6-bae777fc021e {{(pid=103936) bind_port /opt/stack/neutron/neutron/plugins/ml2/drivers/mech_agent.py:91}}
Mar 16 22:01:03.028889 dv-neutron-834071-2-hyperv neutron-server[103937]: INFO neutron.wsgi [req-de2dc6af-997b-4762-9c28-d1ebc59dfa8f req-31f4861c-ea6e-4178-a82a-bb2610af591e tempest-ServersTestJSON-914826380 tempest-ServersTestJSON-914826380-project] 10.222.0.35 "GET /v2.0/networks?id=712fa7cc-85eb-4155-9b26-31caa209ad8f HTTP/1.1" status: 200 len: 805 time: 0.3836081
Mar 16 22:01:03.035917 dv-neutron-834071-2-hyperv neutron-server[103936]: DEBUG neutron.plugins.ml2.drivers.mech_agent [req-10285bbd-9eff-43e6-89ab-f56ccc418edd req-70324678-a456-4a55-9f08-e77a4f35ad73 service neutron] Port faa00f3f-bf28-44e7-96a5-fdb009a4db2d on network fd4d68b9-5d6d-4bb3-94a6-bae777fc021e not bound, no agent of type Open vSwitch agent registered on host hv-neutron-8340 {{(pid=103936) bind_port /opt/stack/neutron/neutron/plugins/ml2/drivers/mech_agent.py:103}}
Mar 16 22:01:03.035917 dv-neutron-834071-2-hyperv neutron-server[103936]: DEBUG neutron.plugins.ml2.drivers.mech_agent [req-10285bbd-9eff-43e6-89ab-f56ccc418edd req-70324678-a456-4a55-9f08-e77a4f35ad73 service neutron] Attempting to bind port faa00f3f-bf28-44e7-96a5-fdb009a4db2d on network fd4d68b9-5d6d-4bb3-94a6-bae777fc021e {{(pid=103936) bind_port /opt/stack/neutron/neutron/plugins/ml2/drivers/mech_agent.py:91}}
Mar 16 22:01:03.070661 dv-neutron-834071-2-hyperv neutron-server[103936]: DEBUG neutron.api.rpc.handlers.resources_rpc [None req-9cc1ce0b-bf71-4d4d-a5e2-de19227da68c admin admin] Pushing event deleted for resources: {'SecurityGroup': ['ID=2c8c6b52-9349-4906-a5a4-eaead48e624f,revision_number=None']} {{(pid=103936) push /opt/stack/neutron/neutron/api/rpc/handlers/resources_rpc.py:237}}
Mar 16 22:01:03.088677 dv-neutron-834071-2-hyperv neutron-server[103936]: DEBUG neutron.plugins.ml2.drivers.mech_agent [req-10285bbd-9eff-43e6-89ab-f56ccc418edd req-70324678-a456-4a55-9f08-e77a4f35ad73 service neutron] Checking agent: {'id': 'd3cafacc-dd12-414a-a075-202936ec10af', 'agent_type': 'HyperV agent', 'binary': 'neutron-hyperv-agent', 'topic': 'N/A', 'host': 'hv-neutron-8340', 'admin_state_up': True, 'created_at': datetime.datetime(2022, 3, 16, 21, 58, 50), 'started_at': datetime.datetime(2022, 3, 16, 21, 58, 50), 'heartbeat_timestamp': datetime.datetime(2022, 3, 16, 22, 0, 50), 'description': None, 'resources_synced': None, 'availability_zone': None, 'alive': True, 'configurations': {'vswitch_mappings': {'physnet1$': 'br-data'}}, 'resource_versions': {}} {{(pid=103936) bind_port /opt/stack/neutron/neutron/plugins/ml2/drivers/mech_agent.py:110}}
Mar 16 22:01:03.088677 dv-neutron-834071-2-hyperv neutron-server[103936]: DEBUG neutron.plugins.ml2.drivers.mech_agent [req-10285bbd-9eff-43e6-89ab-f56ccc418edd req-70324678-a456-4a55-9f08-e77a4f35ad73 service neutron] Checking segment: {'id': 'f726af3a-72e5-428e-a0e3-0ef5b228b948', 'network_type': 'vlan', 'physical_network': 'physnet1', 'segmentation_id': 217, 'network_id': 'fd4d68b9-5d6d-4bb3-94a6-bae777fc021e'} for mappings: {'physnet1$': 'br-data'} with network types: ['local', 'flat', 'vlan'] {{(pid=103936) check_segment_for_agent /opt/stack/neutron/neutron/plugins/ml2/drivers/mech_agent.py:373}}
Mar 16 22:01:03.088947 dv-neutron-834071-2-hyperv neutron-server[103936]: DEBUG neutron.plugins.ml2.drivers.mech_agent [req-10285bbd-9eff-43e6-89ab-f56ccc418edd req-70324678-a456-4a55-9f08-e77a4f35ad73 service neutron] Bound using segment: {'id': 'f726af3a-72e5-428e-a0e3-0ef5b228b948', 'network_type': 'vlan', 'physical_network': 'physnet1', 'segmentation_id': 217, 'network_id': 'fd4d68b9-5d6d-4bb3-94a6-bae777fc021e'} {{(pid=103936) bind_port /opt/stack/neutron/neutron/plugins/ml2/drivers/mech_agent.py:120}}
Mar 16 22:01:03.089473 dv-neutron-834071-2-hyperv neutron-server[103936]: DEBUG neutron.plugins.ml2.managers [req-10285bbd-9eff-43e6-89ab-f56ccc418edd req-70324678-a456-4a55-9f08-e77a4f35ad73 service neutron] Bound port: faa00f3f-bf28-44e7-96a5-fdb009a4db2d, host: hv-neutron-8340, vif_type: hyperv, vif_details: {"connectivity": "legacy", "port_filter": false}, binding_levels: [{'bound_driver': 'hyperv', 'bound_segment': {'id': 'f726af3a-72e5-428e-a0e3-0ef5b228b948', 'network_type': 'vlan', 'physical_network': 'physnet1', 'segmentation_id': 217, 'network_id': 'fd4d68b9-5d6d-4bb3-94a6-bae777fc021e'}}] {{(pid=103936) _bind_port_level /opt/stack/neutron/neutron/plugins/ml2/managers.py:932}}
Mar 16 22:01:03.092385 dv-neutron-834071-2-hyperv neutron-server[103939]: DEBUG neutron.db.l3_hamode_db [None req-103f8804-e7e2-4970-832d-f764cac8b38c None None] neutron.services.l3_router.l3_router_plugin.L3RouterPlugin method _process_sync_ha_data called with arguments (, [], 'dv-neutron-834071-2-hyperv', False) {} {{(pid=103939) wrapper /usr/local/lib/python3.8/dist-packages/oslo_log/helpers.py:65}}
Mar 16 22:01:03.113524 dv-neutron-834071-2-hyperv neutron-server[103936]: DEBUG neutron_lib.callbacks.manager [req-10285bbd-9eff-43e6-89ab-f56ccc418edd req-70324678-a456-4a55-9f08-e77a4f35ad73 service neutron] Publish callbacks ['neutron.plugins.ml2.plugin.SecurityGroupDbMixin._ensure_default_security_group_handler-819306'] for port (faa00f3f-bf28-44e7-96a5-fdb009a4db2d), before_update {{(pid=103936) _notify_loop /usr/local/lib/python3.8/dist-packages/neutron_lib/callbacks/manager.py:176}}
Mar 16 22:01:03.136208 dv-neutron-834071-2-hyperv neutron-server[103939]: DEBUG neutron.db.l3_dvrscheduler_db [None req-103f8804-e7e2-4970-832d-f764cac8b38c None None] Routers {'c17a28bd-5b52-4109-b0e6-1f3d82588f40'} bound to L3 agent in host dv-neutron-834071-2-hyperv {{(pid=103939) _get_router_ids_for_agent /opt/stack/neutron/neutron/db/l3_dvrscheduler_db.py:421}}
Mar 16 22:01:03.138610 dv-neutron-834071-2-hyperv neutron-server[103939]: DEBUG neutron.db.l3_hamode_db [None req-103f8804-e7e2-4970-832d-f764cac8b38c None None] neutron.services.l3_router.l3_router_plugin.L3RouterPlugin method get_ha_sync_data_for_host called with arguments (, 'dv-neutron-834071-2-hyperv', Agent(admin_state_up=True,agent_type='L3 agent',availability_zone='nova',binary='neutron-l3-agent',configurations={"agent_mode": "legacy", "ex_gw_ports": 2, "extensions": [], "floating_ips": 0, "handle_internal_only_routers": true, "interface_driver": "openvswitch", "interfaces": 1, "log_agent_heartbeats": false, "routers": 2},created_at=2022-03-16T21:53:08Z,description=,heartbeat_timestamp=2022-03-16T22:00:38Z,host='dv-neutron-834071-2-hyperv',id=2272ae4f-f1c3-4c75-96f4-a15ea1e28f86,load=0,resource_versions=,resources_synced=,started_at=2022-03-16T21:53:08Z,topic='l3_agent')) {'router_ids': ['c17a28bd-5b52-4109-b0e6-1f3d82588f40'], 'active': True} {{(pid=103939) wrapper /usr/local/lib/python3.8/dist-packages/oslo_log/helpers.py:65}}
Mar 16 22:01:03.247886 dv-neutron-834071-2-hyperv neutron-server[103936]: INFO neutron.wsgi [None req-4cb88eae-746d-44b5-9721-0e60b6ec749b tempest-FloatingIPAdminTestJSON-369391488 tempest-FloatingIPAdminTestJSON-369391488-project-admin] 10.222.0.43 "POST /v2.0/floatingips HTTP/1.1" status: 201 len: 989 time: 9.0169232
Mar 16 22:01:03.254383 dv-neutron-834071-2-hyperv neutron-server[103937]: DEBUG neutron.wsgi [-] (103937) accepted ('10.222.0.43', 33446) {{(pid=103937) server /usr/local/lib/python3.8/dist-packages/eventlet/wsgi.py:1004}}
Mar 16 22:01:03.285254 dv-neutron-834071-2-hyperv neutron-server[103939]: DEBUG neutron.db.l3_hamode_db [None req-103f8804-e7e2-4970-832d-f764cac8b38c None None] neutron.services.l3_router.l3_router_plugin.L3RouterPlugin method _process_sync_ha_data called with arguments (, [], 'dv-neutron-834071-2-hyperv', False) {} {{(pid=103939) wrapper /usr/local/lib/python3.8/dist-packages/oslo_log/helpers.py:65}}
Mar 16 22:01:03.285921 dv-neutron-834071-2-hyperv neutron-server[103939]: DEBUG neutron.api.rpc.handlers.l3_rpc [None req-103f8804-e7e2-4970-832d-f764cac8b38c None None] The sync data for ids ['c17a28bd-5b52-4109-b0e6-1f3d82588f40'] in dv-neutron-834071-2-hyperv is: [] {{(pid=103939) sync_routers /opt/stack/neutron/neutron/api/rpc/handlers/l3_rpc.py:137}}
