Mar 14 17:54:16.793686 dv-neutron-833667-1-hyperv neutron-server[110377]: DEBUG neutron.plugins.ml2.plugin [None req-3180b2f8-63ab-4077-a3b7-32829988fe00 None None] Current status of the port 8467027b-5f91-4d07-8e15-3a1b76e71361 is: ACTIVE; New status is: ACTIVE {{(pid=110377) _update_individual_port_db_status /opt/stack/neutron/neutron/plugins/ml2/plugin.py:2256}}
Mar 14 17:54:16.799503 dv-neutron-833667-1-hyperv neutron-server[110378]: DEBUG neutron.db.l3_dvr_db [None req-eb6f67af-2046-4a86-bb76-68976a2d8774 None None] Set router b9be67c8-3a11-4dce-addf-c2c34653bbfe gateway port host: dv-neutron-833667-1-hyperv {{(pid=110378) _build_routers_list /opt/stack/neutron/neutron/db/l3_dvr_db.py:906}}
Mar 14 17:54:16.840052 dv-neutron-833667-1-hyperv neutron-server[110376]: DEBUG neutron.api.rpc.handlers.resources_rpc [None req-78c99338-285c-45e8-830b-dae5281c67ef admin admin] Pushing event deleted for resources: {'SecurityGroup': ['ID=e6e0fac1-4396-4933-b9e5-3a5602fca329,revision_number=None']} {{(pid=110376) push /opt/stack/neutron/neutron/api/rpc/handlers/resources_rpc.py:237}}
Mar 14 17:54:16.855620 dv-neutron-833667-1-hyperv neutron-server[110376]: DEBUG neutron.plugins.ml2.managers [None req-1b95ceb7-3467-491f-90e4-34296257e246 tempest-PortsAdminExtendedAttrsIpV6TestJSON-1959536000 tempest-PortsAdminExtendedAttrsIpV6TestJSON-1959536000-project-admin] Attempting to bind port 429ff7a2-17cc-49f7-8a3a-f9696b2a43ea on host hv-neutron-8336 for vnic_type normal with profile {{(pid=110376) bind_port /opt/stack/neutron/neutron/plugins/ml2/managers.py:795}}
Mar 14 17:54:16.855951 dv-neutron-833667-1-hyperv neutron-server[110376]: DEBUG neutron.plugins.ml2.managers [None req-1b95ceb7-3467-491f-90e4-34296257e246 tempest-PortsAdminExtendedAttrsIpV6TestJSON-1959536000 tempest-PortsAdminExtendedAttrsIpV6TestJSON-1959536000-project-admin] Attempting to bind port 429ff7a2-17cc-49f7-8a3a-f9696b2a43ea by drivers openvswitch,hyperv on host hv-neutron-8336 at level 0 using segments [{'id': 'd4d19271-e05c-4d8f-8655-652c8defc072', 'network_type': 'vlan', 'physical_network': 'physnet1', 'segmentation_id': 389, 'network_id': 'ec38214e-10c7-421f-bbac-db50ad314ccf'}] {{(pid=110376) _bind_port_level /opt/stack/neutron/neutron/plugins/ml2/managers.py:820}}
Mar 14 17:54:16.856345 dv-neutron-833667-1-hyperv neutron-server[110376]: DEBUG neutron.plugins.ml2.drivers.mech_agent [None req-1b95ceb7-3467-491f-90e4-34296257e246 tempest-PortsAdminExtendedAttrsIpV6TestJSON-1959536000 tempest-PortsAdminExtendedAttrsIpV6TestJSON-1959536000-project-admin] Attempting to bind port 429ff7a2-17cc-49f7-8a3a-f9696b2a43ea on network ec38214e-10c7-421f-bbac-db50ad314ccf {{(pid=110376) bind_port /opt/stack/neutron/neutron/plugins/ml2/drivers/mech_agent.py:91}}
Mar 14 17:54:16.987927 dv-neutron-833667-1-hyperv neutron-server[110377]: DEBUG neutron.plugins.ml2.rpc [None req-3180b2f8-63ab-4077-a3b7-32829988fe00 None None] Device c21e69a2-2949-41da-922a-46df46112977 up at agent ovs-agent-dv-neutron-833667-1-hyperv {{(pid=110377) update_device_up /opt/stack/neutron/neutron/plugins/ml2/rpc.py:296}}
Mar 14 17:54:17.044233 dv-neutron-833667-1-hyperv neutron-server[110377]: DEBUG neutron.db.provisioning_blocks [None req-3180b2f8-63ab-4077-a3b7-32829988fe00 None None] Provisioning complete for port c21e69a2-2949-41da-922a-46df46112977 triggered by entity L2. {{(pid=110377) provisioning_complete /opt/stack/neutron/neutron/db/provisioning_blocks.py:140}}
Mar 14 17:54:17.044643 dv-neutron-833667-1-hyperv neutron-server[110377]: DEBUG neutron_lib.callbacks.manager [None req-3180b2f8-63ab-4077-a3b7-32829988fe00 None None] Publish callbacks ['neutron.plugins.ml2.plugin.Ml2Plugin._port_provisioned-7671463'] for port (c21e69a2-2949-41da-922a-46df46112977), provisioning_complete {{(pid=110377) _notify_loop /usr/local/lib/python3.8/dist-packages/neutron_lib/callbacks/manager.py:176}}
Mar 14 17:54:17.097499 dv-neutron-833667-1-hyperv neutron-server[110378]: DEBUG neutron.db.l3_hamode_db [None req-eb6f67af-2046-4a86-bb76-68976a2d8774 None None] neutron.services.l3_router.l3_router_plugin.L3RouterPlugin method _process_sync_ha_data called with arguments (, [{'id': 'b9be67c8-3a11-4dce-addf-c2c34653bbfe', 'name': 'tempest-ServersTestJSON-878521388-router', 'tenant_id': '29defdeeb65e4b9c814886ee7bf4c9bd', 'admin_state_up': True, 'status': 'ACTIVE', 'external_gateway_info': {'network_id': '18740166-112c-41c1-8175-35fb9eb47482', 'external_fixed_ips': [{'subnet_id': '5f12c328-de23-4ee7-b7b7-91e5d1e93533', 'ip_address': '172.26.4.101'}], 'enable_snat': True}, 'gw_port_id': '0f295715-b6a8-4110-a388-875473f7f833', 'description': '', 'availability_zones': ['nova'], 'distributed': False, 'ha': False, 'ha_vr_id': 0, 'availability_zone_hints': [], 'routes': [], 'flavor_id': None, 'tags': [], 'created_at': '2022-03-14T17:54:01Z', 'updated_at': '2022-03-14T17:54:13Z', 'revision_number': 4, 'project_id': '29defdeeb65e4b9c814886ee7bf4c9bd', 'gw_port': {'id': '0f295715-b6a8-4110-a388-875473f7f833', 'name': '', 'network_id': '18740166-112c-41c1-8175-35fb9eb47482', 'tenant_id': '', 'mac_address': 'fa:16:3e:69:db:4a', 'admin_state_up': True, 'status': 'ACTIVE', 'device_id': 'b9be67c8-3a11-4dce-addf-c2c34653bbfe', 'device_owner': 'network:router_gateway', 'standard_attr_id': 71, 'fixed_ips': [{'subnet_id': '5f12c328-de23-4ee7-b7b7-91e5d1e93533', 'ip_address': '172.26.4.101', 'prefixlen': 24}], 'allowed_address_pairs': [], 'extra_dhcp_opts': [], 'security_groups': [], 'description': '', 'binding:vnic_type': 'normal', 'binding:profile': {}, 'binding:host_id': 'dv-neutron-833667-1-hyperv', 'binding:vif_type': 'ovs', 'binding:vif_details': {'connectivity': 'l2', 'port_filter': True, 'ovs_hybrid_plug': False, 'datapath_type': 'system', 'bridge_name': 'br-int', 'bound_drivers': {'0': 'openvswitch'}}, 'port_security_enabled': False, 'tags': [], 'created_at': '2022-03-14T17:54:02Z', 'updated_at': '2022-03-14T17:54:12Z', 'revision_number': 4, 'project_id': '', 'subnets': [{'id': '5f12c328-de23-4ee7-b7b7-91e5d1e93533', 'cidr': '172.26.4.0/24', 'gateway_ip': '172.26.4.1', 'dns_nameservers': [], 'ipv6_ra_mode': None, 'subnetpool_id': None}], 'extra_subnets': [], 'address_scopes': {4: None, 6: None}, 'mtu': 1500}, 'enable_snat': True, 'gw_port_host': 'dv-neutron-833667-1-hyperv', '_interfaces': [{'id': '44ee8359-cf36-491f-973b-47ddc1a303fc', 'name': '', 'network_id': '9c9735b9-6380-4b07-a96d-04930d199c0a', 'tenant_id': '29defdeeb65e4b9c814886ee7bf4c9bd', 'mac_address': 'fa:16:3e:c2:fe:6f', 'admin_state_up': True, 'status': 'DOWN', 'device_id': 'b9be67c8-3a11-4dce-addf-c2c34653bbfe', 'device_owner': 'network:router_interface', 'standard_attr_id': 110, 'fixed_ips': [{'subnet_id': 'd8d8c6a3-8775-4afc-b6ec-5bfe95551ec0', 'ip_address': '172.20.0.1', 'prefixlen': 28}], 'allowed_address_pairs': [], 'extra_dhcp_opts': [], 'security_groups': [], 'description': '', 'binding:vnic_type': 'normal', 'binding:profile': {}, 'binding:host_id': '', 'binding:vif_type': 'unbound', 'binding:vif_details': {}, 'port_security_enabled': False, 'tags': [], 'created_at': '2022-03-14T17:54:09Z', 'updated_at': '2022-03-14T17:54:14Z', 'revision_number': 2, 'project_id': '29defdeeb65e4b9c814886ee7bf4c9bd', 'subnets': [{'id': 'd8d8c6a3-8775-4afc-b6ec-5bfe95551ec0', 'cidr': '172.20.0.0/28', 'gateway_ip': '172.20.0.1', 'dns_nameservers': [], 'ipv6_ra_mode': None, 'subnetpool_id': None}], 'extra_subnets': [], 'address_scopes': {4: None, 6: None}, 'mtu': 1500}]}], 'dv-neutron-833667-1-hyperv', False) {} {{(pid=110378) wrapper /usr/local/lib/python3.8/dist-packages/oslo_log/helpers.py:65}}
Mar 14 17:54:17.105642 dv-neutron-833667-1-hyperv neutron-server[110375]: DEBUG neutron.wsgi [-] (110375) accepted ('10.222.0.37', 37584) {{(pid=110375) server /usr/local/lib/python3.8/dist-packages/eventlet/wsgi.py:1004}}
Mar 14 17:54:17.134091 dv-neutron-833667-1-hyperv neutron-server[110375]: DEBUG neutron_lib.callbacks.manager [None req-8c11c7b8-6d9d-43eb-987c-2ca87d933e44 admin admin] Publish callbacks [] for security_group (None), before_create {{(pid=110375) _notify_loop /usr/local/lib/python3.8/dist-packages/neutron_lib/callbacks/manager.py:176}}
Mar 14 17:54:17.140453 dv-neutron-833667-1-hyperv neutron-server[110378]: DEBUG neutron.api.rpc.handlers.l3_rpc [None req-eb6f67af-2046-4a86-bb76-68976a2d8774 None None] Checking router: b9be67c8-3a11-4dce-addf-c2c34653bbfe for host: dv-neutron-833667-1-hyperv {{(pid=110378) _ensure_host_set_on_ports /opt/stack/neutron/neutron/api/rpc/handlers/l3_rpc.py:155}}
Mar 14 17:54:17.140806 dv-neutron-833667-1-hyperv neutron-server[110378]: DEBUG neutron.api.rpc.handlers.l3_rpc [None req-eb6f67af-2046-4a86-bb76-68976a2d8774 None None] Updating router b9be67c8-3a11-4dce-addf-c2c34653bbfe port 44ee8359-cf36-491f-973b-47ddc1a303fc binding host dv-neutron-833667-1-hyperv {{(pid=110378) _ensure_host_set_on_port /opt/stack/neutron/neutron/api/rpc/handlers/l3_rpc.py:205}}
Mar 14 17:54:17.185007 dv-neutron-833667-1-hyperv neutron-server[110377]: DEBUG neutron.plugins.ml2.plugin [None req-3180b2f8-63ab-4077-a3b7-32829988fe00 None None] Current status of the port c21e69a2-2949-41da-922a-46df46112977 is: ACTIVE; New status is: ACTIVE {{(pid=110377) _update_individual_port_db_status /opt/stack/neutron/neutron/plugins/ml2/plugin.py:2256}}
Mar 14 17:54:17.185718 dv-neutron-833667-1-hyperv neutron-server[110378]: DEBUG neutron_lib.callbacks.manager [None req-eb6f67af-2046-4a86-bb76-68976a2d8774 None None] Publish callbacks ['neutron.plugins.ml2.plugin.SecurityGroupDbMixin._ensure_default_security_group_handler-8070741'] for port (44ee8359-cf36-491f-973b-47ddc1a303fc), before_update {{(pid=110378) _notify_loop /usr/local/lib/python3.8/dist-packages/neutron_lib/callbacks/manager.py:176}}
Mar 14 17:54:17.235379 dv-neutron-833667-1-hyperv neutron-server[110376]: DEBUG neutron.plugins.ml2.drivers.mech_agent [None req-1b95ceb7-3467-491f-90e4-34296257e246 tempest-PortsAdminExtendedAttrsIpV6TestJSON-1959536000 tempest-PortsAdminExtendedAttrsIpV6TestJSON-1959536000-project-admin] Port 429ff7a2-17cc-49f7-8a3a-f9696b2a43ea on network ec38214e-10c7-421f-bbac-db50ad314ccf not bound, no agent of type Open vSwitch agent registered on host hv-neutron-8336 {{(pid=110376) bind_port /opt/stack/neutron/neutron/plugins/ml2/drivers/mech_agent.py:103}}
Mar 14 17:54:17.235721 dv-neutron-833667-1-hyperv neutron-server[110376]: ERROR neutron.plugins.ml2.managers [None req-1b95ceb7-3467-491f-90e4-34296257e246 tempest-PortsAdminExtendedAttrsIpV6TestJSON-1959536000 tempest-PortsAdminExtendedAttrsIpV6TestJSON-1959536000-project-admin] Failed to bind port 429ff7a2-17cc-49f7-8a3a-f9696b2a43ea on host hv-neutron-8336 for vnic_type normal using segments [{'id': 'd4d19271-e05c-4d8f-8655-652c8defc072', 'network_type': 'vlan', 'physical_network': 'physnet1', 'segmentation_id': 389, 'network_id': 'ec38214e-10c7-421f-bbac-db50ad314ccf'}]
Mar 14 17:54:17.247127 dv-neutron-833667-1-hyperv neutron-server[110376]: INFO neutron.plugins.ml2.plugin [None req-1b95ceb7-3467-491f-90e4-34296257e246 tempest-PortsAdminExtendedAttrsIpV6TestJSON-1959536000 tempest-PortsAdminExtendedAttrsIpV6TestJSON-1959536000-project-admin] Attempt 7 to bind port 429ff7a2-17cc-49f7-8a3a-f9696b2a43ea
Mar 14 17:54:17.253815 dv-neutron-833667-1-hyperv neutron-server[110375]: DEBUG neutron_lib.callbacks.manager [None req-8c11c7b8-6d9d-43eb-987c-2ca87d933e44 admin admin] Publish callbacks [] for security_group (f3b11fcd-330b-4eba-bc32-023efc6ce862), precommit_create {{(pid=110375) _notify_loop /usr/local/lib/python3.8/dist-packages/neutron_lib/callbacks/manager.py:176}}
Mar 14 17:54:17.259829 dv-neutron-833667-1-hyperv neutron-server[110375]: DEBUG neutron_lib.callbacks.manager [None req-8c11c7b8-6d9d-43eb-987c-2ca87d933e44 admin admin] Publish callbacks ['neutron.plugins.ml2.ovo_rpc._ObjectChangeHandler.handle_event-623938'] for security_group (f3b11fcd-330b-4eba-bc32-023efc6ce862), after_create {{(pid=110375) _notify_loop /usr/local/lib/python3.8/dist-packages/neutron_lib/callbacks/manager.py:176}}
Mar 14 17:54:17.311789 dv-neutron-833667-1-hyperv neutron-server[110375]: INFO neutron.wsgi [None req-8c11c7b8-6d9d-43eb-987c-2ca87d933e44 admin admin] 10.222.0.37 "GET /v2.0/security-groups?tenant_id=a4335f0fc38947008e3e756e388dcc06&name=default HTTP/1.1" status: 200 len: 2996 time: 0.2030001
Mar 14 17:54:17.312624 dv-neutron-833667-1-hyperv neutron-server[110375]: DEBUG neutron.api.rpc.handlers.resources_rpc [None req-8c11c7b8-6d9d-43eb-987c-2ca87d933e44 admin admin] Pushing event updated for resources: {'SecurityGroup': ['ID=f3b11fcd-330b-4eba-bc32-023efc6ce862,revision_number=1']} {{(pid=110375) push /opt/stack/neutron/neutron/api/rpc/handlers/resources_rpc.py:237}}
Mar 14 17:54:17.315133 dv-neutron-833667-1-hyperv neutron-server[110375]: DEBUG neutron.wsgi [-] (110375) accepted ('10.222.0.37', 37586) {{(pid=110375) server /usr/local/lib/python3.8/dist-packages/eventlet/wsgi.py:1004}}
Mar 14 17:54:17.315815 dv-neutron-833667-1-hyperv neutron-server[110376]: DEBUG neutron.plugins.ml2.managers [None req-1b95ceb7-3467-491f-90e4-34296257e246 tempest-PortsAdminExtendedAttrsIpV6TestJSON-1959536000 tempest-PortsAdminExtendedAttrsIpV6TestJSON-1959536000-project-admin] Attempting to bind port 429ff7a2-17cc-49f7-8a3a-f9696b2a43ea on host hv-neutron-8336 for vnic_type normal with profile {{(pid=110376) bind_port /opt/stack/neutron/neutron/plugins/ml2/managers.py:795}}
Mar 14 17:54:17.316194 dv-neutron-833667-1-hyperv neutron-server[110376]: DEBUG neutron.plugins.ml2.managers [None req-1b95ceb7-3467-491f-90e4-34296257e246 tempest-PortsAdminExtendedAttrsIpV6TestJSON-1959536000 tempest-PortsAdminExtendedAttrsIpV6TestJSON-1959536000-project-admin] Attempting to bind port 429ff7a2-17cc-49f7-8a3a-f9696b2a43ea by drivers openvswitch,hyperv on host hv-neutron-8336 at level 0 using segments [{'id': 'd4d19271-e05c-4d8f-8655-652c8defc072', 'network_type': 'vlan', 'physical_network': 'physnet1', 'segmentation_id': 389, 'network_id': 'ec38214e-10c7-421f-bbac-db50ad314ccf'}] {{(pid=110376) _bind_port_level /opt/stack/neutron/neutron/plugins/ml2/managers.py:820}}
Mar 14 17:54:17.316802 dv-neutron-833667-1-hyperv neutron-server[110376]: DEBUG neutron.plugins.ml2.drivers.mech_agent [None req-1b95ceb7-3467-491f-90e4-34296257e246 tempest-PortsAdminExtendedAttrsIpV6TestJSON-1959536000 tempest-PortsAdminExtendedAttrsIpV6TestJSON-1959536000-project-admin] Attempting to bind port 429ff7a2-17cc-49f7-8a3a-f9696b2a43ea on network ec38214e-10c7-421f-bbac-db50ad314ccf {{(pid=110376) bind_port /opt/stack/neutron/neutron/plugins/ml2/drivers/mech_agent.py:91}}
Mar 14 17:54:17.367874 dv-neutron-833667-1-hyperv neutron-server[110376]: DEBUG neutron_lib.callbacks.manager [None req-1ef7b6b0-ca53-40f4-b36a-163e76b18277 tempest-FloatingIPAdminTestJSON-374991412 tempest-FloatingIPAdminTestJSON-374991412-project] Publish callbacks ['neutron.plugins.ml2.plugin.SecurityGroupDbMixin._ensure_default_security_group_handler-8070741'] for port (None), before_create {{(pid=110376) _notify_loop /usr/local/lib/python3.8/dist-packages/neutron_lib/callbacks/manager.py:176}}
Mar 14 17:54:17.390691 dv-neutron-833667-1-hyperv neutron-server[110376]: INFO neutron.wsgi [None req-479138f2-d12b-476b-aaad-18e635de6168 tempest-DHCPAgentSchedulersTestJSON-5199321 tempest-DHCPAgentSchedulersTestJSON-5199321-project-admin] 10.222.0.37 "DELETE /v2.0/agents/d5300f0e-f224-4189-b5ff-0919120e4612/dhcp-networks/6f1ebdc9-a2fc-440a-8f2e-5b60318354ff HTTP/1.1" status: 204 len: 168 time: 0.7004333
Mar 14 17:54:17.391579 dv-neutron-833667-1-hyperv neutron-server[110376]: DEBUG neutron.plugins.ml2.drivers.mech_agent [None req-1b95ceb7-3467-491f-90e4-34296257e246 tempest-PortsAdminExtendedAttrsIpV6TestJSON-1959536000 tempest-PortsAdminExtendedAttrsIpV6TestJSON-1959536000-project-admin] Port 429ff7a2-17cc-49f7-8a3a-f9696b2a43ea on network ec38214e-10c7-421f-bbac-db50ad314ccf not bound, no agent of type Open vSwitch agent registered on host hv-neutron-8336 {{(pid=110376) bind_port /opt/stack/neutron/neutron/plugins/ml2/drivers/mech_agent.py:103}}
Mar 14 17:54:17.391918 dv-neutron-833667-1-hyperv neutron-server[110376]: ERROR neutron.plugins.ml2.managers [None req-1b95ceb7-3467-491f-90e4-34296257e246 tempest-PortsAdminExtendedAttrsIpV6TestJSON-1959536000 tempest-PortsAdminExtendedAttrsIpV6TestJSON-1959536000-project-admin] Failed to bind port 429ff7a2-17cc-49f7-8a3a-f9696b2a43ea on host hv-neutron-8336 for vnic_type normal using segments [{'id': 'd4d19271-e05c-4d8f-8655-652c8defc072', 'network_type': 'vlan', 'physical_network': 'physnet1', 'segmentation_id': 389, 'network_id': 'ec38214e-10c7-421f-bbac-db50ad314ccf'}]
Mar 14 17:54:17.396985 dv-neutron-833667-1-hyperv neutron-server[110376]: INFO neutron.plugins.ml2.plugin [None req-1b95ceb7-3467-491f-90e4-34296257e246 tempest-PortsAdminExtendedAttrsIpV6TestJSON-1959536000 tempest-PortsAdminExtendedAttrsIpV6TestJSON-1959536000-project-admin] Attempt 8 to bind port 429ff7a2-17cc-49f7-8a3a-f9696b2a43ea
Mar 14 17:54:17.400536 dv-neutron-833667-1-hyperv neutron-server[110375]: DEBUG neutron.wsgi [-] (110375) accepted ('10.222.0.37', 37592) {{(pid=110375) server /usr/local/lib/python3.8/dist-packages/eventlet/wsgi.py:1004}}
Mar 14 17:54:17.473652 dv-neutron-833667-1-hyperv neutron-server[110376]: DEBUG neutron.plugins.ml2.managers [None req-1b95ceb7-3467-491f-90e4-34296257e246 tempest-PortsAdminExtendedAttrsIpV6TestJSON-1959536000 tempest-PortsAdminExtendedAttrsIpV6TestJSON-1959536000-project-admin] Attempting to bind port 429ff7a2-17cc-49f7-8a3a-f9696b2a43ea on host hv-neutron-8336 for vnic_type normal with profile {{(pid=110376) bind_port /opt/stack/neutron/neutron/plugins/ml2/managers.py:795}}
Mar 14 17:54:17.474254 dv-neutron-833667-1-hyperv neutron-server[110376]: DEBUG neutron.plugins.ml2.managers [None req-1b95ceb7-3467-491f-90e4-34296257e246 tempest-PortsAdminExtendedAttrsIpV6TestJSON-1959536000 tempest-PortsAdminExtendedAttrsIpV6TestJSON-1959536000-project-admin] Attempting to bind port 429ff7a2-17cc-49f7-8a3a-f9696b2a43ea by drivers openvswitch,hyperv on host hv-neutron-8336 at level 0 using segments [{'id': 'd4d19271-e05c-4d8f-8655-652c8defc072', 'network_type': 'vlan', 'physical_network': 'physnet1', 'segmentation_id': 389, 'network_id': 'ec38214e-10c7-421f-bbac-db50ad314ccf'}] {{(pid=110376) _bind_port_level /opt/stack/neutron/neutron/plugins/ml2/managers.py:820}}
Mar 14 17:54:17.474350 dv-neutron-833667-1-hyperv neutron-server[110376]: DEBUG neutron.plugins.ml2.drivers.mech_agent [None req-1b95ceb7-3467-491f-90e4-34296257e246 tempest-PortsAdminExtendedAttrsIpV6TestJSON-1959536000 tempest-PortsAdminExtendedAttrsIpV6TestJSON-1959536000-project-admin] Attempting to bind port 429ff7a2-17cc-49f7-8a3a-f9696b2a43ea on network ec38214e-10c7-421f-bbac-db50ad314ccf {{(pid=110376) bind_port /opt/stack/neutron/neutron/plugins/ml2/drivers/mech_agent.py:91}}
Mar 14 17:54:17.514308 dv-neutron-833667-1-hyperv neutron-server[110375]: DEBUG neutron_lib.callbacks.manager [None req-4d6dbc9c-36b4-4167-9027-a15506dc2b9b admin admin] Publish callbacks [] for security_group (f3b11fcd-330b-4eba-bc32-023efc6ce862), before_delete {{(pid=110375) _notify_loop /usr/local/lib/python3.8/dist-packages/neutron_lib/callbacks/manager.py:176}}
Mar 14 17:54:17.518355 dv-neutron-833667-1-hyperv neutron-server[110376]: DEBUG neutron.plugins.ml2.drivers.mech_agent [None req-1b95ceb7-3467-491f-90e4-34296257e246 tempest-PortsAdminExtendedAttrsIpV6TestJSON-1959536000 tempest-PortsAdminExtendedAttrsIpV6TestJSON-1959536000-project-admin] Port 429ff7a2-17cc-49f7-8a3a-f9696b2a43ea on network ec38214e-10c7-421f-bbac-db50ad314ccf not bound, no agent of type Open vSwitch agent registered on host hv-neutron-8336 {{(pid=110376) bind_port /opt/stack/neutron/neutron/plugins/ml2/drivers/mech_agent.py:103}}
Mar 14 17:54:17.519044 dv-neutron-833667-1-hyperv neutron-server[110376]: ERROR neutron.plugins.ml2.managers [None req-1b95ceb7-3467-491f-90e4-34296257e246 tempest-PortsAdminExtendedAttrsIpV6TestJSON-1959536000 tempest-PortsAdminExtendedAttrsIpV6TestJSON-1959536000-project-admin] Failed to bind port 429ff7a2-17cc-49f7-8a3a-f9696b2a43ea on host hv-neutron-8336 for vnic_type normal using segments [{'id': 'd4d19271-e05c-4d8f-8655-652c8defc072', 'network_type': 'vlan', 'physical_network': 'physnet1', 'segmentation_id': 389, 'network_id': 'ec38214e-10c7-421f-bbac-db50ad314ccf'}]
Mar 14 17:54:17.528554 dv-neutron-833667-1-hyperv neutron-server[110376]: INFO neutron.plugins.ml2.plugin [None req-1b95ceb7-3467-491f-90e4-34296257e246 tempest-PortsAdminExtendedAttrsIpV6TestJSON-1959536000 tempest-PortsAdminExtendedAttrsIpV6TestJSON-1959536000-project-admin] Attempt 9 to bind port 429ff7a2-17cc-49f7-8a3a-f9696b2a43ea
Mar 14 17:54:17.555719 dv-neutron-833667-1-hyperv neutron-server[110375]: DEBUG neutron_lib.callbacks.manager [None req-4d6dbc9c-36b4-4167-9027-a15506dc2b9b admin admin] Publish callbacks [] for security_group (f3b11fcd-330b-4eba-bc32-023efc6ce862), precommit_delete {{(pid=110375) _notify_loop /usr/local/lib/python3.8/dist-packages/neutron_lib/callbacks/manager.py:176}}
Mar 14 17:54:17.593228 dv-neutron-833667-1-hyperv neutron-server[110376]: DEBUG neutron.plugins.ml2.managers [None req-1b95ceb7-3467-491f-90e4-34296257e246 tempest-PortsAdminExtendedAttrsIpV6TestJSON-1959536000 tempest-PortsAdminExtendedAttrsIpV6TestJSON-1959536000-project-admin] Attempting to bind port 429ff7a2-17cc-49f7-8a3a-f9696b2a43ea on host hv-neutron-8336 for vnic_type normal with profile {{(pid=110376) bind_port /opt/stack/neutron/neutron/plugins/ml2/managers.py:795}}
Mar 14 17:54:17.593560 dv-neutron-833667-1-hyperv neutron-server[110376]: DEBUG neutron.plugins.ml2.managers [None req-1b95ceb7-3467-491f-90e4-34296257e246 tempest-PortsAdminExtendedAttrsIpV6TestJSON-1959536000 tempest-PortsAdminExtendedAttrsIpV6TestJSON-1959536000-project-admin] Attempting to bind port 429ff7a2-17cc-49f7-8a3a-f9696b2a43ea by drivers openvswitch,hyperv on host hv-neutron-8336 at level 0 using segments [{'id': 'd4d19271-e05c-4d8f-8655-652c8defc072', 'network_type': 'vlan', 'physical_network': 'physnet1', 'segmentation_id': 389, 'network_id': 'ec38214e-10c7-421f-bbac-db50ad314ccf'}] {{(pid=110376) _bind_port_level /opt/stack/neutron/neutron/plugins/ml2/managers.py:820}}
Mar 14 17:54:17.593896 dv-neutron-833667-1-hyperv neutron-server[110376]: DEBUG neutron.plugins.ml2.drivers.mech_agent [None req-1b95ceb7-3467-491f-90e4-34296257e246 tempest-PortsAdminExtendedAttrsIpV6TestJSON-1959536000 tempest-PortsAdminExtendedAttrsIpV6TestJSON-1959536000-project-admin] Attempting to bind port 429ff7a2-17cc-49f7-8a3a-f9696b2a43ea on network ec38214e-10c7-421f-bbac-db50ad314ccf {{(pid=110376) bind_port /opt/stack/neutron/neutron/plugins/ml2/drivers/mech_agent.py:91}}
Mar 14 17:54:17.618102 dv-neutron-833667-1-hyperv neutron-server[110376]: DEBUG neutron.plugins.ml2.drivers.mech_agent [None req-1b95ceb7-3467-491f-90e4-34296257e246 tempest-PortsAdminExtendedAttrsIpV6TestJSON-1959536000 tempest-PortsAdminExtendedAttrsIpV6TestJSON-1959536000-project-admin] Port 429ff7a2-17cc-49f7-8a3a-f9696b2a43ea on network ec38214e-10c7-421f-bbac-db50ad314ccf not bound, no agent of type Open vSwitch agent registered on host hv-neutron-8336 {{(pid=110376) bind_port /opt/stack/neutron/neutron/plugins/ml2/drivers/mech_agent.py:103}}
Mar 14 17:54:17.618427 dv-neutron-833667-1-hyperv neutron-server[110376]: ERROR neutron.plugins.ml2.managers [None req-1b95ceb7-3467-491f-90e4-34296257e246 tempest-PortsAdminExtendedAttrsIpV6TestJSON-1959536000 tempest-PortsAdminExtendedAttrsIpV6TestJSON-1959536000-project-admin] Failed to bind port 429ff7a2-17cc-49f7-8a3a-f9696b2a43ea on host hv-neutron-8336 for vnic_type normal using segments [{'id': 'd4d19271-e05c-4d8f-8655-652c8defc072', 'network_type': 'vlan', 'physical_network': 'physnet1', 'segmentation_id': 389, 'network_id': 'ec38214e-10c7-421f-bbac-db50ad314ccf'}]
Mar 14 17:54:17.633714 dv-neutron-833667-1-hyperv neutron-server[110375]: INFO neutron.wsgi [None req-a9ed6cf2-8e4f-45d3-a428-ec09e334e5f4 tempest-DHCPAgentSchedulersTestJSON-5199321 tempest-DHCPAgentSchedulersTestJSON-5199321-project-admin] 10.222.0.37 "GET /v2.0/agents/d5300f0e-f224-4189-b5ff-0919120e4612/dhcp-networks HTTP/1.1" status: 200 len: 7232 time: 0.2234585
Mar 14 17:54:17.638920 dv-neutron-833667-1-hyperv neutron-server[110375]: DEBUG neutron.wsgi [-] (110375) accepted ('10.222.0.37', 37598) {{(pid=110375) server /usr/local/lib/python3.8/dist-packages/eventlet/wsgi.py:1004}}
Mar 14 17:54:17.645911 dv-neutron-833667-1-hyperv neutron-server[110376]: INFO neutron.plugins.ml2.plugin [None req-1b95ceb7-3467-491f-90e4-34296257e246 tempest-PortsAdminExtendedAttrsIpV6TestJSON-1959536000 tempest-PortsAdminExtendedAttrsIpV6TestJSON-1959536000-project-admin] Attempt 10 to bind port 429ff7a2-17cc-49f7-8a3a-f9696b2a43ea
Mar 14 17:54:17.683741 dv-neutron-833667-1-hyperv neutron-server[110375]: INFO neutron.wsgi [None req-5a2ed005-7371-4ba9-a6b8-29d350621c36 tempest-DHCPAgentSchedulersTestJSON-5199321 tempest-DHCPAgentSchedulersTestJSON-5199321-project-admin] 10.222.0.37 "GET /v2.0/networks/67880c2d-275a-4525-b3eb-bb95186daf5c/dhcp-agents HTTP/1.1" status: 200 len: 808 time: 0.0412819
Mar 14 17:54:17.684412 dv-neutron-833667-1-hyperv neutron-server[110375]: DEBUG neutron.wsgi [-] (110375) accepted ('10.222.0.37', 37600) {{(pid=110375) server /usr/local/lib/python3.8/dist-packages/eventlet/wsgi.py:1004}}
Mar 14 17:54:17.701716 dv-neutron-833667-1-hyperv neutron-server[110376]: DEBUG neutron.plugins.ml2.managers [None req-1b95ceb7-3467-491f-90e4-34296257e246 tempest-PortsAdminExtendedAttrsIpV6TestJSON-1959536000 tempest-PortsAdminExtendedAttrsIpV6TestJSON-1959536000-project-admin] Attempting to bind port 429ff7a2-17cc-49f7-8a3a-f9696b2a43ea on host hv-neutron-8336 for vnic_type normal with profile {{(pid=110376) bind_port /opt/stack/neutron/neutron/plugins/ml2/managers.py:795}}
Mar 14 17:54:17.702133 dv-neutron-833667-1-hyperv neutron-server[110376]: DEBUG neutron.plugins.ml2.managers [None req-1b95ceb7-3467-491f-90e4-34296257e246 tempest-PortsAdminExtendedAttrsIpV6TestJSON-1959536000 tempest-PortsAdminExtendedAttrsIpV6TestJSON-1959536000-project-admin] Attempting to bind port 429ff7a2-17cc-49f7-8a3a-f9696b2a43ea by drivers openvswitch,hyperv on host hv-neutron-8336 at level 0 using segments [{'id': 'd4d19271-e05c-4d8f-8655-652c8defc072', 'network_type': 'vlan', 'physical_network': 'physnet1', 'segmentation_id': 389, 'network_id': 'ec38214e-10c7-421f-bbac-db50ad314ccf'}] {{(pid=110376) _bind_port_level /opt/stack/neutron/neutron/plugins/ml2/managers.py:820}}
Mar 14 17:54:17.702529 dv-neutron-833667-1-hyperv neutron-server[110376]: DEBUG neutron.plugins.ml2.drivers.mech_agent [None req-1b95ceb7-3467-491f-90e4-34296257e246 tempest-PortsAdminExtendedAttrsIpV6TestJSON-1959536000 tempest-PortsAdminExtendedAttrsIpV6TestJSON-1959536000-project-admin] Attempting to bind port 429ff7a2-17cc-49f7-8a3a-f9696b2a43ea on network ec38214e-10c7-421f-bbac-db50ad314ccf {{(pid=110376) bind_port /opt/stack/neutron/neutron/plugins/ml2/drivers/mech_agent.py:91}}
Mar 14 17:54:17.705938 dv-neutron-833667-1-hyperv neutron-server[110375]: DEBUG neutron_lib.callbacks.manager [None req-4d6dbc9c-36b4-4167-9027-a15506dc2b9b admin admin] Publish callbacks ['neutron.plugins.ml2.ovo_rpc._ObjectChangeHandler.handle_event-623938'] for security_group (f3b11fcd-330b-4eba-bc32-023efc6ce862), after_delete {{(pid=110375) _notify_loop /usr/local/lib/python3.8/dist-packages/neutron_lib/callbacks/manager.py:176}}
Mar 14 17:54:17.709017 dv-neutron-833667-1-hyperv neutron-server[110375]: DEBUG neutron_lib.callbacks.manager [None req-4d6dbc9c-36b4-4167-9027-a15506dc2b9b admin admin] Publish callbacks [] for security_group (None), before_response {{(pid=110375) _notify_loop /usr/local/lib/python3.8/dist-packages/neutron_lib/callbacks/manager.py:176}}
Mar 14 17:54:17.712431 dv-neutron-833667-1-hyperv neutron-server[110375]: INFO neutron.wsgi [None req-4d6dbc9c-36b4-4167-9027-a15506dc2b9b admin admin] 10.222.0.37 "DELETE /v2.0/security-groups/f3b11fcd-330b-4eba-bc32-023efc6ce862 HTTP/1.1" status: 204 len: 168 time: 0.3938088
Mar 14 17:54:17.719711 dv-neutron-833667-1-hyperv neutron-server[110376]: DEBUG neutron.notifiers.nova [None req-86b83f05-f88a-48bc-9d6b-1931cb4df142 tempest-PortsAdminExtendedAttrsTestJSON-288915457 tempest-PortsAdminExtendedAttrsTestJSON-288915457-project-admin] device_id is not set on port d0e48727-8ee7-4093-bdc2-1ac74c0d34f4 yet. {{(pid=110376) _can_notify /opt/stack/neutron/neutron/notifiers/nova.py:199}}
Mar 14 17:54:17.732604 dv-neutron-833667-1-hyperv neutron-server[110376]: DEBUG neutron.plugins.ml2.drivers.mech_agent [None req-1b95ceb7-3467-491f-90e4-34296257e246 tempest-PortsAdminExtendedAttrsIpV6TestJSON-1959536000 tempest-PortsAdminExtendedAttrsIpV6TestJSON-1959536000-project-admin] Port 429ff7a2-17cc-49f7-8a3a-f9696b2a43ea on network ec38214e-10c7-421f-bbac-db50ad314ccf not bound, no agent of type Open vSwitch agent registered on host hv-neutron-8336 {{(pid=110376) bind_port /opt/stack/neutron/neutron/plugins/ml2/drivers/mech_agent.py:103}}
Mar 14 17:54:17.732954 dv-neutron-833667-1-hyperv neutron-server[110376]: ERROR neutron.plugins.ml2.managers [None req-1b95ceb7-3467-491f-90e4-34296257e246 tempest-PortsAdminExtendedAttrsIpV6TestJSON-1959536000 tempest-PortsAdminExtendedAttrsIpV6TestJSON-1959536000-project-admin] Failed to bind port 429ff7a2-17cc-49f7-8a3a-f9696b2a43ea on host hv-neutron-8336 for vnic_type normal using segments [{'id': 'd4d19271-e05c-4d8f-8655-652c8defc072', 'network_type': 'vlan', 'physical_network': 'physnet1', 'segmentation_id': 389, 'network_id': 'ec38214e-10c7-421f-bbac-db50ad314ccf'}]
Mar 14 17:54:17.733320 dv-neutron-833667-1-hyperv neutron-server[110376]: DEBUG neutron_lib.callbacks.manager [None req-1b95ceb7-3467-491f-90e4-34296257e246 tempest-PortsAdminExtendedAttrsIpV6TestJSON-1959536000 tempest-PortsAdminExtendedAttrsIpV6TestJSON-1959536000-project-admin] Publish callbacks ['neutron.plugins.ml2.plugin.SecurityGroupDbMixin._ensure_default_security_group_handler-8070741'] for port (429ff7a2-17cc-49f7-8a3a-f9696b2a43ea), before_update {{(pid=110376) _notify_loop /usr/local/lib/python3.8/dist-packages/neutron_lib/callbacks/manager.py:176}}
Mar 14 17:54:17.750623 dv-neutron-833667-1-hyperv neutron-server[110375]: INFO neutron.wsgi [None req-8d0361af-9b66-47dc-95aa-4f1acc2e100e tempest-DHCPAgentSchedulersTestJSON-5199321 tempest-DHCPAgentSchedulersTestJSON-5199321-project-admin] 10.222.0.37 "GET /v2.0/networks/67880c2d-275a-4525-b3eb-bb95186daf5c/dhcp-agents HTTP/1.1" status: 200 len: 808 time: 0.0633566
Mar 14 17:54:17.751253 dv-neutron-833667-1-hyperv neutron-server[110375]: DEBUG neutron.wsgi [-] (110375) accepted ('10.222.0.37', 37606) {{(pid=110375) server /usr/local/lib/python3.8/dist-packages/eventlet/wsgi.py:1004}}
Mar 14 17:54:17.757948 dv-neutron-833667-1-hyperv neutron-server[110375]: DEBUG neutron.api.rpc.handlers.resources_rpc [None req-4d6dbc9c-36b4-4167-9027-a15506dc2b9b admin admin] Pushing event deleted for resources: {'SecurityGroup': ['ID=f3b11fcd-330b-4eba-bc32-023efc6ce862,revision_number=None']} {{(pid=110375) push /opt/stack/neutron/neutron/api/rpc/handlers/resources_rpc.py:237}}
Mar 14 17:54:17.776676 dv-neutron-833667-1-hyperv neutron-server[110376]: DEBUG neutron_lib.callbacks.manager [None req-86b83f05-f88a-48bc-9d6b-1931cb4df142 tempest-PortsAdminExtendedAttrsTestJSON-288915457 tempest-PortsAdminExtendedAttrsTestJSON-288915457-project-admin] Publish callbacks [] for port (d0e48727-8ee7-4093-bdc2-1ac74c0d34f4), precommit_update {{(pid=110376) _notify_loop /usr/local/lib/python3.8/dist-packages/neutron_lib/callbacks/manager.py:176}}
Mar 14 17:54:17.830333 dv-neutron-833667-1-hyperv neutron-server[110378]: DEBUG neutron_lib.callbacks.manager [None req-eb6f67af-2046-4a86-bb76-68976a2d8774 None None] Publish callbacks [] for port (44ee8359-cf36-491f-973b-47ddc1a303fc), precommit_update {{(pid=110378) _notify_loop /usr/local/lib/python3.8/dist-packages/neutron_lib/callbacks/manager.py:176}}
Mar 14 17:54:17.844905 dv-neutron-833667-1-hyperv neutron-server[110378]: DEBUG neutron_lib.callbacks.manager [None req-eb6f67af-2046-4a86-bb76-68976a2d8774 None None] Publish callbacks ['neutron.plugins.ml2.plugin.SecurityGroupServerNotifierRpcMixin._notify_sg_on_port_change-8070689', 'neutron.plugins.ml2.ovo_rpc._ObjectChangeHandler.handle_event-1015458', 'neutron.api.rpc.agentnotifiers.dhcp_rpc_agent_api.DhcpAgentNotifyAPI._native_event_send_dhcp_notification-535051', 'neutron.db.l3_db.L3RpcNotifierMixin._notify_gateway_port_ip_changed-8752375266326', 'neutron.db.l3_dvrscheduler_db._notify_l3_agent_port_update-8752374825054', 'neutron.db.l3_hascheduler_db._notify_l3_agent_ha_port_update-8752374825072'] for port (44ee8359-cf36-491f-973b-47ddc1a303fc), after_update {{(pid=110378) _notify_loop /usr/local/lib/python3.8/dist-packages/neutron_lib/callbacks/manager.py:176}}
Mar 14 17:54:17.873828 dv-neutron-833667-1-hyperv neutron-server[110376]: DEBUG neutron_lib.callbacks.manager [None req-b2c19e36-e1e1-4583-b9a8-c1cb2e0a5b8f tempest-ServersTestManualDisk-2119855956 tempest-ServersTestManualDisk-2119855956-project] Publish callbacks ['neutron.plugins.ml2.plugin.SecurityGroupDbMixin._ensure_default_security_group_handler-8070741'] for port (None), before_create {{(pid=110376) _notify_loop /usr/local/lib/python3.8/dist-packages/neutron_lib/callbacks/manager.py:176}}
Mar 14 17:54:17.969388 dv-neutron-833667-1-hyperv neutron-server[110375]: DEBUG neutron.wsgi [-] (110375) accepted ('10.222.0.37', 37618) {{(pid=110375) server /usr/local/lib/python3.8/dist-packages/eventlet/wsgi.py:1004}}
Mar 14 17:54:17.975166 dv-neutron-833667-1-hyperv neutron-server[110375]: DEBUG neutron.api.v2.base [None req-7eb8f6a8-958e-429a-a888-965d8627d3c8 tempest-ServersTestJSON-533747216 tempest-ServersTestJSON-533747216-project] Request body: {'security_group': {'name': 'tempest-securitygroup--1969864962', 'description': 'tempest-description--1954547986'}} {{(pid=110375) prepare_request_body /opt/stack/neutron/neutron/api/v2/base.py:729}}
Mar 14 17:54:18.041573 dv-neutron-833667-1-hyperv neutron-server[110375]: DEBUG neutron_lib.callbacks.manager [None req-7eb8f6a8-958e-429a-a888-965d8627d3c8 tempest-ServersTestJSON-533747216 tempest-ServersTestJSON-533747216-project] Publish callbacks [] for security_group (None), before_create {{(pid=110375) _notify_loop /usr/local/lib/python3.8/dist-packages/neutron_lib/callbacks/manager.py:176}}
Mar 14 17:54:18.051466 dv-neutron-833667-1-hyperv neutron-server[110378]: DEBUG neutron.api.rpc.handlers.resources_rpc [None req-45a42475-d196-4690-991e-0409a22b487b None None] Pushing event updated for resources: {'Port': ['ID=44ee8359-cf36-491f-973b-47ddc1a303fc,revision_number=3']} {{(pid=110378) push /opt/stack/neutron/neutron/api/rpc/handlers/resources_rpc.py:237}}
Mar 14 17:54:18.121122 dv-neutron-833667-1-hyperv neutron-server[110375]: INFO neutron.wsgi [None req-9df968f2-3d2e-4936-be6f-eb6bc22f1978 tempest-DHCPAgentSchedulersTestJSON-5199321 tempest-DHCPAgentSchedulersTestJSON-5199321-project-admin] 10.222.0.37 "GET /v2.0/agents/d5300f0e-f224-4189-b5ff-0919120e4612/dhcp-networks HTTP/1.1" status: 200 len: 7232 time: 0.3653364
Mar 14 17:54:18.121728 dv-neutron-833667-1-hyperv neutron-server[110375]: DEBUG neutron.wsgi [-] (110375) accepted ('10.222.0.37', 37622) {{(pid=110375) server /usr/local/lib/python3.8/dist-packages/eventlet/wsgi.py:1004}}
Mar 14 17:54:18.124854 dv-neutron-833667-1-hyperv neutron-server[110378]: DEBUG neutron.plugins.ml2.managers [None req-eb6f67af-2046-4a86-bb76-68976a2d8774 None None] Attempting to bind port 44ee8359-cf36-491f-973b-47ddc1a303fc on host dv-neutron-833667-1-hyperv for vnic_type normal with profile {{(pid=110378) bind_port /opt/stack/neutron/neutron/plugins/ml2/managers.py:795}}
Mar 14 17:54:18.125359 dv-neutron-833667-1-hyperv neutron-server[110378]: DEBUG neutron.plugins.ml2.managers [None req-eb6f67af-2046-4a86-bb76-68976a2d8774 None None] Attempting to bind port 44ee8359-cf36-491f-973b-47ddc1a303fc by drivers openvswitch,hyperv on host dv-neutron-833667-1-hyperv at level 0 using segments [{'id': '288e7655-2cdf-43db-a3d4-86dc394795bb', 'network_type': 'vlan', 'physical_network': 'physnet1', 'segmentation_id': 380, 'network_id': '9c9735b9-6380-4b07-a96d-04930d199c0a'}] {{(pid=110378) _bind_port_level /opt/stack/neutron/neutron/plugins/ml2/managers.py:820}}
Mar 14 17:54:18.125568 dv-neutron-833667-1-hyperv neutron-server[110378]: DEBUG neutron.plugins.ml2.drivers.mech_agent [None req-eb6f67af-2046-4a86-bb76-68976a2d8774 None None] Attempting to bind port 44ee8359-cf36-491f-973b-47ddc1a303fc on network 9c9735b9-6380-4b07-a96d-04930d199c0a {{(pid=110378) bind_port /opt/stack/neutron/neutron/plugins/ml2/drivers/mech_agent.py:91}}
Mar 14 17:54:18.132706 dv-neutron-833667-1-hyperv neutron-server[110378]: DEBUG neutron.plugins.ml2.drivers.mech_agent [None req-eb6f67af-2046-4a86-bb76-68976a2d8774 None None] Checking agent: {'id': '235ebd42-f2fa-4ca1-a577-d384a01a80ed', 'agent_type': 'Open vSwitch agent', 'binary': 'neutron-openvswitch-agent', 'topic': 'N/A', 'host': 'dv-neutron-833667-1-hyperv', 'admin_state_up': True, 'created_at': datetime.datetime(2022, 3, 14, 17, 46, 26), 'started_at': datetime.datetime(2022, 3, 14, 17, 46, 56), 'heartbeat_timestamp': datetime.datetime(2022, 3, 14, 17, 53, 56), 'description': None, 'resources_synced': None, 'availability_zone': None, 'alive': True, 'configurations': {'arp_responder_enabled': False, 'baremetal_smartnic': False, 'bridge_mappings': {'physnet1': 'br-data'}, 'datapath_type': 'system', 'devices': 0, 'enable_distributed_routing': False, 'extensions': [], 'in_distributed_mode': False, 'integration_bridge': 'br-int', 'l2_population': False, 'log_agent_heartbeats': False, 'ovs_capabilities': {'datapath_types': ['netdev', 'system'], 'iface_types': ['erspan', 'geneve', 'gre', 'internal', 'ip6erspan', 'ip6gre', 'lisp', 'patch', 'stt', 'system', 'tap', 'vxlan']}, 'ovs_hybrid_plug': False, 'resource_provider_bandwidths': {}, 'resource_provider_hypervisors': {'br-data': 'dv-neutron-833667-1-hyperv'}, 'resource_provider_inventory_defaults': {'allocation_ratio': 1.0, 'min_unit': 1, 'step_size': 1, 'reserved': 0}, 'resource_provider_packet_processing_inventory_defaults': {'allocation_ratio': 1.0, 'min_unit': 1, 'step_size': 1, 'reserved': 0}, 'resource_provider_packet_processing_with_direction': {}, 'resource_provider_packet_processing_without_direction': {}, 'tunnel_types': [], 'tunneling_ip': None, 'vhostuser_socket_dir': '/var/run/openvswitch'}, 'resource_versions': {'AddressGroup': '1.2', 'Agent': '1.1', 'ConntrackHelper': '1.0', 'LocalIPAssociation': '1.0', 'Log': '1.0', 'NDPProxy': '1.0', 'Network': '1.1', 'Port': '1.7', 'PortForwarding': '1.2', 'QosPolicy': '1.10', 'SecurityGroup': '1.5', 'SecurityGroupRule': '1.2', 'SubPort': '1.0', 'Subnet': '1.1', 'Trunk': '1.1'}} {{(pid=110378) bind_port /opt/stack/neutron/neutron/plugins/ml2/drivers/mech_agent.py:110}}
Mar 14 17:54:18.133083 dv-neutron-833667-1-hyperv neutron-server[110378]: DEBUG neutron.plugins.ml2.drivers.mech_agent [None req-eb6f67af-2046-4a86-bb76-68976a2d8774 None None] Checking segment: {'id': '288e7655-2cdf-43db-a3d4-86dc394795bb', 'network_type': 'vlan', 'physical_network': 'physnet1', 'segmentation_id': 380, 'network_id': '9c9735b9-6380-4b07-a96d-04930d199c0a'} for mappings: {'physnet1': 'br-data'} with network types: ['local', 'flat', 'vlan'] {{(pid=110378) check_segment_for_agent /opt/stack/neutron/neutron/plugins/ml2/drivers/mech_agent.py:373}}
Mar 14 17:54:18.133608 dv-neutron-833667-1-hyperv neutron-server[110378]: DEBUG neutron_lib.callbacks.manager [None req-eb6f67af-2046-4a86-bb76-68976a2d8774 None None] Publish callbacks [] for ovs_bridge_name (None), before_read {{(pid=110378) _notify_loop /usr/local/lib/python3.8/dist-packages/neutron_lib/callbacks/manager.py:176}}
Mar 14 17:54:18.134005 dv-neutron-833667-1-hyperv neutron-server[110378]: DEBUG neutron.plugins.ml2.drivers.mech_agent [None req-eb6f67af-2046-4a86-bb76-68976a2d8774 None None] Bound using segment: {'id': '288e7655-2cdf-43db-a3d4-86dc394795bb', 'network_type': 'vlan', 'physical_network': 'physnet1', 'segmentation_id': 380, 'network_id': '9c9735b9-6380-4b07-a96d-04930d199c0a'} {{(pid=110378) bind_port /opt/stack/neutron/neutron/plugins/ml2/drivers/mech_agent.py:120}}
Mar 14 17:54:18.134489 dv-neutron-833667-1-hyperv neutron-server[110378]: DEBUG neutron.plugins.ml2.managers [None req-eb6f67af-2046-4a86-bb76-68976a2d8774 None None] Bound port: 44ee8359-cf36-491f-973b-47ddc1a303fc, host: dv-neutron-833667-1-hyperv, vif_type: ovs, vif_details: {"connectivity": "l2", "port_filter": true, "ovs_hybrid_plug": false, "datapath_type": "system", "bridge_name": "br-int"}, binding_levels: [{'bound_driver': 'openvswitch', 'bound_segment': {'id': '288e7655-2cdf-43db-a3d4-86dc394795bb', 'network_type': 'vlan', 'physical_network': 'physnet1', 'segmentation_id': 380, 'network_id': '9c9735b9-6380-4b07-a96d-04930d199c0a'}}] {{(pid=110378) _bind_port_level /opt/stack/neutron/neutron/plugins/ml2/managers.py:932}}
Mar 14 17:54:18.134937 dv-neutron-833667-1-hyperv neutron-server[110378]: DEBUG neutron_lib.callbacks.manager [None req-eb6f67af-2046-4a86-bb76-68976a2d8774 None None] Publish callbacks ['neutron.plugins.ml2.plugin.SecurityGroupDbMixin._ensure_default_security_group_handler-8070741'] for port (44ee8359-cf36-491f-973b-47ddc1a303fc), before_update {{(pid=110378) _notify_loop /usr/local/lib/python3.8/dist-packages/neutron_lib/callbacks/manager.py:176}}
Mar 14 17:54:18.144039 dv-neutron-833667-1-hyperv neutron-server[110376]: DEBUG neutron_lib.callbacks.manager [None req-86b83f05-f88a-48bc-9d6b-1931cb4df142 tempest-PortsAdminExtendedAttrsTestJSON-288915457 tempest-PortsAdminExtendedAttrsTestJSON-288915457-project-admin] Publish callbacks ['neutron.plugins.ml2.plugin.SecurityGroupServerNotifierRpcMixin._notify_sg_on_port_change-8070689', 'neutron.plugins.ml2.ovo_rpc._ObjectChangeHandler.handle_event-1015458', 'neutron.api.rpc.agentnotifiers.dhcp_rpc_agent_api.DhcpAgentNotifyAPI._native_event_send_dhcp_notification-535051', 'neutron.db.l3_db.L3RpcNotifierMixin._notify_gateway_port_ip_changed-8752375266326', 'neutron.db.l3_dvrscheduler_db._notify_l3_agent_port_update-8752374825054', 'neutron.db.l3_hascheduler_db._notify_l3_agent_ha_port_update-8752374825072'] for port (d0e48727-8ee7-4093-bdc2-1ac74c0d34f4), after_update {{(pid=110376) _notify_loop /usr/local/lib/python3.8/dist-packages/neutron_lib/callbacks/manager.py:176}}
Mar 14 17:54:18.147754 dv-neutron-833667-1-hyperv neutron-server[110375]: DEBUG neutron.wsgi [-] (110375) accepted ('10.222.0.37', 37624) {{(pid=110375) server /usr/local/lib/python3.8/dist-packages/eventlet/wsgi.py:1004}}
Mar 14 17:54:18.238825 dv-neutron-833667-1-hyperv neutron-server[110375]: DEBUG neutron_lib.callbacks.manager [None req-c58170c9-d83d-42ea-8745-7244d5c91a4b tempest-DHCPAgentSchedulersTestJSON-225515551 tempest-DHCPAgentSchedulersTestJSON-225515551-project] Publish callbacks ['neutron.plugins.ml2.plugin.External_net_db_mixin._before_network_delete_handler-7922058'] for network (6f1ebdc9-a2fc-440a-8f2e-5b60318354ff), before_delete {{(pid=110375) _notify_loop /usr/local/lib/python3.8/dist-packages/neutron_lib/callbacks/manager.py:176}}
Mar 14 17:54:18.239737 dv-neutron-833667-1-hyperv neutron-server[110378]: DEBUG neutron.plugins.ml2.db [None req-eb6f67af-2046-4a86-bb76-68976a2d8774 None None] For port 44ee8359-cf36-491f-973b-47ddc1a303fc, host dv-neutron-833667-1-hyperv, cleared binding levels {{(pid=110378) clear_binding_levels /opt/stack/neutron/neutron/plugins/ml2/db.py:87}}
Mar 14 17:54:18.245631 dv-neutron-833667-1-hyperv neutron-server[110378]: DEBUG neutron.plugins.ml2.db [None req-eb6f67af-2046-4a86-bb76-68976a2d8774 None None] For port 44ee8359-cf36-491f-973b-47ddc1a303fc, host dv-neutron-833667-1-hyperv, set binding levels [PortBindingLevel(driver='openvswitch',host='dv-neutron-833667-1-hyperv',level=0,port_id=44ee8359-cf36-491f-973b-47ddc1a303fc,segment=NetworkSegment(288e7655-2cdf-43db-a3d4-86dc394795bb),segment_id=288e7655-2cdf-43db-a3d4-86dc394795bb)] {{(pid=110378) set_binding_levels /opt/stack/neutron/neutron/plugins/ml2/db.py:59}}
Mar 14 17:54:18.252422 dv-neutron-833667-1-hyperv neutron-server[110377]: DEBUG neutron.db.provisioning_blocks [None req-1458ded7-a09a-41ea-bed9-c4097b109970 None None] Provisioning complete for port 44ee8359-cf36-491f-973b-47ddc1a303fc triggered by entity DHCP. {{(pid=110377) provisioning_complete /opt/stack/neutron/neutron/db/provisioning_blocks.py:140}}
Mar 14 17:54:18.255159 dv-neutron-833667-1-hyperv neutron-server[110377]: DEBUG neutron_lib.callbacks.manager [None req-1458ded7-a09a-41ea-bed9-c4097b109970 None None] Publish callbacks ['neutron.plugins.ml2.plugin.Ml2Plugin._port_provisioned-7671463'] for port (44ee8359-cf36-491f-973b-47ddc1a303fc), provisioning_complete {{(pid=110377) _notify_loop /usr/local/lib/python3.8/dist-packages/neutron_lib/callbacks/manager.py:176}}
Mar 14 17:54:18.265377 dv-neutron-833667-1-hyperv neutron-server[110378]: DEBUG neutron_lib.callbacks.manager [None req-eb6f67af-2046-4a86-bb76-68976a2d8774 None None] Publish callbacks ['neutron.plugins.ml2.plugin.SecurityGroupServerNotifierRpcMixin._notify_sg_on_port_change-8070689', 'neutron.plugins.ml2.ovo_rpc._ObjectChangeHandler.handle_event-1015458', 'neutron.api.rpc.agentnotifiers.dhcp_rpc_agent_api.DhcpAgentNotifyAPI._native_event_send_dhcp_notification-535051', 'neutron.db.l3_db.L3RpcNotifierMixin._notify_gateway_port_ip_changed-8752375266326', 'neutron.db.l3_dvrscheduler_db._notify_l3_agent_port_update-8752374825054', 'neutron.db.l3_hascheduler_db._notify_l3_agent_ha_port_update-8752374825072'] for port (44ee8359-cf36-491f-973b-47ddc1a303fc), after_update {{(pid=110378) _notify_loop /usr/local/lib/python3.8/dist-packages/neutron_lib/callbacks/manager.py:176}}
Mar 14 17:54:18.299210 dv-neutron-833667-1-hyperv neutron-server[110376]: DEBUG neutron.db.db_base_plugin_common [None req-b2c19e36-e1e1-4583-b9a8-c1cb2e0a5b8f tempest-ServersTestManualDisk-2119855956 tempest-ServersTestManualDisk-2119855956-project] Allocated IP 172.26.4.220 (18740166-112c-41c1-8175-35fb9eb47482/5f12c328-de23-4ee7-b7b7-91e5d1e93533/afd8fac2-f3b3-4faf-929b-c143e7b09050) {{(pid=110376) _store_ip_allocation /opt/stack/neutron/neutron/db/db_base_plugin_common.py:131}}
Mar 14 17:54:18.309708 dv-neutron-833667-1-hyperv neutron-server[110375]: DEBUG neutron_lib.callbacks.manager [None req-7eb8f6a8-958e-429a-a888-965d8627d3c8 tempest-ServersTestJSON-533747216 tempest-ServersTestJSON-533747216-project] Publish callbacks [] for security_group (c3f0077e-14ce-4367-a0f5-e568f801c32e), precommit_create {{(pid=110375) _notify_loop /usr/local/lib/python3.8/dist-packages/neutron_lib/callbacks/manager.py:176}}
Mar 14 17:54:18.402980 dv-neutron-833667-1-hyperv neutron-server[110375]: DEBUG neutron_lib.callbacks.manager [None req-c58170c9-d83d-42ea-8745-7244d5c91a4b tempest-DHCPAgentSchedulersTestJSON-225515551 tempest-DHCPAgentSchedulersTestJSON-225515551-project] Publish callbacks ['neutron.plugins.ml2.plugin.Ml2Plugin._network_delete_precommit_handler-7667904', 'neutron.services.segments.db._delete_segments_for_network-8752375416513'] for network (6f1ebdc9-a2fc-440a-8f2e-5b60318354ff), precommit_delete {{(pid=110375) _notify_loop /usr/local/lib/python3.8/dist-packages/neutron_lib/callbacks/manager.py:176}}
Mar 14 17:54:18.407217 dv-neutron-833667-1-hyperv neutron-server[110376]: DEBUG neutron.api.rpc.handlers.resources_rpc [None req-86b83f05-f88a-48bc-9d6b-1931cb4df142 tempest-PortsAdminExtendedAttrsTestJSON-288915457 tempest-PortsAdminExtendedAttrsTestJSON-288915457-project-admin] Pushing event updated for resources: {'Port': ['ID=d0e48727-8ee7-4093-bdc2-1ac74c0d34f4,revision_number=2']} {{(pid=110376) push /opt/stack/neutron/neutron/api/rpc/handlers/resources_rpc.py:237}}
Mar 14 17:54:18.429472 dv-neutron-833667-1-hyperv neutron-server[110375]: DEBUG neutron_lib.callbacks.manager [None req-c58170c9-d83d-42ea-8745-7244d5c91a4b tempest-DHCPAgentSchedulersTestJSON-225515551 tempest-DHCPAgentSchedulersTestJSON-225515551-project] Subscribe: > segment before_delete 55550000 {{(pid=110375) subscribe /usr/local/lib/python3.8/dist-packages/neutron_lib/callbacks/manager.py:45}}
Mar 14 17:54:18.429996 dv-neutron-833667-1-hyperv neutron-server[110375]: DEBUG neutron_lib.callbacks.manager [None req-c58170c9-d83d-42ea-8745-7244d5c91a4b tempest-DHCPAgentSchedulersTestJSON-225515551 tempest-DHCPAgentSchedulersTestJSON-225515551-project] Subscribe: > subnet precommit_delete_associations 55550000 {{(pid=110375) subscribe /usr/local/lib/python3.8/dist-packages/neutron_lib/callbacks/manager.py:45}}
Mar 14 17:54:18.430834 dv-neutron-833667-1-hyperv neutron-server[110375]: DEBUG neutron_lib.callbacks.manager [None req-c58170c9-d83d-42ea-8745-7244d5c91a4b tempest-DHCPAgentSchedulersTestJSON-225515551 tempest-DHCPAgentSchedulersTestJSON-225515551-project] Subscribe: > segment_host_mapping after_create 55550000 {{(pid=110375) subscribe /usr/local/lib/python3.8/dist-packages/neutron_lib/callbacks/manager.py:45}}
Mar 14 17:54:18.431311 dv-neutron-833667-1-hyperv neutron-server[110375]: DEBUG neutron_lib.callbacks.manager [None req-c58170c9-d83d-42ea-8745-7244d5c91a4b tempest-DHCPAgentSchedulersTestJSON-225515551 tempest-DHCPAgentSchedulersTestJSON-225515551-project] Subscribe: > port after_create 55550000 {{(pid=110375) subscribe /usr/local/lib/python3.8/dist-packages/neutron_lib/callbacks/manager.py:45}}
