Mar 14 17:54:03.303844 dv-neutron-833667-1-hyperv neutron-server[110376]: DEBUG neutron_lib.callbacks.manager [None req-429e1fab-3c06-4900-b472-0543f4635840 tempest-DHCPAgentSchedulersTestJSON-225515551 tempest-DHCPAgentSchedulersTestJSON-225515551-project] Publish callbacks ['neutron.services.auto_allocate.db._ensure_external_network_default_value_callback-8752374844802'] for network (67880c2d-275a-4525-b3eb-bb95186daf5c), precommit_create {{(pid=110376) _notify_loop /usr/local/lib/python3.8/dist-packages/neutron_lib/callbacks/manager.py:176}}
Mar 14 17:54:03.306245 dv-neutron-833667-1-hyperv neutron-server[110376]: DEBUG neutron_lib.callbacks.manager [None req-601bccdd-166f-4b02-8f55-2b26e0d25b57 tempest-FloatingIPAdminTestJSON-374991412 tempest-FloatingIPAdminTestJSON-374991412-project] Publish callbacks [] for floatingip (None), before_create {{(pid=110376) _notify_loop /usr/local/lib/python3.8/dist-packages/neutron_lib/callbacks/manager.py:176}}
Mar 14 17:54:03.344916 dv-neutron-833667-1-hyperv neutron-server[110375]: DEBUG neutron_lib.callbacks.manager [None req-3190d03b-9312-4d68-85c9-ad4f174af00c tempest-PortsAdminExtendedAttrsIpV6TestJSON-1959536000 tempest-PortsAdminExtendedAttrsIpV6TestJSON-1959536000-project-admin] Publish callbacks [] for security_group (None), before_create {{(pid=110375) _notify_loop /usr/local/lib/python3.8/dist-packages/neutron_lib/callbacks/manager.py:176}}
Mar 14 17:54:03.355717 dv-neutron-833667-1-hyperv neutron-server[110376]: DEBUG neutron_lib.callbacks.manager [None req-ee851204-7d50-44d8-b910-80b5baf3d2e2 tempest-RoutersTestDVR-179164355 tempest-RoutersTestDVR-179164355-project-admin] Publish callbacks [] for router (61c733fa-74e8-4557-87fc-c87a919f8ab3), before_delete {{(pid=110376) _notify_loop /usr/local/lib/python3.8/dist-packages/neutron_lib/callbacks/manager.py:176}}
Mar 14 17:54:03.359053 dv-neutron-833667-1-hyperv neutron-server[110375]: WARNING neutron.services.metering.metering_plugin [None req-7d33e40f-9baf-47e2-8b41-c2ec88134599 tempest-MeteringTestJSON-319769284 tempest-MeteringTestJSON-319769284-project-admin] The use of 'remote_ip_prefix' in metering label rules is deprecated and will be removed in future releases. One should use instead the 'source_ip_prefix' and/or 'destination_ip_prefix' parameters. For more details, you can check the spec: https://review.opendev.org/#/c/744702/.
Mar 14 17:54:03.366390 dv-neutron-833667-1-hyperv neutron-server[110377]: DEBUG neutron.api.rpc.handlers.resources_rpc [None req-d7ecf84d-5254-4feb-98bd-92c885b81c41 None None] Pushing event updated for resources: {'Port': ['ID=d840e71a-fc45-4ec1-8ade-06d4643ff054,revision_number=2']} {{(pid=110377) push /opt/stack/neutron/neutron/api/rpc/handlers/resources_rpc.py:237}}
Mar 14 17:54:03.371692 dv-neutron-833667-1-hyperv neutron-server[110377]: DEBUG neutron.plugins.ml2.plugin [None req-3180b2f8-63ab-4077-a3b7-32829988fe00 None None] Current status of the port 08f03c0f-4d40-42d7-b2ef-00f11f0ea043 is: ACTIVE; New status is: ACTIVE {{(pid=110377) _update_individual_port_db_status /opt/stack/neutron/neutron/plugins/ml2/plugin.py:2256}}
Mar 14 17:54:03.472241 dv-neutron-833667-1-hyperv neutron-server[110376]: DEBUG neutron_lib.callbacks.manager [None req-55d8df86-f3bc-4bb2-9a33-b254b6539bd5 tempest-PortsAdminExtendedAttrsTestJSON-152782158 tempest-PortsAdminExtendedAttrsTestJSON-152782158-project] Publish callbacks ['neutron.services.auto_allocate.db._ensure_external_network_default_value_callback-8752374844802'] for network (57d19341-f0f1-4ec6-b5c1-f3f29baab775), precommit_create {{(pid=110376) _notify_loop /usr/local/lib/python3.8/dist-packages/neutron_lib/callbacks/manager.py:176}}
Mar 14 17:54:03.489642 dv-neutron-833667-1-hyperv neutron-server[110376]: DEBUG neutron.db.db_base_plugin_common [None req-85fba2b0-f6f4-4a28-aff6-4d13e555fa50 admin admin] Allocated IP 172.26.4.101 (18740166-112c-41c1-8175-35fb9eb47482/5f12c328-de23-4ee7-b7b7-91e5d1e93533/0f295715-b6a8-4110-a388-875473f7f833) {{(pid=110376) _store_ip_allocation /opt/stack/neutron/neutron/db/db_base_plugin_common.py:131}}
Mar 14 17:54:03.522992 dv-neutron-833667-1-hyperv neutron-server[110376]: DEBUG neutron_lib.callbacks.manager [None req-429e1fab-3c06-4900-b472-0543f4635840 tempest-DHCPAgentSchedulersTestJSON-225515551 tempest-DHCPAgentSchedulersTestJSON-225515551-project] Publish callbacks ['neutron.plugins.ml2.ovo_rpc._ObjectChangeHandler.handle_event-633086', 'neutron.api.rpc.agentnotifiers.dhcp_rpc_agent_api.DhcpAgentNotifyAPI._native_event_send_dhcp_notification-535051'] for network (67880c2d-275a-4525-b3eb-bb95186daf5c), after_create {{(pid=110376) _notify_loop /usr/local/lib/python3.8/dist-packages/neutron_lib/callbacks/manager.py:176}}
Mar 14 17:54:03.528106 dv-neutron-833667-1-hyperv neutron-server[110376]: DEBUG neutron.pecan_wsgi.hooks.policy_enforcement [None req-429e1fab-3c06-4900-b472-0543f4635840 tempest-DHCPAgentSchedulersTestJSON-225515551 tempest-DHCPAgentSchedulersTestJSON-225515551-project] Attributes excluded by policy engine: ['standard_attr_id', 'provider:network_type', 'provider:physical_network', 'provider:segmentation_id', 'vlan_transparent'] {{(pid=110376) _exclude_attributes_by_policy /opt/stack/neutron/neutron/pecan_wsgi/hooks/policy_enforcement.py:255}}
Mar 14 17:54:03.528707 dv-neutron-833667-1-hyperv neutron-server[110376]: DEBUG neutron_lib.callbacks.manager [None req-429e1fab-3c06-4900-b472-0543f4635840 tempest-DHCPAgentSchedulersTestJSON-225515551 tempest-DHCPAgentSchedulersTestJSON-225515551-project] Publish callbacks ['neutron.api.rpc.agentnotifiers.dhcp_rpc_agent_api.DhcpAgentNotifyAPI._send_dhcp_notification-535097'] for network (None), before_response {{(pid=110376) _notify_loop /usr/local/lib/python3.8/dist-packages/neutron_lib/callbacks/manager.py:176}}
Mar 14 17:54:03.533559 dv-neutron-833667-1-hyperv neutron-server[110375]: DEBUG neutron_lib.callbacks.manager [None req-7d33e40f-9baf-47e2-8b41-c2ec88134599 tempest-MeteringTestJSON-319769284 tempest-MeteringTestJSON-319769284-project-admin] Publish callbacks [] for metering_label_rule (None), before_response {{(pid=110375) _notify_loop /usr/local/lib/python3.8/dist-packages/neutron_lib/callbacks/manager.py:176}}
Mar 14 17:54:03.538182 dv-neutron-833667-1-hyperv neutron-server[110375]: INFO neutron.wsgi [None req-7d33e40f-9baf-47e2-8b41-c2ec88134599 tempest-MeteringTestJSON-319769284 tempest-MeteringTestJSON-319769284-project-admin] 10.222.0.37 "POST /v2.0/metering/metering-label-rules HTTP/1.1" status: 201 len: 466 time: 0.2721164
Mar 14 17:54:03.543891 dv-neutron-833667-1-hyperv neutron-server[110375]: DEBUG neutron.wsgi [-] (110375) accepted ('10.222.0.37', 37362) {{(pid=110375) server /usr/local/lib/python3.8/dist-packages/eventlet/wsgi.py:1004}}
Mar 14 17:54:03.574505 dv-neutron-833667-1-hyperv neutron-server[110375]: INFO neutron.wsgi [None req-6cec19d0-68ea-4b5b-9a28-e411a951d689 tempest-MeteringTestJSON-319769284 tempest-MeteringTestJSON-319769284-project-admin] 10.222.0.37 "GET /v2.0/metering/metering-label-rules?id=7ea19529-3f0e-45fc-b304-bffe95511e70 HTTP/1.1" status: 200 len: 464 time: 0.0267673
Mar 14 17:54:03.575932 dv-neutron-833667-1-hyperv neutron-server[110375]: DEBUG neutron.wsgi [-] (110375) accepted ('10.222.0.37', 37366) {{(pid=110375) server /usr/local/lib/python3.8/dist-packages/eventlet/wsgi.py:1004}}
Mar 14 17:54:03.726415 dv-neutron-833667-1-hyperv neutron-server[110375]: DEBUG neutron_lib.callbacks.manager [None req-3190d03b-9312-4d68-85c9-ad4f174af00c tempest-PortsAdminExtendedAttrsIpV6TestJSON-1959536000 tempest-PortsAdminExtendedAttrsIpV6TestJSON-1959536000-project-admin] Publish callbacks [] for security_group (75e6d64d-6eb3-410f-afa0-15ef64f2f243), precommit_create {{(pid=110375) _notify_loop /usr/local/lib/python3.8/dist-packages/neutron_lib/callbacks/manager.py:176}}
Mar 14 17:54:03.736412 dv-neutron-833667-1-hyperv neutron-server[110375]: DEBUG neutron_lib.callbacks.manager [None req-3190d03b-9312-4d68-85c9-ad4f174af00c tempest-PortsAdminExtendedAttrsIpV6TestJSON-1959536000 tempest-PortsAdminExtendedAttrsIpV6TestJSON-1959536000-project-admin] Publish callbacks ['neutron.plugins.ml2.ovo_rpc._ObjectChangeHandler.handle_event-623938'] for security_group (75e6d64d-6eb3-410f-afa0-15ef64f2f243), after_create {{(pid=110375) _notify_loop /usr/local/lib/python3.8/dist-packages/neutron_lib/callbacks/manager.py:176}}
Mar 14 17:54:03.775184 dv-neutron-833667-1-hyperv neutron-server[110375]: DEBUG neutron.notifiers.nova [None req-3190d03b-9312-4d68-85c9-ad4f174af00c tempest-PortsAdminExtendedAttrsIpV6TestJSON-1959536000 tempest-PortsAdminExtendedAttrsIpV6TestJSON-1959536000-project-admin] device_id is not set on port 03d76d45-cc46-4042-bd1d-f48f9c7108bf yet. {{(pid=110375) _can_notify /opt/stack/neutron/neutron/notifiers/nova.py:199}}
Mar 14 17:54:03.776355 dv-neutron-833667-1-hyperv neutron-server[110376]: DEBUG neutron_lib.callbacks.manager [None req-55d8df86-f3bc-4bb2-9a33-b254b6539bd5 tempest-PortsAdminExtendedAttrsTestJSON-152782158 tempest-PortsAdminExtendedAttrsTestJSON-152782158-project] Publish callbacks ['neutron.plugins.ml2.ovo_rpc._ObjectChangeHandler.handle_event-633086', 'neutron.api.rpc.agentnotifiers.dhcp_rpc_agent_api.DhcpAgentNotifyAPI._native_event_send_dhcp_notification-535051'] for network (57d19341-f0f1-4ec6-b5c1-f3f29baab775), after_create {{(pid=110376) _notify_loop /usr/local/lib/python3.8/dist-packages/neutron_lib/callbacks/manager.py:176}}
Mar 14 17:54:03.781370 dv-neutron-833667-1-hyperv neutron-server[110376]: DEBUG neutron.pecan_wsgi.hooks.policy_enforcement [None req-55d8df86-f3bc-4bb2-9a33-b254b6539bd5 tempest-PortsAdminExtendedAttrsTestJSON-152782158 tempest-PortsAdminExtendedAttrsTestJSON-152782158-project] Attributes excluded by policy engine: ['standard_attr_id', 'provider:network_type', 'provider:physical_network', 'provider:segmentation_id', 'vlan_transparent'] {{(pid=110376) _exclude_attributes_by_policy /opt/stack/neutron/neutron/pecan_wsgi/hooks/policy_enforcement.py:255}}
Mar 14 17:54:03.781941 dv-neutron-833667-1-hyperv neutron-server[110376]: DEBUG neutron_lib.callbacks.manager [None req-55d8df86-f3bc-4bb2-9a33-b254b6539bd5 tempest-PortsAdminExtendedAttrsTestJSON-152782158 tempest-PortsAdminExtendedAttrsTestJSON-152782158-project] Publish callbacks ['neutron.api.rpc.agentnotifiers.dhcp_rpc_agent_api.DhcpAgentNotifyAPI._send_dhcp_notification-535097'] for network (None), before_response {{(pid=110376) _notify_loop /usr/local/lib/python3.8/dist-packages/neutron_lib/callbacks/manager.py:176}}
Mar 14 17:54:03.784363 dv-neutron-833667-1-hyperv neutron-server[110375]: DEBUG neutron_lib.callbacks.manager [None req-d2765a96-3956-4c74-bb1b-45bfa52cc82b tempest-MeteringTestJSON-319769284 tempest-MeteringTestJSON-319769284-project-admin] Publish callbacks [] for metering_label_rule (None), before_response {{(pid=110375) _notify_loop /usr/local/lib/python3.8/dist-packages/neutron_lib/callbacks/manager.py:176}}
Mar 14 17:54:03.788219 dv-neutron-833667-1-hyperv neutron-server[110375]: INFO neutron.wsgi [None req-d2765a96-3956-4c74-bb1b-45bfa52cc82b tempest-MeteringTestJSON-319769284 tempest-MeteringTestJSON-319769284-project-admin] 10.222.0.37 "DELETE /v2.0/metering/metering-label-rules/7ea19529-3f0e-45fc-b304-bffe95511e70 HTTP/1.1" status: 204 len: 168 time: 0.2092352
Mar 14 17:54:03.788339 dv-neutron-833667-1-hyperv neutron-server[110376]: INFO neutron.wsgi [None req-429e1fab-3c06-4900-b472-0543f4635840 tempest-DHCPAgentSchedulersTestJSON-225515551 tempest-DHCPAgentSchedulersTestJSON-225515551-project] 10.222.0.37 "POST /v2.0/networks HTTP/1.1" status: 201 len: 794 time: 2.4609518
Mar 14 17:54:03.789572 dv-neutron-833667-1-hyperv neutron-server[110375]: DEBUG neutron.wsgi [-] (110375) accepted ('10.222.0.37', 37370) {{(pid=110375) server /usr/local/lib/python3.8/dist-packages/eventlet/wsgi.py:1004}}
Mar 14 17:54:03.790168 dv-neutron-833667-1-hyperv neutron-server[110375]: DEBUG neutron.wsgi [-] (110375) accepted ('10.222.0.37', 37372) {{(pid=110375) server /usr/local/lib/python3.8/dist-packages/eventlet/wsgi.py:1004}}
Mar 14 17:54:03.824356 dv-neutron-833667-1-hyperv neutron-server[110376]: DEBUG neutron_lib.callbacks.manager [None req-ee851204-7d50-44d8-b910-80b5baf3d2e2 tempest-RoutersTestDVR-179164355 tempest-RoutersTestDVR-179164355-project-admin] Publish callbacks ['neutron.services.l3_router.l3_router_plugin.L3_HA_NAT_db_mixin._release_router_vr_id-636117', 'neutron.services.l3_router.service_providers.driver_controller.DriverController._clear_router_provider-11484'] for router (61c733fa-74e8-4557-87fc-c87a919f8ab3), precommit_delete {{(pid=110376) _notify_loop /usr/local/lib/python3.8/dist-packages/neutron_lib/callbacks/manager.py:176}}
Mar 14 17:54:03.834007 dv-neutron-833667-1-hyperv neutron-server[110376]: DEBUG neutron.api.rpc.handlers.resources_rpc [None req-429e1fab-3c06-4900-b472-0543f4635840 tempest-DHCPAgentSchedulersTestJSON-225515551 tempest-DHCPAgentSchedulersTestJSON-225515551-project] Pushing event updated for resources: {'Network': ['ID=67880c2d-275a-4525-b3eb-bb95186daf5c,revision_number=1']} {{(pid=110376) push /opt/stack/neutron/neutron/api/rpc/handlers/resources_rpc.py:237}}
Mar 14 17:54:03.838733 dv-neutron-833667-1-hyperv neutron-server[110376]: DEBUG neutron_lib.callbacks.manager [None req-ee851204-7d50-44d8-b910-80b5baf3d2e2 tempest-RoutersTestDVR-179164355 tempest-RoutersTestDVR-179164355-project-admin] Publish callbacks [] for router_controller (61c733fa-74e8-4557-87fc-c87a919f8ab3), precommit_delete_associations {{(pid=110376) _notify_loop /usr/local/lib/python3.8/dist-packages/neutron_lib/callbacks/manager.py:176}}
Mar 14 17:54:03.846476 dv-neutron-833667-1-hyperv neutron-server[110377]: DEBUG neutron.plugins.ml2.rpc [None req-3180b2f8-63ab-4077-a3b7-32829988fe00 None None] Network 67880c2d-275a-4525-b3eb-bb95186daf5c details requested by agent ovs-agent-dv-neutron-833667-1-hyperv with host dv-neutron-833667-1-hyperv {{(pid=110377) get_network_details /opt/stack/neutron/neutron/plugins/ml2/rpc.py:248}}
Mar 14 17:54:03.846680 dv-neutron-833667-1-hyperv neutron-server[110375]: DEBUG neutron.api.v2.base [None req-4b0c71b1-0b40-4290-9cbb-affe8dc375c4 tempest-DHCPAgentSchedulersTestJSON-225515551 tempest-DHCPAgentSchedulersTestJSON-225515551-project] Request body: {'subnet': {'network_id': '67880c2d-275a-4525-b3eb-bb95186daf5c', 'cidr': '172.20.0.0/28', 'ip_version': 4, 'gateway_ip': '172.20.0.1'}} {{(pid=110375) prepare_request_body /opt/stack/neutron/neutron/api/v2/base.py:729}}
Mar 14 17:54:03.853483 dv-neutron-833667-1-hyperv neutron-server[110376]: INFO neutron.wsgi [None req-55d8df86-f3bc-4bb2-9a33-b254b6539bd5 tempest-PortsAdminExtendedAttrsTestJSON-152782158 tempest-PortsAdminExtendedAttrsTestJSON-152782158-project] 10.222.0.37 "POST /v2.0/networks HTTP/1.1" status: 201 len: 799 time: 2.3540428
Mar 14 17:54:04.017967 dv-neutron-833667-1-hyperv neutron-server[110376]: DEBUG neutron_lib.callbacks.manager [None req-ee851204-7d50-44d8-b910-80b5baf3d2e2 tempest-RoutersTestDVR-179164355 tempest-RoutersTestDVR-179164355-project-admin] Publish callbacks ['neutron.services.l3_router.l3_router_plugin.L3_HA_NAT_db_mixin._cleanup_ha_network_handler-636076'] for router (61c733fa-74e8-4557-87fc-c87a919f8ab3), after_delete {{(pid=110376) _notify_loop /usr/local/lib/python3.8/dist-packages/neutron_lib/callbacks/manager.py:176}}
Mar 14 17:54:04.018489 dv-neutron-833667-1-hyperv neutron-server[110376]: DEBUG neutron.api.rpc.agentnotifiers.l3_rpc_agent_api [None req-ee851204-7d50-44d8-b910-80b5baf3d2e2 tempest-RoutersTestDVR-179164355 tempest-RoutersTestDVR-179164355-project-admin] Fanout notify agent at l3_agent the message router_deleted on router 61c733fa-74e8-4557-87fc-c87a919f8ab3 {{(pid=110376) _notification_fanout /opt/stack/neutron/neutron/api/rpc/agentnotifiers/l3_rpc_agent_api.py:114}}
Mar 14 17:54:04.033933 dv-neutron-833667-1-hyperv neutron-server[110376]: DEBUG neutron.api.rpc.handlers.resources_rpc [None req-55d8df86-f3bc-4bb2-9a33-b254b6539bd5 tempest-PortsAdminExtendedAttrsTestJSON-152782158 tempest-PortsAdminExtendedAttrsTestJSON-152782158-project] Pushing event updated for resources: {'Network': ['ID=57d19341-f0f1-4ec6-b5c1-f3f29baab775,revision_number=1']} {{(pid=110376) push /opt/stack/neutron/neutron/api/rpc/handlers/resources_rpc.py:237}}
Mar 14 17:54:04.048466 dv-neutron-833667-1-hyperv neutron-server[110376]: DEBUG neutron_lib.callbacks.manager [None req-ee851204-7d50-44d8-b910-80b5baf3d2e2 tempest-RoutersTestDVR-179164355 tempest-RoutersTestDVR-179164355-project-admin] Publish callbacks [] for router (None), before_response {{(pid=110376) _notify_loop /usr/local/lib/python3.8/dist-packages/neutron_lib/callbacks/manager.py:176}}
Mar 14 17:54:04.049608 dv-neutron-833667-1-hyperv neutron-server[110376]: INFO neutron.wsgi [None req-ee851204-7d50-44d8-b910-80b5baf3d2e2 tempest-RoutersTestDVR-179164355 tempest-RoutersTestDVR-179164355-project-admin] 10.222.0.37 "DELETE /v2.0/routers/61c733fa-74e8-4557-87fc-c87a919f8ab3 HTTP/1.1" status: 204 len: 168 time: 0.9624317
Mar 14 17:54:04.053911 dv-neutron-833667-1-hyperv neutron-server[110376]: DEBUG neutron.wsgi [-] (110376) accepted ('10.222.0.37', 37390) {{(pid=110376) server /usr/local/lib/python3.8/dist-packages/eventlet/wsgi.py:1004}}
Mar 14 17:54:04.057250 dv-neutron-833667-1-hyperv neutron-server[110376]: DEBUG neutron_lib.callbacks.manager [None req-85fba2b0-f6f4-4a28-aff6-4d13e555fa50 admin admin] Publish callbacks [] for port (0f295715-b6a8-4110-a388-875473f7f833), precommit_create {{(pid=110376) _notify_loop /usr/local/lib/python3.8/dist-packages/neutron_lib/callbacks/manager.py:176}}
Mar 14 17:54:04.069128 dv-neutron-833667-1-hyperv neutron-server[110376]: DEBUG neutron.api.v2.base [None req-44c8c2e9-d2ad-4fac-b322-bcca113f0fb5 tempest-RoutersTestDVR-179164355 tempest-RoutersTestDVR-179164355-project-admin] Request body: {'router': {'name': 'tempest-router-1608458630', 'distributed': False}} {{(pid=110376) prepare_request_body /opt/stack/neutron/neutron/api/v2/base.py:729}}
Mar 14 17:54:04.075331 dv-neutron-833667-1-hyperv neutron-server[110375]: INFO neutron.wsgi [None req-6a3caf8c-bd83-48f5-a635-a0cffe35ffd2 tempest-MeteringTestJSON-319769284 tempest-MeteringTestJSON-319769284-project-admin] 10.222.0.37 "GET /v2.0/metering/metering-label-rules?id=7ea19529-3f0e-45fc-b304-bffe95511e70 HTTP/1.1" status: 200 len: 221 time: 0.2824683
Mar 14 17:54:04.076840 dv-neutron-833667-1-hyperv neutron-server[110376]: DEBUG neutron.wsgi [-] (110376) accepted ('10.222.0.37', 37392) {{(pid=110376) server /usr/local/lib/python3.8/dist-packages/eventlet/wsgi.py:1004}}
Mar 14 17:54:04.081963 dv-neutron-833667-1-hyperv neutron-server[110376]: DEBUG neutron.api.v2.base [None req-e2284f43-6ba3-4443-a609-e0fedae0a8c6 tempest-MeteringTestJSON-319769284 tempest-MeteringTestJSON-319769284-project-admin] Request body: {'metering_label': {'name': 'tempest-metering-label--1905322811', 'description': 'label created by tempest'}} {{(pid=110376) prepare_request_body /opt/stack/neutron/neutron/api/v2/base.py:729}}
Mar 14 17:54:04.082561 dv-neutron-833667-1-hyperv neutron-server[110376]: DEBUG neutron.api.v2.base [None req-e2284f43-6ba3-4443-a609-e0fedae0a8c6 tempest-MeteringTestJSON-319769284 tempest-MeteringTestJSON-319769284-project-admin] Unknown quota resources ['metering_label']. {{(pid=110376) _create /opt/stack/neutron/neutron/api/v2/base.py:496}}
Mar 14 17:54:04.123977 dv-neutron-833667-1-hyperv neutron-server[110377]: DEBUG neutron.plugins.ml2.rpc [None req-3180b2f8-63ab-4077-a3b7-32829988fe00 None None] Network 57d19341-f0f1-4ec6-b5c1-f3f29baab775 details requested by agent ovs-agent-dv-neutron-833667-1-hyperv with host dv-neutron-833667-1-hyperv {{(pid=110377) get_network_details /opt/stack/neutron/neutron/plugins/ml2/rpc.py:248}}
Mar 14 17:54:04.212249 dv-neutron-833667-1-hyperv neutron-server[110375]: DEBUG neutron.api.rpc.handlers.resources_rpc [None req-3190d03b-9312-4d68-85c9-ad4f174af00c tempest-PortsAdminExtendedAttrsIpV6TestJSON-1959536000 tempest-PortsAdminExtendedAttrsIpV6TestJSON-1959536000-project-admin] Pushing event updated for resources: {'SecurityGroup': ['ID=75e6d64d-6eb3-410f-afa0-15ef64f2f243,revision_number=1']} {{(pid=110375) push /opt/stack/neutron/neutron/api/rpc/handlers/resources_rpc.py:237}}
Mar 14 17:54:04.221881 dv-neutron-833667-1-hyperv neutron-server[110376]: DEBUG neutron_lib.callbacks.manager [None req-601bccdd-166f-4b02-8f55-2b26e0d25b57 tempest-FloatingIPAdminTestJSON-374991412 tempest-FloatingIPAdminTestJSON-374991412-project] Publish callbacks ['neutron.plugins.ml2.plugin.SecurityGroupDbMixin._ensure_default_security_group_handler-8070741'] for port (None), before_create {{(pid=110376) _notify_loop /usr/local/lib/python3.8/dist-packages/neutron_lib/callbacks/manager.py:176}}
Mar 14 17:54:04.272812 dv-neutron-833667-1-hyperv neutron-server[110376]: DEBUG neutron_lib.callbacks.manager [None req-44c8c2e9-d2ad-4fac-b322-bcca113f0fb5 tempest-RoutersTestDVR-179164355 tempest-RoutersTestDVR-179164355-project-admin] Publish callbacks ['neutron.services.l3_router.l3_router_plugin.L3_HA_NAT_db_mixin._before_router_create_handler-636027', 'neutron.services.l3_router.service_providers.driver_controller.DriverController._check_router_request-11310'] for router (b13a9b07-7acf-4cf8-9c04-c536de7b86f2), before_create {{(pid=110376) _notify_loop /usr/local/lib/python3.8/dist-packages/neutron_lib/callbacks/manager.py:176}}
Mar 14 17:54:04.273827 dv-neutron-833667-1-hyperv neutron-server[110376]: DEBUG neutron_lib.callbacks.manager [None req-44c8c2e9-d2ad-4fac-b322-bcca113f0fb5 tempest-RoutersTestDVR-179164355 tempest-RoutersTestDVR-179164355-project-admin] Publish callbacks ['neutron.services.l3_router.l3_router_plugin.L3_HA_NAT_db_mixin._precommit_router_create-636143', 'neutron.services.l3_router.l3_router_plugin.DVRResourceOperationHandler._set_distributed_flag-410033', 'neutron.services.l3_router.l3_router_plugin.RouterAvailabilityZoneMixin._process_az_request-625976', 'neutron.services.l3_router.service_providers.driver_controller.DriverController._set_router_provider-11303'] for router (b13a9b07-7acf-4cf8-9c04-c536de7b86f2), precommit_create {{(pid=110376) _notify_loop /usr/local/lib/python3.8/dist-packages/neutron_lib/callbacks/manager.py:176}}
Mar 14 17:54:04.487247 dv-neutron-833667-1-hyperv neutron-server[110375]: DEBUG neutron_lib.callbacks.manager [None req-a9fde619-14d8-41ed-a5f0-6db5fa263783 admin admin] Publish callbacks ['neutron.plugins.ml2.plugin.SecurityGroupDbMixin._ensure_default_security_group_handler-8070741'] for port (None), before_create {{(pid=110375) _notify_loop /usr/local/lib/python3.8/dist-packages/neutron_lib/callbacks/manager.py:176}}
Mar 14 17:54:04.489230 dv-neutron-833667-1-hyperv neutron-server[110375]: DEBUG neutron.wsgi [-] (110375) accepted ('10.222.0.37', 37394) {{(pid=110375) server /usr/local/lib/python3.8/dist-packages/eventlet/wsgi.py:1004}}
Mar 14 17:54:04.502248 dv-neutron-833667-1-hyperv neutron-server[110375]: DEBUG neutron.api.v2.base [None req-5d2c4603-c49c-464a-8b6d-c03d1e982eb1 tempest-PortsAdminExtendedAttrsTestJSON-288915457 tempest-PortsAdminExtendedAttrsTestJSON-288915457-project-admin] Request body: {'port': {'network_id': '57d19341-f0f1-4ec6-b5c1-f3f29baab775', 'binding:host_id': 'hv-neutron-8336', 'name': 'tempest-PortsAdminExtendedAttrsTestJSON-1435121739'}} {{(pid=110375) prepare_request_body /opt/stack/neutron/neutron/api/v2/base.py:729}}
Mar 14 17:54:04.543628 dv-neutron-833667-1-hyperv neutron-server[110376]: DEBUG neutron_lib.callbacks.manager [None req-85fba2b0-f6f4-4a28-aff6-4d13e555fa50 admin admin] Publish callbacks ['neutron.plugins.ml2.plugin.SecurityGroupServerNotifierRpcMixin._notify_sg_on_port_change-8070689', 'neutron.plugins.ml2.ovo_rpc._ObjectChangeHandler.handle_event-1015458', 'neutron.api.rpc.agentnotifiers.dhcp_rpc_agent_api.DhcpAgentNotifyAPI._native_event_send_dhcp_notification-535051', 'neutron.db.l3_dvrscheduler_db._notify_l3_agent_new_port-8752374825036'] for port (0f295715-b6a8-4110-a388-875473f7f833), after_create {{(pid=110376) _notify_loop /usr/local/lib/python3.8/dist-packages/neutron_lib/callbacks/manager.py:176}}
Mar 14 17:54:04.553862 dv-neutron-833667-1-hyperv neutron-server[110375]: DEBUG neutron.notifiers.nova [None req-3190d03b-9312-4d68-85c9-ad4f174af00c tempest-PortsAdminExtendedAttrsIpV6TestJSON-1959536000 tempest-PortsAdminExtendedAttrsIpV6TestJSON-1959536000-project-admin] device_id is not set on port 03d76d45-cc46-4042-bd1d-f48f9c7108bf yet. {{(pid=110375) _can_notify /opt/stack/neutron/neutron/notifiers/nova.py:199}}
Mar 14 17:54:04.554630 dv-neutron-833667-1-hyperv neutron-server[110377]: DEBUG neutron.api.rpc.handlers.dhcp_rpc [None req-0c5fbe11-5453-4651-a9de-9cf399872336 None None] Network 9c9735b9-6380-4b07-a96d-04930d199c0a requested from dv-neutron-833667-1-hyperv {{(pid=110377) get_network_info /opt/stack/neutron/neutron/api/rpc/handlers/dhcp_rpc.py:191}}
Mar 14 17:54:04.569878 dv-neutron-833667-1-hyperv neutron-server[110375]: DEBUG neutron_lib.callbacks.manager [None req-3190d03b-9312-4d68-85c9-ad4f174af00c tempest-PortsAdminExtendedAttrsIpV6TestJSON-1959536000 tempest-PortsAdminExtendedAttrsIpV6TestJSON-1959536000-project-admin] Publish callbacks [] for port (03d76d45-cc46-4042-bd1d-f48f9c7108bf), precommit_create {{(pid=110375) _notify_loop /usr/local/lib/python3.8/dist-packages/neutron_lib/callbacks/manager.py:176}}
Mar 14 17:54:04.574976 dv-neutron-833667-1-hyperv neutron-server[110375]: DEBUG neutron.pecan_wsgi.hooks.quota_enforcement [None req-4b0c71b1-0b40-4290-9cbb-affe8dc375c4 tempest-DHCPAgentSchedulersTestJSON-225515551 tempest-DHCPAgentSchedulersTestJSON-225515551-project] Made reservation on behalf of 210d61c8aa7045e086bdff5974947d1c for: {'subnet': 1} {{(pid=110375) before /opt/stack/neutron/neutron/pecan_wsgi/hooks/quota_enforcement.py:53}}
Mar 14 17:54:04.578660 dv-neutron-833667-1-hyperv neutron-server[110375]: DEBUG neutron_lib.callbacks.manager [None req-4b0c71b1-0b40-4290-9cbb-affe8dc375c4 tempest-DHCPAgentSchedulersTestJSON-225515551 tempest-DHCPAgentSchedulersTestJSON-225515551-project] Publish callbacks [] for subnet (None), before_create {{(pid=110375) _notify_loop /usr/local/lib/python3.8/dist-packages/neutron_lib/callbacks/manager.py:176}}
Mar 14 17:54:04.609465 dv-neutron-833667-1-hyperv neutron-server[110375]: DEBUG neutron_lib.callbacks.manager [None req-3190d03b-9312-4d68-85c9-ad4f174af00c tempest-PortsAdminExtendedAttrsIpV6TestJSON-1959536000 tempest-PortsAdminExtendedAttrsIpV6TestJSON-1959536000-project-admin] Publish callbacks ['neutron.plugins.ml2.plugin.SecurityGroupServerNotifierRpcMixin._notify_sg_on_port_change-8070689', 'neutron.plugins.ml2.ovo_rpc._ObjectChangeHandler.handle_event-1015458', 'neutron.api.rpc.agentnotifiers.dhcp_rpc_agent_api.DhcpAgentNotifyAPI._native_event_send_dhcp_notification-535051', 'neutron.db.l3_dvrscheduler_db._notify_l3_agent_new_port-8752374825036'] for port (03d76d45-cc46-4042-bd1d-f48f9c7108bf), after_create {{(pid=110375) _notify_loop /usr/local/lib/python3.8/dist-packages/neutron_lib/callbacks/manager.py:176}}
Mar 14 17:54:04.622607 dv-neutron-833667-1-hyperv neutron-server[110375]: DEBUG neutron.pecan_wsgi.hooks.quota_enforcement [None req-5d2c4603-c49c-464a-8b6d-c03d1e982eb1 tempest-PortsAdminExtendedAttrsTestJSON-288915457 tempest-PortsAdminExtendedAttrsTestJSON-288915457-project-admin] Made reservation on behalf of a38a6b5b1a654d1d859982c92b771af2 for: {'port': 1} {{(pid=110375) before /opt/stack/neutron/neutron/pecan_wsgi/hooks/quota_enforcement.py:53}}
Mar 14 17:54:04.624837 dv-neutron-833667-1-hyperv neutron-server[110375]: DEBUG neutron_lib.callbacks.manager [None req-5d2c4603-c49c-464a-8b6d-c03d1e982eb1 tempest-PortsAdminExtendedAttrsTestJSON-288915457 tempest-PortsAdminExtendedAttrsTestJSON-288915457-project-admin] Publish callbacks ['neutron.plugins.ml2.plugin.SecurityGroupDbMixin._ensure_default_security_group_handler-8070741'] for port (None), before_create {{(pid=110375) _notify_loop /usr/local/lib/python3.8/dist-packages/neutron_lib/callbacks/manager.py:176}}
Mar 14 17:54:04.655087 dv-neutron-833667-1-hyperv neutron-server[110376]: DEBUG neutron_lib.callbacks.manager [None req-e2284f43-6ba3-4443-a609-e0fedae0a8c6 tempest-MeteringTestJSON-319769284 tempest-MeteringTestJSON-319769284-project-admin] Publish callbacks [] for metering_label (None), before_response {{(pid=110376) _notify_loop /usr/local/lib/python3.8/dist-packages/neutron_lib/callbacks/manager.py:176}}
Mar 14 17:54:04.656519 dv-neutron-833667-1-hyperv neutron-server[110376]: INFO neutron.wsgi [None req-e2284f43-6ba3-4443-a609-e0fedae0a8c6 tempest-MeteringTestJSON-319769284 tempest-MeteringTestJSON-319769284-project-admin] 10.222.0.37 "POST /v2.0/metering/metering-labels HTTP/1.1" status: 201 len: 470 time: 0.5796244
Mar 14 17:54:04.663811 dv-neutron-833667-1-hyperv neutron-server[110377]: DEBUG neutron.db.provisioning_blocks [None req-17f479fb-1d62-4197-84a8-2ec99f8eeae4 None None] Provisioning complete for port d840e71a-fc45-4ec1-8ade-06d4643ff054 triggered by entity DHCP. {{(pid=110377) provisioning_complete /opt/stack/neutron/neutron/db/provisioning_blocks.py:140}}
Mar 14 17:54:04.664184 dv-neutron-833667-1-hyperv neutron-server[110376]: DEBUG neutron_lib.callbacks.manager [None req-44c8c2e9-d2ad-4fac-b322-bcca113f0fb5 tempest-RoutersTestDVR-179164355 tempest-RoutersTestDVR-179164355-project-admin] Publish callbacks [] for router_controller (b13a9b07-7acf-4cf8-9c04-c536de7b86f2), precommit_add_association {{(pid=110376) _notify_loop /usr/local/lib/python3.8/dist-packages/neutron_lib/callbacks/manager.py:176}}
Mar 14 17:54:04.664914 dv-neutron-833667-1-hyperv neutron-server[110376]: DEBUG neutron.wsgi [-] (110376) accepted ('10.222.0.37', 37396) {{(pid=110376) server /usr/local/lib/python3.8/dist-packages/eventlet/wsgi.py:1004}}
Mar 14 17:54:04.665404 dv-neutron-833667-1-hyperv neutron-server[110377]: DEBUG neutron_lib.callbacks.manager [None req-17f479fb-1d62-4197-84a8-2ec99f8eeae4 None None] Publish callbacks ['neutron.plugins.ml2.plugin.Ml2Plugin._port_provisioned-7671463'] for port (d840e71a-fc45-4ec1-8ade-06d4643ff054), provisioning_complete {{(pid=110377) _notify_loop /usr/local/lib/python3.8/dist-packages/neutron_lib/callbacks/manager.py:176}}
Mar 14 17:54:04.668455 dv-neutron-833667-1-hyperv neutron-server[110376]: DEBUG neutron.scheduler.dhcp_agent_scheduler [None req-85fba2b0-f6f4-4a28-aff6-4d13e555fa50 admin admin] Network 18740166-112c-41c1-8175-35fb9eb47482 is already hosted by enough agents. {{(pid=110376) _get_dhcp_agents_hosting_network /opt/stack/neutron/neutron/scheduler/dhcp_agent_scheduler.py:275}}
Mar 14 17:54:04.680000 dv-neutron-833667-1-hyperv neutron-server[110376]: DEBUG neutron.scheduler.base_scheduler [None req-85fba2b0-f6f4-4a28-aff6-4d13e555fa50 admin admin] Resources bound (agent type, host, resource id): {{(pid=110376) schedule /opt/stack/neutron/neutron/scheduler/base_scheduler.py:57}}
Mar 14 17:54:04.737585 dv-neutron-833667-1-hyperv neutron-server[110375]: DEBUG neutron_lib.callbacks.manager [None req-5d2c4603-c49c-464a-8b6d-c03d1e982eb1 tempest-PortsAdminExtendedAttrsTestJSON-288915457 tempest-PortsAdminExtendedAttrsTestJSON-288915457-project-admin] Publish callbacks [] for security_group (None), before_create {{(pid=110375) _notify_loop /usr/local/lib/python3.8/dist-packages/neutron_lib/callbacks/manager.py:176}}
Mar 14 17:54:04.745119 dv-neutron-833667-1-hyperv neutron-server[110375]: DEBUG neutron.plugins.ml2.drivers.mech_agent [None req-3190d03b-9312-4d68-85c9-ad4f174af00c tempest-PortsAdminExtendedAttrsIpV6TestJSON-1959536000 tempest-PortsAdminExtendedAttrsIpV6TestJSON-1959536000-project-admin] Checking segment: {'id': 'd4d19271-e05c-4d8f-8655-652c8defc072', 'network_type': 'vlan', 'physical_network': 'physnet1', 'segmentation_id': 389, 'network_id': 'ec38214e-10c7-421f-bbac-db50ad314ccf'} for mappings: {'physnet1': 'br-data'} with network types: ['local', 'flat', 'vlan'] {{(pid=110375) check_segment_for_agent /opt/stack/neutron/neutron/plugins/ml2/drivers/mech_agent.py:373}}
Mar 14 17:54:04.745472 dv-neutron-833667-1-hyperv neutron-server[110375]: DEBUG neutron.scheduler.dhcp_agent_scheduler [None req-3190d03b-9312-4d68-85c9-ad4f174af00c tempest-PortsAdminExtendedAttrsIpV6TestJSON-1959536000 tempest-PortsAdminExtendedAttrsIpV6TestJSON-1959536000-project-admin] Network hostable DHCP agents. Network: ec38214e-10c7-421f-bbac-db50ad314ccf, hostable agents: ['d5300f0e-f224-4189-b5ff-0919120e4612'], hosted agents: [] {{(pid=110375) _get_network_hostable_dhcp_agents /opt/stack/neutron/neutron/scheduler/dhcp_agent_scheduler.py:329}}
Mar 14 17:54:04.746441 dv-neutron-833667-1-hyperv neutron-server[110376]: DEBUG neutron.db.l3_dvrscheduler_db [None req-85fba2b0-f6f4-4a28-aff6-4d13e555fa50 admin admin] Received port after_create {{(pid=110376) _notify_l3_agent_new_port /opt/stack/neutron/neutron/db/l3_dvrscheduler_db.py:536}}
Mar 14 17:54:04.748462 dv-neutron-833667-1-hyperv neutron-server[110378]: DEBUG neutron_lib.callbacks.manager [None req-7c0c7414-1fa8-496a-b09e-26fe095cf61e None None] Publish callbacks [] for port (da974806-e591-472f-adbe-1e2138a0343e), precommit_update {{(pid=110378) _notify_loop /usr/local/lib/python3.8/dist-packages/neutron_lib/callbacks/manager.py:176}}
Mar 14 17:54:04.749091 dv-neutron-833667-1-hyperv neutron-server[110376]: DEBUG neutron.api.rpc.handlers.resources_rpc [None req-85fba2b0-f6f4-4a28-aff6-4d13e555fa50 admin admin] Pushing event updated for resources: {'Port': ['ID=0f295715-b6a8-4110-a388-875473f7f833,revision_number=1']} {{(pid=110376) push /opt/stack/neutron/neutron/api/rpc/handlers/resources_rpc.py:237}}
Mar 14 17:54:04.751084 dv-neutron-833667-1-hyperv neutron-server[110376]: DEBUG neutron_lib.callbacks.manager [None req-44c8c2e9-d2ad-4fac-b322-bcca113f0fb5 tempest-RoutersTestDVR-179164355 tempest-RoutersTestDVR-179164355-project-admin] Publish callbacks ['neutron.services.l3_router.l3_router_plugin.L3_HA_NAT_db_mixin._after_router_create-636134', 'neutron.services.l3_router.l3_router_plugin.DVRResourceOperationHandler._create_snat_interfaces_after_change-637024'] for router (b13a9b07-7acf-4cf8-9c04-c536de7b86f2), after_create {{(pid=110376) _notify_loop /usr/local/lib/python3.8/dist-packages/neutron_lib/callbacks/manager.py:176}}
Mar 14 17:54:04.758883 dv-neutron-833667-1-hyperv neutron-server[110378]: DEBUG neutron_lib.callbacks.manager [None req-7c0c7414-1fa8-496a-b09e-26fe095cf61e None None] Publish callbacks ['neutron.plugins.ml2.plugin.SecurityGroupServerNotifierRpcMixin._notify_sg_on_port_change-8070689', 'neutron.plugins.ml2.ovo_rpc._ObjectChangeHandler.handle_event-1015458', 'neutron.api.rpc.agentnotifiers.dhcp_rpc_agent_api.DhcpAgentNotifyAPI._native_event_send_dhcp_notification-535051', 'neutron.db.l3_db.L3RpcNotifierMixin._notify_gateway_port_ip_changed-8752375266326', 'neutron.db.l3_dvrscheduler_db._notify_l3_agent_port_update-8752374825054', 'neutron.db.l3_hascheduler_db._notify_l3_agent_ha_port_update-8752374825072'] for port (da974806-e591-472f-adbe-1e2138a0343e), after_update {{(pid=110378) _notify_loop /usr/local/lib/python3.8/dist-packages/neutron_lib/callbacks/manager.py:176}}
Mar 14 17:54:04.797264 dv-neutron-833667-1-hyperv neutron-server[110376]: INFO neutron.wsgi [None req-4e88d434-3fe6-4979-a0ec-5ed21e4bed98 tempest-MeteringTestJSON-319769284 tempest-MeteringTestJSON-319769284-project-admin] 10.222.0.37 "GET /v2.0/metering/metering-labels?id=ed88c223-ac70-47a9-9afa-bf650e70a361 HTTP/1.1" status: 200 len: 468 time: 0.1273568
Mar 14 17:54:04.804012 dv-neutron-833667-1-hyperv neutron-server[110375]: DEBUG neutron.wsgi [-] (110375) accepted ('10.222.0.37', 37398) {{(pid=110375) server /usr/local/lib/python3.8/dist-packages/eventlet/wsgi.py:1004}}
Mar 14 17:54:04.841195 dv-neutron-833667-1-hyperv neutron-server[110378]: DEBUG neutron.plugins.ml2.managers [None req-7c0c7414-1fa8-496a-b09e-26fe095cf61e None None] Attempting to bind port da974806-e591-472f-adbe-1e2138a0343e on host dv-neutron-833667-1-hyperv for vnic_type normal with profile {{(pid=110378) bind_port /opt/stack/neutron/neutron/plugins/ml2/managers.py:795}}
Mar 14 17:54:04.841911 dv-neutron-833667-1-hyperv neutron-server[110378]: DEBUG neutron.plugins.ml2.managers [None req-7c0c7414-1fa8-496a-b09e-26fe095cf61e None None] Attempting to bind port da974806-e591-472f-adbe-1e2138a0343e by drivers openvswitch,hyperv on host dv-neutron-833667-1-hyperv at level 0 using segments [{'id': '2ffead61-b239-4bb5-ba0c-f2d798e96672', 'network_type': 'flat', 'physical_network': 'physnet1', 'segmentation_id': None, 'network_id': '18740166-112c-41c1-8175-35fb9eb47482'}] {{(pid=110378) _bind_port_level /opt/stack/neutron/neutron/plugins/ml2/managers.py:820}}
Mar 14 17:54:04.843730 dv-neutron-833667-1-hyperv neutron-server[110378]: DEBUG neutron.plugins.ml2.drivers.mech_agent [None req-7c0c7414-1fa8-496a-b09e-26fe095cf61e None None] Attempting to bind port da974806-e591-472f-adbe-1e2138a0343e on network 18740166-112c-41c1-8175-35fb9eb47482 {{(pid=110378) bind_port /opt/stack/neutron/neutron/plugins/ml2/drivers/mech_agent.py:91}}
Mar 14 17:54:04.851733 dv-neutron-833667-1-hyperv neutron-server[110375]: DEBUG neutron.api.rpc.handlers.resources_rpc [None req-3190d03b-9312-4d68-85c9-ad4f174af00c tempest-PortsAdminExtendedAttrsIpV6TestJSON-1959536000 tempest-PortsAdminExtendedAttrsIpV6TestJSON-1959536000-project-admin] Pushing event updated for resources: {'Port': ['ID=03d76d45-cc46-4042-bd1d-f48f9c7108bf,revision_number=1']} {{(pid=110375) push /opt/stack/neutron/neutron/api/rpc/handlers/resources_rpc.py:237}}
Mar 14 17:54:04.854121 dv-neutron-833667-1-hyperv neutron-server[110376]: DEBUG neutron_lib.callbacks.manager [None req-44c8c2e9-d2ad-4fac-b322-bcca113f0fb5 tempest-RoutersTestDVR-179164355 tempest-RoutersTestDVR-179164355-project-admin] Publish callbacks [] for router (None), before_response {{(pid=110376) _notify_loop /usr/local/lib/python3.8/dist-packages/neutron_lib/callbacks/manager.py:176}}
Mar 14 17:54:04.859884 dv-neutron-833667-1-hyperv neutron-server[110376]: INFO neutron.wsgi [None req-44c8c2e9-d2ad-4fac-b322-bcca113f0fb5 tempest-RoutersTestDVR-179164355 tempest-RoutersTestDVR-179164355-project-admin] 10.222.0.37 "POST /v2.0/routers HTTP/1.1" status: 201 len: 722 time: 0.7964401
Mar 14 17:54:04.860050 dv-neutron-833667-1-hyperv neutron-server[110377]: DEBUG neutron.plugins.ml2.plugin [None req-17f479fb-1d62-4197-84a8-2ec99f8eeae4 None None] Current status of the port d840e71a-fc45-4ec1-8ade-06d4643ff054 is: DOWN; New status is: ACTIVE {{(pid=110377) _update_individual_port_db_status /opt/stack/neutron/neutron/plugins/ml2/plugin.py:2256}}
Mar 14 17:54:04.860050 dv-neutron-833667-1-hyperv neutron-server[110377]: DEBUG neutron_lib.callbacks.manager [None req-17f479fb-1d62-4197-84a8-2ec99f8eeae4 None None] Publish callbacks ['neutron.plugins.ml2.plugin.SecurityGroupDbMixin._ensure_default_security_group_handler-8070741'] for port (d840e71a-fc45-4ec1-8ade-06d4643ff054), before_update {{(pid=110377) _notify_loop /usr/local/lib/python3.8/dist-packages/neutron_lib/callbacks/manager.py:176}}
Mar 14 17:54:04.862560 dv-neutron-833667-1-hyperv neutron-server[110376]: DEBUG neutron.wsgi [-] (110376) accepted ('10.222.0.37', 37402) {{(pid=110376) server /usr/local/lib/python3.8/dist-packages/eventlet/wsgi.py:1004}}
Mar 14 17:54:04.892766 dv-neutron-833667-1-hyperv neutron-server[110378]: DEBUG neutron.plugins.ml2.drivers.mech_agent [None req-7c0c7414-1fa8-496a-b09e-26fe095cf61e None None] Checking agent: {'id': '235ebd42-f2fa-4ca1-a577-d384a01a80ed', 'agent_type': 'Open vSwitch agent', 'binary': 'neutron-openvswitch-agent', 'topic': 'N/A', 'host': 'dv-neutron-833667-1-hyperv', 'admin_state_up': True, 'created_at': datetime.datetime(2022, 3, 14, 17, 46, 26), 'started_at': datetime.datetime(2022, 3, 14, 17, 46, 56), 'heartbeat_timestamp': datetime.datetime(2022, 3, 14, 17, 53, 56), 'description': None, 'resources_synced': None, 'availability_zone': None, 'alive': True, 'configurations': {'arp_responder_enabled': False, 'baremetal_smartnic': False, 'bridge_mappings': {'physnet1': 'br-data'}, 'datapath_type': 'system', 'devices': 0, 'enable_distributed_routing': False, 'extensions': [], 'in_distributed_mode': False, 'integration_bridge': 'br-int', 'l2_population': False, 'log_agent_heartbeats': False, 'ovs_capabilities': {'datapath_types': ['netdev', 'system'], 'iface_types': ['erspan', 'geneve', 'gre', 'internal', 'ip6erspan', 'ip6gre', 'lisp', 'patch', 'stt', 'system', 'tap', 'vxlan']}, 'ovs_hybrid_plug': False, 'resource_provider_bandwidths': {}, 'resource_provider_hypervisors': {'br-data': 'dv-neutron-833667-1-hyperv'}, 'resource_provider_inventory_defaults': {'allocation_ratio': 1.0, 'min_unit': 1, 'step_size': 1, 'reserved': 0}, 'resource_provider_packet_processing_inventory_defaults': {'allocation_ratio': 1.0, 'min_unit': 1, 'step_size': 1, 'reserved': 0}, 'resource_provider_packet_processing_with_direction': {}, 'resource_provider_packet_processing_without_direction': {}, 'tunnel_types': [], 'tunneling_ip': None, 'vhostuser_socket_dir': '/var/run/openvswitch'}, 'resource_versions': {'AddressGroup': '1.2', 'Agent': '1.1', 'ConntrackHelper': '1.0', 'LocalIPAssociation': '1.0', 'Log': '1.0', 'NDPProxy': '1.0', 'Network': '1.1', 'Port': '1.7', 'PortForwarding': '1.2', 'QosPolicy': '1.10', 'SecurityGroup': '1.5', 'SecurityGroupRule': '1.2', 'SubPort': '1.0', 'Subnet': '1.1', 'Trunk': '1.1'}} {{(pid=110378) bind_port /opt/stack/neutron/neutron/plugins/ml2/drivers/mech_agent.py:110}}
Mar 14 17:54:04.894191 dv-neutron-833667-1-hyperv neutron-server[110378]: DEBUG neutron.plugins.ml2.drivers.mech_agent [None req-7c0c7414-1fa8-496a-b09e-26fe095cf61e None None] Checking segment: {'id': '2ffead61-b239-4bb5-ba0c-f2d798e96672', 'network_type': 'flat', 'physical_network': 'physnet1', 'segmentation_id': None, 'network_id': '18740166-112c-41c1-8175-35fb9eb47482'} for mappings: {'physnet1': 'br-data'} with network types: ['local', 'flat', 'vlan'] {{(pid=110378) check_segment_for_agent /opt/stack/neutron/neutron/plugins/ml2/drivers/mech_agent.py:373}}
Mar 14 17:54:04.895334 dv-neutron-833667-1-hyperv neutron-server[110378]: DEBUG neutron_lib.callbacks.manager [None req-7c0c7414-1fa8-496a-b09e-26fe095cf61e None None] Publish callbacks [] for ovs_bridge_name (None), before_read {{(pid=110378) _notify_loop /usr/local/lib/python3.8/dist-packages/neutron_lib/callbacks/manager.py:176}}
Mar 14 17:54:04.896007 dv-neutron-833667-1-hyperv neutron-server[110378]: DEBUG neutron.plugins.ml2.drivers.mech_agent [None req-7c0c7414-1fa8-496a-b09e-26fe095cf61e None None] Bound using segment: {'id': '2ffead61-b239-4bb5-ba0c-f2d798e96672', 'network_type': 'flat', 'physical_network': 'physnet1', 'segmentation_id': None, 'network_id': '18740166-112c-41c1-8175-35fb9eb47482'} {{(pid=110378) bind_port /opt/stack/neutron/neutron/plugins/ml2/drivers/mech_agent.py:120}}
Mar 14 17:54:04.896772 dv-neutron-833667-1-hyperv neutron-server[110378]: DEBUG neutron.plugins.ml2.managers [None req-7c0c7414-1fa8-496a-b09e-26fe095cf61e None None] Bound port: da974806-e591-472f-adbe-1e2138a0343e, host: dv-neutron-833667-1-hyperv, vif_type: ovs, vif_details: {"connectivity": "l2", "port_filter": true, "ovs_hybrid_plug": false, "datapath_type": "system", "bridge_name": "br-int"}, binding_levels: [{'bound_driver': 'openvswitch', 'bound_segment': {'id': '2ffead61-b239-4bb5-ba0c-f2d798e96672', 'network_type': 'flat', 'physical_network': 'physnet1', 'segmentation_id': None, 'network_id': '18740166-112c-41c1-8175-35fb9eb47482'}}] {{(pid=110378) _bind_port_level /opt/stack/neutron/neutron/plugins/ml2/managers.py:932}}
Mar 14 17:54:04.897381 dv-neutron-833667-1-hyperv neutron-server[110378]: DEBUG neutron_lib.callbacks.manager [None req-7c0c7414-1fa8-496a-b09e-26fe095cf61e None None] Publish callbacks ['neutron.plugins.ml2.plugin.SecurityGroupDbMixin._ensure_default_security_group_handler-8070741'] for port (da974806-e591-472f-adbe-1e2138a0343e), before_update {{(pid=110378) _notify_loop /usr/local/lib/python3.8/dist-packages/neutron_lib/callbacks/manager.py:176}}
Mar 14 17:54:04.914754 dv-neutron-833667-1-hyperv neutron-server[110377]: DEBUG neutron.plugins.ml2.db [None req-17f479fb-1d62-4197-84a8-2ec99f8eeae4 None None] For port d840e71a-fc45-4ec1-8ade-06d4643ff054, host dv-neutron-833667-1-hyperv, got binding levels [PortBindingLevel(driver='openvswitch',host='dv-neutron-833667-1-hyperv',level=0,port_id=d840e71a-fc45-4ec1-8ade-06d4643ff054,segment=NetworkSegment(288e7655-2cdf-43db-a3d4-86dc394795bb),segment_id=288e7655-2cdf-43db-a3d4-86dc394795bb)] {{(pid=110377) get_binding_level_objs /opt/stack/neutron/neutron/plugins/ml2/db.py:74}}
Mar 14 17:54:04.946106 dv-neutron-833667-1-hyperv neutron-server[110377]: DEBUG neutron_lib.callbacks.manager [None req-17f479fb-1d62-4197-84a8-2ec99f8eeae4 None None] Publish callbacks ['neutron.plugins.ml2.plugin.SecurityGroupServerNotifierRpcMixin._notify_sg_on_port_change-8070689', 'neutron.plugins.ml2.ovo_rpc._ObjectChangeHandler.handle_event-1015458', 'neutron.api.rpc.agentnotifiers.dhcp_rpc_agent_api.DhcpAgentNotifyAPI._native_event_send_dhcp_notification-535051', 'neutron.db.l3_db.L3RpcNotifierMixin._notify_gateway_port_ip_changed-8752375266326', 'neutron.db.l3_dvrscheduler_db._notify_l3_agent_port_update-8752374825054', 'neutron.db.l3_hascheduler_db._notify_l3_agent_ha_port_update-8752374825072'] for port (d840e71a-fc45-4ec1-8ade-06d4643ff054), after_update {{(pid=110377) _notify_loop /usr/local/lib/python3.8/dist-packages/neutron_lib/callbacks/manager.py:176}}
Mar 14 17:54:04.948737 dv-neutron-833667-1-hyperv neutron-server[110375]: DEBUG neutron.scheduler.dhcp_agent_scheduler [None req-3190d03b-9312-4d68-85c9-ad4f174af00c tempest-PortsAdminExtendedAttrsIpV6TestJSON-1959536000 tempest-PortsAdminExtendedAttrsIpV6TestJSON-1959536000-project-admin] Network ec38214e-10c7-421f-bbac-db50ad314ccf is scheduled to be hosted by DHCP agent d5300f0e-f224-4189-b5ff-0919120e4612 with binding_index 1 {{(pid=110375) bind /opt/stack/neutron/neutron/scheduler/dhcp_agent_scheduler.py:227}}
Mar 14 17:54:04.988357 dv-neutron-833667-1-hyperv neutron-server[110376]: DEBUG neutron.db.db_base_plugin_common [None req-601bccdd-166f-4b02-8f55-2b26e0d25b57 tempest-FloatingIPAdminTestJSON-374991412 tempest-FloatingIPAdminTestJSON-374991412-project] Allocated IP 172.26.4.50 (18740166-112c-41c1-8175-35fb9eb47482/5f12c328-de23-4ee7-b7b7-91e5d1e93533/f45ca13b-77ff-4de3-882e-75778b59fc81) {{(pid=110376) _store_ip_allocation /opt/stack/neutron/neutron/db/db_base_plugin_common.py:131}}
Mar 14 17:54:04.996700 dv-neutron-833667-1-hyperv neutron-server[110376]: DEBUG neutron_lib.callbacks.manager [None req-6db3bd73-9baf-47b8-a23f-9af1c2171312 tempest-RoutersTestDVR-179164355 tempest-RoutersTestDVR-179164355-project-admin] Publish callbacks [] for router (b13a9b07-7acf-4cf8-9c04-c536de7b86f2), before_delete {{(pid=110376) _notify_loop /usr/local/lib/python3.8/dist-packages/neutron_lib/callbacks/manager.py:176}}
Mar 14 17:54:05.073860 dv-neutron-833667-1-hyperv neutron-server[110378]: DEBUG neutron.plugins.ml2.db [None req-7c0c7414-1fa8-496a-b09e-26fe095cf61e None None] For port da974806-e591-472f-adbe-1e2138a0343e, host dv-neutron-833667-1-hyperv, cleared binding levels {{(pid=110378) clear_binding_levels /opt/stack/neutron/neutron/plugins/ml2/db.py:87}}
Mar 14 17:54:05.081028 dv-neutron-833667-1-hyperv neutron-server[110378]: DEBUG neutron.plugins.ml2.db [None req-7c0c7414-1fa8-496a-b09e-26fe095cf61e None None] For port da974806-e591-472f-adbe-1e2138a0343e, host dv-neutron-833667-1-hyperv, set binding levels [PortBindingLevel(driver='openvswitch',host='dv-neutron-833667-1-hyperv',level=0,port_id=da974806-e591-472f-adbe-1e2138a0343e,segment=NetworkSegment(2ffead61-b239-4bb5-ba0c-f2d798e96672),segment_id=2ffead61-b239-4bb5-ba0c-f2d798e96672)] {{(pid=110378) set_binding_levels /opt/stack/neutron/neutron/plugins/ml2/db.py:59}}
Mar 14 17:54:05.097475 dv-neutron-833667-1-hyperv neutron-server[110378]: DEBUG neutron.api.rpc.handlers.resources_rpc [None req-c5d9080f-1553-4e1a-808b-a3d8a4f44eca None None] Pushing event updated for resources: {'Port': ['ID=da974806-e591-472f-adbe-1e2138a0343e,revision_number=2']} {{(pid=110378) push /opt/stack/neutron/neutron/api/rpc/handlers/resources_rpc.py:237}}
Mar 14 17:54:05.105585 dv-neutron-833667-1-hyperv neutron-server[110377]: DEBUG neutron.api.rpc.handlers.resources_rpc [None req-17f479fb-1d62-4197-84a8-2ec99f8eeae4 None None] Pushing event updated for resources: {'Port': ['ID=d840e71a-fc45-4ec1-8ade-06d4643ff054,revision_number=3']} {{(pid=110377) push /opt/stack/neutron/neutron/api/rpc/handlers/resources_rpc.py:237}}
Mar 14 17:54:05.115051 dv-neutron-833667-1-hyperv neutron-server[110378]: DEBUG neutron.api.rpc.callbacks.version_manager [None req-c5d9080f-1553-4e1a-808b-a3d8a4f44eca None None] Version for resource type AddressGroup changed None to 1.2 on consumer Open vSwitch agent@dv-neutron-833667-1-hyperv {{(pid=110378) _set_version /opt/stack/neutron/neutron/api/rpc/callbacks/version_manager.py:113}}
Mar 14 17:54:05.115404 dv-neutron-833667-1-hyperv neutron-server[110378]: DEBUG neutron.api.rpc.callbacks.version_manager [None req-c5d9080f-1553-4e1a-808b-a3d8a4f44eca None None] Version for resource type Agent changed None to 1.1 on consumer Open vSwitch agent@dv-neutron-833667-1-hyperv {{(pid=110378) _set_version /opt/stack/neutron/neutron/api/rpc/callbacks/version_manager.py:113}}
Mar 14 17:54:05.115763 dv-neutron-833667-1-hyperv neutron-server[110378]: DEBUG neutron.api.rpc.callbacks.version_manager [None req-c5d9080f-1553-4e1a-808b-a3d8a4f44eca None None] Version for resource type ConntrackHelper changed None to 1.0 on consumer Open vSwitch agent@dv-neutron-833667-1-hyperv {{(pid=110378) _set_version /opt/stack/neutron/neutron/api/rpc/callbacks/version_manager.py:113}}
