Mar 14 15:23:12.242459 dv-neutron-833559-1-hyperv neutron-server[102569]: DEBUG neutron.plugins.ml2.db [None req-fb1b7148-5f5a-458b-b22a-8704174c6e37 None None] For port a7cfce75-eadf-4340-a944-8ea4806a0406, host dv-neutron-833559-1-hyperv, set binding levels [PortBindingLevel(driver='openvswitch',host='dv-neutron-833559-1-hyperv',level=0,port_id=a7cfce75-eadf-4340-a944-8ea4806a0406,segment=NetworkSegment(5b66a205-4257-4ef2-b24e-2402f06e70b7),segment_id=5b66a205-4257-4ef2-b24e-2402f06e70b7)] {{(pid=102569) set_binding_levels /opt/stack/neutron/neutron/plugins/ml2/db.py:59}}
Mar 14 15:23:12.248539 dv-neutron-833559-1-hyperv neutron-server[102567]: INFO neutron.wsgi [None req-1023ec67-2061-4022-9e9c-b947de2e9a30 admin admin] 10.222.0.59 "PUT /v2.0/routers/73e780e4-dc9c-4b78-be55-c29a2cc33e68/add_router_interface HTTP/1.1" status: 200 len: 503 time: 6.2810676
Mar 14 15:23:12.253817 dv-neutron-833559-1-hyperv neutron-server[102567]: DEBUG neutron_lib.callbacks.manager [None req-e1528b29-2868-4167-888d-1bb0e0925386 tempest-RoutersAdminNegativeTest-1934625209 tempest-RoutersAdminNegativeTest-1934625209-project-admin] Notify callbacks ['neutron.services.l3_router.l3_router_plugin.L3_HA_NAT_db_mixin._release_router_vr_id-1607060', 'neutron.services.l3_router.service_providers.driver_controller.DriverController._clear_router_provider-3967'] for router, precommit_delete {{(pid=102567) _notify_loop /usr/local/lib/python3.8/dist-packages/neutron_lib/callbacks/manager.py:192}}
Mar 14 15:23:12.259159 dv-neutron-833559-1-hyperv neutron-server[102569]: DEBUG neutron.api.rpc.handlers.l3_rpc [None req-a995b5f8-dd33-47ad-96d7-d3b43f60c891 None None] Sync routers for ids ['73e780e4-dc9c-4b78-be55-c29a2cc33e68'] in dv-neutron-833559-1-hyperv {{(pid=102569) sync_routers /opt/stack/neutron/neutron/api/rpc/handlers/l3_rpc.py:125}}
Mar 14 15:23:12.262890 dv-neutron-833559-1-hyperv neutron-server[102567]: DEBUG neutron_lib.callbacks.manager [None req-e1528b29-2868-4167-888d-1bb0e0925386 tempest-RoutersAdminNegativeTest-1934625209 tempest-RoutersAdminNegativeTest-1934625209-project-admin] Notify callbacks [] for router_controller, precommit_delete_associations {{(pid=102567) _notify_loop /usr/local/lib/python3.8/dist-packages/neutron_lib/callbacks/manager.py:192}}
Mar 14 15:23:12.268993 dv-neutron-833559-1-hyperv neutron-server[102567]: DEBUG neutron.api.rpc.handlers.resources_rpc [None req-63b93766-2daf-4345-a30f-ca755672d657 tempest-ServersTestManualDisk-1920064709 tempest-ServersTestManualDisk-1920064709-project] Pushing event updated for resources: {'SecurityGroupRule': ['ID=5f5c373f-1ee5-4180-a270-66c4b418d283,revision_number=0']} {{(pid=102567) push /opt/stack/neutron/neutron/api/rpc/handlers/resources_rpc.py:237}}
Mar 14 15:23:12.270843 dv-neutron-833559-1-hyperv neutron-server[102569]: DEBUG neutron.db.provisioning_blocks [None req-84c57f58-c91d-4b58-a411-09b32ea805e2 None None] Provisioning complete for port a7cfce75-eadf-4340-a944-8ea4806a0406 triggered by entity DHCP. {{(pid=102569) provisioning_complete /opt/stack/neutron/neutron/db/provisioning_blocks.py:139}}
Mar 14 15:23:12.271980 dv-neutron-833559-1-hyperv neutron-server[102569]: DEBUG neutron_lib.callbacks.manager [None req-84c57f58-c91d-4b58-a411-09b32ea805e2 None None] Notify callbacks ['neutron.plugins.ml2.plugin.Ml2Plugin._port_provisioned-1328159'] for port, provisioning_complete {{(pid=102569) _notify_loop /usr/local/lib/python3.8/dist-packages/neutron_lib/callbacks/manager.py:192}}
Mar 14 15:23:12.327745 dv-neutron-833559-1-hyperv neutron-server[102570]: DEBUG neutron.db.l3_dvr_db [None req-b32a1fe1-17f1-4124-b234-24337c33e46a None None] Set router 9f408e7d-60ca-4e28-b3e8-712d89b02601 gateway port host: dv-neutron-833559-1-hyperv {{(pid=102570) _build_routers_list /opt/stack/neutron/neutron/db/l3_dvr_db.py:906}}
Mar 14 15:23:12.349062 dv-neutron-833559-1-hyperv neutron-server[102569]: DEBUG neutron_lib.callbacks.manager [None req-fb1b7148-5f5a-458b-b22a-8704174c6e37 None None] Notify callbacks ['neutron.plugins.ml2.plugin.SecurityGroupServerNotifierRpcMixin._notify_sg_on_port_change-567402', 'neutron.plugins.ml2.ovo_rpc._ObjectChangeHandler.handle_event-2084553', 'neutron.api.rpc.agentnotifiers.dhcp_rpc_agent_api.DhcpAgentNotifyAPI._native_event_send_dhcp_notification-1583957', 'neutron.db.l3_db.L3RpcNotifierMixin._notify_gateway_port_ip_changed-8774684310200', 'neutron.db.l3_dvrscheduler_db._notify_l3_agent_port_update-8774683789590', 'neutron.db.l3_hascheduler_db._notify_l3_agent_ha_port_update-8774683785418'] for port, after_update {{(pid=102569) _notify_loop /usr/local/lib/python3.8/dist-packages/neutron_lib/callbacks/manager.py:192}}
Mar 14 15:23:12.382992 dv-neutron-833559-1-hyperv neutron-server[102568]: DEBUG neutron_lib.callbacks.manager [None req-79217657-8532-44b2-a6a0-861f338ddb56 tempest-DHCPAgentSchedulersTestJSON-106330270 tempest-DHCPAgentSchedulersTestJSON-106330270-project] Notify callbacks ['neutron.plugins.ml2.plugin.Ml2Plugin._handle_segment_change-1339433'] for segment, precommit_delete {{(pid=102568) _notify_loop /usr/local/lib/python3.8/dist-packages/neutron_lib/callbacks/manager.py:192}}
Mar 14 15:23:12.424812 dv-neutron-833559-1-hyperv neutron-server[102567]: DEBUG neutron_lib.callbacks.manager [None req-63b93766-2daf-4345-a30f-ca755672d657 tempest-ServersTestManualDisk-1920064709 tempest-ServersTestManualDisk-1920064709-project] Notify callbacks [] for security_group_rule, before_response {{(pid=102567) _notify_loop /usr/local/lib/python3.8/dist-packages/neutron_lib/callbacks/manager.py:192}}
Mar 14 15:23:12.429283 dv-neutron-833559-1-hyperv neutron-server[102567]: INFO neutron.wsgi [None req-63b93766-2daf-4345-a30f-ca755672d657 tempest-ServersTestManualDisk-1920064709 tempest-ServersTestManualDisk-1920064709-project] 10.222.0.59 "POST /v2.0/security-group-rules HTTP/1.1" status: 201 len: 764 time: 1.0877352
Mar 14 15:23:12.429935 dv-neutron-833559-1-hyperv neutron-server[102567]: DEBUG neutron.wsgi [-] (102567) accepted ('10.222.0.59', 50126) {{(pid=102567) server /usr/local/lib/python3.8/dist-packages/eventlet/wsgi.py:982}}
Mar 14 15:23:12.436040 dv-neutron-833559-1-hyperv neutron-server[102567]: DEBUG neutron.api.v2.base [None req-1e35ecb7-5a0b-405f-a84b-9b101e966448 tempest-ServersTestManualDisk-1920064709 tempest-ServersTestManualDisk-1920064709-project] Request body: {'security_group_rule': {'security_group_id': '5eab0622-3a46-465f-9778-637516b3a996', 'protocol': 'icmp', 'ethertype': 'IPv4', 'direction': 'ingress'}} {{(pid=102567) prepare_request_body /opt/stack/neutron/neutron/api/v2/base.py:729}}
Mar 14 15:23:12.440949 dv-neutron-833559-1-hyperv neutron-server[102567]: DEBUG neutron_lib.callbacks.manager [None req-e1528b29-2868-4167-888d-1bb0e0925386 tempest-RoutersAdminNegativeTest-1934625209 tempest-RoutersAdminNegativeTest-1934625209-project-admin] Notify callbacks ['neutron.services.l3_router.l3_router_plugin.L3_HA_NAT_db_mixin._cleanup_ha_network_handler-1607085'] for router, after_delete {{(pid=102567) _notify_loop /usr/local/lib/python3.8/dist-packages/neutron_lib/callbacks/manager.py:192}}
Mar 14 15:23:12.441432 dv-neutron-833559-1-hyperv neutron-server[102567]: DEBUG neutron.api.rpc.agentnotifiers.l3_rpc_agent_api [None req-e1528b29-2868-4167-888d-1bb0e0925386 tempest-RoutersAdminNegativeTest-1934625209 tempest-RoutersAdminNegativeTest-1934625209-project-admin] Fanout notify agent at l3_agent the message router_deleted on router 3f9eb246-bb78-47b3-8308-3369da7f2967 {{(pid=102567) _notification_fanout /opt/stack/neutron/neutron/api/rpc/agentnotifiers/l3_rpc_agent_api.py:114}}
Mar 14 15:23:12.527090 dv-neutron-833559-1-hyperv neutron-server[102567]: INFO neutron.api.v2.resource [None req-e1528b29-2868-4167-888d-1bb0e0925386 tempest-RoutersAdminNegativeTest-1934625209 tempest-RoutersAdminNegativeTest-1934625209-project-admin] create failed (client error): There was a conflict when trying to complete your request.
Mar 14 15:23:12.532877 dv-neutron-833559-1-hyperv neutron-server[102567]: INFO neutron.wsgi [None req-e1528b29-2868-4167-888d-1bb0e0925386 tempest-RoutersAdminNegativeTest-1934625209 tempest-RoutersAdminNegativeTest-1934625209-project-admin] 10.222.0.59 "POST /v2.0/routers HTTP/1.1" status: 409 len: 371 time: 3.4976468
Mar 14 15:23:12.533901 dv-neutron-833559-1-hyperv neutron-server[102567]: DEBUG neutron.wsgi [-] (102567) accepted ('10.222.0.59', 50128) {{(pid=102567) server /usr/local/lib/python3.8/dist-packages/eventlet/wsgi.py:982}}
Mar 14 15:23:12.550322 dv-neutron-833559-1-hyperv neutron-server[102568]: DEBUG neutron.plugins.ml2.drivers.type_vlan [None req-79217657-8532-44b2-a6a0-861f338ddb56 tempest-DHCPAgentSchedulersTestJSON-106330270 tempest-DHCPAgentSchedulersTestJSON-106330270-project] Releasing vlan 254 on physical network physnet1 to pool {{(pid=102568) release_segment /opt/stack/neutron/neutron/plugins/ml2/drivers/type_vlan.py:304}}
Mar 14 15:23:12.550729 dv-neutron-833559-1-hyperv neutron-server[102568]: DEBUG neutron_lib.callbacks.manager [None req-79217657-8532-44b2-a6a0-861f338ddb56 tempest-DHCPAgentSchedulersTestJSON-106330270 tempest-DHCPAgentSchedulersTestJSON-106330270-project] Notify callbacks ['neutron.plugins.ml2.plugin.Ml2Plugin._handle_segment_change-1339433', 'neutron.services.segments.plugin.NovaSegmentNotifier._notify_segment_deleted-3001771'] for segment, after_delete {{(pid=102568) _notify_loop /usr/local/lib/python3.8/dist-packages/neutron_lib/callbacks/manager.py:192}}
Mar 14 15:23:12.559782 dv-neutron-833559-1-hyperv neutron-server[102569]: DEBUG neutron.db.l3_dvrscheduler_db [None req-a995b5f8-dd33-47ad-96d7-d3b43f60c891 None None] Routers {'73e780e4-dc9c-4b78-be55-c29a2cc33e68'} bound to L3 agent in host dv-neutron-833559-1-hyperv {{(pid=102569) _get_router_ids_for_agent /opt/stack/neutron/neutron/db/l3_dvrscheduler_db.py:421}}
Mar 14 15:23:12.560706 dv-neutron-833559-1-hyperv neutron-server[102568]: /usr/local/lib/python3.8/dist-packages/oslo_db/sqlalchemy/enginefacade.py:676: SAWarning: DELETE statement on table 'portsecuritybindings' expected to delete 1 row(s); 0 were matched. Please set confirm_deleted_rows=False within the mapper configuration to prevent this warning.
Mar 14 15:23:12.560706 dv-neutron-833559-1-hyperv neutron-server[102568]: self.session.flush()
Mar 14 15:23:12.560706 dv-neutron-833559-1-hyperv neutron-server[102568]: /usr/local/lib/python3.8/dist-packages/oslo_db/sqlalchemy/enginefacade.py:676: SAWarning: DELETE statement on table 'ml2_port_bindings' expected to delete 1 row(s); 0 were matched. Please set confirm_deleted_rows=False within the mapper configuration to prevent this warning.
Mar 14 15:23:12.560706 dv-neutron-833559-1-hyperv neutron-server[102568]: self.session.flush()
Mar 14 15:23:12.560706 dv-neutron-833559-1-hyperv neutron-server[102568]: /usr/local/lib/python3.8/dist-packages/oslo_db/sqlalchemy/enginefacade.py:676: SAWarning: DELETE statement on table 'ml2_port_binding_levels' expected to delete 1 row(s); 0 were matched. Please set confirm_deleted_rows=False within the mapper configuration to prevent this warning.
Mar 14 15:23:12.560706 dv-neutron-833559-1-hyperv neutron-server[102568]: self.session.flush()
Mar 14 15:23:12.560706 dv-neutron-833559-1-hyperv neutron-server[102568]: /usr/local/lib/python3.8/dist-packages/oslo_db/sqlalchemy/enginefacade.py:676: SAWarning: DELETE statement on table 'ports' expected to delete 1 row(s); 0 were matched. Please set confirm_deleted_rows=False within the mapper configuration to prevent this warning.
Mar 14 15:23:12.560706 dv-neutron-833559-1-hyperv neutron-server[102568]: self.session.flush()
Mar 14 15:23:12.560706 dv-neutron-833559-1-hyperv neutron-server[102568]: Traceback (most recent call last):
Mar 14 15:23:12.560706 dv-neutron-833559-1-hyperv neutron-server[102568]: File "/usr/local/lib/python3.8/dist-packages/eventlet/hubs/hub.py", line 476, in fire_timers
Mar 14 15:23:12.560706 dv-neutron-833559-1-hyperv neutron-server[102568]: timer()
Mar 14 15:23:12.560706 dv-neutron-833559-1-hyperv neutron-server[102568]: File "/usr/local/lib/python3.8/dist-packages/eventlet/hubs/timer.py", line 59, in __call__
Mar 14 15:23:12.560706 dv-neutron-833559-1-hyperv neutron-server[102568]: cb(*args, **kw)
Mar 14 15:23:12.560706 dv-neutron-833559-1-hyperv neutron-server[102568]: File "/opt/stack/neutron/neutron/common/utils.py", line 921, in wrapper
Mar 14 15:23:12.560706 dv-neutron-833559-1-hyperv neutron-server[102568]: return func(*args, **kwargs)
Mar 14 15:23:12.560706 dv-neutron-833559-1-hyperv neutron-server[102568]: File "/opt/stack/neutron/neutron/notifiers/batch_notifier.py", line 58, in synced_send
Mar 14 15:23:12.560706 dv-neutron-833559-1-hyperv neutron-server[102568]: self._notify()
Mar 14 15:23:12.560706 dv-neutron-833559-1-hyperv neutron-server[102568]: File "/opt/stack/neutron/neutron/notifiers/batch_notifier.py", line 69, in _notify
Mar 14 15:23:12.560706 dv-neutron-833559-1-hyperv neutron-server[102568]: self.callback(batched_events)
Mar 14 15:23:12.560706 dv-neutron-833559-1-hyperv neutron-server[102568]: File "/opt/stack/neutron/neutron/services/segments/plugin.py", line 211, in _send_notifications
Mar 14 15:23:12.560706 dv-neutron-833559-1-hyperv neutron-server[102568]: event.method(event)
Mar 14 15:23:12.560706 dv-neutron-833559-1-hyperv neutron-server[102568]: File "/opt/stack/neutron/neutron/services/segments/plugin.py", line 383, in _delete_nova_inventory
Mar 14 15:23:12.560706 dv-neutron-833559-1-hyperv neutron-server[102568]: aggregate_id = self._get_aggregate_id(event.segment_id)
Mar 14 15:23:12.560706 dv-neutron-833559-1-hyperv neutron-server[102568]: File "/opt/stack/neutron/neutron/services/segments/plugin.py", line 370, in _get_aggregate_id
Mar 14 15:23:12.560706 dv-neutron-833559-1-hyperv neutron-server[102568]: aggregate_uuid = self.p_client.list_aggregates(
Mar 14 15:23:12.560706 dv-neutron-833559-1-hyperv neutron-server[102568]: File "/usr/local/lib/python3.8/dist-packages/neutron_lib/placement/client.py", line 58, in wrapper
Mar 14 15:23:12.560706 dv-neutron-833559-1-hyperv neutron-server[102568]: return f(self, *a, **k)
Mar 14 15:23:12.560706 dv-neutron-833559-1-hyperv neutron-server[102568]: File "/usr/local/lib/python3.8/dist-packages/neutron_lib/placement/client.py", line 554, in list_aggregates
Mar 14 15:23:12.560706 dv-neutron-833559-1-hyperv neutron-server[102568]: return self._get(url).json()
Mar 14 15:23:12.560706 dv-neutron-833559-1-hyperv neutron-server[102568]: File "/usr/local/lib/python3.8/dist-packages/neutron_lib/placement/client.py", line 190, in _get
Mar 14 15:23:12.560706 dv-neutron-833559-1-hyperv neutron-server[102568]: return self._client.get(url, endpoint_filter=self._ks_filter,
Mar 14 15:23:12.560706 dv-neutron-833559-1-hyperv neutron-server[102568]: File "/usr/local/lib/python3.8/dist-packages/keystoneauth1/session.py", line 1141, in get
Mar 14 15:23:12.560706 dv-neutron-833559-1-hyperv neutron-server[102568]: return self.request(url, 'GET', **kwargs)
Mar 14 15:23:12.560706 dv-neutron-833559-1-hyperv neutron-server[102568]: File "/usr/local/lib/python3.8/dist-packages/keystoneauth1/session.py", line 811, in request
Mar 14 15:23:12.560706 dv-neutron-833559-1-hyperv neutron-server[102568]: base_url = self.get_endpoint(auth, allow=allow,
Mar 14 15:23:12.560706 dv-neutron-833559-1-hyperv neutron-server[102568]: File "/usr/local/lib/python3.8/dist-packages/keystoneauth1/session.py", line 1241, in get_endpoint
Mar 14 15:23:12.560706 dv-neutron-833559-1-hyperv neutron-server[102568]: auth = self._auth_required(auth, 'determine endpoint URL')
Mar 14 15:23:12.560706 dv-neutron-833559-1-hyperv neutron-server[102568]: File "/usr/local/lib/python3.8/dist-packages/keystoneauth1/session.py", line 1181, in _auth_required
Mar 14 15:23:12.560706 dv-neutron-833559-1-hyperv neutron-server[102568]: raise exceptions.MissingAuthPlugin(msg_fmt % msg)
Mar 14 15:23:12.560706 dv-neutron-833559-1-hyperv neutron-server[102568]: keystoneauth1.exceptions.auth_plugins.MissingAuthPlugin: An auth plugin is required to determine endpoint URL
Mar 14 15:23:12.563367 dv-neutron-833559-1-hyperv neutron-server[102569]: DEBUG neutron.db.l3_hamode_db [None req-a995b5f8-dd33-47ad-96d7-d3b43f60c891 None None] neutron.services.l3_router.l3_router_plugin.L3RouterPlugin method get_ha_sync_data_for_host called with arguments (, 'dv-neutron-833559-1-hyperv', Agent(admin_state_up=True,agent_type='L3 agent',availability_zone='nova',binary='neutron-l3-agent',configurations={"agent_mode": "legacy", "ex_gw_ports": 3, "extensions": [], "floating_ips": 0, "handle_internal_only_routers": true, "interface_driver": "openvswitch", "interfaces": 1, "log_agent_heartbeats": false, "routers": 3},created_at=2022-03-14T15:15:06Z,description=,heartbeat_timestamp=2022-03-14T15:23:06Z,host='dv-neutron-833559-1-hyperv',id=25a8a75d-4e90-4c35-ad8f-b253cf3c77d3,load=0,resource_versions=,resources_synced=,started_at=2022-03-14T15:15:06Z,topic='l3_agent')) {'router_ids': ['73e780e4-dc9c-4b78-be55-c29a2cc33e68'], 'active': True} {{(pid=102569) wrapper /usr/local/lib/python3.8/dist-packages/oslo_log/helpers.py:65}}
Mar 14 15:23:12.580428 dv-neutron-833559-1-hyperv neutron-server[102567]: DEBUG neutron_lib.callbacks.manager [None req-1e35ecb7-5a0b-405f-a84b-9b101e966448 tempest-ServersTestManualDisk-1920064709 tempest-ServersTestManualDisk-1920064709-project] Notify callbacks [] for security_group_rule, before_create {{(pid=102567) _notify_loop /usr/local/lib/python3.8/dist-packages/neutron_lib/callbacks/manager.py:192}}
Mar 14 15:23:12.612677 dv-neutron-833559-1-hyperv neutron-server[102568]: DEBUG neutron.wsgi [-] (102568) accepted ('10.222.0.59', 50130) {{(pid=102568) server /usr/local/lib/python3.8/dist-packages/eventlet/wsgi.py:982}}
Mar 14 15:23:12.614158 dv-neutron-833559-1-hyperv neutron-server[102570]: DEBUG neutron.db.l3_hamode_db [None req-b32a1fe1-17f1-4124-b234-24337c33e46a None None] neutron.services.l3_router.l3_router_plugin.L3RouterPlugin method _process_sync_ha_data called with arguments (, [{'id': '9f408e7d-60ca-4e28-b3e8-712d89b02601', 'name': 'tempest-ServersTestJSON-1699675645-router', 'tenant_id': '3e0a975c53dd4b5ba8a2e6281815c542', 'admin_state_up': True, 'status': 'ACTIVE', 'external_gateway_info': {'network_id': '0f3fd893-5baa-4085-951b-8847b15a4083', 'external_fixed_ips': [{'subnet_id': '14832ba6-06ef-4e76-b061-3c9d45a2c68d', 'ip_address': '172.26.6.247'}], 'enable_snat': True}, 'gw_port_id': 'a7061a67-728a-445d-b082-9fe9a4683e5a', 'description': '', 'availability_zones': ['nova'], 'distributed': False, 'ha': False, 'ha_vr_id': 0, 'availability_zone_hints': [], 'routes': [], 'flavor_id': None, 'tags': [], 'created_at': '2022-03-14T15:22:55Z', 'updated_at': '2022-03-14T15:23:08Z', 'revision_number': 4, 'project_id': '3e0a975c53dd4b5ba8a2e6281815c542', 'gw_port': {'id': 'a7061a67-728a-445d-b082-9fe9a4683e5a', 'name': '', 'network_id': '0f3fd893-5baa-4085-951b-8847b15a4083', 'tenant_id': '', 'mac_address': 'fa:16:3e:d2:d5:9b', 'admin_state_up': True, 'status': 'ACTIVE', 'device_id': '9f408e7d-60ca-4e28-b3e8-712d89b02601', 'device_owner': 'network:router_gateway', 'standard_attr_id': 60, 'fixed_ips': [{'subnet_id': '14832ba6-06ef-4e76-b061-3c9d45a2c68d', 'ip_address': '172.26.6.247', 'prefixlen': 24}], 'allowed_address_pairs': [], 'extra_dhcp_opts': [], 'security_groups': [], 'description': '', 'binding:vnic_type': 'normal', 'binding:profile': {}, 'binding:host_id': 'dv-neutron-833559-1-hyperv', 'binding:vif_type': 'ovs', 'binding:vif_details': {'connectivity': 'l2', 'port_filter': True, 'ovs_hybrid_plug': False, 'datapath_type': 'system', 'bridge_name': 'br-int'}, 'port_security_enabled': False, 'tags': [], 'created_at': '2022-03-14T15:22:56Z', 'updated_at': '2022-03-14T15:23:07Z', 'revision_number': 4, 'project_id': '', 'subnets': [{'id': '14832ba6-06ef-4e76-b061-3c9d45a2c68d', 'cidr': '172.26.6.0/24', 'gateway_ip': '172.26.6.1', 'dns_nameservers': [], 'ipv6_ra_mode': None, 'subnetpool_id': None}], 'extra_subnets': [], 'address_scopes': {4: None, 6: None}, 'mtu': 1500}, 'enable_snat': True, 'gw_port_host': 'dv-neutron-833559-1-hyperv', '_interfaces': [{'id': 'dd0bd637-f443-4915-99c6-51010214304a', 'name': '', 'network_id': '52d00c44-24c0-4d1a-a340-c039d76298f3', 'tenant_id': '3e0a975c53dd4b5ba8a2e6281815c542', 'mac_address': 'fa:16:3e:f5:7f:d4', 'admin_state_up': True, 'status': 'DOWN', 'device_id': '9f408e7d-60ca-4e28-b3e8-712d89b02601', 'device_owner': 'network:router_interface', 'standard_attr_id': 106, 'fixed_ips': [{'subnet_id': '32b536a6-20b7-48a8-995b-e55598332338', 'ip_address': '172.20.0.1', 'prefixlen': 28}], 'allowed_address_pairs': [], 'extra_dhcp_opts': [], 'security_groups': [], 'description': '', 'binding:vnic_type': 'normal', 'binding:profile': {}, 'binding:host_id': '', 'binding:vif_type': 'unbound', 'binding:vif_details': {}, 'port_security_enabled': False, 'tags': [], 'created_at': '2022-03-14T15:23:04Z', 'updated_at': '2022-03-14T15:23:08Z', 'revision_number': 2, 'project_id': '3e0a975c53dd4b5ba8a2e6281815c542', 'subnets': [{'id': '32b536a6-20b7-48a8-995b-e55598332338', 'cidr': '172.20.0.0/28', 'gateway_ip': '172.20.0.1', 'dns_nameservers': [], 'ipv6_ra_mode': None, 'subnetpool_id': None}], 'extra_subnets': [], 'address_scopes': {4: None, 6: None}, 'mtu': 1500}]}], 'dv-neutron-833559-1-hyperv', False) {} {{(pid=102570) wrapper /usr/local/lib/python3.8/dist-packages/oslo_log/helpers.py:65}}
Mar 14 15:23:12.671880 dv-neutron-833559-1-hyperv neutron-server[102570]: DEBUG neutron.api.rpc.handlers.l3_rpc [None req-b32a1fe1-17f1-4124-b234-24337c33e46a None None] Checking router: 9f408e7d-60ca-4e28-b3e8-712d89b02601 for host: dv-neutron-833559-1-hyperv {{(pid=102570) _ensure_host_set_on_ports /opt/stack/neutron/neutron/api/rpc/handlers/l3_rpc.py:155}}
Mar 14 15:23:12.676961 dv-neutron-833559-1-hyperv neutron-server[102570]: DEBUG neutron.api.rpc.handlers.l3_rpc [None req-b32a1fe1-17f1-4124-b234-24337c33e46a None None] Updating router 9f408e7d-60ca-4e28-b3e8-712d89b02601 port dd0bd637-f443-4915-99c6-51010214304a binding host dv-neutron-833559-1-hyperv {{(pid=102570) _ensure_host_set_on_port /opt/stack/neutron/neutron/api/rpc/handlers/l3_rpc.py:205}}
Mar 14 15:23:12.727621 dv-neutron-833559-1-hyperv neutron-server[102570]: DEBUG neutron_lib.callbacks.manager [None req-b32a1fe1-17f1-4124-b234-24337c33e46a None None] Notify callbacks ['neutron.plugins.ml2.plugin.SecurityGroupDbMixin._ensure_default_security_group_handler-567467'] for port, before_update {{(pid=102570) _notify_loop /usr/local/lib/python3.8/dist-packages/neutron_lib/callbacks/manager.py:192}}
Mar 14 15:23:12.825364 dv-neutron-833559-1-hyperv neutron-server[102569]: DEBUG neutron.db.l3_dvr_db [None req-a995b5f8-dd33-47ad-96d7-d3b43f60c891 None None] Set router 73e780e4-dc9c-4b78-be55-c29a2cc33e68 gateway port host: dv-neutron-833559-1-hyperv {{(pid=102569) _build_routers_list /opt/stack/neutron/neutron/db/l3_dvr_db.py:906}}
Mar 14 15:23:12.835554 dv-neutron-833559-1-hyperv neutron-server[102568]: DEBUG neutron_lib.callbacks.manager [None req-42c95c93-e8fd-4705-a54a-fe689f8a3e66 tempest-FloatingIPAdminTestJSON-1282035355 tempest-FloatingIPAdminTestJSON-1282035355-project] Notify callbacks [] for router_gateway, precommit_update {{(pid=102568) _notify_loop /usr/local/lib/python3.8/dist-packages/neutron_lib/callbacks/manager.py:192}}
Mar 14 15:23:12.846508 dv-neutron-833559-1-hyperv neutron-server[102568]: DEBUG neutron_lib.callbacks.manager [None req-79217657-8532-44b2-a6a0-861f338ddb56 tempest-DHCPAgentSchedulersTestJSON-106330270 tempest-DHCPAgentSchedulersTestJSON-106330270-project] Notify callbacks ['neutron.plugins.ml2.plugin.Ml2Plugin._network_delete_after_delete_handler-1330694', 'neutron.plugins.ml2.ovo_rpc._ObjectChangeHandler.handle_event-1698153', 'neutron.api.rpc.agentnotifiers.dhcp_rpc_agent_api.DhcpAgentNotifyAPI._native_event_send_dhcp_notification-1583957', 'neutron.services.l3_router.l3_router_plugin.DVRResourceOperationHandler.delete_fip_namespaces_for_ext_net-1667133'] for network, after_delete {{(pid=102568) _notify_loop /usr/local/lib/python3.8/dist-packages/neutron_lib/callbacks/manager.py:192}}
Mar 14 15:23:12.851239 dv-neutron-833559-1-hyperv neutron-server[102568]: DEBUG neutron_lib.callbacks.manager [None req-79217657-8532-44b2-a6a0-861f338ddb56 tempest-DHCPAgentSchedulersTestJSON-106330270 tempest-DHCPAgentSchedulersTestJSON-106330270-project] Notify callbacks ['neutron.api.rpc.agentnotifiers.dhcp_rpc_agent_api.DhcpAgentNotifyAPI._send_dhcp_notification-1583807'] for network, before_response {{(pid=102568) _notify_loop /usr/local/lib/python3.8/dist-packages/neutron_lib/callbacks/manager.py:192}}
Mar 14 15:23:12.860533 dv-neutron-833559-1-hyperv neutron-server[102568]: INFO neutron.wsgi [None req-79217657-8532-44b2-a6a0-861f338ddb56 tempest-DHCPAgentSchedulersTestJSON-106330270 tempest-DHCPAgentSchedulersTestJSON-106330270-project] 10.222.0.59 "DELETE /v2.0/networks/21a69ee3-1070-457c-9aa4-4ad5996ce454 HTTP/1.1" status: 204 len: 168 time: 3.6944342
Mar 14 15:23:12.885297 dv-neutron-833559-1-hyperv neutron-server[102568]: DEBUG neutron.api.rpc.handlers.resources_rpc [None req-79217657-8532-44b2-a6a0-861f338ddb56 tempest-DHCPAgentSchedulersTestJSON-106330270 tempest-DHCPAgentSchedulersTestJSON-106330270-project] Pushing event deleted for resources: {'Network': ['ID=21a69ee3-1070-457c-9aa4-4ad5996ce454,revision_number=None']} {{(pid=102568) push /opt/stack/neutron/neutron/api/rpc/handlers/resources_rpc.py:237}}
Mar 14 15:23:12.898956 dv-neutron-833559-1-hyperv neutron-server[102567]: DEBUG neutron_lib.callbacks.manager [None req-1e35ecb7-5a0b-405f-a84b-9b101e966448 tempest-ServersTestManualDisk-1920064709 tempest-ServersTestManualDisk-1920064709-project] Notify callbacks [] for security_group_rule, precommit_create {{(pid=102567) _notify_loop /usr/local/lib/python3.8/dist-packages/neutron_lib/callbacks/manager.py:192}}
Mar 14 15:23:12.909961 dv-neutron-833559-1-hyperv neutron-server[102567]: DEBUG neutron.plugins.ml2.plugin [None req-980b6405-0e10-484c-82be-6edb6eb06ce1 tempest-RoutersAdminNegativeTest-1934625209 tempest-RoutersAdminNegativeTest-1934625209-project-admin] Deleting port d990a4fa-8792-4d9c-97a3-3f81beec83fe {{(pid=102567) _pre_delete_port /opt/stack/neutron/neutron/plugins/ml2/plugin.py:1960}}
Mar 14 15:23:12.912686 dv-neutron-833559-1-hyperv neutron-server[102567]: DEBUG neutron_lib.callbacks.manager [None req-980b6405-0e10-484c-82be-6edb6eb06ce1 tempest-RoutersAdminNegativeTest-1934625209 tempest-RoutersAdminNegativeTest-1934625209-project-admin] Notify callbacks ['neutron.db.l3_db.L3_NAT_dbonly_mixin._prevent_l3_port_delete_callback-8774684302924'] for port, before_delete {{(pid=102567) _notify_loop /usr/local/lib/python3.8/dist-packages/neutron_lib/callbacks/manager.py:192}}
Mar 14 15:23:12.914565 dv-neutron-833559-1-hyperv neutron-server[102567]: DEBUG neutron_lib.callbacks.manager [None req-1e35ecb7-5a0b-405f-a84b-9b101e966448 tempest-ServersTestManualDisk-1920064709 tempest-ServersTestManualDisk-1920064709-project] Notify callbacks ['neutron.plugins.ml2.ovo_rpc._ObjectChangeHandler.handle_event-1693607'] for security_group_rule, after_create {{(pid=102567) _notify_loop /usr/local/lib/python3.8/dist-packages/neutron_lib/callbacks/manager.py:192}}
Mar 14 15:23:12.978713 dv-neutron-833559-1-hyperv neutron-server[102567]: DEBUG neutron.api.rpc.handlers.resources_rpc [None req-1e35ecb7-5a0b-405f-a84b-9b101e966448 tempest-ServersTestManualDisk-1920064709 tempest-ServersTestManualDisk-1920064709-project] Pushing event updated for resources: {'SecurityGroupRule': ['ID=c1d97574-b794-4084-8718-68c66c525466,revision_number=0']} {{(pid=102567) push /opt/stack/neutron/neutron/api/rpc/handlers/resources_rpc.py:237}}
Mar 14 15:23:13.053098 dv-neutron-833559-1-hyperv neutron-server[102567]: DEBUG neutron_lib.callbacks.manager [None req-1e35ecb7-5a0b-405f-a84b-9b101e966448 tempest-ServersTestManualDisk-1920064709 tempest-ServersTestManualDisk-1920064709-project] Notify callbacks [] for security_group_rule, before_response {{(pid=102567) _notify_loop /usr/local/lib/python3.8/dist-packages/neutron_lib/callbacks/manager.py:192}}
Mar 14 15:23:13.061155 dv-neutron-833559-1-hyperv neutron-server[102567]: INFO neutron.wsgi [None req-1e35ecb7-5a0b-405f-a84b-9b101e966448 tempest-ServersTestManualDisk-1920064709 tempest-ServersTestManualDisk-1920064709-project] 10.222.0.59 "POST /v2.0/security-group-rules HTTP/1.1" status: 201 len: 769 time: 0.6285992
Mar 14 15:23:13.061878 dv-neutron-833559-1-hyperv neutron-server[102567]: DEBUG neutron.wsgi [-] (102567) accepted ('10.222.0.59', 50142) {{(pid=102567) server /usr/local/lib/python3.8/dist-packages/eventlet/wsgi.py:982}}
Mar 14 15:23:13.072701 dv-neutron-833559-1-hyperv neutron-server[102567]: DEBUG neutron.api.v2.base [None req-e7929841-2cb1-4fff-ab0e-a484a778f91b tempest-ServersTestManualDisk-1920064709 tempest-ServersTestManualDisk-1920064709-project] Request body: {'floatingip': {'floating_network_id': '0f3fd893-5baa-4085-951b-8847b15a4083'}} {{(pid=102567) prepare_request_body /opt/stack/neutron/neutron/api/v2/base.py:729}}
Mar 14 15:23:13.159046 dv-neutron-833559-1-hyperv neutron-server[102569]: DEBUG neutron.db.l3_dvrscheduler_db [None req-fb1b7148-5f5a-458b-b22a-8704174c6e37 None None] Routers {'fbb9e2ca-da3c-43ba-b0ed-62e4115b0435'} bound to L3 agent in host dv-neutron-833559-1-hyperv {{(pid=102569) _get_router_ids_for_agent /opt/stack/neutron/neutron/db/l3_dvrscheduler_db.py:421}}
Mar 14 15:23:13.166606 dv-neutron-833559-1-hyperv neutron-server[102569]: DEBUG neutron.db.l3_hamode_db [None req-fb1b7148-5f5a-458b-b22a-8704174c6e37 None None] neutron.services.l3_router.l3_router_plugin.L3RouterPlugin method get_ha_sync_data_for_host called with arguments (, 'dv-neutron-833559-1-hyperv', Agent(admin_state_up=True,agent_type='L3 agent',availability_zone='nova',binary='neutron-l3-agent',configurations={"agent_mode": "legacy", "ex_gw_ports": 3, "extensions": [], "floating_ips": 0, "handle_internal_only_routers": true, "interface_driver": "openvswitch", "interfaces": 1, "log_agent_heartbeats": false, "routers": 3},created_at=2022-03-14T15:15:06Z,description=,heartbeat_timestamp=2022-03-14T15:23:06Z,host='dv-neutron-833559-1-hyperv',id=25a8a75d-4e90-4c35-ad8f-b253cf3c77d3,load=0,resource_versions=,resources_synced=,started_at=2022-03-14T15:15:06Z,topic='l3_agent')) {'router_ids': ['fbb9e2ca-da3c-43ba-b0ed-62e4115b0435'], 'active': True} {{(pid=102569) wrapper /usr/local/lib/python3.8/dist-packages/oslo_log/helpers.py:65}}
Mar 14 15:23:13.178467 dv-neutron-833559-1-hyperv neutron-server[102567]: DEBUG neutron_lib.callbacks.manager [None req-e7929841-2cb1-4fff-ab0e-a484a778f91b tempest-ServersTestManualDisk-1920064709 tempest-ServersTestManualDisk-1920064709-project] Notify callbacks [] for floatingip, before_create {{(pid=102567) _notify_loop /usr/local/lib/python3.8/dist-packages/neutron_lib/callbacks/manager.py:192}}
Mar 14 15:23:13.180281 dv-neutron-833559-1-hyperv neutron-server[102570]: DEBUG neutron_lib.callbacks.manager [None req-b32a1fe1-17f1-4124-b234-24337c33e46a None None] Notify callbacks [] for port, precommit_update {{(pid=102570) _notify_loop /usr/local/lib/python3.8/dist-packages/neutron_lib/callbacks/manager.py:192}}
Mar 14 15:23:13.191341 dv-neutron-833559-1-hyperv neutron-server[102570]: DEBUG neutron_lib.callbacks.manager [None req-b32a1fe1-17f1-4124-b234-24337c33e46a None None] Notify callbacks ['neutron.plugins.ml2.plugin.SecurityGroupServerNotifierRpcMixin._notify_sg_on_port_change-567402', 'neutron.plugins.ml2.ovo_rpc._ObjectChangeHandler.handle_event-2084553', 'neutron.api.rpc.agentnotifiers.dhcp_rpc_agent_api.DhcpAgentNotifyAPI._native_event_send_dhcp_notification-1583957', 'neutron.db.l3_db.L3RpcNotifierMixin._notify_gateway_port_ip_changed-8774684310200', 'neutron.db.l3_dvrscheduler_db._notify_l3_agent_port_update-8774683789590', 'neutron.db.l3_hascheduler_db._notify_l3_agent_ha_port_update-8774683785418'] for port, after_update {{(pid=102570) _notify_loop /usr/local/lib/python3.8/dist-packages/neutron_lib/callbacks/manager.py:192}}
Mar 14 15:23:13.194544 dv-neutron-833559-1-hyperv neutron-server[102567]: DEBUG neutron_lib.callbacks.manager [None req-980b6405-0e10-484c-82be-6edb6eb06ce1 tempest-RoutersAdminNegativeTest-1934625209 tempest-RoutersAdminNegativeTest-1934625209-project-admin] Notify callbacks ['neutron.services.l3_router.l3_router_plugin.L3_NAT_dbonly_mixin._precommit_delete_port_callback-1664829'] for port, precommit_delete {{(pid=102567) _notify_loop /usr/local/lib/python3.8/dist-packages/neutron_lib/callbacks/manager.py:192}}
Mar 14 15:23:13.237265 dv-neutron-833559-1-hyperv neutron-server[102567]: DEBUG neutron.plugins.ml2.plugin [None req-980b6405-0e10-484c-82be-6edb6eb06ce1 tempest-RoutersAdminNegativeTest-1934625209 tempest-RoutersAdminNegativeTest-1934625209-project-admin] Calling delete_port for d990a4fa-8792-4d9c-97a3-3f81beec83fe owned by {{(pid=102567) delete_port /opt/stack/neutron/neutron/plugins/ml2/plugin.py:2038}}
Mar 14 15:23:13.270959 dv-neutron-833559-1-hyperv neutron-server[102570]: DEBUG neutron.api.rpc.handlers.resources_rpc [None req-1e030bb3-b063-4da8-9ba0-3fb1a2cfafc0 None None] Pushing event updated for resources: {'Port': ['ID=dd0bd637-f443-4915-99c6-51010214304a,revision_number=3']} {{(pid=102570) push /opt/stack/neutron/neutron/api/rpc/handlers/resources_rpc.py:237}}
Mar 14 15:23:13.478400 dv-neutron-833559-1-hyperv neutron-server[102570]: DEBUG neutron.plugins.ml2.managers [None req-b32a1fe1-17f1-4124-b234-24337c33e46a None None] Attempting to bind port dd0bd637-f443-4915-99c6-51010214304a on host dv-neutron-833559-1-hyperv for vnic_type normal with profile {{(pid=102570) bind_port /opt/stack/neutron/neutron/plugins/ml2/managers.py:790}}
Mar 14 15:23:13.478948 dv-neutron-833559-1-hyperv neutron-server[102570]: DEBUG neutron.plugins.ml2.managers [None req-b32a1fe1-17f1-4124-b234-24337c33e46a None None] Attempting to bind port dd0bd637-f443-4915-99c6-51010214304a by drivers openvswitch,hyperv on host dv-neutron-833559-1-hyperv at level 0 using segments [{'id': 'b4feea2c-6aa0-4a26-932b-1366dd8c8096', 'network_type': 'vlan', 'physical_network': 'physnet1', 'segmentation_id': 274, 'network_id': '52d00c44-24c0-4d1a-a340-c039d76298f3'}] {{(pid=102570) _bind_port_level /opt/stack/neutron/neutron/plugins/ml2/managers.py:815}}
Mar 14 15:23:13.483941 dv-neutron-833559-1-hyperv neutron-server[102570]: DEBUG neutron.plugins.ml2.drivers.mech_agent [None req-b32a1fe1-17f1-4124-b234-24337c33e46a None None] Attempting to bind port dd0bd637-f443-4915-99c6-51010214304a on network 52d00c44-24c0-4d1a-a340-c039d76298f3 {{(pid=102570) bind_port /opt/stack/neutron/neutron/plugins/ml2/drivers/mech_agent.py:91}}
Mar 14 15:23:13.497981 dv-neutron-833559-1-hyperv neutron-server[102570]: DEBUG neutron.plugins.ml2.drivers.mech_agent [None req-b32a1fe1-17f1-4124-b234-24337c33e46a None None] Checking agent: {'id': '9838988f-e0cc-4a86-80bf-86abe53b602f', 'agent_type': 'Open vSwitch agent', 'binary': 'neutron-openvswitch-agent', 'topic': 'N/A', 'host': 'dv-neutron-833559-1-hyperv', 'admin_state_up': True, 'created_at': datetime.datetime(2022, 3, 14, 15, 15, 9), 'started_at': datetime.datetime(2022, 3, 14, 15, 15, 39), 'heartbeat_timestamp': datetime.datetime(2022, 3, 14, 15, 23, 9), 'description': None, 'resources_synced': None, 'availability_zone': None, 'alive': True, 'configurations': {'arp_responder_enabled': False, 'baremetal_smartnic': False, 'bridge_mappings': {'physnet1': 'br-data'}, 'datapath_type': 'system', 'devices': 0, 'enable_distributed_routing': False, 'extensions': [], 'in_distributed_mode': False, 'integration_bridge': 'br-int', 'l2_population': False, 'log_agent_heartbeats': False, 'ovs_capabilities': {'datapath_types': ['netdev', 'system'], 'iface_types': ['erspan', 'geneve', 'gre', 'internal', 'ip6erspan', 'ip6gre', 'lisp', 'patch', 'stt', 'system', 'tap', 'vxlan']}, 'ovs_hybrid_plug': False, 'resource_provider_bandwidths': {}, 'resource_provider_hypervisors': {'br-data': 'dv-neutron-833559-1-hyperv'}, 'resource_provider_inventory_defaults': {'allocation_ratio': 1.0, 'min_unit': 1, 'step_size': 1, 'reserved': 0}, 'tunnel_types': [], 'tunneling_ip': None, 'vhostuser_socket_dir': '/var/run/openvswitch'}, 'resource_versions': {'AddressGroup': '1.2', 'ConntrackHelper': '1.0', 'Log': '1.0', 'Network': '1.1', 'Port': '1.7', 'PortForwarding': '1.2', 'QosPolicy': '1.9', 'SecurityGroup': '1.4', 'SecurityGroupRule': '1.2', 'SubPort': '1.0', 'Subnet': '1.1', 'Trunk': '1.1'}} {{(pid=102570) bind_port /opt/stack/neutron/neutron/plugins/ml2/drivers/mech_agent.py:110}}
Mar 14 15:23:13.498277 dv-neutron-833559-1-hyperv neutron-server[102570]: DEBUG neutron.plugins.ml2.drivers.mech_agent [None req-b32a1fe1-17f1-4124-b234-24337c33e46a None None] Checking segment: {'id': 'b4feea2c-6aa0-4a26-932b-1366dd8c8096', 'network_type': 'vlan', 'physical_network': 'physnet1', 'segmentation_id': 274, 'network_id': '52d00c44-24c0-4d1a-a340-c039d76298f3'} for mappings: {'physnet1': 'br-data'} with network types: ['local', 'flat', 'vlan'] {{(pid=102570) check_segment_for_agent /opt/stack/neutron/neutron/plugins/ml2/drivers/mech_agent.py:360}}
Mar 14 15:23:13.498990 dv-neutron-833559-1-hyperv neutron-server[102569]: DEBUG neutron.api.rpc.handlers.resources_rpc [None req-57aff0ed-f461-4ce4-8179-948829ff9236 None None] Pushing event updated for resources: {'Port': ['ID=a7cfce75-eadf-4340-a944-8ea4806a0406,revision_number=4']} {{(pid=102569) push /opt/stack/neutron/neutron/api/rpc/handlers/resources_rpc.py:237}}
Mar 14 15:23:13.507448 dv-neutron-833559-1-hyperv neutron-server[102570]: DEBUG neutron_lib.callbacks.manager [None req-b32a1fe1-17f1-4124-b234-24337c33e46a None None] Notify callbacks [] for ovs_bridge_name, before_read {{(pid=102570) _notify_loop /usr/local/lib/python3.8/dist-packages/neutron_lib/callbacks/manager.py:192}}
Mar 14 15:23:13.508071 dv-neutron-833559-1-hyperv neutron-server[102570]: DEBUG neutron.plugins.ml2.drivers.mech_agent [None req-b32a1fe1-17f1-4124-b234-24337c33e46a None None] Bound using segment: {'id': 'b4feea2c-6aa0-4a26-932b-1366dd8c8096', 'network_type': 'vlan', 'physical_network': 'physnet1', 'segmentation_id': 274, 'network_id': '52d00c44-24c0-4d1a-a340-c039d76298f3'} {{(pid=102570) bind_port /opt/stack/neutron/neutron/plugins/ml2/drivers/mech_agent.py:120}}
Mar 14 15:23:13.508649 dv-neutron-833559-1-hyperv neutron-server[102570]: DEBUG neutron.plugins.ml2.managers [None req-b32a1fe1-17f1-4124-b234-24337c33e46a None None] Bound port: dd0bd637-f443-4915-99c6-51010214304a, host: dv-neutron-833559-1-hyperv, vif_type: ovs, vif_details: {"connectivity": "l2", "port_filter": true, "ovs_hybrid_plug": false, "datapath_type": "system", "bridge_name": "br-int"}, binding_levels: [{'bound_driver': 'openvswitch', 'bound_segment': {'id': 'b4feea2c-6aa0-4a26-932b-1366dd8c8096', 'network_type': 'vlan', 'physical_network': 'physnet1', 'segmentation_id': 274, 'network_id': '52d00c44-24c0-4d1a-a340-c039d76298f3'}}] {{(pid=102570) _bind_port_level /opt/stack/neutron/neutron/plugins/ml2/managers.py:928}}
Mar 14 15:23:13.509543 dv-neutron-833559-1-hyperv neutron-server[102570]: DEBUG neutron_lib.callbacks.manager [None req-b32a1fe1-17f1-4124-b234-24337c33e46a None None] Notify callbacks ['neutron.plugins.ml2.plugin.SecurityGroupDbMixin._ensure_default_security_group_handler-567467'] for port, before_update {{(pid=102570) _notify_loop /usr/local/lib/python3.8/dist-packages/neutron_lib/callbacks/manager.py:192}}
Mar 14 15:23:13.537988 dv-neutron-833559-1-hyperv neutron-server[102567]: DEBUG neutron.wsgi [-] (102567) accepted ('10.222.0.59', 50144) {{(pid=102567) server /usr/local/lib/python3.8/dist-packages/eventlet/wsgi.py:982}}
Mar 14 15:23:13.659463 dv-neutron-833559-1-hyperv neutron-server[102569]: DEBUG neutron_lib.callbacks.manager [None req-84c57f58-c91d-4b58-a411-09b32ea805e2 None None] Notify callbacks ['neutron.plugins.ml2.plugin.SecurityGroupDbMixin._ensure_default_security_group_handler-567467'] for port, before_update {{(pid=102569) _notify_loop /usr/local/lib/python3.8/dist-packages/neutron_lib/callbacks/manager.py:192}}
Mar 14 15:23:13.691753 dv-neutron-833559-1-hyperv neutron-server[102568]: DEBUG neutron.api.v2.base [None req-bcfd09f5-7a61-4a53-bc20-3dbbc2f5bb98 tempest-PortsAdminExtendedAttrsTestJSON-1851393518 tempest-PortsAdminExtendedAttrsTestJSON-1851393518-project] Request body: {'network': {'name': 'tempest-PortsAdminExtendedAttrsTestJSON-test-network-187747910'}} {{(pid=102568) prepare_request_body /opt/stack/neutron/neutron/api/v2/base.py:729}}
Mar 14 15:23:13.694756 dv-neutron-833559-1-hyperv neutron-server[102568]: DEBUG neutron_lib.callbacks.manager [None req-42c95c93-e8fd-4705-a54a-fe689f8a3e66 tempest-FloatingIPAdminTestJSON-1282035355 tempest-FloatingIPAdminTestJSON-1282035355-project] Notify callbacks [] for router_gateway, before_create {{(pid=102568) _notify_loop /usr/local/lib/python3.8/dist-packages/neutron_lib/callbacks/manager.py:192}}
Mar 14 15:23:13.697146 dv-neutron-833559-1-hyperv neutron-server[102569]: DEBUG neutron.plugins.ml2.rpc [None req-79442dc7-ad84-4b4f-89fb-c9f516b9e96d None None] Device 05b67135-3644-4d71-a50c-84430cdc64ee up at agent ovs-agent-dv-neutron-833559-1-hyperv {{(pid=102569) update_device_up /opt/stack/neutron/neutron/plugins/ml2/rpc.py:296}}
Mar 14 15:23:13.703941 dv-neutron-833559-1-hyperv neutron-server[102567]: DEBUG neutron.wsgi [-] (102567) accepted ('10.222.0.59', 50148) {{(pid=102567) server /usr/local/lib/python3.8/dist-packages/eventlet/wsgi.py:982}}
Mar 14 15:23:13.737787 dv-neutron-833559-1-hyperv neutron-server[102567]: DEBUG neutron.api.v2.base [None req-f8ac41ed-e311-483e-a068-7e507cf94d31 tempest-ServerActionsTestJSON-212159109 tempest-ServerActionsTestJSON-212159109-project] Request body: {'security_group': {'name': 'tempest-securitygroup--2061932587', 'description': 'tempest-description--1945180534'}} {{(pid=102567) prepare_request_body /opt/stack/neutron/neutron/api/v2/base.py:729}}
Mar 14 15:23:13.740649 dv-neutron-833559-1-hyperv neutron-server[102570]: DEBUG neutron.plugins.ml2.db [None req-b32a1fe1-17f1-4124-b234-24337c33e46a None None] For port dd0bd637-f443-4915-99c6-51010214304a, host dv-neutron-833559-1-hyperv, cleared binding levels {{(pid=102570) clear_binding_levels /opt/stack/neutron/neutron/plugins/ml2/db.py:87}}
Mar 14 15:23:13.762885 dv-neutron-833559-1-hyperv neutron-server[102568]: DEBUG neutron_lib.callbacks.manager [None req-42c95c93-e8fd-4705-a54a-fe689f8a3e66 tempest-FloatingIPAdminTestJSON-1282035355 tempest-FloatingIPAdminTestJSON-1282035355-project] Notify callbacks ['neutron.plugins.ml2.plugin.SecurityGroupDbMixin._ensure_default_security_group_handler-567467'] for port, before_create {{(pid=102568) _notify_loop /usr/local/lib/python3.8/dist-packages/neutron_lib/callbacks/manager.py:192}}
Mar 14 15:23:13.780553 dv-neutron-833559-1-hyperv neutron-server[102569]: DEBUG neutron.plugins.ml2.db [None req-84c57f58-c91d-4b58-a411-09b32ea805e2 None None] For port a7cfce75-eadf-4340-a944-8ea4806a0406, host dv-neutron-833559-1-hyperv, got binding levels [PortBindingLevel(driver='openvswitch',host='dv-neutron-833559-1-hyperv',level=0,port_id=a7cfce75-eadf-4340-a944-8ea4806a0406,segment=NetworkSegment(5b66a205-4257-4ef2-b24e-2402f06e70b7),segment_id=5b66a205-4257-4ef2-b24e-2402f06e70b7)] {{(pid=102569) get_binding_level_objs /opt/stack/neutron/neutron/plugins/ml2/db.py:74}}
Mar 14 15:23:13.781621 dv-neutron-833559-1-hyperv neutron-server[102569]: DEBUG neutron.api.rpc.handlers.dhcp_rpc [None req-f5562088-04ce-4125-8128-e878237fdf29 None None] Create dhcp port {'port': {'name': '', 'admin_state_up': True, 'device_id': 'dhcp6d9be520-7919-5eaf-a524-5dff1a2e999d-02eb4315-4c85-4cad-8925-69a631dd1588', 'network_id': '02eb4315-4c85-4cad-8925-69a631dd1588', 'tenant_id': '83aaafe905b6437c8bf2ac1154570724', 'fixed_ips': [{'subnet_id': 'e4f06782-b6fa-4861-b47b-c5dbb7b2aa7c'}]}} from dv-neutron-833559-1-hyperv. {{(pid=102569) create_dhcp_port /opt/stack/neutron/neutron/api/rpc/handlers/dhcp_rpc.py:285}}
Mar 14 15:23:13.783482 dv-neutron-833559-1-hyperv neutron-server[102569]: DEBUG neutron_lib.callbacks.manager [None req-f5562088-04ce-4125-8128-e878237fdf29 None None] Notify callbacks ['neutron.plugins.ml2.plugin.SecurityGroupDbMixin._ensure_default_security_group_handler-567467'] for port, before_create {{(pid=102569) _notify_loop /usr/local/lib/python3.8/dist-packages/neutron_lib/callbacks/manager.py:192}}
Mar 14 15:23:13.810473 dv-neutron-833559-1-hyperv neutron-server[102569]: DEBUG neutron_lib.callbacks.manager [None req-84c57f58-c91d-4b58-a411-09b32ea805e2 None None] Notify callbacks ['neutron.plugins.ml2.plugin.SecurityGroupServerNotifierRpcMixin._notify_sg_on_port_change-567402', 'neutron.plugins.ml2.ovo_rpc._ObjectChangeHandler.handle_event-2084553', 'neutron.api.rpc.agentnotifiers.dhcp_rpc_agent_api.DhcpAgentNotifyAPI._native_event_send_dhcp_notification-1583957', 'neutron.db.l3_db.L3RpcNotifierMixin._notify_gateway_port_ip_changed-8774684310200', 'neutron.db.l3_dvrscheduler_db._notify_l3_agent_port_update-8774683789590', 'neutron.db.l3_hascheduler_db._notify_l3_agent_ha_port_update-8774683785418'] for port, after_update {{(pid=102569) _notify_loop /usr/local/lib/python3.8/dist-packages/neutron_lib/callbacks/manager.py:192}}
Mar 14 15:23:13.829496 dv-neutron-833559-1-hyperv neutron-server[102567]: INFO neutron.wsgi [None req-102a4acf-5ebc-4919-a9f5-74fa246e0056 tempest-AgentManagementNegativeTest-1681236235 tempest-AgentManagementNegativeTest-1681236235-project] 10.222.0.59 "GET /v2.0/agents HTTP/1.1" status: 200 len: 207 time: 0.2903025
Mar 14 15:23:13.845934 dv-neutron-833559-1-hyperv neutron-server[102567]: DEBUG neutron_lib.callbacks.manager [None req-e7929841-2cb1-4fff-ab0e-a484a778f91b tempest-ServersTestManualDisk-1920064709 tempest-ServersTestManualDisk-1920064709-project] Notify callbacks ['neutron.plugins.ml2.plugin.SecurityGroupDbMixin._ensure_default_security_group_handler-567467'] for port, before_create {{(pid=102567) _notify_loop /usr/local/lib/python3.8/dist-packages/neutron_lib/callbacks/manager.py:192}}
Mar 14 15:23:13.854193 dv-neutron-833559-1-hyperv neutron-server[102570]: DEBUG neutron.plugins.ml2.db [None req-b32a1fe1-17f1-4124-b234-24337c33e46a None None] For port dd0bd637-f443-4915-99c6-51010214304a, host dv-neutron-833559-1-hyperv, set binding levels [PortBindingLevel(driver='openvswitch',host='dv-neutron-833559-1-hyperv',level=0,port_id=dd0bd637-f443-4915-99c6-51010214304a,segment=NetworkSegment(b4feea2c-6aa0-4a26-932b-1366dd8c8096),segment_id=b4feea2c-6aa0-4a26-932b-1366dd8c8096)] {{(pid=102570) set_binding_levels /opt/stack/neutron/neutron/plugins/ml2/db.py:59}}
Mar 14 15:23:13.858020 dv-neutron-833559-1-hyperv neutron-server[102567]: DEBUG neutron_lib.callbacks.manager [None req-980b6405-0e10-484c-82be-6edb6eb06ce1 tempest-RoutersAdminNegativeTest-1934625209 tempest-RoutersAdminNegativeTest-1934625209-project-admin] Notify callbacks ['neutron.plugins.ml2.plugin.SecurityGroupServerNotifierRpcMixin._notify_sg_on_port_change-567402', 'neutron.plugins.ml2.ovo_rpc._ObjectChangeHandler.handle_event-2084553', 'neutron.api.rpc.agentnotifiers.dhcp_rpc_agent_api.DhcpAgentNotifyAPI._native_event_send_dhcp_notification-1583957', 'neutron.db.l3_db.L3RpcNotifierMixin._notify_routers_callback-8774684310182', 'neutron.db.l3_dvrscheduler_db._notify_port_delete-8774683789581', 'neutron.services.segments.plugin.NovaSegmentNotifier._notify_port_created_or_deleted-10177993'] for port, after_delete {{(pid=102567) _notify_loop /usr/local/lib/python3.8/dist-packages/neutron_lib/callbacks/manager.py:192}}
Mar 14 15:23:13.866849 dv-neutron-833559-1-hyperv neutron-server[102570]: DEBUG neutron_lib.callbacks.manager [None req-b32a1fe1-17f1-4124-b234-24337c33e46a None None] Notify callbacks ['neutron.plugins.ml2.plugin.SecurityGroupServerNotifierRpcMixin._notify_sg_on_port_change-567402', 'neutron.plugins.ml2.ovo_rpc._ObjectChangeHandler.handle_event-2084553', 'neutron.api.rpc.agentnotifiers.dhcp_rpc_agent_api.DhcpAgentNotifyAPI._native_event_send_dhcp_notification-1583957', 'neutron.db.l3_db.L3RpcNotifierMixin._notify_gateway_port_ip_changed-8774684310200', 'neutron.db.l3_dvrscheduler_db._notify_l3_agent_port_update-8774683789590', 'neutron.db.l3_hascheduler_db._notify_l3_agent_ha_port_update-8774683785418'] for port, after_update {{(pid=102570) _notify_loop /usr/local/lib/python3.8/dist-packages/neutron_lib/callbacks/manager.py:192}}
Mar 14 15:23:13.872174 dv-neutron-833559-1-hyperv neutron-server[102569]: DEBUG neutron.db.l3_dvr_db [None req-fb1b7148-5f5a-458b-b22a-8704174c6e37 None None] Set router fbb9e2ca-da3c-43ba-b0ed-62e4115b0435 gateway port host: dv-neutron-833559-1-hyperv {{(pid=102569) _build_routers_list /opt/stack/neutron/neutron/db/l3_dvr_db.py:906}}
Mar 14 15:23:13.874600 dv-neutron-833559-1-hyperv neutron-server[102567]: DEBUG neutron_lib.callbacks.manager [None req-f8ac41ed-e311-483e-a068-7e507cf94d31 tempest-ServerActionsTestJSON-212159109 tempest-ServerActionsTestJSON-212159109-project] Notify callbacks [] for security_group, before_create {{(pid=102567) _notify_loop /usr/local/lib/python3.8/dist-packages/neutron_lib/callbacks/manager.py:192}}
Mar 14 15:23:13.888642 dv-neutron-833559-1-hyperv neutron-server[102568]: DEBUG neutron.pecan_wsgi.hooks.quota_enforcement [None req-bcfd09f5-7a61-4a53-bc20-3dbbc2f5bb98 tempest-PortsAdminExtendedAttrsTestJSON-1851393518 tempest-PortsAdminExtendedAttrsTestJSON-1851393518-project] Made reservation on behalf of af59e5527ede4ca0bec384af664c5090 for: {'network': 1} {{(pid=102568) before /opt/stack/neutron/neutron/pecan_wsgi/hooks/quota_enforcement.py:53}}
