Mar 14 19:49:19.856507 dv-neutron-833469-2-hyperv neutron-server[110258]: L3 agent@dv-neutron-833469-2-hyperv: {},
Mar 14 19:49:19.856507 dv-neutron-833469-2-hyperv neutron-server[110258]: Metadata agent@dv-neutron-833469-2-hyperv: {},
Mar 14 19:49:19.856507 dv-neutron-833469-2-hyperv neutron-server[110258]: Metering agent@dv-neutron-833469-2-hyperv: {},
Mar 14 19:49:19.856507 dv-neutron-833469-2-hyperv neutron-server[110258]: Open vSwitch agent@dv-neutron-833469-2-hyperv: { 'AddressGroup': '1.2',
Mar 14 19:49:19.856507 dv-neutron-833469-2-hyperv neutron-server[110258]: 'Agent': '1.1',
Mar 14 19:49:19.856507 dv-neutron-833469-2-hyperv neutron-server[110258]: 'ConntrackHelper': '1.0',
Mar 14 19:49:19.856507 dv-neutron-833469-2-hyperv neutron-server[110258]: 'LocalIPAssociation': '1.0',
Mar 14 19:49:19.856507 dv-neutron-833469-2-hyperv neutron-server[110258]: 'Log': '1.0',
Mar 14 19:49:19.856507 dv-neutron-833469-2-hyperv neutron-server[110258]: 'NDPProxy': '1.0',
Mar 14 19:49:19.856507 dv-neutron-833469-2-hyperv neutron-server[110258]: 'Network': '1.1',
Mar 14 19:49:19.856507 dv-neutron-833469-2-hyperv neutron-server[110258]: 'Port': '1.7',
Mar 14 19:49:19.856507 dv-neutron-833469-2-hyperv neutron-server[110258]: 'PortForwarding': '1.2',
Mar 14 19:49:19.856507 dv-neutron-833469-2-hyperv neutron-server[110258]: 'QosPolicy': '1.10',
Mar 14 19:49:19.856507 dv-neutron-833469-2-hyperv neutron-server[110258]: 'SecurityGroup': '1.5',
Mar 14 19:49:19.856507 dv-neutron-833469-2-hyperv neutron-server[110258]: 'SecurityGroupRule': '1.2',
Mar 14 19:49:19.856507 dv-neutron-833469-2-hyperv neutron-server[110258]: 'SubPort': '1.0',
Mar 14 19:49:19.856507 dv-neutron-833469-2-hyperv neutron-server[110258]: 'Subnet': '1.1',
Mar 14 19:49:19.856507 dv-neutron-833469-2-hyperv neutron-server[110258]: 'Trunk': '1.1'}}
Mar 14 19:49:19.856507 dv-neutron-833469-2-hyperv neutron-server[110258]: {{(pid=110258) report /opt/stack/neutron/neutron/api/rpc/callbacks/version_manager.py:175}}
Mar 14 19:49:19.874694 dv-neutron-833469-2-hyperv neutron-server[110258]: DEBUG neutron.plugins.ml2.drivers.mech_agent [None req-9ffe81ee-f6b8-4c7f-8f8e-08bd05f3f907 tempest-AllowedAddressPairIpV6TestJSON-368055794 tempest-AllowedAddressPairIpV6TestJSON-368055794-project] Checking segment: {'id': '56d8af66-feef-481c-a52b-8caa1b7d3916', 'network_type': 'vlan', 'physical_network': 'physnet1', 'segmentation_id': 193, 'network_id': '0257125f-90a2-4c8e-bf21-9548e6733b43'} for mappings: {'physnet1': 'br-data'} with network types: ['local', 'flat', 'vlan'] {{(pid=110258) check_segment_for_agent /opt/stack/neutron/neutron/plugins/ml2/drivers/mech_agent.py:373}}
Mar 14 19:49:19.875055 dv-neutron-833469-2-hyperv neutron-server[110258]: DEBUG neutron.scheduler.dhcp_agent_scheduler [None req-9ffe81ee-f6b8-4c7f-8f8e-08bd05f3f907 tempest-AllowedAddressPairIpV6TestJSON-368055794 tempest-AllowedAddressPairIpV6TestJSON-368055794-project] Network hostable DHCP agents. Network: 0257125f-90a2-4c8e-bf21-9548e6733b43, hostable agents: ['6cdd613a-d06e-42e2-8894-c4e0266bfcad'], hosted agents: [] {{(pid=110258) _get_network_hostable_dhcp_agents /opt/stack/neutron/neutron/scheduler/dhcp_agent_scheduler.py:329}}
Mar 14 19:49:19.893025 dv-neutron-833469-2-hyperv neutron-server[110258]: DEBUG neutron.scheduler.dhcp_agent_scheduler [None req-9ffe81ee-f6b8-4c7f-8f8e-08bd05f3f907 tempest-AllowedAddressPairIpV6TestJSON-368055794 tempest-AllowedAddressPairIpV6TestJSON-368055794-project] Network 0257125f-90a2-4c8e-bf21-9548e6733b43 is scheduled to be hosted by DHCP agent 6cdd613a-d06e-42e2-8894-c4e0266bfcad with binding_index 1 {{(pid=110258) bind /opt/stack/neutron/neutron/scheduler/dhcp_agent_scheduler.py:227}}
Mar 14 19:49:19.902624 dv-neutron-833469-2-hyperv neutron-server[110258]: DEBUG neutron.scheduler.base_scheduler [None req-9ffe81ee-f6b8-4c7f-8f8e-08bd05f3f907 tempest-AllowedAddressPairIpV6TestJSON-368055794 tempest-AllowedAddressPairIpV6TestJSON-368055794-project] Resources bound (agent type, host, resource id): (DHCP agent, dv-neutron-833469-2-hyperv, 0257125f-90a2-4c8e-bf21-9548e6733b43) {{(pid=110258) schedule /opt/stack/neutron/neutron/scheduler/base_scheduler.py:57}}
Mar 14 19:49:19.908265 dv-neutron-833469-2-hyperv neutron-server[110258]: DEBUG neutron.pecan_wsgi.hooks.policy_enforcement [None req-9ffe81ee-f6b8-4c7f-8f8e-08bd05f3f907 tempest-AllowedAddressPairIpV6TestJSON-368055794 tempest-AllowedAddressPairIpV6TestJSON-368055794-project] Attributes excluded by policy engine: ['standard_attr_id', 'shared', 'network'] {{(pid=110258) _exclude_attributes_by_policy /opt/stack/neutron/neutron/pecan_wsgi/hooks/policy_enforcement.py:255}}
Mar 14 19:49:19.909110 dv-neutron-833469-2-hyperv neutron-server[110258]: DEBUG neutron_lib.callbacks.manager [None req-9ffe81ee-f6b8-4c7f-8f8e-08bd05f3f907 tempest-AllowedAddressPairIpV6TestJSON-368055794 tempest-AllowedAddressPairIpV6TestJSON-368055794-project] Publish callbacks ['neutron.api.rpc.agentnotifiers.dhcp_rpc_agent_api.DhcpAgentNotifyAPI._send_dhcp_notification-1582086'] for subnet (None), before_response {{(pid=110258) _notify_loop /usr/local/lib/python3.8/dist-packages/neutron_lib/callbacks/manager.py:176}}
Mar 14 19:49:19.922682 dv-neutron-833469-2-hyperv neutron-server[110260]: DEBUG neutron.api.rpc.handlers.dhcp_rpc [None req-5135368f-2914-4287-a0e1-f20cef5bf2ba None None] Network 0257125f-90a2-4c8e-bf21-9548e6733b43 requested from dv-neutron-833469-2-hyperv {{(pid=110260) get_network_info /opt/stack/neutron/neutron/api/rpc/handlers/dhcp_rpc.py:191}}
Mar 14 19:49:19.934543 dv-neutron-833469-2-hyperv neutron-server[110259]: DEBUG neutron.wsgi [-] (110259) accepted ('10.222.0.70', 49330) {{(pid=110259) server /usr/local/lib/python3.8/dist-packages/eventlet/wsgi.py:1004}}
Mar 14 19:49:19.940681 dv-neutron-833469-2-hyperv neutron-server[110259]: DEBUG neutron.api.v2.base [None req-ac29f04e-df2c-4b59-8db7-ff9697e953d5 tempest-AllowedAddressPairIpV6TestJSON-368055794 tempest-AllowedAddressPairIpV6TestJSON-368055794-project] Request body: {'port': {'network_id': '0257125f-90a2-4c8e-bf21-9548e6733b43', 'name': 'tempest-AllowedAddressPairIpV6TestJSON-1403351651'}} {{(pid=110259) prepare_request_body /opt/stack/neutron/neutron/api/v2/base.py:729}}
Mar 14 19:49:19.945450 dv-neutron-833469-2-hyperv neutron-server[110258]: INFO neutron.wsgi [None req-9ffe81ee-f6b8-4c7f-8f8e-08bd05f3f907 tempest-AllowedAddressPairIpV6TestJSON-368055794 tempest-AllowedAddressPairIpV6TestJSON-368055794-project] 10.222.0.70 "POST /v2.0/subnets HTTP/1.1" status: 201 len: 821 time: 0.6326313
Mar 14 19:49:19.959469 dv-neutron-833469-2-hyperv neutron-server[110259]: DEBUG neutron.api.v2.base [None req-deb504a1-e9b2-43ec-bd32-b041f375f51d admin admin] Request body: {'network': {'name': 'tempest-ServersTestManualDisk-369497491-network', 'tenant_id': '2e1b6a2358754d65867f49ec3713ac10'}} {{(pid=110259) prepare_request_body /opt/stack/neutron/neutron/api/v2/base.py:729}}
Mar 14 19:49:20.034583 dv-neutron-833469-2-hyperv neutron-server[110259]: DEBUG neutron.pecan_wsgi.hooks.quota_enforcement [None req-deb504a1-e9b2-43ec-bd32-b041f375f51d admin admin] Made reservation on behalf of 2e1b6a2358754d65867f49ec3713ac10 for: {'network': 1} {{(pid=110259) before /opt/stack/neutron/neutron/pecan_wsgi/hooks/quota_enforcement.py:53}}
Mar 14 19:49:20.037599 dv-neutron-833469-2-hyperv neutron-server[110259]: DEBUG neutron_lib.callbacks.manager [None req-deb504a1-e9b2-43ec-bd32-b041f375f51d admin admin] Publish callbacks ['neutron.plugins.ml2.plugin.SecurityGroupDbMixin._ensure_default_security_group_handler-16212056'] for network (None), before_create {{(pid=110259) _notify_loop /usr/local/lib/python3.8/dist-packages/neutron_lib/callbacks/manager.py:176}}
Mar 14 19:49:20.067748 dv-neutron-833469-2-hyperv neutron-server[110260]: DEBUG neutron.api.rpc.handlers.dhcp_rpc [None req-93e46d1c-42df-4f2e-99af-80ee1b39b4fe None None] Create dhcp port {'port': {'name': '', 'admin_state_up': True, 'device_id': 'dhcp80e32731-a1d4-5769-a770-4549c7e178c5-0257125f-90a2-4c8e-bf21-9548e6733b43', 'network_id': '0257125f-90a2-4c8e-bf21-9548e6733b43', 'project_id': '97f4f89bf19a4070a4436157d410d78b', 'fixed_ips': [{'subnet_id': '3b414741-1b7e-43e2-b602-f7ca8bd340f3'}]}} from dv-neutron-833469-2-hyperv. {{(pid=110260) create_dhcp_port /opt/stack/neutron/neutron/api/rpc/handlers/dhcp_rpc.py:268}}
Mar 14 19:49:20.069248 dv-neutron-833469-2-hyperv neutron-server[110259]: DEBUG neutron_lib.callbacks.manager [None req-deb504a1-e9b2-43ec-bd32-b041f375f51d admin admin] Publish callbacks [] for security_group (None), before_create {{(pid=110259) _notify_loop /usr/local/lib/python3.8/dist-packages/neutron_lib/callbacks/manager.py:176}}
Mar 14 19:49:20.069564 dv-neutron-833469-2-hyperv neutron-server[110260]: DEBUG neutron_lib.callbacks.manager [None req-93e46d1c-42df-4f2e-99af-80ee1b39b4fe None None] Publish callbacks ['neutron.plugins.ml2.plugin.SecurityGroupDbMixin._ensure_default_security_group_handler-16212056'] for port (None), before_create {{(pid=110260) _notify_loop /usr/local/lib/python3.8/dist-packages/neutron_lib/callbacks/manager.py:176}}
Mar 14 19:49:20.168649 dv-neutron-833469-2-hyperv neutron-server[110259]: DEBUG neutron.api.v2.base [None req-fcdbe073-6ae7-4992-8ff5-81b37526bc63 admin admin] Request body: {'network': {'name': 'tempest-ServersTestJSON-2050106528-network', 'tenant_id': 'be75efc37611494f86b901ee02401d28'}} {{(pid=110259) prepare_request_body /opt/stack/neutron/neutron/api/v2/base.py:729}}
Mar 14 19:49:20.191198 dv-neutron-833469-2-hyperv neutron-server[110259]: DEBUG neutron.api.v2.base [None req-37861bc6-5da8-4586-a66b-19ede1a7a6cf admin admin] Request body: {'network': {'name': 'tempest-ServerActionsTestJSON-703254225-network', 'tenant_id': 'fa22cc8cf1d84ded8585981837335cb5'}} {{(pid=110259) prepare_request_body /opt/stack/neutron/neutron/api/v2/base.py:729}}
Mar 14 19:49:20.262136 dv-neutron-833469-2-hyperv neutron-server[110260]: DEBUG neutron.db.db_base_plugin_common [None req-93e46d1c-42df-4f2e-99af-80ee1b39b4fe None None] Allocated IP 2001:db8::2 (0257125f-90a2-4c8e-bf21-9548e6733b43/3b414741-1b7e-43e2-b602-f7ca8bd340f3/7f2f9d2f-b882-4996-a8ce-7a633c51b91c) {{(pid=110260) _store_ip_allocation /opt/stack/neutron/neutron/db/db_base_plugin_common.py:131}}
Mar 14 19:49:20.266294 dv-neutron-833469-2-hyperv neutron-server[110259]: DEBUG neutron.pecan_wsgi.hooks.quota_enforcement [None req-37861bc6-5da8-4586-a66b-19ede1a7a6cf admin admin] Made reservation on behalf of fa22cc8cf1d84ded8585981837335cb5 for: {'network': 1} {{(pid=110259) before /opt/stack/neutron/neutron/pecan_wsgi/hooks/quota_enforcement.py:53}}
Mar 14 19:49:20.268914 dv-neutron-833469-2-hyperv neutron-server[110259]: DEBUG neutron_lib.callbacks.manager [None req-37861bc6-5da8-4586-a66b-19ede1a7a6cf admin admin] Publish callbacks ['neutron.plugins.ml2.plugin.SecurityGroupDbMixin._ensure_default_security_group_handler-16212056'] for network (None), before_create {{(pid=110259) _notify_loop /usr/local/lib/python3.8/dist-packages/neutron_lib/callbacks/manager.py:176}}
Mar 14 19:49:20.279537 dv-neutron-833469-2-hyperv neutron-server[110259]: DEBUG neutron_lib.callbacks.manager [None req-37861bc6-5da8-4586-a66b-19ede1a7a6cf admin admin] Publish callbacks [] for security_group (None), before_create {{(pid=110259) _notify_loop /usr/local/lib/python3.8/dist-packages/neutron_lib/callbacks/manager.py:176}}
Mar 14 19:49:20.288018 dv-neutron-833469-2-hyperv neutron-server[110259]: DEBUG neutron.pecan_wsgi.hooks.quota_enforcement [None req-ac29f04e-df2c-4b59-8db7-ff9697e953d5 tempest-AllowedAddressPairIpV6TestJSON-368055794 tempest-AllowedAddressPairIpV6TestJSON-368055794-project] Made reservation on behalf of 97f4f89bf19a4070a4436157d410d78b for: {'port': 1} {{(pid=110259) before /opt/stack/neutron/neutron/pecan_wsgi/hooks/quota_enforcement.py:53}}
Mar 14 19:49:20.291319 dv-neutron-833469-2-hyperv neutron-server[110259]: DEBUG neutron_lib.callbacks.manager [None req-ac29f04e-df2c-4b59-8db7-ff9697e953d5 tempest-AllowedAddressPairIpV6TestJSON-368055794 tempest-AllowedAddressPairIpV6TestJSON-368055794-project] Publish callbacks ['neutron.plugins.ml2.plugin.SecurityGroupDbMixin._ensure_default_security_group_handler-16212056'] for port (None), before_create {{(pid=110259) _notify_loop /usr/local/lib/python3.8/dist-packages/neutron_lib/callbacks/manager.py:176}}
Mar 14 19:49:20.293220 dv-neutron-833469-2-hyperv neutron-server[110259]: DEBUG neutron.pecan_wsgi.hooks.quota_enforcement [None req-fcdbe073-6ae7-4992-8ff5-81b37526bc63 admin admin] Made reservation on behalf of be75efc37611494f86b901ee02401d28 for: {'network': 1} {{(pid=110259) before /opt/stack/neutron/neutron/pecan_wsgi/hooks/quota_enforcement.py:53}}
Mar 14 19:49:20.295353 dv-neutron-833469-2-hyperv neutron-server[110259]: DEBUG neutron_lib.callbacks.manager [None req-fcdbe073-6ae7-4992-8ff5-81b37526bc63 admin admin] Publish callbacks ['neutron.plugins.ml2.plugin.SecurityGroupDbMixin._ensure_default_security_group_handler-16212056'] for network (None), before_create {{(pid=110259) _notify_loop /usr/local/lib/python3.8/dist-packages/neutron_lib/callbacks/manager.py:176}}
Mar 14 19:49:20.333847 dv-neutron-833469-2-hyperv neutron-server[110259]: DEBUG neutron_lib.callbacks.manager [None req-fcdbe073-6ae7-4992-8ff5-81b37526bc63 admin admin] Publish callbacks [] for security_group (None), before_create {{(pid=110259) _notify_loop /usr/local/lib/python3.8/dist-packages/neutron_lib/callbacks/manager.py:176}}
Mar 14 19:49:20.366923 dv-neutron-833469-2-hyperv neutron-server[110259]: DEBUG neutron.notifiers.nova [None req-ac29f04e-df2c-4b59-8db7-ff9697e953d5 tempest-AllowedAddressPairIpV6TestJSON-368055794 tempest-AllowedAddressPairIpV6TestJSON-368055794-project] device_id is not set on port 772bc07f-94f1-4335-981d-3ea6db751631 yet. {{(pid=110259) _can_notify /opt/stack/neutron/neutron/notifiers/nova.py:199}}
Mar 14 19:49:20.386336 dv-neutron-833469-2-hyperv neutron-server[110259]: DEBUG neutron_lib.callbacks.manager [None req-deb504a1-e9b2-43ec-bd32-b041f375f51d admin admin] Publish callbacks [] for security_group (607e89b9-3c88-4587-802f-d1d7334c10fb), precommit_create {{(pid=110259) _notify_loop /usr/local/lib/python3.8/dist-packages/neutron_lib/callbacks/manager.py:176}}
Mar 14 19:49:20.420344 dv-neutron-833469-2-hyperv neutron-server[110259]: DEBUG neutron_lib.callbacks.manager [None req-deb504a1-e9b2-43ec-bd32-b041f375f51d admin admin] Publish callbacks ['neutron.plugins.ml2.ovo_rpc._ObjectChangeHandler.handle_event-1686861'] for security_group (607e89b9-3c88-4587-802f-d1d7334c10fb), after_create {{(pid=110259) _notify_loop /usr/local/lib/python3.8/dist-packages/neutron_lib/callbacks/manager.py:176}}
Mar 14 19:49:20.464473 dv-neutron-833469-2-hyperv neutron-server[110260]: DEBUG neutron_lib.callbacks.manager [None req-93e46d1c-42df-4f2e-99af-80ee1b39b4fe None None] Publish callbacks [] for port (7f2f9d2f-b882-4996-a8ce-7a633c51b91c), precommit_create {{(pid=110260) _notify_loop /usr/local/lib/python3.8/dist-packages/neutron_lib/callbacks/manager.py:176}}
Mar 14 19:49:20.476909 dv-neutron-833469-2-hyperv neutron-server[110260]: DEBUG neutron_lib.callbacks.manager [None req-93e46d1c-42df-4f2e-99af-80ee1b39b4fe None None] Publish callbacks ['neutron.plugins.ml2.plugin.SecurityGroupServerNotifierRpcMixin._notify_sg_on_port_change-16212012', 'neutron.plugins.ml2.ovo_rpc._ObjectChangeHandler.handle_event-139693', 'neutron.api.rpc.agentnotifiers.dhcp_rpc_agent_api.DhcpAgentNotifyAPI._native_event_send_dhcp_notification-1582132', 'neutron.db.l3_dvrscheduler_db._notify_l3_agent_new_port-8763082715971'] for port (7f2f9d2f-b882-4996-a8ce-7a633c51b91c), after_create {{(pid=110260) _notify_loop /usr/local/lib/python3.8/dist-packages/neutron_lib/callbacks/manager.py:176}}
Mar 14 19:49:20.528446 dv-neutron-833469-2-hyperv neutron-server[110259]: DEBUG neutron.api.rpc.handlers.resources_rpc [None req-deb504a1-e9b2-43ec-bd32-b041f375f51d admin admin] Pushing event updated for resources: {'SecurityGroup': ['ID=607e89b9-3c88-4587-802f-d1d7334c10fb,revision_number=1']} {{(pid=110259) push /opt/stack/neutron/neutron/api/rpc/handlers/resources_rpc.py:237}}
Mar 14 19:49:20.529961 dv-neutron-833469-2-hyperv neutron-server[110260]: DEBUG neutron.scheduler.dhcp_agent_scheduler [None req-93e46d1c-42df-4f2e-99af-80ee1b39b4fe None None] Network 0257125f-90a2-4c8e-bf21-9548e6733b43 is already hosted by enough agents. {{(pid=110260) _get_dhcp_agents_hosting_network /opt/stack/neutron/neutron/scheduler/dhcp_agent_scheduler.py:275}}
Mar 14 19:49:20.541304 dv-neutron-833469-2-hyperv neutron-server[110260]: DEBUG neutron.scheduler.base_scheduler [None req-93e46d1c-42df-4f2e-99af-80ee1b39b4fe None None] Resources bound (agent type, host, resource id): {{(pid=110260) schedule /opt/stack/neutron/neutron/scheduler/base_scheduler.py:57}}
Mar 14 19:49:20.545863 dv-neutron-833469-2-hyperv neutron-server[110260]: DEBUG neutron.db.l3_dvrscheduler_db [None req-93e46d1c-42df-4f2e-99af-80ee1b39b4fe None None] Received port after_create {{(pid=110260) _notify_l3_agent_new_port /opt/stack/neutron/neutron/db/l3_dvrscheduler_db.py:536}}
Mar 14 19:49:20.557148 dv-neutron-833469-2-hyperv neutron-server[110260]: DEBUG neutron.api.rpc.handlers.resources_rpc [None req-93e46d1c-42df-4f2e-99af-80ee1b39b4fe None None] Pushing event updated for resources: {'Port': ['ID=7f2f9d2f-b882-4996-a8ce-7a633c51b91c,revision_number=1']} {{(pid=110260) push /opt/stack/neutron/neutron/api/rpc/handlers/resources_rpc.py:237}}
Mar 14 19:49:20.590424 dv-neutron-833469-2-hyperv neutron-server[110260]: DEBUG neutron.api.rpc.callbacks.version_manager [None req-93e46d1c-42df-4f2e-99af-80ee1b39b4fe None None] Version for resource type AddressGroup changed None to 1.2 on consumer Open vSwitch agent@dv-neutron-833469-2-hyperv {{(pid=110260) _set_version /opt/stack/neutron/neutron/api/rpc/callbacks/version_manager.py:113}}
Mar 14 19:49:20.590963 dv-neutron-833469-2-hyperv neutron-server[110260]: DEBUG neutron.api.rpc.callbacks.version_manager [None req-93e46d1c-42df-4f2e-99af-80ee1b39b4fe None None] Version for resource type Agent changed None to 1.1 on consumer Open vSwitch agent@dv-neutron-833469-2-hyperv {{(pid=110260) _set_version /opt/stack/neutron/neutron/api/rpc/callbacks/version_manager.py:113}}
Mar 14 19:49:20.591478 dv-neutron-833469-2-hyperv neutron-server[110260]: DEBUG neutron.api.rpc.callbacks.version_manager [None req-93e46d1c-42df-4f2e-99af-80ee1b39b4fe None None] Version for resource type ConntrackHelper changed None to 1.0 on consumer Open vSwitch agent@dv-neutron-833469-2-hyperv {{(pid=110260) _set_version /opt/stack/neutron/neutron/api/rpc/callbacks/version_manager.py:113}}
Mar 14 19:49:20.591992 dv-neutron-833469-2-hyperv neutron-server[110260]: DEBUG neutron.api.rpc.callbacks.version_manager [None req-93e46d1c-42df-4f2e-99af-80ee1b39b4fe None None] Version for resource type LocalIPAssociation changed None to 1.0 on consumer Open vSwitch agent@dv-neutron-833469-2-hyperv {{(pid=110260) _set_version /opt/stack/neutron/neutron/api/rpc/callbacks/version_manager.py:113}}
Mar 14 19:49:20.592560 dv-neutron-833469-2-hyperv neutron-server[110260]: DEBUG neutron.api.rpc.callbacks.version_manager [None req-93e46d1c-42df-4f2e-99af-80ee1b39b4fe None None] Version for resource type Log changed None to 1.0 on consumer Open vSwitch agent@dv-neutron-833469-2-hyperv {{(pid=110260) _set_version /opt/stack/neutron/neutron/api/rpc/callbacks/version_manager.py:113}}
Mar 14 19:49:20.593168 dv-neutron-833469-2-hyperv neutron-server[110260]: DEBUG neutron.api.rpc.callbacks.version_manager [None req-93e46d1c-42df-4f2e-99af-80ee1b39b4fe None None] Version for resource type NDPProxy changed None to 1.0 on consumer Open vSwitch agent@dv-neutron-833469-2-hyperv {{(pid=110260) _set_version /opt/stack/neutron/neutron/api/rpc/callbacks/version_manager.py:113}}
Mar 14 19:49:20.593645 dv-neutron-833469-2-hyperv neutron-server[110260]: DEBUG neutron.api.rpc.callbacks.version_manager [None req-93e46d1c-42df-4f2e-99af-80ee1b39b4fe None None] Version for resource type Network changed None to 1.1 on consumer Open vSwitch agent@dv-neutron-833469-2-hyperv {{(pid=110260) _set_version /opt/stack/neutron/neutron/api/rpc/callbacks/version_manager.py:113}}
Mar 14 19:49:20.594384 dv-neutron-833469-2-hyperv neutron-server[110260]: DEBUG neutron.api.rpc.callbacks.version_manager [None req-93e46d1c-42df-4f2e-99af-80ee1b39b4fe None None] Version for resource type Port changed None to 1.7 on consumer Open vSwitch agent@dv-neutron-833469-2-hyperv {{(pid=110260) _set_version /opt/stack/neutron/neutron/api/rpc/callbacks/version_manager.py:113}}
Mar 14 19:49:20.594888 dv-neutron-833469-2-hyperv neutron-server[110260]: DEBUG neutron.api.rpc.callbacks.version_manager [None req-93e46d1c-42df-4f2e-99af-80ee1b39b4fe None None] Version for resource type PortForwarding changed None to 1.2 on consumer Open vSwitch agent@dv-neutron-833469-2-hyperv {{(pid=110260) _set_version /opt/stack/neutron/neutron/api/rpc/callbacks/version_manager.py:113}}
Mar 14 19:49:20.595383 dv-neutron-833469-2-hyperv neutron-server[110260]: DEBUG neutron.api.rpc.callbacks.version_manager [None req-93e46d1c-42df-4f2e-99af-80ee1b39b4fe None None] Version for resource type QosPolicy changed None to 1.10 on consumer Open vSwitch agent@dv-neutron-833469-2-hyperv {{(pid=110260) _set_version /opt/stack/neutron/neutron/api/rpc/callbacks/version_manager.py:113}}
Mar 14 19:49:20.595884 dv-neutron-833469-2-hyperv neutron-server[110260]: DEBUG neutron.api.rpc.callbacks.version_manager [None req-93e46d1c-42df-4f2e-99af-80ee1b39b4fe None None] Version for resource type SecurityGroup changed None to 1.5 on consumer Open vSwitch agent@dv-neutron-833469-2-hyperv {{(pid=110260) _set_version /opt/stack/neutron/neutron/api/rpc/callbacks/version_manager.py:113}}
Mar 14 19:49:20.596354 dv-neutron-833469-2-hyperv neutron-server[110260]: DEBUG neutron.api.rpc.callbacks.version_manager [None req-93e46d1c-42df-4f2e-99af-80ee1b39b4fe None None] Version for resource type SecurityGroupRule changed None to 1.2 on consumer Open vSwitch agent@dv-neutron-833469-2-hyperv {{(pid=110260) _set_version /opt/stack/neutron/neutron/api/rpc/callbacks/version_manager.py:113}}
Mar 14 19:49:20.596850 dv-neutron-833469-2-hyperv neutron-server[110260]: DEBUG neutron.api.rpc.callbacks.version_manager [None req-93e46d1c-42df-4f2e-99af-80ee1b39b4fe None None] Version for resource type SubPort changed None to 1.0 on consumer Open vSwitch agent@dv-neutron-833469-2-hyperv {{(pid=110260) _set_version /opt/stack/neutron/neutron/api/rpc/callbacks/version_manager.py:113}}
Mar 14 19:49:20.597423 dv-neutron-833469-2-hyperv neutron-server[110260]: DEBUG neutron.api.rpc.callbacks.version_manager [None req-93e46d1c-42df-4f2e-99af-80ee1b39b4fe None None] Version for resource type Subnet changed None to 1.1 on consumer Open vSwitch agent@dv-neutron-833469-2-hyperv {{(pid=110260) _set_version /opt/stack/neutron/neutron/api/rpc/callbacks/version_manager.py:113}}
Mar 14 19:49:20.597918 dv-neutron-833469-2-hyperv neutron-server[110260]: DEBUG neutron.api.rpc.callbacks.version_manager [None req-93e46d1c-42df-4f2e-99af-80ee1b39b4fe None None] Version for resource type Trunk changed None to 1.1 on consumer Open vSwitch agent@dv-neutron-833469-2-hyperv {{(pid=110260) _set_version /opt/stack/neutron/neutron/api/rpc/callbacks/version_manager.py:113}}
Mar 14 19:49:20.599272 dv-neutron-833469-2-hyperv neutron-server[110260]: DEBUG neutron.api.rpc.callbacks.version_manager [None req-93e46d1c-42df-4f2e-99af-80ee1b39b4fe None None] Tracked resource versions report:
Mar 14 19:49:20.599272 dv-neutron-833469-2-hyperv neutron-server[110260]: pushed versions:
Mar 14 19:49:20.599272 dv-neutron-833469-2-hyperv neutron-server[110260]: { 'AddressGroup': {'1.2'},
Mar 14 19:49:20.599272 dv-neutron-833469-2-hyperv neutron-server[110260]: 'Agent': {'1.1'},
Mar 14 19:49:20.599272 dv-neutron-833469-2-hyperv neutron-server[110260]: 'ConntrackHelper': {'1.0'},
Mar 14 19:49:20.599272 dv-neutron-833469-2-hyperv neutron-server[110260]: 'LocalIPAssociation': {'1.0'},
Mar 14 19:49:20.599272 dv-neutron-833469-2-hyperv neutron-server[110260]: 'Log': {'1.0'},
Mar 14 19:49:20.599272 dv-neutron-833469-2-hyperv neutron-server[110260]: 'NDPProxy': {'1.0'},
Mar 14 19:49:20.599272 dv-neutron-833469-2-hyperv neutron-server[110260]: 'Network': {'1.1'},
Mar 14 19:49:20.599272 dv-neutron-833469-2-hyperv neutron-server[110260]: 'Port': {'1.7'},
Mar 14 19:49:20.599272 dv-neutron-833469-2-hyperv neutron-server[110260]: 'PortForwarding': {'1.2'},
Mar 14 19:49:20.599272 dv-neutron-833469-2-hyperv neutron-server[110260]: 'QosPolicy': {'1.10'},
Mar 14 19:49:20.599272 dv-neutron-833469-2-hyperv neutron-server[110260]: 'SecurityGroup': {'1.5'},
Mar 14 19:49:20.599272 dv-neutron-833469-2-hyperv neutron-server[110260]: 'SecurityGroupRule': {'1.2'},
Mar 14 19:49:20.599272 dv-neutron-833469-2-hyperv neutron-server[110260]: 'SubPort': {'1.0'},
Mar 14 19:49:20.599272 dv-neutron-833469-2-hyperv neutron-server[110260]: 'Subnet': {'1.1'},
Mar 14 19:49:20.599272 dv-neutron-833469-2-hyperv neutron-server[110260]: 'Trunk': {'1.1'}}
Mar 14 19:49:20.599272 dv-neutron-833469-2-hyperv neutron-server[110260]: consumer versions:
Mar 14 19:49:20.599272 dv-neutron-833469-2-hyperv neutron-server[110260]: { DHCP agent@dv-neutron-833469-2-hyperv: {},
Mar 14 19:49:20.599272 dv-neutron-833469-2-hyperv neutron-server[110260]: HyperV agent@hv-neutron-8334: {},
Mar 14 19:49:20.599272 dv-neutron-833469-2-hyperv neutron-server[110260]: L3 agent@dv-neutron-833469-2-hyperv: {},
Mar 14 19:49:20.599272 dv-neutron-833469-2-hyperv neutron-server[110260]: Metadata agent@dv-neutron-833469-2-hyperv: {},
Mar 14 19:49:20.599272 dv-neutron-833469-2-hyperv neutron-server[110260]: Metering agent@dv-neutron-833469-2-hyperv: {},
Mar 14 19:49:20.599272 dv-neutron-833469-2-hyperv neutron-server[110260]: Open vSwitch agent@dv-neutron-833469-2-hyperv: { 'AddressGroup': '1.2',
Mar 14 19:49:20.599272 dv-neutron-833469-2-hyperv neutron-server[110260]: 'Agent': '1.1',
Mar 14 19:49:20.599272 dv-neutron-833469-2-hyperv neutron-server[110260]: 'ConntrackHelper': '1.0',
Mar 14 19:49:20.599272 dv-neutron-833469-2-hyperv neutron-server[110260]: 'LocalIPAssociation': '1.0',
Mar 14 19:49:20.599272 dv-neutron-833469-2-hyperv neutron-server[110260]: 'Log': '1.0',
Mar 14 19:49:20.599272 dv-neutron-833469-2-hyperv neutron-server[110260]: 'NDPProxy': '1.0',
Mar 14 19:49:20.599272 dv-neutron-833469-2-hyperv neutron-server[110260]: 'Network': '1.1',
Mar 14 19:49:20.599272 dv-neutron-833469-2-hyperv neutron-server[110260]: 'Port': '1.7',
Mar 14 19:49:20.599272 dv-neutron-833469-2-hyperv neutron-server[110260]: 'PortForwarding': '1.2',
Mar 14 19:49:20.599272 dv-neutron-833469-2-hyperv neutron-server[110260]: 'QosPolicy': '1.10',
Mar 14 19:49:20.599272 dv-neutron-833469-2-hyperv neutron-server[110260]: 'SecurityGroup': '1.5',
Mar 14 19:49:20.599272 dv-neutron-833469-2-hyperv neutron-server[110260]: 'SecurityGroupRule': '1.2',
Mar 14 19:49:20.599272 dv-neutron-833469-2-hyperv neutron-server[110260]: 'SubPort': '1.0',
Mar 14 19:49:20.599272 dv-neutron-833469-2-hyperv neutron-server[110260]: 'Subnet': '1.1',
Mar 14 19:49:20.599272 dv-neutron-833469-2-hyperv neutron-server[110260]: 'Trunk': '1.1'}}
Mar 14 19:49:20.599272 dv-neutron-833469-2-hyperv neutron-server[110260]: {{(pid=110260) report /opt/stack/neutron/neutron/api/rpc/callbacks/version_manager.py:175}}
Mar 14 19:49:20.616582 dv-neutron-833469-2-hyperv neutron-server[110259]: DEBUG neutron.plugins.ml2.drivers.helpers [None req-deb504a1-e9b2-43ec-bd32-b041f375f51d admin admin] vlan segment allocate from pool success with {'vlan_id': 189, 'physical_network': 'physnet1'} {{(pid=110259) allocate_partially_specified_segment /opt/stack/neutron/neutron/plugins/ml2/drivers/helpers.py:153}}
Mar 14 19:49:20.632669 dv-neutron-833469-2-hyperv neutron-server[110259]: DEBUG neutron_lib.callbacks.manager [None req-deb504a1-e9b2-43ec-bd32-b041f375f51d admin admin] Publish callbacks ['neutron.plugins.ml2.plugin.Ml2Plugin._handle_segment_change-16052843'] for segment (bd2d526c-82dd-474d-9d77-43445dc48b44), precommit_create {{(pid=110259) _notify_loop /usr/local/lib/python3.8/dist-packages/neutron_lib/callbacks/manager.py:176}}
Mar 14 19:49:20.633392 dv-neutron-833469-2-hyperv neutron-server[110259]: INFO neutron.db.segments_db [None req-deb504a1-e9b2-43ec-bd32-b041f375f51d admin admin] Added segment bd2d526c-82dd-474d-9d77-43445dc48b44 of type vlan for network 555d1b9d-2e2c-43e8-add3-4f703a753c6d
Mar 14 19:49:20.641066 dv-neutron-833469-2-hyperv neutron-server[110260]: DEBUG neutron.plugins.ml2.managers [None req-93e46d1c-42df-4f2e-99af-80ee1b39b4fe None None] Attempting to bind port 7f2f9d2f-b882-4996-a8ce-7a633c51b91c on host dv-neutron-833469-2-hyperv for vnic_type normal with profile {{(pid=110260) bind_port /opt/stack/neutron/neutron/plugins/ml2/managers.py:795}}
Mar 14 19:49:20.641578 dv-neutron-833469-2-hyperv neutron-server[110260]: DEBUG neutron.plugins.ml2.managers [None req-93e46d1c-42df-4f2e-99af-80ee1b39b4fe None None] Attempting to bind port 7f2f9d2f-b882-4996-a8ce-7a633c51b91c by drivers openvswitch,hyperv on host dv-neutron-833469-2-hyperv at level 0 using segments [{'id': '56d8af66-feef-481c-a52b-8caa1b7d3916', 'network_type': 'vlan', 'physical_network': 'physnet1', 'segmentation_id': 193, 'network_id': '0257125f-90a2-4c8e-bf21-9548e6733b43'}] {{(pid=110260) _bind_port_level /opt/stack/neutron/neutron/plugins/ml2/managers.py:820}}
Mar 14 19:49:20.642286 dv-neutron-833469-2-hyperv neutron-server[110260]: DEBUG neutron.plugins.ml2.drivers.mech_agent [None req-93e46d1c-42df-4f2e-99af-80ee1b39b4fe None None] Attempting to bind port 7f2f9d2f-b882-4996-a8ce-7a633c51b91c on network 0257125f-90a2-4c8e-bf21-9548e6733b43 {{(pid=110260) bind_port /opt/stack/neutron/neutron/plugins/ml2/drivers/mech_agent.py:91}}
Mar 14 19:49:20.650536 dv-neutron-833469-2-hyperv neutron-server[110260]: DEBUG neutron.plugins.ml2.drivers.mech_agent [None req-93e46d1c-42df-4f2e-99af-80ee1b39b4fe None None] Checking agent: {'id': '70cc95be-e867-47d4-93fe-271ef106e426', 'agent_type': 'Open vSwitch agent', 'binary': 'neutron-openvswitch-agent', 'topic': 'N/A', 'host': 'dv-neutron-833469-2-hyperv', 'admin_state_up': True, 'created_at': datetime.datetime(2022, 3, 14, 19, 42, 2), 'started_at': datetime.datetime(2022, 3, 14, 19, 42, 32), 'heartbeat_timestamp': datetime.datetime(2022, 3, 14, 19, 49, 2), 'description': None, 'resources_synced': None, 'availability_zone': None, 'alive': True, 'configurations': {'arp_responder_enabled': False, 'baremetal_smartnic': False, 'bridge_mappings': {'physnet1': 'br-data'}, 'datapath_type': 'system', 'devices': 0, 'enable_distributed_routing': False, 'extensions': [], 'in_distributed_mode': False, 'integration_bridge': 'br-int', 'l2_population': False, 'log_agent_heartbeats': False, 'ovs_capabilities': {'datapath_types': ['netdev', 'system'], 'iface_types': ['erspan', 'geneve', 'gre', 'internal', 'ip6erspan', 'ip6gre', 'lisp', 'patch', 'stt', 'system', 'tap', 'vxlan']}, 'ovs_hybrid_plug': False, 'resource_provider_bandwidths': {}, 'resource_provider_hypervisors': {'br-data': 'dv-neutron-833469-2-hyperv'}, 'resource_provider_inventory_defaults': {'allocation_ratio': 1.0, 'min_unit': 1, 'step_size': 1, 'reserved': 0}, 'resource_provider_packet_processing_inventory_defaults': {'allocation_ratio': 1.0, 'min_unit': 1, 'step_size': 1, 'reserved': 0}, 'resource_provider_packet_processing_with_direction': {}, 'resource_provider_packet_processing_without_direction': {}, 'tunnel_types': [], 'tunneling_ip': None, 'vhostuser_socket_dir': '/var/run/openvswitch'}, 'resource_versions': {'AddressGroup': '1.2', 'Agent': '1.1', 'ConntrackHelper': '1.0', 'LocalIPAssociation': '1.0', 'Log': '1.0', 'NDPProxy': '1.0', 'Network': '1.1', 'Port': '1.7', 'PortForwarding': '1.2', 'QosPolicy': '1.10', 'SecurityGroup': '1.5', 'SecurityGroupRule': '1.2', 'SubPort': '1.0', 'Subnet': '1.1', 'Trunk': '1.1'}} {{(pid=110260) bind_port /opt/stack/neutron/neutron/plugins/ml2/drivers/mech_agent.py:110}}
Mar 14 19:49:20.650798 dv-neutron-833469-2-hyperv neutron-server[110260]: DEBUG neutron.plugins.ml2.drivers.mech_agent [None req-93e46d1c-42df-4f2e-99af-80ee1b39b4fe None None] Checking segment: {'id': '56d8af66-feef-481c-a52b-8caa1b7d3916', 'network_type': 'vlan', 'physical_network': 'physnet1', 'segmentation_id': 193, 'network_id': '0257125f-90a2-4c8e-bf21-9548e6733b43'} for mappings: {'physnet1': 'br-data'} with network types: ['local', 'flat', 'vlan'] {{(pid=110260) check_segment_for_agent /opt/stack/neutron/neutron/plugins/ml2/drivers/mech_agent.py:373}}
Mar 14 19:49:20.651312 dv-neutron-833469-2-hyperv neutron-server[110260]: DEBUG neutron_lib.callbacks.manager [None req-93e46d1c-42df-4f2e-99af-80ee1b39b4fe None None] Publish callbacks [] for ovs_bridge_name (None), before_read {{(pid=110260) _notify_loop /usr/local/lib/python3.8/dist-packages/neutron_lib/callbacks/manager.py:176}}
Mar 14 19:49:20.651801 dv-neutron-833469-2-hyperv neutron-server[110260]: DEBUG neutron.plugins.ml2.drivers.mech_agent [None req-93e46d1c-42df-4f2e-99af-80ee1b39b4fe None None] Bound using segment: {'id': '56d8af66-feef-481c-a52b-8caa1b7d3916', 'network_type': 'vlan', 'physical_network': 'physnet1', 'segmentation_id': 193, 'network_id': '0257125f-90a2-4c8e-bf21-9548e6733b43'} {{(pid=110260) bind_port /opt/stack/neutron/neutron/plugins/ml2/drivers/mech_agent.py:120}}
Mar 14 19:49:20.652625 dv-neutron-833469-2-hyperv neutron-server[110260]: DEBUG neutron.plugins.ml2.managers [None req-93e46d1c-42df-4f2e-99af-80ee1b39b4fe None None] Bound port: 7f2f9d2f-b882-4996-a8ce-7a633c51b91c, host: dv-neutron-833469-2-hyperv, vif_type: ovs, vif_details: {"connectivity": "l2", "port_filter": true, "ovs_hybrid_plug": false, "datapath_type": "system", "bridge_name": "br-int"}, binding_levels: [{'bound_driver': 'openvswitch', 'bound_segment': {'id': '56d8af66-feef-481c-a52b-8caa1b7d3916', 'network_type': 'vlan', 'physical_network': 'physnet1', 'segmentation_id': 193, 'network_id': '0257125f-90a2-4c8e-bf21-9548e6733b43'}}] {{(pid=110260) _bind_port_level /opt/stack/neutron/neutron/plugins/ml2/managers.py:932}}
Mar 14 19:49:20.653106 dv-neutron-833469-2-hyperv neutron-server[110260]: DEBUG neutron_lib.callbacks.manager [None req-93e46d1c-42df-4f2e-99af-80ee1b39b4fe None None] Publish callbacks ['neutron.plugins.ml2.plugin.SecurityGroupDbMixin._ensure_default_security_group_handler-16212056'] for port (7f2f9d2f-b882-4996-a8ce-7a633c51b91c), before_update {{(pid=110260) _notify_loop /usr/local/lib/python3.8/dist-packages/neutron_lib/callbacks/manager.py:176}}
Mar 14 19:49:20.668227 dv-neutron-833469-2-hyperv neutron-server[110259]: DEBUG neutron_lib.callbacks.manager [None req-37861bc6-5da8-4586-a66b-19ede1a7a6cf admin admin] Publish callbacks [] for security_group (7f72f23b-f696-4d82-8e89-9e642ed90fca), precommit_create {{(pid=110259) _notify_loop /usr/local/lib/python3.8/dist-packages/neutron_lib/callbacks/manager.py:176}}
Mar 14 19:49:20.689167 dv-neutron-833469-2-hyperv neutron-server[110259]: DEBUG neutron_lib.callbacks.manager [None req-37861bc6-5da8-4586-a66b-19ede1a7a6cf admin admin] Publish callbacks ['neutron.plugins.ml2.ovo_rpc._ObjectChangeHandler.handle_event-1686861'] for security_group (7f72f23b-f696-4d82-8e89-9e642ed90fca), after_create {{(pid=110259) _notify_loop /usr/local/lib/python3.8/dist-packages/neutron_lib/callbacks/manager.py:176}}
Mar 14 19:49:20.728426 dv-neutron-833469-2-hyperv neutron-server[110260]: DEBUG neutron.plugins.ml2.db [None req-93e46d1c-42df-4f2e-99af-80ee1b39b4fe None None] For port 7f2f9d2f-b882-4996-a8ce-7a633c51b91c, host dv-neutron-833469-2-hyperv, cleared binding levels {{(pid=110260) clear_binding_levels /opt/stack/neutron/neutron/plugins/ml2/db.py:87}}
Mar 14 19:49:20.733307 dv-neutron-833469-2-hyperv neutron-server[110260]: DEBUG neutron.plugins.ml2.db [None req-93e46d1c-42df-4f2e-99af-80ee1b39b4fe None None] For port 7f2f9d2f-b882-4996-a8ce-7a633c51b91c, host dv-neutron-833469-2-hyperv, set binding levels [PortBindingLevel(driver='openvswitch',host='dv-neutron-833469-2-hyperv',level=0,port_id=7f2f9d2f-b882-4996-a8ce-7a633c51b91c,segment=NetworkSegment(56d8af66-feef-481c-a52b-8caa1b7d3916),segment_id=56d8af66-feef-481c-a52b-8caa1b7d3916)] {{(pid=110260) set_binding_levels /opt/stack/neutron/neutron/plugins/ml2/db.py:59}}
Mar 14 19:49:20.742826 dv-neutron-833469-2-hyperv neutron-server[110260]: DEBUG neutron_lib.callbacks.manager [None req-93e46d1c-42df-4f2e-99af-80ee1b39b4fe None None] Publish callbacks ['neutron.plugins.ml2.plugin.SecurityGroupServerNotifierRpcMixin._notify_sg_on_port_change-16212012', 'neutron.plugins.ml2.ovo_rpc._ObjectChangeHandler.handle_event-139693', 'neutron.api.rpc.agentnotifiers.dhcp_rpc_agent_api.DhcpAgentNotifyAPI._native_event_send_dhcp_notification-1582132', 'neutron.db.l3_db.L3RpcNotifierMixin._notify_gateway_port_ip_changed-8763083042838', 'neutron.db.l3_dvrscheduler_db._notify_l3_agent_port_update-8763082715989', 'neutron.db.l3_hascheduler_db._notify_l3_agent_ha_port_update-8763082716007'] for port (7f2f9d2f-b882-4996-a8ce-7a633c51b91c), after_update {{(pid=110260) _notify_loop /usr/local/lib/python3.8/dist-packages/neutron_lib/callbacks/manager.py:176}}
Mar 14 19:49:20.780624 dv-neutron-833469-2-hyperv neutron-server[110259]: DEBUG neutron.api.rpc.handlers.resources_rpc [None req-37861bc6-5da8-4586-a66b-19ede1a7a6cf admin admin] Pushing event updated for resources: {'SecurityGroup': ['ID=7f72f23b-f696-4d82-8e89-9e642ed90fca,revision_number=1']} {{(pid=110259) push /opt/stack/neutron/neutron/api/rpc/handlers/resources_rpc.py:237}}
Mar 14 19:49:20.797218 dv-neutron-833469-2-hyperv neutron-server[110259]: DEBUG neutron.plugins.ml2.drivers.helpers [None req-37861bc6-5da8-4586-a66b-19ede1a7a6cf admin admin] vlan segment allocate from pool success with {'vlan_id': 185, 'physical_network': 'physnet1'} {{(pid=110259) allocate_partially_specified_segment /opt/stack/neutron/neutron/plugins/ml2/drivers/helpers.py:153}}
Mar 14 19:49:20.828588 dv-neutron-833469-2-hyperv neutron-server[110260]: DEBUG neutron.api.rpc.handlers.resources_rpc [None req-93e46d1c-42df-4f2e-99af-80ee1b39b4fe None None] Pushing event updated for resources: {'Port': ['ID=7f2f9d2f-b882-4996-a8ce-7a633c51b91c,revision_number=2']} {{(pid=110260) push /opt/stack/neutron/neutron/api/rpc/handlers/resources_rpc.py:237}}
Mar 14 19:49:20.842872 dv-neutron-833469-2-hyperv neutron-server[110259]: DEBUG neutron_lib.callbacks.manager [None req-deb504a1-e9b2-43ec-bd32-b041f375f51d admin admin] Publish callbacks ['neutron.services.auto_allocate.db._ensure_external_network_default_value_callback-8763082737053'] for network (555d1b9d-2e2c-43e8-add3-4f703a753c6d), precommit_create {{(pid=110259) _notify_loop /usr/local/lib/python3.8/dist-packages/neutron_lib/callbacks/manager.py:176}}
Mar 14 19:49:20.853932 dv-neutron-833469-2-hyperv neutron-server[110259]: DEBUG neutron.db.db_base_plugin_common [None req-ac29f04e-df2c-4b59-8db7-ff9697e953d5 tempest-AllowedAddressPairIpV6TestJSON-368055794 tempest-AllowedAddressPairIpV6TestJSON-368055794-project] Allocated IP 2001:db8::1be (0257125f-90a2-4c8e-bf21-9548e6733b43/3b414741-1b7e-43e2-b602-f7ca8bd340f3/772bc07f-94f1-4335-981d-3ea6db751631) {{(pid=110259) _store_ip_allocation /opt/stack/neutron/neutron/db/db_base_plugin_common.py:131}}
Mar 14 19:49:20.860947 dv-neutron-833469-2-hyperv neutron-server[110259]: DEBUG neutron_lib.callbacks.manager [None req-37861bc6-5da8-4586-a66b-19ede1a7a6cf admin admin] Publish callbacks ['neutron.plugins.ml2.plugin.Ml2Plugin._handle_segment_change-16052843'] for segment (5a7842d6-79d8-4459-9bf1-1f42934e68aa), precommit_create {{(pid=110259) _notify_loop /usr/local/lib/python3.8/dist-packages/neutron_lib/callbacks/manager.py:176}}
Mar 14 19:49:20.861377 dv-neutron-833469-2-hyperv neutron-server[110259]: INFO neutron.db.segments_db [None req-37861bc6-5da8-4586-a66b-19ede1a7a6cf admin admin] Added segment 5a7842d6-79d8-4459-9bf1-1f42934e68aa of type vlan for network df8c7144-b790-44e1-9bfe-d8994d9b0fd7
Mar 14 19:49:20.896465 dv-neutron-833469-2-hyperv neutron-server[110259]: DEBUG neutron_lib.callbacks.manager [None req-fcdbe073-6ae7-4992-8ff5-81b37526bc63 admin admin] Publish callbacks [] for security_group (b3a2073d-ce08-4b94-8f13-0399c9709cfc), precommit_create {{(pid=110259) _notify_loop /usr/local/lib/python3.8/dist-packages/neutron_lib/callbacks/manager.py:176}}
Mar 14 19:49:20.925889 dv-neutron-833469-2-hyperv neutron-server[110259]: DEBUG neutron_lib.callbacks.manager [None req-fcdbe073-6ae7-4992-8ff5-81b37526bc63 admin admin] Publish callbacks ['neutron.plugins.ml2.ovo_rpc._ObjectChangeHandler.handle_event-1686861'] for security_group (b3a2073d-ce08-4b94-8f13-0399c9709cfc), after_create {{(pid=110259) _notify_loop /usr/local/lib/python3.8/dist-packages/neutron_lib/callbacks/manager.py:176}}
Mar 14 19:49:20.977928 dv-neutron-833469-2-hyperv neutron-server[110259]: DEBUG neutron_lib.callbacks.manager [None req-deb504a1-e9b2-43ec-bd32-b041f375f51d admin admin] Publish callbacks ['neutron.plugins.ml2.ovo_rpc._ObjectChangeHandler.handle_event-1676793', 'neutron.api.rpc.agentnotifiers.dhcp_rpc_agent_api.DhcpAgentNotifyAPI._native_event_send_dhcp_notification-1582132'] for network (555d1b9d-2e2c-43e8-add3-4f703a753c6d), after_create {{(pid=110259) _notify_loop /usr/local/lib/python3.8/dist-packages/neutron_lib/callbacks/manager.py:176}}
Mar 14 19:49:20.978874 dv-neutron-833469-2-hyperv neutron-server[110259]: DEBUG neutron.pecan_wsgi.hooks.policy_enforcement [None req-deb504a1-e9b2-43ec-bd32-b041f375f51d admin admin] Attributes excluded by policy engine: ['standard_attr_id', 'vlan_transparent'] {{(pid=110259) _exclude_attributes_by_policy /opt/stack/neutron/neutron/pecan_wsgi/hooks/policy_enforcement.py:255}}
Mar 14 19:49:20.979632 dv-neutron-833469-2-hyperv neutron-server[110259]: DEBUG neutron_lib.callbacks.manager [None req-deb504a1-e9b2-43ec-bd32-b041f375f51d admin admin] Publish callbacks ['neutron.api.rpc.agentnotifiers.dhcp_rpc_agent_api.DhcpAgentNotifyAPI._send_dhcp_notification-1582086'] for network (None), before_response {{(pid=110259) _notify_loop /usr/local/lib/python3.8/dist-packages/neutron_lib/callbacks/manager.py:176}}
Mar 14 19:49:20.990662 dv-neutron-833469-2-hyperv neutron-server[110259]: DEBUG neutron.plugins.ml2.drivers.helpers [None req-fcdbe073-6ae7-4992-8ff5-81b37526bc63 admin admin] vlan segment allocate from pool success with {'vlan_id': 165, 'physical_network': 'physnet1'} {{(pid=110259) allocate_partially_specified_segment /opt/stack/neutron/neutron/plugins/ml2/drivers/helpers.py:153}}
Mar 14 19:49:20.991468 dv-neutron-833469-2-hyperv neutron-server[110258]: DEBUG neutron.wsgi [-] (110258) accepted ('10.222.0.70', 49368) {{(pid=110258) server /usr/local/lib/python3.8/dist-packages/eventlet/wsgi.py:1004}}
Mar 14 19:49:20.998393 dv-neutron-833469-2-hyperv neutron-server[110259]: DEBUG neutron_lib.callbacks.manager [None req-37861bc6-5da8-4586-a66b-19ede1a7a6cf admin admin] Publish callbacks ['neutron.services.auto_allocate.db._ensure_external_network_default_value_callback-8763082737053'] for network (df8c7144-b790-44e1-9bfe-d8994d9b0fd7), precommit_create {{(pid=110259) _notify_loop /usr/local/lib/python3.8/dist-packages/neutron_lib/callbacks/manager.py:176}}
Mar 14 19:49:21.085405 dv-neutron-833469-2-hyperv neutron-server[110259]: DEBUG neutron_lib.callbacks.manager [None req-fcdbe073-6ae7-4992-8ff5-81b37526bc63 admin admin] Publish callbacks ['neutron.plugins.ml2.plugin.Ml2Plugin._handle_segment_change-16052843'] for segment (96818951-63ba-4a97-9100-376c3e42a0bf), precommit_create {{(pid=110259) _notify_loop /usr/local/lib/python3.8/dist-packages/neutron_lib/callbacks/manager.py:176}}
Mar 14 19:49:21.085405 dv-neutron-833469-2-hyperv neutron-server[110259]: INFO neutron.db.segments_db [None req-fcdbe073-6ae7-4992-8ff5-81b37526bc63 admin admin] Added segment 96818951-63ba-4a97-9100-376c3e42a0bf of type vlan for network 6eae05e1-65d4-417c-a09e-231991835b1a
Mar 14 19:49:21.100156 dv-neutron-833469-2-hyperv neutron-server[110258]: DEBUG neutron.wsgi [-] (110258) accepted ('10.222.0.70', 49380) {{(pid=110258) server /usr/local/lib/python3.8/dist-packages/eventlet/wsgi.py:1004}}
Mar 14 19:49:21.103465 dv-neutron-833469-2-hyperv neutron-server[110258]: DEBUG neutron.api.v2.base [None req-1f1cddef-c2ac-4dbd-a007-16c5d4d4a2f7 admin admin] Request body: {'subnet': {'network_id': '555d1b9d-2e2c-43e8-add3-4f703a753c6d', 'cidr': '172.20.0.0/28', 'name': 'tempest-ServersTestManualDisk-369497491-subnet', 'tenant_id': '2e1b6a2358754d65867f49ec3713ac10', 'enable_dhcp': True, 'ip_version': 4}} {{(pid=110258) prepare_request_body /opt/stack/neutron/neutron/api/v2/base.py:729}}
Mar 14 19:49:21.108895 dv-neutron-833469-2-hyperv neutron-server[110259]: INFO neutron.wsgi [None req-deb504a1-e9b2-43ec-bd32-b041f375f51d admin admin] 10.222.0.70 "POST /v2.0/networks HTTP/1.1" status: 201 len: 884 time: 1.4727943
Mar 14 19:49:21.146920 dv-neutron-833469-2-hyperv neutron-server[110258]: DEBUG neutron.pecan_wsgi.hooks.quota_enforcement [None req-1f1cddef-c2ac-4dbd-a007-16c5d4d4a2f7 admin admin] Made reservation on behalf of 2e1b6a2358754d65867f49ec3713ac10 for: {'subnet': 1} {{(pid=110258) before /opt/stack/neutron/neutron/pecan_wsgi/hooks/quota_enforcement.py:53}}
Mar 14 19:49:21.150243 dv-neutron-833469-2-hyperv neutron-server[110258]: DEBUG neutron_lib.callbacks.manager [None req-1f1cddef-c2ac-4dbd-a007-16c5d4d4a2f7 admin admin] Publish callbacks [] for subnet (None), before_create {{(pid=110258) _notify_loop /usr/local/lib/python3.8/dist-packages/neutron_lib/callbacks/manager.py:176}}
Mar 14 19:49:21.179538 dv-neutron-833469-2-hyperv neutron-server[110259]: DEBUG neutron_lib.callbacks.manager [None req-fcdbe073-6ae7-4992-8ff5-81b37526bc63 admin admin] Publish callbacks ['neutron.services.auto_allocate.db._ensure_external_network_default_value_callback-8763082737053'] for network (6eae05e1-65d4-417c-a09e-231991835b1a), precommit_create {{(pid=110259) _notify_loop /usr/local/lib/python3.8/dist-packages/neutron_lib/callbacks/manager.py:176}}
Mar 14 19:49:21.313280 dv-neutron-833469-2-hyperv neutron-server[110259]: DEBUG neutron_lib.callbacks.manager [None req-fcdbe073-6ae7-4992-8ff5-81b37526bc63 admin admin] Publish callbacks ['neutron.plugins.ml2.ovo_rpc._ObjectChangeHandler.handle_event-1676793', 'neutron.api.rpc.agentnotifiers.dhcp_rpc_agent_api.DhcpAgentNotifyAPI._native_event_send_dhcp_notification-1582132'] for network (6eae05e1-65d4-417c-a09e-231991835b1a), after_create {{(pid=110259) _notify_loop /usr/local/lib/python3.8/dist-packages/neutron_lib/callbacks/manager.py:176}}
Mar 14 19:49:21.314455 dv-neutron-833469-2-hyperv neutron-server[110259]: DEBUG neutron.pecan_wsgi.hooks.policy_enforcement [None req-fcdbe073-6ae7-4992-8ff5-81b37526bc63 admin admin] Attributes excluded by policy engine: ['standard_attr_id', 'vlan_transparent'] {{(pid=110259) _exclude_attributes_by_policy /opt/stack/neutron/neutron/pecan_wsgi/hooks/policy_enforcement.py:255}}
Mar 14 19:49:21.315037 dv-neutron-833469-2-hyperv neutron-server[110259]: DEBUG neutron_lib.callbacks.manager [None req-fcdbe073-6ae7-4992-8ff5-81b37526bc63 admin admin] Publish callbacks ['neutron.api.rpc.agentnotifiers.dhcp_rpc_agent_api.DhcpAgentNotifyAPI._send_dhcp_notification-1582086'] for network (None), before_response {{(pid=110259) _notify_loop /usr/local/lib/python3.8/dist-packages/neutron_lib/callbacks/manager.py:176}}
Mar 14 19:49:21.327659 dv-neutron-833469-2-hyperv neutron-server[110259]: DEBUG neutron.api.rpc.handlers.resources_rpc [None req-fcdbe073-6ae7-4992-8ff5-81b37526bc63 admin admin] Pushing event updated for resources: {'SecurityGroup': ['ID=b3a2073d-ce08-4b94-8f13-0399c9709cfc,revision_number=1']} {{(pid=110259) push /opt/stack/neutron/neutron/api/rpc/handlers/resources_rpc.py:237}}
Mar 14 19:49:21.366306 dv-neutron-833469-2-hyperv neutron-server[110259]: DEBUG neutron_lib.callbacks.manager [None req-37861bc6-5da8-4586-a66b-19ede1a7a6cf admin admin] Publish callbacks ['neutron.plugins.ml2.ovo_rpc._ObjectChangeHandler.handle_event-1676793', 'neutron.api.rpc.agentnotifiers.dhcp_rpc_agent_api.DhcpAgentNotifyAPI._native_event_send_dhcp_notification-1582132'] for network (df8c7144-b790-44e1-9bfe-d8994d9b0fd7), after_create {{(pid=110259) _notify_loop /usr/local/lib/python3.8/dist-packages/neutron_lib/callbacks/manager.py:176}}
Mar 14 19:49:21.370598 dv-neutron-833469-2-hyperv neutron-server[110259]: DEBUG neutron.pecan_wsgi.hooks.policy_enforcement [None req-37861bc6-5da8-4586-a66b-19ede1a7a6cf admin admin] Attributes excluded by policy engine: ['standard_attr_id', 'vlan_transparent'] {{(pid=110259) _exclude_attributes_by_policy /opt/stack/neutron/neutron/pecan_wsgi/hooks/policy_enforcement.py:255}}
Mar 14 19:49:21.371212 dv-neutron-833469-2-hyperv neutron-server[110259]: DEBUG neutron_lib.callbacks.manager [None req-37861bc6-5da8-4586-a66b-19ede1a7a6cf admin admin] Publish callbacks ['neutron.api.rpc.agentnotifiers.dhcp_rpc_agent_api.DhcpAgentNotifyAPI._send_dhcp_notification-1582086'] for network (None), before_response {{(pid=110259) _notify_loop /usr/local/lib/python3.8/dist-packages/neutron_lib/callbacks/manager.py:176}}
Mar 14 19:49:21.372867 dv-neutron-833469-2-hyperv neutron-server[110258]: DEBUG neutron.api.v2.base [None req-8a100688-dbc5-442d-8cc3-490b350648ce tempest-DHCPAgentSchedulersTestJSON-932722318 tempest-DHCPAgentSchedulersTestJSON-932722318-project] Request body: {'network': {'name': 'tempest-DHCPAgentSchedulersTestJSON-test-network-501206183'}} {{(pid=110258) prepare_request_body /opt/stack/neutron/neutron/api/v2/base.py:729}}
