Mar 11 15:00:21.197238 dv-neutron-833258-3-hyperv neutron-server[115932]: DEBUG neutron_lib.callbacks.manager [None req-c286634b-cec6-4b94-a32c-89afcd3fcafe tempest-PortsAdminExtendedAttrsIpV6TestJSON-176642986 tempest-PortsAdminExtendedAttrsIpV6TestJSON-176642986-project-admin] Publish callbacks ['neutron.notifiers.nova.Notifier._send_nova_notification-498592'] for port (None), before_response {{(pid=115932) _notify_loop /usr/local/lib/python3.8/dist-packages/neutron_lib/callbacks/manager.py:176}}
Mar 11 15:00:21.208604 dv-neutron-833258-3-hyperv neutron-server[115932]: DEBUG neutron.api.rpc.handlers.resources_rpc [None req-2c01d0ad-aece-4eaf-b128-4e33e47f0a10 tempest-ExternalNetworksTestJSON-669009483 tempest-ExternalNetworksTestJSON-669009483-project-admin] Pushing event updated for resources: {'Port': ['ID=d4acb702-caf3-4db9-9c60-c003f10b6075,revision_number=1']} {{(pid=115932) push /opt/stack/neutron/neutron/api/rpc/handlers/resources_rpc.py:237}}
Mar 11 15:00:21.316491 dv-neutron-833258-3-hyperv neutron-server[115932]: DEBUG neutron_lib.callbacks.manager [None req-2c01d0ad-aece-4eaf-b128-4e33e47f0a10 tempest-ExternalNetworksTestJSON-669009483 tempest-ExternalNetworksTestJSON-669009483-project-admin] Publish callbacks [] for floatingip (be10e730-daca-4296-89be-483695a9d78d), precommit_create {{(pid=115932) _notify_loop /usr/local/lib/python3.8/dist-packages/neutron_lib/callbacks/manager.py:176}}
Mar 11 15:00:21.322088 dv-neutron-833258-3-hyperv neutron-server[115933]: DEBUG neutron.pecan_wsgi.hooks.policy_enforcement [req-d4d96dde-0c29-46c4-9c54-89b28885145a req-91fa1685-ae7f-44bd-b555-d932ed389002 tempest-ServersTestManualDisk-999433514 tempest-ServersTestManualDisk-999433514-project] Attributes excluded by policy engine: ['standard_attr_id', 'vlan_transparent', 'provider:network_type', 'provider:physical_network', 'provider:segmentation_id'] {{(pid=115933) _exclude_attributes_by_policy /opt/stack/neutron/neutron/pecan_wsgi/hooks/policy_enforcement.py:255}}
Mar 11 15:00:21.323746 dv-neutron-833258-3-hyperv neutron-server[115933]: INFO neutron.wsgi [req-d4d96dde-0c29-46c4-9c54-89b28885145a req-91fa1685-ae7f-44bd-b555-d932ed389002 tempest-ServersTestManualDisk-999433514 tempest-ServersTestManualDisk-999433514-project] 10.222.0.36 "GET /v2.0/networks?id=7a5b6195-0627-4e36-b2f2-185a9ec03b42 HTTP/1.1" status: 200 len: 811 time: 0.4497335
Mar 11 15:00:21.329366 dv-neutron-833258-3-hyperv neutron-server[115932]: DEBUG neutron.api.rpc.handlers.resources_rpc [None req-c286634b-cec6-4b94-a32c-89afcd3fcafe tempest-PortsAdminExtendedAttrsIpV6TestJSON-176642986 tempest-PortsAdminExtendedAttrsIpV6TestJSON-176642986-project-admin] Pushing event updated for resources: {'Port': ['ID=f48bc488-aac9-4e1d-9af3-f704bb77b7ed,revision_number=1']} {{(pid=115932) push /opt/stack/neutron/neutron/api/rpc/handlers/resources_rpc.py:237}}
Mar 11 15:00:21.361427 dv-neutron-833258-3-hyperv neutron-server[115932]: DEBUG neutron_lib.callbacks.manager [None req-b17a0656-6400-4a9e-a1b5-0c614fd06c40 tempest-DHCPAgentSchedulersTestJSON-2092978089 tempest-DHCPAgentSchedulersTestJSON-2092978089-project] Publish callbacks ['neutron.plugins.ml2.ovo_rpc._ObjectChangeHandler.handle_event-618897', 'neutron.api.rpc.agentnotifiers.dhcp_rpc_agent_api.DhcpAgentNotifyAPI._native_event_send_dhcp_notification-765064'] for network (3fd5b8fc-6005-44f1-a590-241c468c30c1), after_create {{(pid=115932) _notify_loop /usr/local/lib/python3.8/dist-packages/neutron_lib/callbacks/manager.py:176}}
Mar 11 15:00:21.366423 dv-neutron-833258-3-hyperv neutron-server[115932]: DEBUG neutron.pecan_wsgi.hooks.policy_enforcement [None req-b17a0656-6400-4a9e-a1b5-0c614fd06c40 tempest-DHCPAgentSchedulersTestJSON-2092978089 tempest-DHCPAgentSchedulersTestJSON-2092978089-project] Attributes excluded by policy engine: ['standard_attr_id', 'provider:network_type', 'provider:physical_network', 'provider:segmentation_id', 'vlan_transparent'] {{(pid=115932) _exclude_attributes_by_policy /opt/stack/neutron/neutron/pecan_wsgi/hooks/policy_enforcement.py:255}}
Mar 11 15:00:21.367088 dv-neutron-833258-3-hyperv neutron-server[115932]: DEBUG neutron_lib.callbacks.manager [None req-b17a0656-6400-4a9e-a1b5-0c614fd06c40 tempest-DHCPAgentSchedulersTestJSON-2092978089 tempest-DHCPAgentSchedulersTestJSON-2092978089-project] Publish callbacks ['neutron.api.rpc.agentnotifiers.dhcp_rpc_agent_api.DhcpAgentNotifyAPI._send_dhcp_notification-765078'] for network (None), before_response {{(pid=115932) _notify_loop /usr/local/lib/python3.8/dist-packages/neutron_lib/callbacks/manager.py:176}}
Mar 11 15:00:21.400999 dv-neutron-833258-3-hyperv neutron-server[115932]: INFO neutron.wsgi [None req-c286634b-cec6-4b94-a32c-89afcd3fcafe tempest-PortsAdminExtendedAttrsIpV6TestJSON-176642986 tempest-PortsAdminExtendedAttrsIpV6TestJSON-176642986-project-admin] 10.222.0.36 "POST /v2.0/ports HTTP/1.1" status: 201 len: 963 time: 2.7682648
Mar 11 15:00:21.411373 dv-neutron-833258-3-hyperv neutron-server[115933]: DEBUG neutron.wsgi [-] (115933) accepted ('10.222.0.36', 38740) {{(pid=115933) server /usr/local/lib/python3.8/dist-packages/eventlet/wsgi.py:1004}}
Mar 11 15:00:21.427728 dv-neutron-833258-3-hyperv neutron-server[115933]: DEBUG neutron.api.v2.base [None req-22474b31-370d-4ed5-b990-93cd8af04799 tempest-PortsAdminExtendedAttrsIpV6TestJSON-176642986 tempest-PortsAdminExtendedAttrsIpV6TestJSON-176642986-project-admin] Request body: {'port': {'binding:host_id': 'hv-neutron-8332'}} {{(pid=115933) prepare_request_body /opt/stack/neutron/neutron/api/v2/base.py:729}}
Mar 11 15:00:21.437586 dv-neutron-833258-3-hyperv neutron-server[115933]: INFO neutron.wsgi [req-d4d96dde-0c29-46c4-9c54-89b28885145a req-cf159fe9-7c04-4974-bd4a-efaeb2ef5902 tempest-ServersTestManualDisk-999433514 tempest-ServersTestManualDisk-999433514-project] 10.222.0.36 "GET /v2.0/quotas/5eb96cec82a449449e694c6369785726 HTTP/1.1" status: 200 len: 375 time: 0.0928619
Mar 11 15:00:21.479963 dv-neutron-833258-3-hyperv neutron-server[115932]: DEBUG neutron_lib.callbacks.manager [None req-2c01d0ad-aece-4eaf-b128-4e33e47f0a10 tempest-ExternalNetworksTestJSON-669009483 tempest-ExternalNetworksTestJSON-669009483-project-admin] Publish callbacks ['neutron.plugins.ml2.plugin.SecurityGroupDbMixin._ensure_default_security_group_handler-1778623'] for port (d4acb702-caf3-4db9-9c60-c003f10b6075), before_update {{(pid=115932) _notify_loop /usr/local/lib/python3.8/dist-packages/neutron_lib/callbacks/manager.py:176}}
Mar 11 15:00:21.573212 dv-neutron-833258-3-hyperv neutron-server[115932]: DEBUG neutron.api.rpc.handlers.resources_rpc [None req-b17a0656-6400-4a9e-a1b5-0c614fd06c40 tempest-DHCPAgentSchedulersTestJSON-2092978089 tempest-DHCPAgentSchedulersTestJSON-2092978089-project] Pushing event updated for resources: {'Network': ['ID=3fd5b8fc-6005-44f1-a590-241c468c30c1,revision_number=1']} {{(pid=115932) push /opt/stack/neutron/neutron/api/rpc/handlers/resources_rpc.py:237}}
Mar 11 15:00:21.592258 dv-neutron-833258-3-hyperv neutron-server[115932]: INFO neutron.wsgi [None req-b17a0656-6400-4a9e-a1b5-0c614fd06c40 tempest-DHCPAgentSchedulersTestJSON-2092978089 tempest-DHCPAgentSchedulersTestJSON-2092978089-project] 10.222.0.36 "POST /v2.0/networks HTTP/1.1" status: 201 len: 794 time: 1.1630144
Mar 11 15:00:21.592258 dv-neutron-833258-3-hyperv neutron-server[115932]: DEBUG neutron.wsgi [-] (115932) accepted ('10.222.0.36', 38744) {{(pid=115932) server /usr/local/lib/python3.8/dist-packages/eventlet/wsgi.py:1004}}
Mar 11 15:00:21.594453 dv-neutron-833258-3-hyperv neutron-server[115935]: DEBUG neutron.plugins.ml2.rpc [None req-ec5943d4-9e4f-4426-b4a8-54d287060fb7 None None] Network 3fd5b8fc-6005-44f1-a590-241c468c30c1 details requested by agent ovs-agent-dv-neutron-833258-3-hyperv with host dv-neutron-833258-3-hyperv {{(pid=115935) get_network_details /opt/stack/neutron/neutron/plugins/ml2/rpc.py:248}}
Mar 11 15:00:21.620665 dv-neutron-833258-3-hyperv neutron-server[115933]: DEBUG neutron_lib.callbacks.manager [None req-93750128-4eae-4ae1-ab99-f90246f586a1 admin admin] Publish callbacks [] for port (14a220d3-0381-4ec7-8307-a8c7e682f298), precommit_update {{(pid=115933) _notify_loop /usr/local/lib/python3.8/dist-packages/neutron_lib/callbacks/manager.py:176}}
Mar 11 15:00:21.649023 dv-neutron-833258-3-hyperv neutron-server[115933]: DEBUG neutron_lib.callbacks.manager [None req-2f199719-4d6c-4139-a207-fce5024cd036 admin admin] Publish callbacks [] for port (adbdbd60-2eab-4c54-ba16-81119780630e), precommit_create {{(pid=115933) _notify_loop /usr/local/lib/python3.8/dist-packages/neutron_lib/callbacks/manager.py:176}}
Mar 11 15:00:21.672231 dv-neutron-833258-3-hyperv neutron-server[115933]: DEBUG neutron_lib.callbacks.manager [None req-22474b31-370d-4ed5-b990-93cd8af04799 tempest-PortsAdminExtendedAttrsIpV6TestJSON-176642986 tempest-PortsAdminExtendedAttrsIpV6TestJSON-176642986-project-admin] Publish callbacks ['neutron.plugins.ml2.plugin.SecurityGroupDbMixin._ensure_default_security_group_handler-1778623'] for port (f48bc488-aac9-4e1d-9af3-f704bb77b7ed), before_update {{(pid=115933) _notify_loop /usr/local/lib/python3.8/dist-packages/neutron_lib/callbacks/manager.py:176}}
Mar 11 15:00:21.694156 dv-neutron-833258-3-hyperv neutron-server[115933]: INFO neutron.wsgi [req-d4d96dde-0c29-46c4-9c54-89b28885145a req-003d16ec-dff7-4b28-9f58-17d0ddd6572c tempest-ServersTestManualDisk-999433514 tempest-ServersTestManualDisk-999433514-project] 10.222.0.36 "GET /v2.0/ports?tenant_id=5eb96cec82a449449e694c6369785726&fields=id HTTP/1.1" status: 200 len: 302 time: 0.2553911
Mar 11 15:00:21.718854 dv-neutron-833258-3-hyperv neutron-server[115933]: DEBUG neutron_lib.callbacks.manager [None req-93750128-4eae-4ae1-ab99-f90246f586a1 admin admin] Publish callbacks ['neutron.plugins.ml2.plugin.SecurityGroupServerNotifierRpcMixin._notify_sg_on_port_change-1778451', 'neutron.plugins.ml2.ovo_rpc._ObjectChangeHandler.handle_event-47381', 'neutron.api.rpc.agentnotifiers.dhcp_rpc_agent_api.DhcpAgentNotifyAPI._native_event_send_dhcp_notification-765064', 'neutron.db.l3_db.L3RpcNotifierMixin._notify_gateway_port_ip_changed-8748125759591', 'neutron.db.l3_dvrscheduler_db._notify_l3_agent_port_update-8748125209721', 'neutron.db.l3_hascheduler_db._notify_l3_agent_ha_port_update-8748125209739', 'neutron.services.segments.plugin.NovaSegmentNotifier._notify_port_updated-9949590'] for port (14a220d3-0381-4ec7-8307-a8c7e682f298), after_update {{(pid=115933) _notify_loop /usr/local/lib/python3.8/dist-packages/neutron_lib/callbacks/manager.py:176}}
Mar 11 15:00:21.809925 dv-neutron-833258-3-hyperv neutron-server[115935]: DEBUG neutron.plugins.ml2.rpc [None req-ec5943d4-9e4f-4426-b4a8-54d287060fb7 None None] Device 88d290bc-cc66-418c-8e5a-373cf565b63c up at agent ovs-agent-dv-neutron-833258-3-hyperv {{(pid=115935) update_device_up /opt/stack/neutron/neutron/plugins/ml2/rpc.py:296}}
Mar 11 15:00:21.909164 dv-neutron-833258-3-hyperv neutron-server[115935]: DEBUG neutron.db.provisioning_blocks [None req-ec5943d4-9e4f-4426-b4a8-54d287060fb7 None None] Provisioning complete for port 88d290bc-cc66-418c-8e5a-373cf565b63c triggered by entity L2. {{(pid=115935) provisioning_complete /opt/stack/neutron/neutron/db/provisioning_blocks.py:140}}
Mar 11 15:00:21.910186 dv-neutron-833258-3-hyperv neutron-server[115935]: DEBUG neutron_lib.callbacks.manager [None req-ec5943d4-9e4f-4426-b4a8-54d287060fb7 None None] Publish callbacks ['neutron.plugins.ml2.plugin.Ml2Plugin._port_provisioned-1833713'] for port (88d290bc-cc66-418c-8e5a-373cf565b63c), provisioning_complete {{(pid=115935) _notify_loop /usr/local/lib/python3.8/dist-packages/neutron_lib/callbacks/manager.py:176}}
Mar 11 15:00:21.937264 dv-neutron-833258-3-hyperv neutron-server[115932]: DEBUG neutron_lib.callbacks.manager [None req-2c01d0ad-aece-4eaf-b128-4e33e47f0a10 tempest-ExternalNetworksTestJSON-669009483 tempest-ExternalNetworksTestJSON-669009483-project-admin] Publish callbacks [] for port (d4acb702-caf3-4db9-9c60-c003f10b6075), precommit_update {{(pid=115932) _notify_loop /usr/local/lib/python3.8/dist-packages/neutron_lib/callbacks/manager.py:176}}
Mar 11 15:00:22.029041 dv-neutron-833258-3-hyperv neutron-server[115935]: DEBUG neutron.plugins.ml2.plugin [None req-ec5943d4-9e4f-4426-b4a8-54d287060fb7 None None] Current status of the port 88d290bc-cc66-418c-8e5a-373cf565b63c is: DOWN; New status is: ACTIVE {{(pid=115935) _update_individual_port_db_status /opt/stack/neutron/neutron/plugins/ml2/plugin.py:2232}}
Mar 11 15:00:22.029672 dv-neutron-833258-3-hyperv neutron-server[115935]: DEBUG neutron_lib.callbacks.manager [None req-ec5943d4-9e4f-4426-b4a8-54d287060fb7 None None] Publish callbacks ['neutron.plugins.ml2.plugin.SecurityGroupDbMixin._ensure_default_security_group_handler-1778623'] for port (88d290bc-cc66-418c-8e5a-373cf565b63c), before_update {{(pid=115935) _notify_loop /usr/local/lib/python3.8/dist-packages/neutron_lib/callbacks/manager.py:176}}
Mar 11 15:00:22.042936 dv-neutron-833258-3-hyperv neutron-server[115932]: DEBUG neutron_lib.callbacks.manager [None req-2c01d0ad-aece-4eaf-b128-4e33e47f0a10 tempest-ExternalNetworksTestJSON-669009483 tempest-ExternalNetworksTestJSON-669009483-project-admin] Publish callbacks ['neutron.plugins.ml2.plugin.SecurityGroupServerNotifierRpcMixin._notify_sg_on_port_change-1778451', 'neutron.plugins.ml2.ovo_rpc._ObjectChangeHandler.handle_event-47381', 'neutron.api.rpc.agentnotifiers.dhcp_rpc_agent_api.DhcpAgentNotifyAPI._native_event_send_dhcp_notification-765064', 'neutron.db.l3_db.L3RpcNotifierMixin._notify_gateway_port_ip_changed-8748125759591', 'neutron.db.l3_dvrscheduler_db._notify_l3_agent_port_update-8748125209721', 'neutron.db.l3_hascheduler_db._notify_l3_agent_ha_port_update-8748125209739'] for port (d4acb702-caf3-4db9-9c60-c003f10b6075), after_update {{(pid=115932) _notify_loop /usr/local/lib/python3.8/dist-packages/neutron_lib/callbacks/manager.py:176}}
Mar 11 15:00:22.054706 dv-neutron-833258-3-hyperv neutron-server[115933]: DEBUG neutron_lib.callbacks.manager [None req-93750128-4eae-4ae1-ab99-f90246f586a1 admin admin] Publish callbacks ['neutron.api.rpc.agentnotifiers.dhcp_rpc_agent_api.DhcpAgentNotifyAPI._after_router_interface_created-765114', 'neutron.services.l3_router.l3_router_plugin.DVRResourceOperationHandler._update_snat_v6_addrs_after_intf_update-524704'] for router_interface (2174ec58-46a0-46cf-b98e-c2348734c571), after_create {{(pid=115933) _notify_loop /usr/local/lib/python3.8/dist-packages/neutron_lib/callbacks/manager.py:176}}
Mar 11 15:00:22.074710 dv-neutron-833258-3-hyperv neutron-server[115933]: DEBUG neutron.api.rpc.handlers.resources_rpc [None req-93750128-4eae-4ae1-ab99-f90246f586a1 admin admin] Pushing event updated for resources: {'Port': ['ID=14a220d3-0381-4ec7-8307-a8c7e682f298,revision_number=2']} {{(pid=115933) push /opt/stack/neutron/neutron/api/rpc/handlers/resources_rpc.py:237}}
Mar 11 15:00:22.075815 dv-neutron-833258-3-hyperv neutron-server[115935]: DEBUG neutron.plugins.ml2.db [None req-ec5943d4-9e4f-4426-b4a8-54d287060fb7 None None] For port 88d290bc-cc66-418c-8e5a-373cf565b63c, host dv-neutron-833258-3-hyperv, got binding levels [PortBindingLevel(driver='openvswitch',host='dv-neutron-833258-3-hyperv',level=0,port_id=88d290bc-cc66-418c-8e5a-373cf565b63c,segment=NetworkSegment(97c83248-0f2d-476b-bd7d-604b6611efb8),segment_id=97c83248-0f2d-476b-bd7d-604b6611efb8)] {{(pid=115935) get_binding_level_objs /opt/stack/neutron/neutron/plugins/ml2/db.py:74}}
Mar 11 15:00:22.102733 dv-neutron-833258-3-hyperv neutron-server[115933]: DEBUG neutron_lib.callbacks.manager [None req-2f199719-4d6c-4139-a207-fce5024cd036 admin admin] Publish callbacks ['neutron.plugins.ml2.plugin.SecurityGroupServerNotifierRpcMixin._notify_sg_on_port_change-1778451', 'neutron.plugins.ml2.ovo_rpc._ObjectChangeHandler.handle_event-47381', 'neutron.api.rpc.agentnotifiers.dhcp_rpc_agent_api.DhcpAgentNotifyAPI._native_event_send_dhcp_notification-765064', 'neutron.db.l3_dvrscheduler_db._notify_l3_agent_new_port-8748125209703', 'neutron.services.segments.plugin.NovaSegmentNotifier._notify_port_created_or_deleted-9949583'] for port (adbdbd60-2eab-4c54-ba16-81119780630e), after_create {{(pid=115933) _notify_loop /usr/local/lib/python3.8/dist-packages/neutron_lib/callbacks/manager.py:176}}
Mar 11 15:00:22.108116 dv-neutron-833258-3-hyperv neutron-server[115932]: DEBUG neutron.api.rpc.handlers.resources_rpc [None req-2c01d0ad-aece-4eaf-b128-4e33e47f0a10 tempest-ExternalNetworksTestJSON-669009483 tempest-ExternalNetworksTestJSON-669009483-project-admin] Pushing event updated for resources: {'Port': ['ID=d4acb702-caf3-4db9-9c60-c003f10b6075,revision_number=2']} {{(pid=115932) push /opt/stack/neutron/neutron/api/rpc/handlers/resources_rpc.py:237}}
Mar 11 15:00:22.112620 dv-neutron-833258-3-hyperv neutron-server[115933]: DEBUG neutron.notifiers.nova [None req-22474b31-370d-4ed5-b990-93cd8af04799 tempest-PortsAdminExtendedAttrsIpV6TestJSON-176642986 tempest-PortsAdminExtendedAttrsIpV6TestJSON-176642986-project-admin] device_id is not set on port f48bc488-aac9-4e1d-9af3-f704bb77b7ed yet. {{(pid=115933) _can_notify /opt/stack/neutron/neutron/notifiers/nova.py:199}}
Mar 11 15:00:22.130453 dv-neutron-833258-3-hyperv neutron-server[115933]: DEBUG neutron_lib.callbacks.manager [None req-22474b31-370d-4ed5-b990-93cd8af04799 tempest-PortsAdminExtendedAttrsIpV6TestJSON-176642986 tempest-PortsAdminExtendedAttrsIpV6TestJSON-176642986-project-admin] Publish callbacks [] for port (f48bc488-aac9-4e1d-9af3-f704bb77b7ed), precommit_update {{(pid=115933) _notify_loop /usr/local/lib/python3.8/dist-packages/neutron_lib/callbacks/manager.py:176}}
Mar 11 15:00:22.134107 dv-neutron-833258-3-hyperv neutron-server[115932]: DEBUG neutron_lib.callbacks.manager [None req-2c01d0ad-aece-4eaf-b128-4e33e47f0a10 tempest-ExternalNetworksTestJSON-669009483 tempest-ExternalNetworksTestJSON-669009483-project-admin] Publish callbacks ['neutron.services.l3_router.l3_router_plugin.DVRResourceOperationHandler._create_dvr_floating_gw_port-531333'] for floatingip (be10e730-daca-4296-89be-483695a9d78d), after_create {{(pid=115932) _notify_loop /usr/local/lib/python3.8/dist-packages/neutron_lib/callbacks/manager.py:176}}
Mar 11 15:00:22.170867 dv-neutron-833258-3-hyperv neutron-server[115935]: DEBUG neutron_lib.callbacks.manager [None req-ec5943d4-9e4f-4426-b4a8-54d287060fb7 None None] Publish callbacks ['neutron.plugins.ml2.plugin.SecurityGroupServerNotifierRpcMixin._notify_sg_on_port_change-1778451', 'neutron.plugins.ml2.ovo_rpc._ObjectChangeHandler.handle_event-47381', 'neutron.api.rpc.agentnotifiers.dhcp_rpc_agent_api.DhcpAgentNotifyAPI._native_event_send_dhcp_notification-765064', 'neutron.db.l3_db.L3RpcNotifierMixin._notify_gateway_port_ip_changed-8748125759591', 'neutron.db.l3_dvrscheduler_db._notify_l3_agent_port_update-8748125209721', 'neutron.db.l3_hascheduler_db._notify_l3_agent_ha_port_update-8748125209739'] for port (88d290bc-cc66-418c-8e5a-373cf565b63c), after_update {{(pid=115935) _notify_loop /usr/local/lib/python3.8/dist-packages/neutron_lib/callbacks/manager.py:176}}
Mar 11 15:00:22.171789 dv-neutron-833258-3-hyperv neutron-server[115935]: DEBUG neutron.plugins.ml2.rpc [None req-ec5943d4-9e4f-4426-b4a8-54d287060fb7 None None] Device b366d74b-99ac-4615-9884-857db266db46 up at agent ovs-agent-dv-neutron-833258-3-hyperv {{(pid=115935) update_device_up /opt/stack/neutron/neutron/plugins/ml2/rpc.py:296}}
Mar 11 15:00:22.185170 dv-neutron-833258-3-hyperv neutron-server[115932]: INFO neutron.wsgi [None req-bd0e777c-b907-4dc1-854c-2e2c5adbb208 tempest-DHCPAgentSchedulersTestJSON-1889701858 tempest-DHCPAgentSchedulersTestJSON-1889701858-project-admin] 10.222.0.36 "GET /v2.0/agents/db91ddf9-1e9b-4663-a9cb-6896555ffcbd/dhcp-networks HTTP/1.1" status: 200 len: 7220 time: 0.5907848
Mar 11 15:00:22.185498 dv-neutron-833258-3-hyperv neutron-server[115932]: DEBUG neutron.wsgi [-] (115932) accepted ('10.222.0.36', 38762) {{(pid=115932) server /usr/local/lib/python3.8/dist-packages/eventlet/wsgi.py:1004}}
Mar 11 15:00:22.267387 dv-neutron-833258-3-hyperv neutron-server[115933]: DEBUG neutron.scheduler.dhcp_agent_scheduler [None req-2f199719-4d6c-4139-a207-fce5024cd036 admin admin] Network 29dbfa64-41f0-46f7-b818-d3cd0fa8e679 is already hosted by enough agents. {{(pid=115933) _get_dhcp_agents_hosting_network /opt/stack/neutron/neutron/scheduler/dhcp_agent_scheduler.py:275}}
Mar 11 15:00:22.274632 dv-neutron-833258-3-hyperv neutron-server[115935]: DEBUG neutron_lib.callbacks.manager [None req-ec5943d4-9e4f-4426-b4a8-54d287060fb7 None None] Publish callbacks ['neutron.services.segments.db._update_segment_host_mapping_for_agent-8748125537540', 'neutron.plugins.ml2.plugin.Ml2Plugin._retry_binding_revived_agents-1831187'] for agent (12938a52-6a93-498c-8e3d-6f0e8f0445fd), after_update {{(pid=115935) _notify_loop /usr/local/lib/python3.8/dist-packages/neutron_lib/callbacks/manager.py:176}}
Mar 11 15:00:22.330915 dv-neutron-833258-3-hyperv neutron-server[115933]: DEBUG neutron.scheduler.base_scheduler [None req-2f199719-4d6c-4139-a207-fce5024cd036 admin admin] Resources bound (agent type, host, resource id): {{(pid=115933) schedule /opt/stack/neutron/neutron/scheduler/base_scheduler.py:57}}
Mar 11 15:00:22.333663 dv-neutron-833258-3-hyperv neutron-server[115933]: DEBUG neutron_lib.callbacks.manager [None req-22474b31-370d-4ed5-b990-93cd8af04799 tempest-PortsAdminExtendedAttrsIpV6TestJSON-176642986 tempest-PortsAdminExtendedAttrsIpV6TestJSON-176642986-project-admin] Publish callbacks ['neutron.plugins.ml2.plugin.SecurityGroupServerNotifierRpcMixin._notify_sg_on_port_change-1778451', 'neutron.plugins.ml2.ovo_rpc._ObjectChangeHandler.handle_event-47381', 'neutron.api.rpc.agentnotifiers.dhcp_rpc_agent_api.DhcpAgentNotifyAPI._native_event_send_dhcp_notification-765064', 'neutron.db.l3_db.L3RpcNotifierMixin._notify_gateway_port_ip_changed-8748125759591', 'neutron.db.l3_dvrscheduler_db._notify_l3_agent_port_update-8748125209721', 'neutron.db.l3_hascheduler_db._notify_l3_agent_ha_port_update-8748125209739', 'neutron.services.segments.plugin.NovaSegmentNotifier._notify_port_updated-9949590'] for port (f48bc488-aac9-4e1d-9af3-f704bb77b7ed), after_update {{(pid=115933) _notify_loop /usr/local/lib/python3.8/dist-packages/neutron_lib/callbacks/manager.py:176}}
Mar 11 15:00:22.345988 dv-neutron-833258-3-hyperv neutron-server[115933]: DEBUG neutron.db.l3_dvrscheduler_db [None req-2f199719-4d6c-4139-a207-fce5024cd036 admin admin] Received port after_create {{(pid=115933) _notify_l3_agent_new_port /opt/stack/neutron/neutron/db/l3_dvrscheduler_db.py:536}}
Mar 11 15:00:22.394468 dv-neutron-833258-3-hyperv neutron-server[115933]: DEBUG neutron.api.rpc.handlers.resources_rpc [None req-2f199719-4d6c-4139-a207-fce5024cd036 admin admin] Pushing event updated for resources: {'Port': ['ID=adbdbd60-2eab-4c54-ba16-81119780630e,revision_number=1']} {{(pid=115933) push /opt/stack/neutron/neutron/api/rpc/handlers/resources_rpc.py:237}}
Mar 11 15:00:22.405786 dv-neutron-833258-3-hyperv neutron-server[115935]: DEBUG neutron.db.provisioning_blocks [None req-ec5943d4-9e4f-4426-b4a8-54d287060fb7 None None] Provisioning complete for port b366d74b-99ac-4615-9884-857db266db46 triggered by entity L2. {{(pid=115935) provisioning_complete /opt/stack/neutron/neutron/db/provisioning_blocks.py:140}}
Mar 11 15:00:22.408218 dv-neutron-833258-3-hyperv neutron-server[115935]: DEBUG neutron_lib.callbacks.manager [None req-ec5943d4-9e4f-4426-b4a8-54d287060fb7 None None] Publish callbacks ['neutron.plugins.ml2.plugin.Ml2Plugin._port_provisioned-1833713'] for port (b366d74b-99ac-4615-9884-857db266db46), provisioning_complete {{(pid=115935) _notify_loop /usr/local/lib/python3.8/dist-packages/neutron_lib/callbacks/manager.py:176}}
Mar 11 15:00:22.519387 dv-neutron-833258-3-hyperv neutron-server[115933]: DEBUG neutron.scheduler.dhcp_agent_scheduler [None req-93750128-4eae-4ae1-ab99-f90246f586a1 admin admin] Network ec22b4f5-b8ed-4e80-a9d8-e0b6183e953e is already hosted by enough agents. {{(pid=115933) _get_dhcp_agents_hosting_network /opt/stack/neutron/neutron/scheduler/dhcp_agent_scheduler.py:275}}
Mar 11 15:00:22.536354 dv-neutron-833258-3-hyperv neutron-server[115932]: DEBUG neutron_lib.callbacks.manager [None req-2c01d0ad-aece-4eaf-b128-4e33e47f0a10 tempest-ExternalNetworksTestJSON-669009483 tempest-ExternalNetworksTestJSON-669009483-project-admin] Publish callbacks ['neutron.notifiers.nova.Notifier._send_nova_notification-498592'] for floatingip (None), before_response {{(pid=115932) _notify_loop /usr/local/lib/python3.8/dist-packages/neutron_lib/callbacks/manager.py:176}}
Mar 11 15:00:22.544124 dv-neutron-833258-3-hyperv neutron-server[115933]: DEBUG neutron.scheduler.base_scheduler [None req-93750128-4eae-4ae1-ab99-f90246f586a1 admin admin] Resources bound (agent type, host, resource id): {{(pid=115933) schedule /opt/stack/neutron/neutron/scheduler/base_scheduler.py:57}}
Mar 11 15:00:22.556240 dv-neutron-833258-3-hyperv neutron-server[115932]: INFO neutron.wsgi [None req-2c01d0ad-aece-4eaf-b128-4e33e47f0a10 tempest-ExternalNetworksTestJSON-669009483 tempest-ExternalNetworksTestJSON-669009483-project-admin] 10.222.0.36 "POST /v2.0/floatingips HTTP/1.1" status: 201 len: 691 time: 3.8716216
Mar 11 15:00:22.559088 dv-neutron-833258-3-hyperv neutron-server[115933]: DEBUG neutron.wsgi [-] (115933) accepted ('10.222.0.36', 38768) {{(pid=115933) server /usr/local/lib/python3.8/dist-packages/eventlet/wsgi.py:1004}}
Mar 11 15:00:22.562457 dv-neutron-833258-3-hyperv neutron-server[115933]: DEBUG neutron.api.rpc.handlers.resources_rpc [None req-22474b31-370d-4ed5-b990-93cd8af04799 tempest-PortsAdminExtendedAttrsIpV6TestJSON-176642986 tempest-PortsAdminExtendedAttrsIpV6TestJSON-176642986-project-admin] Pushing event updated for resources: {'Port': ['ID=f48bc488-aac9-4e1d-9af3-f704bb77b7ed,revision_number=2']} {{(pid=115933) push /opt/stack/neutron/neutron/api/rpc/handlers/resources_rpc.py:237}}
Mar 11 15:00:22.567761 dv-neutron-833258-3-hyperv neutron-server[115933]: DEBUG neutron_lib.callbacks.manager [None req-2f199719-4d6c-4139-a207-fce5024cd036 admin admin] Publish callbacks ['neutron.services.l3_router.l3_router_plugin.DVRResourceOperationHandler._add_csnat_on_interface_create-524556'] for router_interface (0d0dfaa8-31a9-43e4-b4d0-5d071df3a1ad), before_create {{(pid=115933) _notify_loop /usr/local/lib/python3.8/dist-packages/neutron_lib/callbacks/manager.py:176}}
Mar 11 15:00:22.629081 dv-neutron-833258-3-hyperv neutron-server[115935]: DEBUG neutron.api.rpc.handlers.resources_rpc [None req-ec5943d4-9e4f-4426-b4a8-54d287060fb7 None None] Pushing event updated for resources: {'Port': ['ID=88d290bc-cc66-418c-8e5a-373cf565b63c,revision_number=4']} {{(pid=115935) push /opt/stack/neutron/neutron/api/rpc/handlers/resources_rpc.py:237}}
Mar 11 15:00:22.727249 dv-neutron-833258-3-hyperv neutron-server[115932]: DEBUG neutron.scheduler.dhcp_agent_scheduler [None req-c55d5bcb-d764-43d1-b030-a42ae14f3b22 tempest-DHCPAgentSchedulersTestJSON-1889701858 tempest-DHCPAgentSchedulersTestJSON-1889701858-project-admin] Network 3fd5b8fc-6005-44f1-a590-241c468c30c1 is scheduled to be hosted by DHCP agent db91ddf9-1e9b-4663-a9cb-6896555ffcbd with binding_index 1 {{(pid=115932) bind /opt/stack/neutron/neutron/scheduler/dhcp_agent_scheduler.py:227}}
Mar 11 15:00:22.746502 dv-neutron-833258-3-hyperv neutron-server[115935]: DEBUG neutron.plugins.ml2.plugin [None req-ec5943d4-9e4f-4426-b4a8-54d287060fb7 None None] Current status of the port b366d74b-99ac-4615-9884-857db266db46 is: ACTIVE; New status is: ACTIVE {{(pid=115935) _update_individual_port_db_status /opt/stack/neutron/neutron/plugins/ml2/plugin.py:2232}}
Mar 11 15:00:22.807456 dv-neutron-833258-3-hyperv neutron-server[115935]: DEBUG neutron.db.provisioning_blocks [None req-a521778d-a485-4b0e-aa5e-b2cd2b7ebc3c None None] Provisioning complete for port adbdbd60-2eab-4c54-ba16-81119780630e triggered by entity DHCP. {{(pid=115935) provisioning_complete /opt/stack/neutron/neutron/db/provisioning_blocks.py:140}}
Mar 11 15:00:22.807932 dv-neutron-833258-3-hyperv neutron-server[115935]: DEBUG neutron_lib.callbacks.manager [None req-a521778d-a485-4b0e-aa5e-b2cd2b7ebc3c None None] Publish callbacks ['neutron.plugins.ml2.plugin.Ml2Plugin._port_provisioned-1833713'] for port (adbdbd60-2eab-4c54-ba16-81119780630e), provisioning_complete {{(pid=115935) _notify_loop /usr/local/lib/python3.8/dist-packages/neutron_lib/callbacks/manager.py:176}}
Mar 11 15:00:22.831290 dv-neutron-833258-3-hyperv neutron-server[115932]: INFO neutron.wsgi [None req-c55d5bcb-d764-43d1-b030-a42ae14f3b22 tempest-DHCPAgentSchedulersTestJSON-1889701858 tempest-DHCPAgentSchedulersTestJSON-1889701858-project-admin] 10.222.0.36 "POST /v2.0/agents/db91ddf9-1e9b-4663-a9cb-6896555ffcbd/dhcp-networks HTTP/1.1" status: 201 len: 201 time: 0.6393361
Mar 11 15:00:22.831290 dv-neutron-833258-3-hyperv neutron-server[115932]: DEBUG neutron.wsgi [-] (115932) accepted ('10.222.0.36', 38772) {{(pid=115932) server /usr/local/lib/python3.8/dist-packages/eventlet/wsgi.py:1004}}
Mar 11 15:00:22.854118 dv-neutron-833258-3-hyperv neutron-server[115935]: DEBUG neutron.api.rpc.handlers.dhcp_rpc [None req-d0dc0cf2-b217-425d-81d4-bcc81657f5c9 None None] Network 3fd5b8fc-6005-44f1-a590-241c468c30c1 requested from dv-neutron-833258-3-hyperv {{(pid=115935) get_network_info /opt/stack/neutron/neutron/api/rpc/handlers/dhcp_rpc.py:191}}
Mar 11 15:00:22.891837 dv-neutron-833258-3-hyperv neutron-server[115933]: DEBUG neutron.wsgi [req-d4d96dde-0c29-46c4-9c54-89b28885145a req-7a268e9a-438f-43a3-b78f-363b0fac8093 service neutron] http://10.222.0.36:9696/v2.0/extensions returned with HTTP 200 {{(pid=115933) __call__ /opt/stack/neutron/neutron/wsgi.py:730}}
Mar 11 15:00:22.894454 dv-neutron-833258-3-hyperv neutron-server[115933]: INFO neutron.wsgi [req-d4d96dde-0c29-46c4-9c54-89b28885145a req-7a268e9a-438f-43a3-b78f-363b0fac8093 service neutron] 10.222.0.36 "GET /v2.0/extensions HTTP/1.1" status: 200 len: 14082 time: 0.7689884
Mar 11 15:00:23.030262 dv-neutron-833258-3-hyperv neutron-server[115935]: DEBUG neutron.plugins.ml2.plugin [None req-a521778d-a485-4b0e-aa5e-b2cd2b7ebc3c None None] Port adbdbd60-2eab-4c54-ba16-81119780630e cannot update to ACTIVE because it is not bound. {{(pid=115935) _port_provisioned /opt/stack/neutron/neutron/plugins/ml2/plugin.py:343}}
Mar 11 15:00:23.109761 dv-neutron-833258-3-hyperv neutron-server[115933]: INFO neutron.wsgi [None req-b5477e75-f17d-4684-95fd-f90502e2b849 tempest-ExternalNetworksTestJSON-669009483 tempest-ExternalNetworksTestJSON-669009483-project-admin] 10.222.0.36 "GET /v2.0/floatingips?floating_network_id=4b15796b-43e7-4ca2-825a-e444d7c6a72a HTTP/1.1" status: 200 len: 689 time: 0.5484264
Mar 11 15:00:23.118411 dv-neutron-833258-3-hyperv neutron-server[115932]: DEBUG neutron.wsgi [-] (115932) accepted ('10.222.0.36', 38778) {{(pid=115932) server /usr/local/lib/python3.8/dist-packages/eventlet/wsgi.py:1004}}
Mar 11 15:00:23.153177 dv-neutron-833258-3-hyperv neutron-server[115933]: DEBUG neutron.plugins.ml2.managers [None req-22474b31-370d-4ed5-b990-93cd8af04799 tempest-PortsAdminExtendedAttrsIpV6TestJSON-176642986 tempest-PortsAdminExtendedAttrsIpV6TestJSON-176642986-project-admin] Attempting to bind port f48bc488-aac9-4e1d-9af3-f704bb77b7ed on host hv-neutron-8332 for vnic_type normal with profile {{(pid=115933) bind_port /opt/stack/neutron/neutron/plugins/ml2/managers.py:795}}
Mar 11 15:00:23.153575 dv-neutron-833258-3-hyperv neutron-server[115933]: DEBUG neutron.plugins.ml2.managers [None req-22474b31-370d-4ed5-b990-93cd8af04799 tempest-PortsAdminExtendedAttrsIpV6TestJSON-176642986 tempest-PortsAdminExtendedAttrsIpV6TestJSON-176642986-project-admin] Attempting to bind port f48bc488-aac9-4e1d-9af3-f704bb77b7ed by drivers openvswitch,hyperv on host hv-neutron-8332 at level 0 using segments [{'id': '243fc206-ff59-4c3b-8d8c-d4181bc4871b', 'network_type': 'vlan', 'physical_network': 'physnet1', 'segmentation_id': 650, 'network_id': '37865581-d180-4b06-b481-3557ef97d87a'}] {{(pid=115933) _bind_port_level /opt/stack/neutron/neutron/plugins/ml2/managers.py:820}}
Mar 11 15:00:23.153956 dv-neutron-833258-3-hyperv neutron-server[115933]: DEBUG neutron.plugins.ml2.drivers.mech_agent [None req-22474b31-370d-4ed5-b990-93cd8af04799 tempest-PortsAdminExtendedAttrsIpV6TestJSON-176642986 tempest-PortsAdminExtendedAttrsIpV6TestJSON-176642986-project-admin] Attempting to bind port f48bc488-aac9-4e1d-9af3-f704bb77b7ed on network 37865581-d180-4b06-b481-3557ef97d87a {{(pid=115933) bind_port /opt/stack/neutron/neutron/plugins/ml2/drivers/mech_agent.py:91}}
Mar 11 15:00:23.183451 dv-neutron-833258-3-hyperv neutron-server[115935]: DEBUG neutron.db.provisioning_blocks [None req-1724be71-4196-4ff5-ba04-dff7bdcfccc9 None None] Provisioning complete for port 14a220d3-0381-4ec7-8307-a8c7e682f298 triggered by entity DHCP. {{(pid=115935) provisioning_complete /opt/stack/neutron/neutron/db/provisioning_blocks.py:140}}
Mar 11 15:00:23.184254 dv-neutron-833258-3-hyperv neutron-server[115935]: DEBUG neutron_lib.callbacks.manager [None req-1724be71-4196-4ff5-ba04-dff7bdcfccc9 None None] Publish callbacks ['neutron.plugins.ml2.plugin.Ml2Plugin._port_provisioned-1833713'] for port (14a220d3-0381-4ec7-8307-a8c7e682f298), provisioning_complete {{(pid=115935) _notify_loop /usr/local/lib/python3.8/dist-packages/neutron_lib/callbacks/manager.py:176}}
Mar 11 15:00:23.189106 dv-neutron-833258-3-hyperv neutron-server[115932]: INFO neutron.wsgi [None req-f66abac0-1d08-46e7-8980-e1778528545c tempest-DHCPAgentSchedulersTestJSON-1889701858 tempest-DHCPAgentSchedulersTestJSON-1889701858-project-admin] 10.222.0.36 "GET /v2.0/agents/db91ddf9-1e9b-4663-a9cb-6896555ffcbd/dhcp-networks HTTP/1.1" status: 200 len: 7989 time: 0.3561649
Mar 11 15:00:23.190217 dv-neutron-833258-3-hyperv neutron-server[115933]: DEBUG neutron.plugins.ml2.drivers.mech_agent [None req-22474b31-370d-4ed5-b990-93cd8af04799 tempest-PortsAdminExtendedAttrsIpV6TestJSON-176642986 tempest-PortsAdminExtendedAttrsIpV6TestJSON-176642986-project-admin] Port f48bc488-aac9-4e1d-9af3-f704bb77b7ed on network 37865581-d180-4b06-b481-3557ef97d87a not bound, no agent of type Open vSwitch agent registered on host hv-neutron-8332 {{(pid=115933) bind_port /opt/stack/neutron/neutron/plugins/ml2/drivers/mech_agent.py:103}}
Mar 11 15:00:23.193714 dv-neutron-833258-3-hyperv neutron-server[115933]: ERROR neutron.plugins.ml2.managers [None req-22474b31-370d-4ed5-b990-93cd8af04799 tempest-PortsAdminExtendedAttrsIpV6TestJSON-176642986 tempest-PortsAdminExtendedAttrsIpV6TestJSON-176642986-project-admin] Failed to bind port f48bc488-aac9-4e1d-9af3-f704bb77b7ed on host hv-neutron-8332 for vnic_type normal using segments [{'id': '243fc206-ff59-4c3b-8d8c-d4181bc4871b', 'network_type': 'vlan', 'physical_network': 'physnet1', 'segmentation_id': 650, 'network_id': '37865581-d180-4b06-b481-3557ef97d87a'}]
Mar 11 15:00:23.196818 dv-neutron-833258-3-hyperv neutron-server[115933]: INFO neutron.plugins.ml2.plugin [None req-22474b31-370d-4ed5-b990-93cd8af04799 tempest-PortsAdminExtendedAttrsIpV6TestJSON-176642986 tempest-PortsAdminExtendedAttrsIpV6TestJSON-176642986-project-admin] Attempt 2 to bind port f48bc488-aac9-4e1d-9af3-f704bb77b7ed
Mar 11 15:00:23.199471 dv-neutron-833258-3-hyperv neutron-server[115933]: DEBUG neutron.wsgi [-] (115933) accepted ('10.222.0.36', 38782) {{(pid=115933) server /usr/local/lib/python3.8/dist-packages/eventlet/wsgi.py:1004}}
Mar 11 15:00:23.262015 dv-neutron-833258-3-hyperv neutron-server[115935]: DEBUG neutron.plugins.ml2.plugin [None req-1724be71-4196-4ff5-ba04-dff7bdcfccc9 None None] Port 14a220d3-0381-4ec7-8307-a8c7e682f298 cannot update to ACTIVE because it is not bound. {{(pid=115935) _port_provisioned /opt/stack/neutron/neutron/plugins/ml2/plugin.py:343}}
Mar 11 15:00:23.339504 dv-neutron-833258-3-hyperv neutron-server[115932]: DEBUG neutron_lib.callbacks.manager [None req-1e2ad29f-a260-473e-8191-0c622bfb1fee tempest-ExternalNetworksTestJSON-669009483 tempest-ExternalNetworksTestJSON-669009483-project-admin] Publish callbacks ['neutron.plugins.ml2.plugin.External_net_db_mixin._before_network_delete_handler-1898278'] for network (4b15796b-43e7-4ca2-825a-e444d7c6a72a), before_delete {{(pid=115932) _notify_loop /usr/local/lib/python3.8/dist-packages/neutron_lib/callbacks/manager.py:176}}
Mar 11 15:00:23.517301 dv-neutron-833258-3-hyperv neutron-server[115932]: DEBUG neutron.plugins.ml2.plugin [None req-1e2ad29f-a260-473e-8191-0c622bfb1fee tempest-ExternalNetworksTestJSON-669009483 tempest-ExternalNetworksTestJSON-669009483-project-admin] Deleting port d4acb702-caf3-4db9-9c60-c003f10b6075 {{(pid=115932) _pre_delete_port /opt/stack/neutron/neutron/plugins/ml2/plugin.py:1978}}
Mar 11 15:00:23.517301 dv-neutron-833258-3-hyperv neutron-server[115932]: DEBUG neutron_lib.callbacks.manager [None req-1e2ad29f-a260-473e-8191-0c622bfb1fee tempest-ExternalNetworksTestJSON-669009483 tempest-ExternalNetworksTestJSON-669009483-project-admin] Publish callbacks ['neutron.db.l3_db.L3_NAT_dbonly_mixin._prevent_l3_port_delete_callback-8748125754606'] for port (d4acb702-caf3-4db9-9c60-c003f10b6075), before_delete {{(pid=115932) _notify_loop /usr/local/lib/python3.8/dist-packages/neutron_lib/callbacks/manager.py:176}}
Mar 11 15:00:23.623793 dv-neutron-833258-3-hyperv neutron-server[115935]: DEBUG neutron.plugins.ml2.rpc [None req-ec5943d4-9e4f-4426-b4a8-54d287060fb7 None None] Device 88d290bc-cc66-418c-8e5a-373cf565b63c up at agent ovs-agent-dv-neutron-833258-3-hyperv {{(pid=115935) update_device_up /opt/stack/neutron/neutron/plugins/ml2/rpc.py:296}}
Mar 11 15:00:23.628827 dv-neutron-833258-3-hyperv neutron-server[115933]: DEBUG neutron.plugins.ml2.managers [None req-22474b31-370d-4ed5-b990-93cd8af04799 tempest-PortsAdminExtendedAttrsIpV6TestJSON-176642986 tempest-PortsAdminExtendedAttrsIpV6TestJSON-176642986-project-admin] Attempting to bind port f48bc488-aac9-4e1d-9af3-f704bb77b7ed on host hv-neutron-8332 for vnic_type normal with profile {{(pid=115933) bind_port /opt/stack/neutron/neutron/plugins/ml2/managers.py:795}}
Mar 11 15:00:23.629906 dv-neutron-833258-3-hyperv neutron-server[115933]: DEBUG neutron.plugins.ml2.managers [None req-22474b31-370d-4ed5-b990-93cd8af04799 tempest-PortsAdminExtendedAttrsIpV6TestJSON-176642986 tempest-PortsAdminExtendedAttrsIpV6TestJSON-176642986-project-admin] Attempting to bind port f48bc488-aac9-4e1d-9af3-f704bb77b7ed by drivers openvswitch,hyperv on host hv-neutron-8332 at level 0 using segments [{'id': '243fc206-ff59-4c3b-8d8c-d4181bc4871b', 'network_type': 'vlan', 'physical_network': 'physnet1', 'segmentation_id': 650, 'network_id': '37865581-d180-4b06-b481-3557ef97d87a'}] {{(pid=115933) _bind_port_level /opt/stack/neutron/neutron/plugins/ml2/managers.py:820}}
Mar 11 15:00:23.630932 dv-neutron-833258-3-hyperv neutron-server[115933]: DEBUG neutron.plugins.ml2.drivers.mech_agent [None req-22474b31-370d-4ed5-b990-93cd8af04799 tempest-PortsAdminExtendedAttrsIpV6TestJSON-176642986 tempest-PortsAdminExtendedAttrsIpV6TestJSON-176642986-project-admin] Attempting to bind port f48bc488-aac9-4e1d-9af3-f704bb77b7ed on network 37865581-d180-4b06-b481-3557ef97d87a {{(pid=115933) bind_port /opt/stack/neutron/neutron/plugins/ml2/drivers/mech_agent.py:91}}
Mar 11 15:00:23.642195 dv-neutron-833258-3-hyperv neutron-server[115933]: DEBUG neutron.scheduler.l3_agent_scheduler [None req-93750128-4eae-4ae1-ab99-f90246f586a1 admin admin] Router 2174ec58-46a0-46cf-b98e-c2348734c571 has already been hosted by L3 agent a76e9b4c-edeb-4aab-aa4c-67a7759d00ad {{(pid=115933) _get_candidates /opt/stack/neutron/neutron/scheduler/l3_agent_scheduler.py:126}}
Mar 11 15:00:23.706960 dv-neutron-833258-3-hyperv neutron-server[115932]: DEBUG neutron_lib.callbacks.manager [None req-1e2ad29f-a260-473e-8191-0c622bfb1fee tempest-ExternalNetworksTestJSON-669009483 tempest-ExternalNetworksTestJSON-669009483-project-admin] Publish callbacks ['neutron.services.l3_router.l3_router_plugin.L3_NAT_dbonly_mixin._precommit_delete_port_callback-531155'] for port (d4acb702-caf3-4db9-9c60-c003f10b6075), precommit_delete {{(pid=115932) _notify_loop /usr/local/lib/python3.8/dist-packages/neutron_lib/callbacks/manager.py:176}}
Mar 11 15:00:23.707877 dv-neutron-833258-3-hyperv neutron-server[115932]: DEBUG neutron_lib.callbacks.manager [None req-1e2ad29f-a260-473e-8191-0c622bfb1fee tempest-ExternalNetworksTestJSON-669009483 tempest-ExternalNetworksTestJSON-669009483-project-admin] Publish callbacks [] for floatingip (d4acb702-caf3-4db9-9c60-c003f10b6075), precommit_delete {{(pid=115932) _notify_loop /usr/local/lib/python3.8/dist-packages/neutron_lib/callbacks/manager.py:176}}
Mar 11 15:00:23.732667 dv-neutron-833258-3-hyperv neutron-server[115935]: DEBUG neutron.db.provisioning_blocks [None req-ec5943d4-9e4f-4426-b4a8-54d287060fb7 None None] Provisioning complete for port 88d290bc-cc66-418c-8e5a-373cf565b63c triggered by entity L2. {{(pid=115935) provisioning_complete /opt/stack/neutron/neutron/db/provisioning_blocks.py:140}}
Mar 11 15:00:23.733248 dv-neutron-833258-3-hyperv neutron-server[115935]: DEBUG neutron_lib.callbacks.manager [None req-ec5943d4-9e4f-4426-b4a8-54d287060fb7 None None] Publish callbacks ['neutron.plugins.ml2.plugin.Ml2Plugin._port_provisioned-1833713'] for port (88d290bc-cc66-418c-8e5a-373cf565b63c), provisioning_complete {{(pid=115935) _notify_loop /usr/local/lib/python3.8/dist-packages/neutron_lib/callbacks/manager.py:176}}
Mar 11 15:00:23.739068 dv-neutron-833258-3-hyperv neutron-server[115932]: DEBUG neutron.plugins.ml2.plugin [None req-1e2ad29f-a260-473e-8191-0c622bfb1fee tempest-ExternalNetworksTestJSON-669009483 tempest-ExternalNetworksTestJSON-669009483-project-admin] Calling delete_port for d4acb702-caf3-4db9-9c60-c003f10b6075 owned by network:floatingip {{(pid=115932) delete_port /opt/stack/neutron/neutron/plugins/ml2/plugin.py:2056}}
Mar 11 15:00:23.885294 dv-neutron-833258-3-hyperv neutron-server[115933]: DEBUG neutron.plugins.ml2.drivers.mech_agent [None req-22474b31-370d-4ed5-b990-93cd8af04799 tempest-PortsAdminExtendedAttrsIpV6TestJSON-176642986 tempest-PortsAdminExtendedAttrsIpV6TestJSON-176642986-project-admin] Port f48bc488-aac9-4e1d-9af3-f704bb77b7ed on network 37865581-d180-4b06-b481-3557ef97d87a not bound, no agent of type Open vSwitch agent registered on host hv-neutron-8332 {{(pid=115933) bind_port /opt/stack/neutron/neutron/plugins/ml2/drivers/mech_agent.py:103}}
Mar 11 15:00:23.885593 dv-neutron-833258-3-hyperv neutron-server[115933]: ERROR neutron.plugins.ml2.managers [None req-22474b31-370d-4ed5-b990-93cd8af04799 tempest-PortsAdminExtendedAttrsIpV6TestJSON-176642986 tempest-PortsAdminExtendedAttrsIpV6TestJSON-176642986-project-admin] Failed to bind port f48bc488-aac9-4e1d-9af3-f704bb77b7ed on host hv-neutron-8332 for vnic_type normal using segments [{'id': '243fc206-ff59-4c3b-8d8c-d4181bc4871b', 'network_type': 'vlan', 'physical_network': 'physnet1', 'segmentation_id': 650, 'network_id': '37865581-d180-4b06-b481-3557ef97d87a'}]
Mar 11 15:00:23.912967 dv-neutron-833258-3-hyperv neutron-server[115933]: INFO neutron.plugins.ml2.plugin [None req-22474b31-370d-4ed5-b990-93cd8af04799 tempest-PortsAdminExtendedAttrsIpV6TestJSON-176642986 tempest-PortsAdminExtendedAttrsIpV6TestJSON-176642986-project-admin] Attempt 3 to bind port f48bc488-aac9-4e1d-9af3-f704bb77b7ed
Mar 11 15:00:23.985327 dv-neutron-833258-3-hyperv neutron-server[115933]: DEBUG neutron.plugins.ml2.managers [None req-22474b31-370d-4ed5-b990-93cd8af04799 tempest-PortsAdminExtendedAttrsIpV6TestJSON-176642986 tempest-PortsAdminExtendedAttrsIpV6TestJSON-176642986-project-admin] Attempting to bind port f48bc488-aac9-4e1d-9af3-f704bb77b7ed on host hv-neutron-8332 for vnic_type normal with profile {{(pid=115933) bind_port /opt/stack/neutron/neutron/plugins/ml2/managers.py:795}}
Mar 11 15:00:23.989932 dv-neutron-833258-3-hyperv neutron-server[115933]: DEBUG neutron.plugins.ml2.managers [None req-22474b31-370d-4ed5-b990-93cd8af04799 tempest-PortsAdminExtendedAttrsIpV6TestJSON-176642986 tempest-PortsAdminExtendedAttrsIpV6TestJSON-176642986-project-admin] Attempting to bind port f48bc488-aac9-4e1d-9af3-f704bb77b7ed by drivers openvswitch,hyperv on host hv-neutron-8332 at level 0 using segments [{'id': '243fc206-ff59-4c3b-8d8c-d4181bc4871b', 'network_type': 'vlan', 'physical_network': 'physnet1', 'segmentation_id': 650, 'network_id': '37865581-d180-4b06-b481-3557ef97d87a'}] {{(pid=115933) _bind_port_level /opt/stack/neutron/neutron/plugins/ml2/managers.py:820}}
Mar 11 15:00:23.990489 dv-neutron-833258-3-hyperv neutron-server[115933]: DEBUG neutron.plugins.ml2.drivers.mech_agent [None req-22474b31-370d-4ed5-b990-93cd8af04799 tempest-PortsAdminExtendedAttrsIpV6TestJSON-176642986 tempest-PortsAdminExtendedAttrsIpV6TestJSON-176642986-project-admin] Attempting to bind port f48bc488-aac9-4e1d-9af3-f704bb77b7ed on network 37865581-d180-4b06-b481-3557ef97d87a {{(pid=115933) bind_port /opt/stack/neutron/neutron/plugins/ml2/drivers/mech_agent.py:91}}
Mar 11 15:00:23.996580 dv-neutron-833258-3-hyperv neutron-server[115933]: INFO neutron.wsgi [req-d4d96dde-0c29-46c4-9c54-89b28885145a req-fc0efbe0-5e5c-43bd-93d5-37f4b80ec1e2 service neutron] 10.222.0.36 "GET /v2.0/networks/7a5b6195-0627-4e36-b2f2-185a9ec03b42?fields=segments HTTP/1.1" status: 200 len: 212 time: 1.0713387
Mar 11 15:00:24.085743 dv-neutron-833258-3-hyperv neutron-server[115933]: DEBUG neutron.plugins.ml2.drivers.mech_agent [None req-22474b31-370d-4ed5-b990-93cd8af04799 tempest-PortsAdminExtendedAttrsIpV6TestJSON-176642986 tempest-PortsAdminExtendedAttrsIpV6TestJSON-176642986-project-admin] Port f48bc488-aac9-4e1d-9af3-f704bb77b7ed on network 37865581-d180-4b06-b481-3557ef97d87a not bound, no agent of type Open vSwitch agent registered on host hv-neutron-8332 {{(pid=115933) bind_port /opt/stack/neutron/neutron/plugins/ml2/drivers/mech_agent.py:103}}
Mar 11 15:00:24.086348 dv-neutron-833258-3-hyperv neutron-server[115933]: ERROR neutron.plugins.ml2.managers [None req-22474b31-370d-4ed5-b990-93cd8af04799 tempest-PortsAdminExtendedAttrsIpV6TestJSON-176642986 tempest-PortsAdminExtendedAttrsIpV6TestJSON-176642986-project-admin] Failed to bind port f48bc488-aac9-4e1d-9af3-f704bb77b7ed on host hv-neutron-8332 for vnic_type normal using segments [{'id': '243fc206-ff59-4c3b-8d8c-d4181bc4871b', 'network_type': 'vlan', 'physical_network': 'physnet1', 'segmentation_id': 650, 'network_id': '37865581-d180-4b06-b481-3557ef97d87a'}]
Mar 11 15:00:24.091604 dv-neutron-833258-3-hyperv neutron-server[115933]: INFO neutron.wsgi [None req-1642c832-f1a6-443f-96ea-cfad8ea8916b tempest-DHCPAgentSchedulersTestJSON-1889701858 tempest-DHCPAgentSchedulersTestJSON-1889701858-project-admin] 10.222.0.36 "DELETE /v2.0/agents/db91ddf9-1e9b-4663-a9cb-6896555ffcbd/dhcp-networks/3fd5b8fc-6005-44f1-a590-241c468c30c1 HTTP/1.1" status: 204 len: 168 time: 0.6176283
Mar 11 15:00:24.096859 dv-neutron-833258-3-hyperv neutron-server[115932]: DEBUG neutron.wsgi [-] (115932) accepted ('10.222.0.36', 38798) {{(pid=115932) server /usr/local/lib/python3.8/dist-packages/eventlet/wsgi.py:1004}}
Mar 11 15:00:24.105039 dv-neutron-833258-3-hyperv neutron-server[115933]: INFO neutron.plugins.ml2.plugin [None req-22474b31-370d-4ed5-b990-93cd8af04799 tempest-PortsAdminExtendedAttrsIpV6TestJSON-176642986 tempest-PortsAdminExtendedAttrsIpV6TestJSON-176642986-project-admin] Attempt 4 to bind port f48bc488-aac9-4e1d-9af3-f704bb77b7ed
Mar 11 15:00:24.113007 dv-neutron-833258-3-hyperv neutron-server[115935]: DEBUG neutron.plugins.ml2.plugin [None req-ec5943d4-9e4f-4426-b4a8-54d287060fb7 None None] Current status of the port 88d290bc-cc66-418c-8e5a-373cf565b63c is: ACTIVE; New status is: ACTIVE {{(pid=115935) _update_individual_port_db_status /opt/stack/neutron/neutron/plugins/ml2/plugin.py:2232}}
Mar 11 15:00:24.145161 dv-neutron-833258-3-hyperv neutron-server[115933]: DEBUG neutron_lib.callbacks.manager [None req-2f199719-4d6c-4139-a207-fce5024cd036 admin admin] Publish callbacks ['neutron.plugins.ml2.plugin.SecurityGroupDbMixin._ensure_default_security_group_handler-1778623'] for port (adbdbd60-2eab-4c54-ba16-81119780630e), before_update {{(pid=115933) _notify_loop /usr/local/lib/python3.8/dist-packages/neutron_lib/callbacks/manager.py:176}}
Mar 11 15:00:24.164734 dv-neutron-833258-3-hyperv neutron-server[115932]: DEBUG neutron_lib.callbacks.manager [None req-1e2ad29f-a260-473e-8191-0c622bfb1fee tempest-ExternalNetworksTestJSON-669009483 tempest-ExternalNetworksTestJSON-669009483-project-admin] Publish callbacks ['neutron.plugins.ml2.plugin.SecurityGroupServerNotifierRpcMixin._notify_sg_on_port_change-1778451', 'neutron.plugins.ml2.ovo_rpc._ObjectChangeHandler.handle_event-47381', 'neutron.api.rpc.agentnotifiers.dhcp_rpc_agent_api.DhcpAgentNotifyAPI._native_event_send_dhcp_notification-765064', 'neutron.db.l3_db.L3RpcNotifierMixin._notify_routers_callback-8748125759573', 'neutron.db.l3_dvrscheduler_db._notify_port_delete-8748125209712'] for port (d4acb702-caf3-4db9-9c60-c003f10b6075), after_delete {{(pid=115932) _notify_loop /usr/local/lib/python3.8/dist-packages/neutron_lib/callbacks/manager.py:176}}
Mar 11 15:00:24.199953 dv-neutron-833258-3-hyperv neutron-server[115933]: DEBUG neutron.plugins.ml2.managers [None req-22474b31-370d-4ed5-b990-93cd8af04799 tempest-PortsAdminExtendedAttrsIpV6TestJSON-176642986 tempest-PortsAdminExtendedAttrsIpV6TestJSON-176642986-project-admin] Attempting to bind port f48bc488-aac9-4e1d-9af3-f704bb77b7ed on host hv-neutron-8332 for vnic_type normal with profile {{(pid=115933) bind_port /opt/stack/neutron/neutron/plugins/ml2/managers.py:795}}
