Mar 22 16:56:42.936863 dv-neutron-833247-14-hyperv neutron-server[104066]: DEBUG neutron_lib.callbacks.manager [None req-5787494b-bd55-49ac-94ae-d8f59cc1310f tempest-ExternalNetworksTestJSON-988862584 tempest-ExternalNetworksTestJSON-988862584-project-admin] Publish callbacks ['neutron.services.l3_router.l3_router_plugin.L3_NAT_dbonly_mixin._precommit_delete_port_callback-3929084'] for port (5e12bc24-5ee0-41fe-a48a-dab961b91379), precommit_delete {{(pid=104066) _notify_loop /usr/local/lib/python3.8/dist-packages/neutron_lib/callbacks/manager.py:176}}
Mar 22 16:56:42.937809 dv-neutron-833247-14-hyperv neutron-server[104066]: DEBUG neutron_lib.callbacks.manager [None req-5787494b-bd55-49ac-94ae-d8f59cc1310f tempest-ExternalNetworksTestJSON-988862584 tempest-ExternalNetworksTestJSON-988862584-project-admin] Publish callbacks [] for floatingip (5e12bc24-5ee0-41fe-a48a-dab961b91379), precommit_delete {{(pid=104066) _notify_loop /usr/local/lib/python3.8/dist-packages/neutron_lib/callbacks/manager.py:176}}
Mar 22 16:56:42.939953 dv-neutron-833247-14-hyperv neutron-server[104067]: DEBUG neutron.db.db_base_plugin_common [None req-5119dd0b-7b23-4665-bef8-cf9f660cc9f1 admin admin] Allocated IP 172.20.0.1 (92b00e6a-5f55-49cf-9a13-a07612eeb882/69a88e84-6487-45b7-ae06-570147487bb3/72558662-f9e2-44f8-b6e2-fb113a8f5ac7) {{(pid=104067) _store_ip_allocation /opt/stack/neutron/neutron/db/db_base_plugin_common.py:131}}
Mar 22 16:56:42.957130 dv-neutron-833247-14-hyperv neutron-server[104067]: INFO neutron.wsgi [None req-1ddbf6a4-45ec-4bf0-885c-bafb7ade2231 tempest-DHCPAgentSchedulersTestJSON-391451265 tempest-DHCPAgentSchedulersTestJSON-391451265-project-admin] 10.222.0.20 "GET /v2.0/networks/9d5ed9c0-2cd7-472f-8bc5-64cdfe8059b0/dhcp-agents HTTP/1.1" status: 200 len: 810 time: 0.0688138
Mar 22 16:56:42.957130 dv-neutron-833247-14-hyperv neutron-server[104067]: DEBUG neutron.plugins.ml2.managers [None req-75dbb9ad-a8ad-4cb5-8afc-9b7f9df041ad tempest-PortsAdminExtendedAttrsTestJSON-1402646388 tempest-PortsAdminExtendedAttrsTestJSON-1402646388-project-admin] Attempting to bind port 1b17333c-ec61-40b9-b12f-d8e6f9c17185 on host hv-neutron-8332 for vnic_type normal with profile {{(pid=104067) bind_port /opt/stack/neutron/neutron/plugins/ml2/managers.py:795}}
Mar 22 16:56:42.957130 dv-neutron-833247-14-hyperv neutron-server[104067]: DEBUG neutron.plugins.ml2.managers [None req-75dbb9ad-a8ad-4cb5-8afc-9b7f9df041ad tempest-PortsAdminExtendedAttrsTestJSON-1402646388 tempest-PortsAdminExtendedAttrsTestJSON-1402646388-project-admin] Attempting to bind port 1b17333c-ec61-40b9-b12f-d8e6f9c17185 by drivers openvswitch,hyperv on host hv-neutron-8332 at level 0 using segments [{'id': '176a7902-4397-4b09-a832-b7c447ff4586', 'network_type': 'vlan', 'physical_network': 'physnet1', 'segmentation_id': 180, 'network_id': '93d284bd-5913-4b9f-b4ec-e9194e5d8b5a'}] {{(pid=104067) _bind_port_level /opt/stack/neutron/neutron/plugins/ml2/managers.py:820}}
Mar 22 16:56:42.957130 dv-neutron-833247-14-hyperv neutron-server[104067]: DEBUG neutron.plugins.ml2.drivers.mech_agent [None req-75dbb9ad-a8ad-4cb5-8afc-9b7f9df041ad tempest-PortsAdminExtendedAttrsTestJSON-1402646388 tempest-PortsAdminExtendedAttrsTestJSON-1402646388-project-admin] Attempting to bind port 1b17333c-ec61-40b9-b12f-d8e6f9c17185 on network 93d284bd-5913-4b9f-b4ec-e9194e5d8b5a {{(pid=104067) bind_port /opt/stack/neutron/neutron/plugins/ml2/drivers/mech_agent.py:91}}
Mar 22 16:56:42.957951 dv-neutron-833247-14-hyperv neutron-server[104068]: DEBUG neutron_lib.callbacks.manager [None req-988e94ba-0ddc-49cc-b9ee-a37a0143a1f8 None None] Publish callbacks [] for port (dfe19b3e-fb31-4787-8d34-7e64bb04efc4), precommit_create {{(pid=104068) _notify_loop /usr/local/lib/python3.8/dist-packages/neutron_lib/callbacks/manager.py:176}}
Mar 22 16:56:42.958066 dv-neutron-833247-14-hyperv neutron-server[104067]: DEBUG neutron.wsgi [-] (104067) accepted ('10.222.0.20', 40086) {{(pid=104067) server /usr/local/lib/python3.8/dist-packages/eventlet/wsgi.py:1004}}
Mar 22 16:56:42.962012 dv-neutron-833247-14-hyperv neutron-server[104068]: DEBUG neutron.api.rpc.handlers.resources_rpc [None req-0f61d760-ca96-4e48-bd35-5ed4fc1b82b6 None None] Pushing event updated for resources: {'Port': ['ID=81b5391b-530b-4575-acc3-f69851d29feb,revision_number=5']} {{(pid=104068) push /opt/stack/neutron/neutron/api/rpc/handlers/resources_rpc.py:237}}
Mar 22 16:56:42.969253 dv-neutron-833247-14-hyperv neutron-server[104068]: DEBUG neutron.api.rpc.handlers.l3_rpc [None req-197dfa8b-acb4-48e0-a025-52671b4c6b0c None None] The sync data for ids ['20fb70c8-c725-4866-8fb5-9578031b42c9'] in dv-neutron-833247-14-hyperv is: [{'id': '20fb70c8-c725-4866-8fb5-9578031b42c9', 'name': 'tempest-ServersTestJSON-1520954059-router', 'tenant_id': '9df2f9299bc94c9f8a60c5bdff79b57f', 'admin_state_up': True, 'status': 'ACTIVE', 'external_gateway_info': {'network_id': 'c484047d-cd55-462b-b048-32a9be48c46e', 'external_fixed_ips': [{'subnet_id': '175622e3-39cf-4a23-a5ca-5c22a1825c68', 'ip_address': '172.26.5.16'}], 'enable_snat': True}, 'gw_port_id': 'cf8ba98d-841f-4223-b62c-6f520830b6fd', 'description': '', 'availability_zones': ['nova'], 'distributed': False, 'ha': False, 'ha_vr_id': 0, 'availability_zone_hints': [], 'routes': [], 'flavor_id': None, 'tags': [], 'created_at': '2022-03-22T16:56:27Z', 'updated_at': '2022-03-22T16:56:33Z', 'revision_number': 3, 'project_id': '9df2f9299bc94c9f8a60c5bdff79b57f', 'gw_port': {'id': 'cf8ba98d-841f-4223-b62c-6f520830b6fd', 'name': '', 'network_id': 'c484047d-cd55-462b-b048-32a9be48c46e', 'tenant_id': '', 'mac_address': 'fa:16:3e:c9:1b:fc', 'admin_state_up': True, 'status': 'DOWN', 'device_id': '20fb70c8-c725-4866-8fb5-9578031b42c9', 'device_owner': 'network:router_gateway', 'standard_attr_id': 110, 'fixed_ips': [{'subnet_id': '175622e3-39cf-4a23-a5ca-5c22a1825c68', 'ip_address': '172.26.5.16', 'prefixlen': 24}], 'allowed_address_pairs': [], 'extra_dhcp_opts': [], 'security_groups': [], 'description': '', 'binding:vnic_type': 'normal', 'binding:profile': {}, 'binding:host_id': 'dv-neutron-833247-14-hyperv', 'binding:vif_type': 'ovs', 'binding:vif_details': {'connectivity': 'l2', 'port_filter': True, 'ovs_hybrid_plug': False, 'datapath_type': 'system', 'bridge_name': 'br-int', 'bound_drivers': {'0': 'openvswitch'}}, 'port_security_enabled': False, 'tags': [], 'created_at': '2022-03-22T16:56:30Z', 'updated_at': '2022-03-22T16:56:41Z', 'revision_number': 3, 'project_id': '', 'subnets': [{'id': '175622e3-39cf-4a23-a5ca-5c22a1825c68', 'cidr': '172.26.5.0/24', 'gateway_ip': '172.26.5.1', 'dns_nameservers': [], 'ipv6_ra_mode': None, 'subnetpool_id': None}], 'extra_subnets': [], 'address_scopes': {4: None, 6: None}, 'mtu': 1500}, 'enable_snat': True, 'gw_port_host': 'dv-neutron-833247-14-hyperv'}] {{(pid=104068) sync_routers /opt/stack/neutron/neutron/api/rpc/handlers/l3_rpc.py:137}}
Mar 22 16:56:42.987339 dv-neutron-833247-14-hyperv neutron-server[104066]: DEBUG neutron.plugins.ml2.plugin [None req-5787494b-bd55-49ac-94ae-d8f59cc1310f tempest-ExternalNetworksTestJSON-988862584 tempest-ExternalNetworksTestJSON-988862584-project-admin] Calling delete_port for 5e12bc24-5ee0-41fe-a48a-dab961b91379 owned by network:floatingip {{(pid=104066) delete_port /opt/stack/neutron/neutron/plugins/ml2/plugin.py:2081}}
Mar 22 16:56:42.992418 dv-neutron-833247-14-hyperv neutron-server[104068]: DEBUG neutron_lib.callbacks.manager [None req-988e94ba-0ddc-49cc-b9ee-a37a0143a1f8 None None] Publish callbacks ['neutron.plugins.ml2.plugin.SecurityGroupServerNotifierRpcMixin._notify_sg_on_port_change-592536', 'neutron.plugins.ml2.ovo_rpc._ObjectChangeHandler.handle_event-167803', 'neutron.api.rpc.agentnotifiers.dhcp_rpc_agent_api.DhcpAgentNotifyAPI._native_event_send_dhcp_notification-3712515', 'neutron.db.l3_dvrscheduler_db._notify_l3_agent_new_port-8753283464412'] for port (dfe19b3e-fb31-4787-8d34-7e64bb04efc4), after_create {{(pid=104068) _notify_loop /usr/local/lib/python3.8/dist-packages/neutron_lib/callbacks/manager.py:176}}
Mar 22 16:56:43.012539 dv-neutron-833247-14-hyperv neutron-server[104067]: DEBUG neutron.plugins.ml2.drivers.mech_agent [None req-75dbb9ad-a8ad-4cb5-8afc-9b7f9df041ad tempest-PortsAdminExtendedAttrsTestJSON-1402646388 tempest-PortsAdminExtendedAttrsTestJSON-1402646388-project-admin] Port 1b17333c-ec61-40b9-b12f-d8e6f9c17185 on network 93d284bd-5913-4b9f-b4ec-e9194e5d8b5a not bound, no agent of type Open vSwitch agent registered on host hv-neutron-8332 {{(pid=104067) bind_port /opt/stack/neutron/neutron/plugins/ml2/drivers/mech_agent.py:103}}
Mar 22 16:56:43.013164 dv-neutron-833247-14-hyperv neutron-server[104067]: ERROR neutron.plugins.ml2.managers [None req-75dbb9ad-a8ad-4cb5-8afc-9b7f9df041ad tempest-PortsAdminExtendedAttrsTestJSON-1402646388 tempest-PortsAdminExtendedAttrsTestJSON-1402646388-project-admin] Failed to bind port 1b17333c-ec61-40b9-b12f-d8e6f9c17185 on host hv-neutron-8332 for vnic_type normal using segments [{'id': '176a7902-4397-4b09-a832-b7c447ff4586', 'network_type': 'vlan', 'physical_network': 'physnet1', 'segmentation_id': 180, 'network_id': '93d284bd-5913-4b9f-b4ec-e9194e5d8b5a'}]
Mar 22 16:56:43.026261 dv-neutron-833247-14-hyperv neutron-server[104067]: INFO neutron.plugins.ml2.plugin [None req-75dbb9ad-a8ad-4cb5-8afc-9b7f9df041ad tempest-PortsAdminExtendedAttrsTestJSON-1402646388 tempest-PortsAdminExtendedAttrsTestJSON-1402646388-project-admin] Attempt 3 to bind port 1b17333c-ec61-40b9-b12f-d8e6f9c17185
Mar 22 16:56:43.042650 dv-neutron-833247-14-hyperv neutron-server[104066]: DEBUG neutron_lib.callbacks.manager [None req-01b6fa79-3f60-438f-bca3-d09ec32e342d admin admin] Publish callbacks ['neutron.plugins.ml2.ovo_rpc._ObjectChangeHandler.handle_event-3701168'] for security_group (e182308d-abe7-4a9d-abe2-340dbedc8207), after_delete {{(pid=104066) _notify_loop /usr/local/lib/python3.8/dist-packages/neutron_lib/callbacks/manager.py:176}}
Mar 22 16:56:43.045450 dv-neutron-833247-14-hyperv neutron-server[104066]: DEBUG neutron_lib.callbacks.manager [None req-01b6fa79-3f60-438f-bca3-d09ec32e342d admin admin] Publish callbacks [] for security_group (None), before_response {{(pid=104066) _notify_loop /usr/local/lib/python3.8/dist-packages/neutron_lib/callbacks/manager.py:176}}
Mar 22 16:56:43.049556 dv-neutron-833247-14-hyperv neutron-server[104066]: INFO neutron.wsgi [None req-01b6fa79-3f60-438f-bca3-d09ec32e342d admin admin] 10.222.0.20 "DELETE /v2.0/security-groups/e182308d-abe7-4a9d-abe2-340dbedc8207 HTTP/1.1" status: 204 len: 168 time: 0.7728717
Mar 22 16:56:43.075432 dv-neutron-833247-14-hyperv neutron-server[104068]: DEBUG neutron.plugins.ml2.plugin [None req-40d79b4a-2472-4891-9dd4-88006b76c487 None None] Current status of the port bf9d7a5d-07b2-4dc5-aac6-c8e26c6748b1 is: DOWN; New status is: ACTIVE {{(pid=104068) _update_individual_port_db_status /opt/stack/neutron/neutron/plugins/ml2/plugin.py:2257}}
Mar 22 16:56:43.076151 dv-neutron-833247-14-hyperv neutron-server[104068]: DEBUG neutron_lib.callbacks.manager [None req-40d79b4a-2472-4891-9dd4-88006b76c487 None None] Publish callbacks ['neutron.plugins.ml2.plugin.SecurityGroupDbMixin._ensure_default_security_group_handler-592601'] for port (bf9d7a5d-07b2-4dc5-aac6-c8e26c6748b1), before_update {{(pid=104068) _notify_loop /usr/local/lib/python3.8/dist-packages/neutron_lib/callbacks/manager.py:176}}
Mar 22 16:56:43.082284 dv-neutron-833247-14-hyperv neutron-server[104068]: DEBUG neutron.db.provisioning_blocks [None req-e8b3a702-8da9-4bcd-9012-8d9e793b5f77 None None] Provisioning complete for port 81b5391b-530b-4575-acc3-f69851d29feb triggered by entity DHCP. {{(pid=104068) provisioning_complete /opt/stack/neutron/neutron/db/provisioning_blocks.py:143}}
Mar 22 16:56:43.082837 dv-neutron-833247-14-hyperv neutron-server[104068]: DEBUG neutron_lib.callbacks.manager [None req-e8b3a702-8da9-4bcd-9012-8d9e793b5f77 None None] Publish callbacks ['neutron.plugins.ml2.plugin.Ml2Plugin._port_provisioned-3444860'] for port (81b5391b-530b-4575-acc3-f69851d29feb), provisioning_complete {{(pid=104068) _notify_loop /usr/local/lib/python3.8/dist-packages/neutron_lib/callbacks/manager.py:176}}
Mar 22 16:56:43.085353 dv-neutron-833247-14-hyperv neutron-server[104068]: DEBUG neutron.api.rpc.handlers.resources_rpc [None req-988e94ba-0ddc-49cc-b9ee-a37a0143a1f8 None None] Pushing event updated for resources: {'Port': ['ID=dfe19b3e-fb31-4787-8d34-7e64bb04efc4,revision_number=1']} {{(pid=104068) push /opt/stack/neutron/neutron/api/rpc/handlers/resources_rpc.py:237}}
Mar 22 16:56:43.086256 dv-neutron-833247-14-hyperv neutron-server[104067]: DEBUG neutron.plugins.ml2.managers [None req-75dbb9ad-a8ad-4cb5-8afc-9b7f9df041ad tempest-PortsAdminExtendedAttrsTestJSON-1402646388 tempest-PortsAdminExtendedAttrsTestJSON-1402646388-project-admin] Attempting to bind port 1b17333c-ec61-40b9-b12f-d8e6f9c17185 on host hv-neutron-8332 for vnic_type normal with profile {{(pid=104067) bind_port /opt/stack/neutron/neutron/plugins/ml2/managers.py:795}}
Mar 22 16:56:43.086691 dv-neutron-833247-14-hyperv neutron-server[104067]: DEBUG neutron.plugins.ml2.managers [None req-75dbb9ad-a8ad-4cb5-8afc-9b7f9df041ad tempest-PortsAdminExtendedAttrsTestJSON-1402646388 tempest-PortsAdminExtendedAttrsTestJSON-1402646388-project-admin] Attempting to bind port 1b17333c-ec61-40b9-b12f-d8e6f9c17185 by drivers openvswitch,hyperv on host hv-neutron-8332 at level 0 using segments [{'id': '176a7902-4397-4b09-a832-b7c447ff4586', 'network_type': 'vlan', 'physical_network': 'physnet1', 'segmentation_id': 180, 'network_id': '93d284bd-5913-4b9f-b4ec-e9194e5d8b5a'}] {{(pid=104067) _bind_port_level /opt/stack/neutron/neutron/plugins/ml2/managers.py:820}}
Mar 22 16:56:43.087244 dv-neutron-833247-14-hyperv neutron-server[104067]: DEBUG neutron.plugins.ml2.drivers.mech_agent [None req-75dbb9ad-a8ad-4cb5-8afc-9b7f9df041ad tempest-PortsAdminExtendedAttrsTestJSON-1402646388 tempest-PortsAdminExtendedAttrsTestJSON-1402646388-project-admin] Attempting to bind port 1b17333c-ec61-40b9-b12f-d8e6f9c17185 on network 93d284bd-5913-4b9f-b4ec-e9194e5d8b5a {{(pid=104067) bind_port /opt/stack/neutron/neutron/plugins/ml2/drivers/mech_agent.py:91}}
Mar 22 16:56:43.155060 dv-neutron-833247-14-hyperv neutron-server[104066]: DEBUG neutron_lib.callbacks.manager [None req-971bccec-beff-4a2b-a1b5-69c5d7157f99 tempest-NetworksTestDHCPv6-532774119 tempest-NetworksTestDHCPv6-532774119-project] Publish callbacks ['neutron.services.l3_router.l3_router_plugin.L3_NAT_dbonly_mixin._precommit_delete_port_callback-3929084'] for port (9a7b7932-f0bb-4442-ac22-f8fed925e8b9), precommit_delete {{(pid=104066) _notify_loop /usr/local/lib/python3.8/dist-packages/neutron_lib/callbacks/manager.py:176}}
Mar 22 16:56:43.157233 dv-neutron-833247-14-hyperv neutron-server[104068]: DEBUG neutron.scheduler.dhcp_agent_scheduler [None req-988e94ba-0ddc-49cc-b9ee-a37a0143a1f8 None None] Network 88a278c5-de7a-4011-986d-3762bfd2052b is already hosted by enough agents. {{(pid=104068) _get_dhcp_agents_hosting_network /opt/stack/neutron/neutron/scheduler/dhcp_agent_scheduler.py:275}}
Mar 22 16:56:43.164343 dv-neutron-833247-14-hyperv neutron-server[104067]: DEBUG neutron.plugins.ml2.drivers.mech_agent [None req-75dbb9ad-a8ad-4cb5-8afc-9b7f9df041ad tempest-PortsAdminExtendedAttrsTestJSON-1402646388 tempest-PortsAdminExtendedAttrsTestJSON-1402646388-project-admin] Port 1b17333c-ec61-40b9-b12f-d8e6f9c17185 on network 93d284bd-5913-4b9f-b4ec-e9194e5d8b5a not bound, no agent of type Open vSwitch agent registered on host hv-neutron-8332 {{(pid=104067) bind_port /opt/stack/neutron/neutron/plugins/ml2/drivers/mech_agent.py:103}}
Mar 22 16:56:43.164810 dv-neutron-833247-14-hyperv neutron-server[104067]: ERROR neutron.plugins.ml2.managers [None req-75dbb9ad-a8ad-4cb5-8afc-9b7f9df041ad tempest-PortsAdminExtendedAttrsTestJSON-1402646388 tempest-PortsAdminExtendedAttrsTestJSON-1402646388-project-admin] Failed to bind port 1b17333c-ec61-40b9-b12f-d8e6f9c17185 on host hv-neutron-8332 for vnic_type normal using segments [{'id': '176a7902-4397-4b09-a832-b7c447ff4586', 'network_type': 'vlan', 'physical_network': 'physnet1', 'segmentation_id': 180, 'network_id': '93d284bd-5913-4b9f-b4ec-e9194e5d8b5a'}]
Mar 22 16:56:43.170074 dv-neutron-833247-14-hyperv neutron-server[104068]: DEBUG neutron.scheduler.base_scheduler [None req-988e94ba-0ddc-49cc-b9ee-a37a0143a1f8 None None] Resources bound (agent type, host, resource id): {{(pid=104068) schedule /opt/stack/neutron/neutron/scheduler/base_scheduler.py:57}}
Mar 22 16:56:43.173229 dv-neutron-833247-14-hyperv neutron-server[104066]: DEBUG neutron.plugins.ml2.plugin [None req-971bccec-beff-4a2b-a1b5-69c5d7157f99 tempest-NetworksTestDHCPv6-532774119 tempest-NetworksTestDHCPv6-532774119-project] Calling delete_port for 9a7b7932-f0bb-4442-ac22-f8fed925e8b9 owned by {{(pid=104066) delete_port /opt/stack/neutron/neutron/plugins/ml2/plugin.py:2081}}
Mar 22 16:56:43.191809 dv-neutron-833247-14-hyperv neutron-server[104068]: DEBUG neutron.db.l3_dvrscheduler_db [None req-988e94ba-0ddc-49cc-b9ee-a37a0143a1f8 None None] Received port after_create {{(pid=104068) _notify_l3_agent_new_port /opt/stack/neutron/neutron/db/l3_dvrscheduler_db.py:536}}
Mar 22 16:56:43.201230 dv-neutron-833247-14-hyperv neutron-server[104067]: INFO neutron.plugins.ml2.plugin [None req-75dbb9ad-a8ad-4cb5-8afc-9b7f9df041ad tempest-PortsAdminExtendedAttrsTestJSON-1402646388 tempest-PortsAdminExtendedAttrsTestJSON-1402646388-project-admin] Attempt 4 to bind port 1b17333c-ec61-40b9-b12f-d8e6f9c17185
Mar 22 16:56:43.264023 dv-neutron-833247-14-hyperv neutron-server[104068]: DEBUG neutron.plugins.ml2.db [None req-40d79b4a-2472-4891-9dd4-88006b76c487 None None] For port bf9d7a5d-07b2-4dc5-aac6-c8e26c6748b1, host dv-neutron-833247-14-hyperv, got binding levels [PortBindingLevel(driver='openvswitch',host='dv-neutron-833247-14-hyperv',level=0,port_id=bf9d7a5d-07b2-4dc5-aac6-c8e26c6748b1,segment=NetworkSegment(05b6eb24-f203-45ad-af19-fe1ff30fa6a6),segment_id=05b6eb24-f203-45ad-af19-fe1ff30fa6a6)] {{(pid=104068) get_binding_level_objs /opt/stack/neutron/neutron/plugins/ml2/db.py:74}}
Mar 22 16:56:43.271118 dv-neutron-833247-14-hyperv neutron-server[104068]: DEBUG neutron_lib.callbacks.manager [None req-fe01b578-98f0-41ed-8bfd-7857cdce0483 None None] Publish callbacks ['neutron.services.segments.db._update_segment_host_mapping_for_agent-8753284006148', 'neutron.plugins.ml2.plugin.Ml2Plugin._retry_binding_revived_agents-3444742'] for agent (6e99578d-84ef-4a5e-a363-ba87b2ae7faf), after_update {{(pid=104068) _notify_loop /usr/local/lib/python3.8/dist-packages/neutron_lib/callbacks/manager.py:176}}
Mar 22 16:56:43.282091 dv-neutron-833247-14-hyperv neutron-server[104067]: DEBUG neutron.plugins.ml2.managers [None req-75dbb9ad-a8ad-4cb5-8afc-9b7f9df041ad tempest-PortsAdminExtendedAttrsTestJSON-1402646388 tempest-PortsAdminExtendedAttrsTestJSON-1402646388-project-admin] Attempting to bind port 1b17333c-ec61-40b9-b12f-d8e6f9c17185 on host hv-neutron-8332 for vnic_type normal with profile {{(pid=104067) bind_port /opt/stack/neutron/neutron/plugins/ml2/managers.py:795}}
Mar 22 16:56:43.282537 dv-neutron-833247-14-hyperv neutron-server[104067]: DEBUG neutron.plugins.ml2.managers [None req-75dbb9ad-a8ad-4cb5-8afc-9b7f9df041ad tempest-PortsAdminExtendedAttrsTestJSON-1402646388 tempest-PortsAdminExtendedAttrsTestJSON-1402646388-project-admin] Attempting to bind port 1b17333c-ec61-40b9-b12f-d8e6f9c17185 by drivers openvswitch,hyperv on host hv-neutron-8332 at level 0 using segments [{'id': '176a7902-4397-4b09-a832-b7c447ff4586', 'network_type': 'vlan', 'physical_network': 'physnet1', 'segmentation_id': 180, 'network_id': '93d284bd-5913-4b9f-b4ec-e9194e5d8b5a'}] {{(pid=104067) _bind_port_level /opt/stack/neutron/neutron/plugins/ml2/managers.py:820}}
Mar 22 16:56:43.282943 dv-neutron-833247-14-hyperv neutron-server[104067]: DEBUG neutron.plugins.ml2.drivers.mech_agent [None req-75dbb9ad-a8ad-4cb5-8afc-9b7f9df041ad tempest-PortsAdminExtendedAttrsTestJSON-1402646388 tempest-PortsAdminExtendedAttrsTestJSON-1402646388-project-admin] Attempting to bind port 1b17333c-ec61-40b9-b12f-d8e6f9c17185 on network 93d284bd-5913-4b9f-b4ec-e9194e5d8b5a {{(pid=104067) bind_port /opt/stack/neutron/neutron/plugins/ml2/drivers/mech_agent.py:91}}
Mar 22 16:56:43.285408 dv-neutron-833247-14-hyperv neutron-server[104068]: DEBUG neutron_lib.callbacks.manager [None req-40d79b4a-2472-4891-9dd4-88006b76c487 None None] Publish callbacks ['neutron.plugins.ml2.plugin.SecurityGroupServerNotifierRpcMixin._notify_sg_on_port_change-592536', 'neutron.plugins.ml2.ovo_rpc._ObjectChangeHandler.handle_event-167803', 'neutron.api.rpc.agentnotifiers.dhcp_rpc_agent_api.DhcpAgentNotifyAPI._native_event_send_dhcp_notification-3712515', 'neutron.db.l3_db.L3RpcNotifierMixin._notify_gateway_port_ip_changed-8753283985008', 'neutron.db.l3_dvrscheduler_db._notify_l3_agent_port_update-8753283464430', 'neutron.db.l3_hascheduler_db._notify_l3_agent_ha_port_update-8753283431940'] for port (bf9d7a5d-07b2-4dc5-aac6-c8e26c6748b1), after_update {{(pid=104068) _notify_loop /usr/local/lib/python3.8/dist-packages/neutron_lib/callbacks/manager.py:176}}
Mar 22 16:56:43.320536 dv-neutron-833247-14-hyperv neutron-server[104067]: DEBUG neutron.plugins.ml2.drivers.mech_agent [None req-75dbb9ad-a8ad-4cb5-8afc-9b7f9df041ad tempest-PortsAdminExtendedAttrsTestJSON-1402646388 tempest-PortsAdminExtendedAttrsTestJSON-1402646388-project-admin] Port 1b17333c-ec61-40b9-b12f-d8e6f9c17185 on network 93d284bd-5913-4b9f-b4ec-e9194e5d8b5a not bound, no agent of type Open vSwitch agent registered on host hv-neutron-8332 {{(pid=104067) bind_port /opt/stack/neutron/neutron/plugins/ml2/drivers/mech_agent.py:103}}
Mar 22 16:56:43.320869 dv-neutron-833247-14-hyperv neutron-server[104067]: ERROR neutron.plugins.ml2.managers [None req-75dbb9ad-a8ad-4cb5-8afc-9b7f9df041ad tempest-PortsAdminExtendedAttrsTestJSON-1402646388 tempest-PortsAdminExtendedAttrsTestJSON-1402646388-project-admin] Failed to bind port 1b17333c-ec61-40b9-b12f-d8e6f9c17185 on host hv-neutron-8332 for vnic_type normal using segments [{'id': '176a7902-4397-4b09-a832-b7c447ff4586', 'network_type': 'vlan', 'physical_network': 'physnet1', 'segmentation_id': 180, 'network_id': '93d284bd-5913-4b9f-b4ec-e9194e5d8b5a'}]
Mar 22 16:56:43.325418 dv-neutron-833247-14-hyperv neutron-server[104067]: INFO neutron.plugins.ml2.plugin [None req-75dbb9ad-a8ad-4cb5-8afc-9b7f9df041ad tempest-PortsAdminExtendedAttrsTestJSON-1402646388 tempest-PortsAdminExtendedAttrsTestJSON-1402646388-project-admin] Attempt 5 to bind port 1b17333c-ec61-40b9-b12f-d8e6f9c17185
Mar 22 16:56:43.332082 dv-neutron-833247-14-hyperv neutron-server[104067]: INFO neutron.wsgi [req-7513bf1f-1b68-4064-ae5f-678f929a44c2 req-e7da3dec-d02a-4f34-b81e-4997faf7e0f3 service neutron] 10.222.0.20 "GET /v2.0/networks/829d05a6-1e23-4cd0-afec-97498740304d?fields=segments HTTP/1.1" status: 200 len: 212 time: 0.3955264
Mar 22 16:56:43.370658 dv-neutron-833247-14-hyperv neutron-server[104066]: DEBUG neutron_lib.callbacks.manager [None req-85378db9-e210-4993-abe5-13e90856e0af tempest-ServersTestManualDisk-2049782376 tempest-ServersTestManualDisk-2049782376-project] Publish callbacks [] for port (b43acbb5-2963-4e6e-8341-0d6238ebac81), precommit_update {{(pid=104066) _notify_loop /usr/local/lib/python3.8/dist-packages/neutron_lib/callbacks/manager.py:176}}
Mar 22 16:56:43.381296 dv-neutron-833247-14-hyperv neutron-server[104066]: DEBUG neutron.api.rpc.handlers.resources_rpc [None req-01b6fa79-3f60-438f-bca3-d09ec32e342d admin admin] Pushing event deleted for resources: {'SecurityGroup': ['ID=e182308d-abe7-4a9d-abe2-340dbedc8207,revision_number=None']} {{(pid=104066) push /opt/stack/neutron/neutron/api/rpc/handlers/resources_rpc.py:237}}
Mar 22 16:56:43.415329 dv-neutron-833247-14-hyperv neutron-server[104066]: DEBUG neutron_lib.callbacks.manager [None req-85378db9-e210-4993-abe5-13e90856e0af tempest-ServersTestManualDisk-2049782376 tempest-ServersTestManualDisk-2049782376-project] Publish callbacks ['neutron.plugins.ml2.plugin.SecurityGroupServerNotifierRpcMixin._notify_sg_on_port_change-592536', 'neutron.plugins.ml2.ovo_rpc._ObjectChangeHandler.handle_event-167803', 'neutron.api.rpc.agentnotifiers.dhcp_rpc_agent_api.DhcpAgentNotifyAPI._native_event_send_dhcp_notification-3712515', 'neutron.db.l3_db.L3RpcNotifierMixin._notify_gateway_port_ip_changed-8753283985008', 'neutron.db.l3_dvrscheduler_db._notify_l3_agent_port_update-8753283464430', 'neutron.db.l3_hascheduler_db._notify_l3_agent_ha_port_update-8753283431940'] for port (b43acbb5-2963-4e6e-8341-0d6238ebac81), after_update {{(pid=104066) _notify_loop /usr/local/lib/python3.8/dist-packages/neutron_lib/callbacks/manager.py:176}}
Mar 22 16:56:43.459713 dv-neutron-833247-14-hyperv neutron-server[104067]: DEBUG neutron_lib.callbacks.manager [None req-5119dd0b-7b23-4665-bef8-cf9f660cc9f1 admin admin] Publish callbacks [] for port (72558662-f9e2-44f8-b6e2-fb113a8f5ac7), precommit_create {{(pid=104067) _notify_loop /usr/local/lib/python3.8/dist-packages/neutron_lib/callbacks/manager.py:176}}
Mar 22 16:56:43.475458 dv-neutron-833247-14-hyperv neutron-server[104068]: DEBUG neutron.plugins.ml2.plugin [None req-e8b3a702-8da9-4bcd-9012-8d9e793b5f77 None None] Current status of the port 81b5391b-530b-4575-acc3-f69851d29feb is: ACTIVE; New status is: ACTIVE {{(pid=104068) _update_individual_port_db_status /opt/stack/neutron/neutron/plugins/ml2/plugin.py:2257}}
Mar 22 16:56:43.482937 dv-neutron-833247-14-hyperv neutron-server[104068]: DEBUG neutron.plugins.ml2.managers [None req-988e94ba-0ddc-49cc-b9ee-a37a0143a1f8 None None] Attempting to bind port dfe19b3e-fb31-4787-8d34-7e64bb04efc4 on host dv-neutron-833247-14-hyperv for vnic_type normal with profile {{(pid=104068) bind_port /opt/stack/neutron/neutron/plugins/ml2/managers.py:795}}
Mar 22 16:56:43.482937 dv-neutron-833247-14-hyperv neutron-server[104068]: DEBUG neutron.plugins.ml2.managers [None req-988e94ba-0ddc-49cc-b9ee-a37a0143a1f8 None None] Attempting to bind port dfe19b3e-fb31-4787-8d34-7e64bb04efc4 by drivers openvswitch,hyperv on host dv-neutron-833247-14-hyperv at level 0 using segments [{'id': '4c0c6e2a-c2bb-4817-bec1-1185213b796a', 'network_type': 'vlan', 'physical_network': 'physnet1', 'segmentation_id': 194, 'network_id': '88a278c5-de7a-4011-986d-3762bfd2052b'}] {{(pid=104068) _bind_port_level /opt/stack/neutron/neutron/plugins/ml2/managers.py:820}}
Mar 22 16:56:43.483932 dv-neutron-833247-14-hyperv neutron-server[104068]: DEBUG neutron.plugins.ml2.drivers.mech_agent [None req-988e94ba-0ddc-49cc-b9ee-a37a0143a1f8 None None] Attempting to bind port dfe19b3e-fb31-4787-8d34-7e64bb04efc4 on network 88a278c5-de7a-4011-986d-3762bfd2052b {{(pid=104068) bind_port /opt/stack/neutron/neutron/plugins/ml2/drivers/mech_agent.py:91}}
Mar 22 16:56:43.535476 dv-neutron-833247-14-hyperv neutron-server[104068]: DEBUG neutron.plugins.ml2.rpc [None req-40d79b4a-2472-4891-9dd4-88006b76c487 None None] Device 81b5391b-530b-4575-acc3-f69851d29feb up at agent ovs-agent-dv-neutron-833247-14-hyperv {{(pid=104068) update_device_up /opt/stack/neutron/neutron/plugins/ml2/rpc.py:296}}
Mar 22 16:56:43.548739 dv-neutron-833247-14-hyperv neutron-server[104068]: DEBUG neutron.plugins.ml2.drivers.mech_agent [None req-988e94ba-0ddc-49cc-b9ee-a37a0143a1f8 None None] Checking agent: {'id': '18e3b104-6fe8-4ca9-a9a5-796ff84289ed', 'agent_type': 'Open vSwitch agent', 'binary': 'neutron-openvswitch-agent', 'topic': 'N/A', 'host': 'dv-neutron-833247-14-hyperv', 'admin_state_up': True, 'created_at': datetime.datetime(2022, 3, 22, 16, 48, 46), 'started_at': datetime.datetime(2022, 3, 22, 16, 49, 16), 'heartbeat_timestamp': datetime.datetime(2022, 3, 22, 16, 56, 16), 'description': None, 'resources_synced': None, 'availability_zone': None, 'alive': True, 'configurations': {'arp_responder_enabled': False, 'baremetal_smartnic': False, 'bridge_mappings': {'physnet1': 'br-data'}, 'datapath_type': 'system', 'devices': 0, 'enable_distributed_routing': False, 'extensions': [], 'in_distributed_mode': False, 'integration_bridge': 'br-int', 'l2_population': False, 'log_agent_heartbeats': False, 'ovs_capabilities': {'datapath_types': ['netdev', 'system'], 'iface_types': ['erspan', 'geneve', 'gre', 'internal', 'ip6erspan', 'ip6gre', 'lisp', 'patch', 'stt', 'system', 'tap', 'vxlan']}, 'ovs_hybrid_plug': False, 'resource_provider_bandwidths': {}, 'resource_provider_hypervisors': {'br-data': 'dv-neutron-833247-14-hyperv'}, 'resource_provider_inventory_defaults': {'allocation_ratio': 1.0, 'min_unit': 1, 'step_size': 1, 'reserved': 0}, 'resource_provider_packet_processing_inventory_defaults': {'allocation_ratio': 1.0, 'min_unit': 1, 'step_size': 1, 'reserved': 0}, 'resource_provider_packet_processing_with_direction': {}, 'resource_provider_packet_processing_without_direction': {}, 'tunnel_types': [], 'tunneling_ip': None, 'vhostuser_socket_dir': '/var/run/openvswitch'}, 'resource_versions': {'AddressGroup': '1.2', 'Agent': '1.1', 'ConntrackHelper': '1.0', 'LocalIPAssociation': '1.0', 'Log': '1.0', 'NDPProxy': '1.0', 'Network': '1.1', 'Port': '1.7', 'PortForwarding': '1.3', 'QosPolicy': '1.10', 'SecurityGroup': '1.5', 'SecurityGroupRule': '1.2', 'SubPort': '1.0', 'Subnet': '1.1', 'Trunk': '1.1'}} {{(pid=104068) bind_port /opt/stack/neutron/neutron/plugins/ml2/drivers/mech_agent.py:110}}
Mar 22 16:56:43.549256 dv-neutron-833247-14-hyperv neutron-server[104068]: DEBUG neutron.plugins.ml2.drivers.mech_agent [None req-988e94ba-0ddc-49cc-b9ee-a37a0143a1f8 None None] Checking segment: {'id': '4c0c6e2a-c2bb-4817-bec1-1185213b796a', 'network_type': 'vlan', 'physical_network': 'physnet1', 'segmentation_id': 194, 'network_id': '88a278c5-de7a-4011-986d-3762bfd2052b'} for mappings: {'physnet1': 'br-data'} with network types: ['local', 'flat', 'vlan'] {{(pid=104068) check_segment_for_agent /opt/stack/neutron/neutron/plugins/ml2/drivers/mech_agent.py:373}}
Mar 22 16:56:43.549665 dv-neutron-833247-14-hyperv neutron-server[104068]: DEBUG neutron_lib.callbacks.manager [None req-988e94ba-0ddc-49cc-b9ee-a37a0143a1f8 None None] Publish callbacks [] for ovs_bridge_name (None), before_read {{(pid=104068) _notify_loop /usr/local/lib/python3.8/dist-packages/neutron_lib/callbacks/manager.py:176}}
Mar 22 16:56:43.550054 dv-neutron-833247-14-hyperv neutron-server[104068]: DEBUG neutron.plugins.ml2.drivers.mech_agent [None req-988e94ba-0ddc-49cc-b9ee-a37a0143a1f8 None None] Bound using segment: {'id': '4c0c6e2a-c2bb-4817-bec1-1185213b796a', 'network_type': 'vlan', 'physical_network': 'physnet1', 'segmentation_id': 194, 'network_id': '88a278c5-de7a-4011-986d-3762bfd2052b'} {{(pid=104068) bind_port /opt/stack/neutron/neutron/plugins/ml2/drivers/mech_agent.py:120}}
Mar 22 16:56:43.550558 dv-neutron-833247-14-hyperv neutron-server[104068]: DEBUG neutron.plugins.ml2.managers [None req-988e94ba-0ddc-49cc-b9ee-a37a0143a1f8 None None] Bound port: dfe19b3e-fb31-4787-8d34-7e64bb04efc4, host: dv-neutron-833247-14-hyperv, vif_type: ovs, vif_details: {"connectivity": "l2", "port_filter": true, "ovs_hybrid_plug": false, "datapath_type": "system", "bridge_name": "br-int"}, binding_levels: [{'bound_driver': 'openvswitch', 'bound_segment': {'id': '4c0c6e2a-c2bb-4817-bec1-1185213b796a', 'network_type': 'vlan', 'physical_network': 'physnet1', 'segmentation_id': 194, 'network_id': '88a278c5-de7a-4011-986d-3762bfd2052b'}}] {{(pid=104068) _bind_port_level /opt/stack/neutron/neutron/plugins/ml2/managers.py:932}}
Mar 22 16:56:43.550924 dv-neutron-833247-14-hyperv neutron-server[104068]: DEBUG neutron_lib.callbacks.manager [None req-988e94ba-0ddc-49cc-b9ee-a37a0143a1f8 None None] Publish callbacks ['neutron.plugins.ml2.plugin.SecurityGroupDbMixin._ensure_default_security_group_handler-592601'] for port (dfe19b3e-fb31-4787-8d34-7e64bb04efc4), before_update {{(pid=104068) _notify_loop /usr/local/lib/python3.8/dist-packages/neutron_lib/callbacks/manager.py:176}}
Mar 22 16:56:43.585401 dv-neutron-833247-14-hyperv neutron-server[104067]: DEBUG neutron.plugins.ml2.managers [None req-75dbb9ad-a8ad-4cb5-8afc-9b7f9df041ad tempest-PortsAdminExtendedAttrsTestJSON-1402646388 tempest-PortsAdminExtendedAttrsTestJSON-1402646388-project-admin] Attempting to bind port 1b17333c-ec61-40b9-b12f-d8e6f9c17185 on host hv-neutron-8332 for vnic_type normal with profile {{(pid=104067) bind_port /opt/stack/neutron/neutron/plugins/ml2/managers.py:795}}
Mar 22 16:56:43.585852 dv-neutron-833247-14-hyperv neutron-server[104067]: DEBUG neutron.plugins.ml2.managers [None req-75dbb9ad-a8ad-4cb5-8afc-9b7f9df041ad tempest-PortsAdminExtendedAttrsTestJSON-1402646388 tempest-PortsAdminExtendedAttrsTestJSON-1402646388-project-admin] Attempting to bind port 1b17333c-ec61-40b9-b12f-d8e6f9c17185 by drivers openvswitch,hyperv on host hv-neutron-8332 at level 0 using segments [{'id': '176a7902-4397-4b09-a832-b7c447ff4586', 'network_type': 'vlan', 'physical_network': 'physnet1', 'segmentation_id': 180, 'network_id': '93d284bd-5913-4b9f-b4ec-e9194e5d8b5a'}] {{(pid=104067) _bind_port_level /opt/stack/neutron/neutron/plugins/ml2/managers.py:820}}
Mar 22 16:56:43.586068 dv-neutron-833247-14-hyperv neutron-server[104067]: DEBUG neutron.plugins.ml2.drivers.mech_agent [None req-75dbb9ad-a8ad-4cb5-8afc-9b7f9df041ad tempest-PortsAdminExtendedAttrsTestJSON-1402646388 tempest-PortsAdminExtendedAttrsTestJSON-1402646388-project-admin] Attempting to bind port 1b17333c-ec61-40b9-b12f-d8e6f9c17185 on network 93d284bd-5913-4b9f-b4ec-e9194e5d8b5a {{(pid=104067) bind_port /opt/stack/neutron/neutron/plugins/ml2/drivers/mech_agent.py:91}}
Mar 22 16:56:43.645700 dv-neutron-833247-14-hyperv neutron-server[104067]: DEBUG neutron.wsgi [-] (104067) accepted ('10.222.0.20', 40096) {{(pid=104067) server /usr/local/lib/python3.8/dist-packages/eventlet/wsgi.py:1004}}
Mar 22 16:56:43.668767 dv-neutron-833247-14-hyperv neutron-server[104068]: DEBUG neutron.api.rpc.handlers.resources_rpc [None req-40d79b4a-2472-4891-9dd4-88006b76c487 None None] Pushing event updated for resources: {'Port': ['ID=bf9d7a5d-07b2-4dc5-aac6-c8e26c6748b1,revision_number=4']} {{(pid=104068) push /opt/stack/neutron/neutron/api/rpc/handlers/resources_rpc.py:237}}
Mar 22 16:56:43.676146 dv-neutron-833247-14-hyperv neutron-server[104067]: DEBUG neutron.plugins.ml2.drivers.mech_agent [None req-75dbb9ad-a8ad-4cb5-8afc-9b7f9df041ad tempest-PortsAdminExtendedAttrsTestJSON-1402646388 tempest-PortsAdminExtendedAttrsTestJSON-1402646388-project-admin] Port 1b17333c-ec61-40b9-b12f-d8e6f9c17185 on network 93d284bd-5913-4b9f-b4ec-e9194e5d8b5a not bound, no agent of type Open vSwitch agent registered on host hv-neutron-8332 {{(pid=104067) bind_port /opt/stack/neutron/neutron/plugins/ml2/drivers/mech_agent.py:103}}
Mar 22 16:56:43.676146 dv-neutron-833247-14-hyperv neutron-server[104067]: ERROR neutron.plugins.ml2.managers [None req-75dbb9ad-a8ad-4cb5-8afc-9b7f9df041ad tempest-PortsAdminExtendedAttrsTestJSON-1402646388 tempest-PortsAdminExtendedAttrsTestJSON-1402646388-project-admin] Failed to bind port 1b17333c-ec61-40b9-b12f-d8e6f9c17185 on host hv-neutron-8332 for vnic_type normal using segments [{'id': '176a7902-4397-4b09-a832-b7c447ff4586', 'network_type': 'vlan', 'physical_network': 'physnet1', 'segmentation_id': 180, 'network_id': '93d284bd-5913-4b9f-b4ec-e9194e5d8b5a'}]
Mar 22 16:56:43.699777 dv-neutron-833247-14-hyperv neutron-server[104067]: INFO neutron.plugins.ml2.plugin [None req-75dbb9ad-a8ad-4cb5-8afc-9b7f9df041ad tempest-PortsAdminExtendedAttrsTestJSON-1402646388 tempest-PortsAdminExtendedAttrsTestJSON-1402646388-project-admin] Attempt 6 to bind port 1b17333c-ec61-40b9-b12f-d8e6f9c17185
Mar 22 16:56:43.710924 dv-neutron-833247-14-hyperv neutron-server[104067]: INFO neutron.wsgi [None req-f9879db9-d568-4c01-9f21-6f1c6c5b6987 tempest-DHCPAgentSchedulersTestJSON-391451265 tempest-DHCPAgentSchedulersTestJSON-391451265-project-admin] 10.222.0.20 "GET /v2.0/agents/86383827-9cc0-4a1d-bfc8-11f5cc94820c/dhcp-networks HTTP/1.1" status: 200 len: 8016 time: 0.7308042
Mar 22 16:56:43.723125 dv-neutron-833247-14-hyperv neutron-server[104067]: DEBUG neutron.wsgi [-] (104067) accepted ('10.222.0.20', 40098) {{(pid=104067) server /usr/local/lib/python3.8/dist-packages/eventlet/wsgi.py:1004}}
Mar 22 16:56:43.734005 dv-neutron-833247-14-hyperv neutron-server[104067]: DEBUG neutron_lib.callbacks.manager [None req-e1df6d5b-34fc-4084-b3ae-e92b5871207a admin admin] Publish callbacks [] for security_group (None), before_create {{(pid=104067) _notify_loop /usr/local/lib/python3.8/dist-packages/neutron_lib/callbacks/manager.py:176}}
Mar 22 16:56:43.747339 dv-neutron-833247-14-hyperv neutron-server[104068]: DEBUG neutron.db.provisioning_blocks [None req-40d79b4a-2472-4891-9dd4-88006b76c487 None None] Provisioning complete for port 81b5391b-530b-4575-acc3-f69851d29feb triggered by entity L2. {{(pid=104068) provisioning_complete /opt/stack/neutron/neutron/db/provisioning_blocks.py:143}}
Mar 22 16:56:43.747708 dv-neutron-833247-14-hyperv neutron-server[104068]: DEBUG neutron_lib.callbacks.manager [None req-40d79b4a-2472-4891-9dd4-88006b76c487 None None] Publish callbacks ['neutron.plugins.ml2.plugin.Ml2Plugin._port_provisioned-3444860'] for port (81b5391b-530b-4575-acc3-f69851d29feb), provisioning_complete {{(pid=104068) _notify_loop /usr/local/lib/python3.8/dist-packages/neutron_lib/callbacks/manager.py:176}}
Mar 22 16:56:43.752981 dv-neutron-833247-14-hyperv neutron-server[104068]: DEBUG neutron.plugins.ml2.db [None req-988e94ba-0ddc-49cc-b9ee-a37a0143a1f8 None None] For port dfe19b3e-fb31-4787-8d34-7e64bb04efc4, host dv-neutron-833247-14-hyperv, cleared binding levels {{(pid=104068) clear_binding_levels /opt/stack/neutron/neutron/plugins/ml2/db.py:87}}
Mar 22 16:56:43.787194 dv-neutron-833247-14-hyperv neutron-server[104068]: DEBUG neutron.plugins.ml2.db [None req-988e94ba-0ddc-49cc-b9ee-a37a0143a1f8 None None] For port dfe19b3e-fb31-4787-8d34-7e64bb04efc4, host dv-neutron-833247-14-hyperv, set binding levels [PortBindingLevel(driver='openvswitch',host='dv-neutron-833247-14-hyperv',level=0,port_id=dfe19b3e-fb31-4787-8d34-7e64bb04efc4,segment=NetworkSegment(4c0c6e2a-c2bb-4817-bec1-1185213b796a),segment_id=4c0c6e2a-c2bb-4817-bec1-1185213b796a)] {{(pid=104068) set_binding_levels /opt/stack/neutron/neutron/plugins/ml2/db.py:59}}
Mar 22 16:56:43.802960 dv-neutron-833247-14-hyperv neutron-server[104068]: DEBUG neutron_lib.callbacks.manager [None req-988e94ba-0ddc-49cc-b9ee-a37a0143a1f8 None None] Publish callbacks ['neutron.plugins.ml2.plugin.SecurityGroupServerNotifierRpcMixin._notify_sg_on_port_change-592536', 'neutron.plugins.ml2.ovo_rpc._ObjectChangeHandler.handle_event-167803', 'neutron.api.rpc.agentnotifiers.dhcp_rpc_agent_api.DhcpAgentNotifyAPI._native_event_send_dhcp_notification-3712515', 'neutron.db.l3_db.L3RpcNotifierMixin._notify_gateway_port_ip_changed-8753283985008', 'neutron.db.l3_dvrscheduler_db._notify_l3_agent_port_update-8753283464430', 'neutron.db.l3_hascheduler_db._notify_l3_agent_ha_port_update-8753283431940'] for port (dfe19b3e-fb31-4787-8d34-7e64bb04efc4), after_update {{(pid=104068) _notify_loop /usr/local/lib/python3.8/dist-packages/neutron_lib/callbacks/manager.py:176}}
Mar 22 16:56:43.828198 dv-neutron-833247-14-hyperv neutron-server[104066]: DEBUG neutron.api.rpc.handlers.resources_rpc [None req-85378db9-e210-4993-abe5-13e90856e0af tempest-ServersTestManualDisk-2049782376 tempest-ServersTestManualDisk-2049782376-project] Pushing event updated for resources: {'Port': ['ID=b43acbb5-2963-4e6e-8341-0d6238ebac81,revision_number=2']} {{(pid=104066) push /opt/stack/neutron/neutron/api/rpc/handlers/resources_rpc.py:237}}
Mar 22 16:56:43.841689 dv-neutron-833247-14-hyperv neutron-server[104067]: DEBUG neutron_lib.callbacks.manager [None req-a5e06819-8466-4b15-a21a-d63cf78511d0 tempest-DHCPAgentSchedulersTestJSON-227049222 tempest-DHCPAgentSchedulersTestJSON-227049222-project] Publish callbacks ['neutron.plugins.ml2.plugin.External_net_db_mixin._before_network_delete_handler-738421'] for network (e099b0b9-5c87-42dd-926c-93c987b9cc23), before_delete {{(pid=104067) _notify_loop /usr/local/lib/python3.8/dist-packages/neutron_lib/callbacks/manager.py:176}}
Mar 22 16:56:43.867557 dv-neutron-833247-14-hyperv neutron-server[104066]: DEBUG neutron_lib.callbacks.manager [None req-85378db9-e210-4993-abe5-13e90856e0af tempest-ServersTestManualDisk-2049782376 tempest-ServersTestManualDisk-2049782376-project] Publish callbacks ['neutron.services.l3_router.l3_router_plugin.DVRResourceOperationHandler._create_dvr_floating_gw_port-3921968'] for floatingip (f1c33976-fb6e-40b3-9f40-5b386f77f156), after_create {{(pid=104066) _notify_loop /usr/local/lib/python3.8/dist-packages/neutron_lib/callbacks/manager.py:176}}
Mar 22 16:56:43.873541 dv-neutron-833247-14-hyperv neutron-server[104067]: DEBUG neutron.plugins.ml2.managers [None req-75dbb9ad-a8ad-4cb5-8afc-9b7f9df041ad tempest-PortsAdminExtendedAttrsTestJSON-1402646388 tempest-PortsAdminExtendedAttrsTestJSON-1402646388-project-admin] Attempting to bind port 1b17333c-ec61-40b9-b12f-d8e6f9c17185 on host hv-neutron-8332 for vnic_type normal with profile {{(pid=104067) bind_port /opt/stack/neutron/neutron/plugins/ml2/managers.py:795}}
Mar 22 16:56:43.874207 dv-neutron-833247-14-hyperv neutron-server[104067]: DEBUG neutron.plugins.ml2.managers [None req-75dbb9ad-a8ad-4cb5-8afc-9b7f9df041ad tempest-PortsAdminExtendedAttrsTestJSON-1402646388 tempest-PortsAdminExtendedAttrsTestJSON-1402646388-project-admin] Attempting to bind port 1b17333c-ec61-40b9-b12f-d8e6f9c17185 by drivers openvswitch,hyperv on host hv-neutron-8332 at level 0 using segments [{'id': '176a7902-4397-4b09-a832-b7c447ff4586', 'network_type': 'vlan', 'physical_network': 'physnet1', 'segmentation_id': 180, 'network_id': '93d284bd-5913-4b9f-b4ec-e9194e5d8b5a'}] {{(pid=104067) _bind_port_level /opt/stack/neutron/neutron/plugins/ml2/managers.py:820}}
Mar 22 16:56:43.876981 dv-neutron-833247-14-hyperv neutron-server[104067]: DEBUG neutron.plugins.ml2.drivers.mech_agent [None req-75dbb9ad-a8ad-4cb5-8afc-9b7f9df041ad tempest-PortsAdminExtendedAttrsTestJSON-1402646388 tempest-PortsAdminExtendedAttrsTestJSON-1402646388-project-admin] Attempting to bind port 1b17333c-ec61-40b9-b12f-d8e6f9c17185 on network 93d284bd-5913-4b9f-b4ec-e9194e5d8b5a {{(pid=104067) bind_port /opt/stack/neutron/neutron/plugins/ml2/drivers/mech_agent.py:91}}
Mar 22 16:56:43.901521 dv-neutron-833247-14-hyperv neutron-server[104068]: DEBUG neutron.api.rpc.handlers.resources_rpc [None req-988e94ba-0ddc-49cc-b9ee-a37a0143a1f8 None None] Pushing event updated for resources: {'Port': ['ID=dfe19b3e-fb31-4787-8d34-7e64bb04efc4,revision_number=2']} {{(pid=104068) push /opt/stack/neutron/neutron/api/rpc/handlers/resources_rpc.py:237}}
Mar 22 16:56:43.915520 dv-neutron-833247-14-hyperv neutron-server[104068]: DEBUG neutron.plugins.ml2.plugin [None req-40d79b4a-2472-4891-9dd4-88006b76c487 None None] Current status of the port 81b5391b-530b-4575-acc3-f69851d29feb is: ACTIVE; New status is: ACTIVE {{(pid=104068) _update_individual_port_db_status /opt/stack/neutron/neutron/plugins/ml2/plugin.py:2257}}
Mar 22 16:56:43.915641 dv-neutron-833247-14-hyperv neutron-server[104066]: DEBUG neutron_lib.callbacks.manager [None req-85378db9-e210-4993-abe5-13e90856e0af tempest-ServersTestManualDisk-2049782376 tempest-ServersTestManualDisk-2049782376-project] Publish callbacks ['neutron.notifiers.nova.Notifier._send_nova_notification-4142419'] for floatingip (None), before_response {{(pid=104066) _notify_loop /usr/local/lib/python3.8/dist-packages/neutron_lib/callbacks/manager.py:176}}
Mar 22 16:56:43.924761 dv-neutron-833247-14-hyperv neutron-server[104066]: INFO neutron.wsgi [None req-85378db9-e210-4993-abe5-13e90856e0af tempest-ServersTestManualDisk-2049782376 tempest-ServersTestManualDisk-2049782376-project] 10.222.0.20 "POST /v2.0/floatingips HTTP/1.1" status: 201 len: 693 time: 4.1742680
Mar 22 16:56:43.935556 dv-neutron-833247-14-hyperv neutron-server[104067]: DEBUG neutron.plugins.ml2.drivers.mech_agent [None req-75dbb9ad-a8ad-4cb5-8afc-9b7f9df041ad tempest-PortsAdminExtendedAttrsTestJSON-1402646388 tempest-PortsAdminExtendedAttrsTestJSON-1402646388-project-admin] Port 1b17333c-ec61-40b9-b12f-d8e6f9c17185 on network 93d284bd-5913-4b9f-b4ec-e9194e5d8b5a not bound, no agent of type Open vSwitch agent registered on host hv-neutron-8332 {{(pid=104067) bind_port /opt/stack/neutron/neutron/plugins/ml2/drivers/mech_agent.py:103}}
Mar 22 16:56:43.936124 dv-neutron-833247-14-hyperv neutron-server[104067]: ERROR neutron.plugins.ml2.managers [None req-75dbb9ad-a8ad-4cb5-8afc-9b7f9df041ad tempest-PortsAdminExtendedAttrsTestJSON-1402646388 tempest-PortsAdminExtendedAttrsTestJSON-1402646388-project-admin] Failed to bind port 1b17333c-ec61-40b9-b12f-d8e6f9c17185 on host hv-neutron-8332 for vnic_type normal using segments [{'id': '176a7902-4397-4b09-a832-b7c447ff4586', 'network_type': 'vlan', 'physical_network': 'physnet1', 'segmentation_id': 180, 'network_id': '93d284bd-5913-4b9f-b4ec-e9194e5d8b5a'}]
Mar 22 16:56:43.942575 dv-neutron-833247-14-hyperv neutron-server[104067]: INFO neutron.plugins.ml2.plugin [None req-75dbb9ad-a8ad-4cb5-8afc-9b7f9df041ad tempest-PortsAdminExtendedAttrsTestJSON-1402646388 tempest-PortsAdminExtendedAttrsTestJSON-1402646388-project-admin] Attempt 7 to bind port 1b17333c-ec61-40b9-b12f-d8e6f9c17185
Mar 22 16:56:43.958753 dv-neutron-833247-14-hyperv neutron-server[104067]: INFO neutron.wsgi [req-7513bf1f-1b68-4064-ae5f-678f929a44c2 req-1accda9d-1a20-4122-89ac-96642153eb94 service neutron] 10.222.0.20 "GET /v2.0/networks/829d05a6-1e23-4cd0-afec-97498740304d?fields=provider%3Aphysical_network&fields=provider%3Anetwork_type HTTP/1.1" status: 200 len: 281 time: 0.6094310
Mar 22 16:56:43.981637 dv-neutron-833247-14-hyperv neutron-server[104067]: DEBUG neutron_lib.callbacks.manager [None req-5119dd0b-7b23-4665-bef8-cf9f660cc9f1 admin admin] Publish callbacks ['neutron.plugins.ml2.plugin.SecurityGroupServerNotifierRpcMixin._notify_sg_on_port_change-592536', 'neutron.plugins.ml2.ovo_rpc._ObjectChangeHandler.handle_event-167803', 'neutron.api.rpc.agentnotifiers.dhcp_rpc_agent_api.DhcpAgentNotifyAPI._native_event_send_dhcp_notification-3712515', 'neutron.db.l3_dvrscheduler_db._notify_l3_agent_new_port-8753283464412', 'neutron.services.segments.plugin.NovaSegmentNotifier._notify_port_created_or_deleted-262702198'] for port (72558662-f9e2-44f8-b6e2-fb113a8f5ac7), after_create {{(pid=104067) _notify_loop /usr/local/lib/python3.8/dist-packages/neutron_lib/callbacks/manager.py:176}}
Mar 22 16:56:44.025715 dv-neutron-833247-14-hyperv neutron-server[104066]: DEBUG neutron_lib.callbacks.manager [None req-971bccec-beff-4a2b-a1b5-69c5d7157f99 tempest-NetworksTestDHCPv6-532774119 tempest-NetworksTestDHCPv6-532774119-project] Publish callbacks ['neutron.plugins.ml2.plugin.SecurityGroupServerNotifierRpcMixin._notify_sg_on_port_change-592536', 'neutron.plugins.ml2.ovo_rpc._ObjectChangeHandler.handle_event-167803', 'neutron.api.rpc.agentnotifiers.dhcp_rpc_agent_api.DhcpAgentNotifyAPI._native_event_send_dhcp_notification-3712515', 'neutron.db.l3_db.L3RpcNotifierMixin._notify_routers_callback-8753283984990', 'neutron.db.l3_dvrscheduler_db._notify_port_delete-8753283464421'] for port (9a7b7932-f0bb-4442-ac22-f8fed925e8b9), after_delete {{(pid=104066) _notify_loop /usr/local/lib/python3.8/dist-packages/neutron_lib/callbacks/manager.py:176}}
Mar 22 16:56:44.066990 dv-neutron-833247-14-hyperv neutron-server[104066]: DEBUG neutron.api.rpc.handlers.resources_rpc [None req-971bccec-beff-4a2b-a1b5-69c5d7157f99 tempest-NetworksTestDHCPv6-532774119 tempest-NetworksTestDHCPv6-532774119-project] Pushing event deleted for resources: {'Port': ['ID=9a7b7932-f0bb-4442-ac22-f8fed925e8b9,revision_number=None']} {{(pid=104066) push /opt/stack/neutron/neutron/api/rpc/handlers/resources_rpc.py:237}}
Mar 22 16:56:44.087173 dv-neutron-833247-14-hyperv neutron-server[104068]: DEBUG neutron.plugins.ml2.rpc [None req-40d79b4a-2472-4891-9dd4-88006b76c487 None None] Device 3d434259-73f2-4cc4-b953-0a6f4fc18363 no longer exists at agent ovs-agent-dv-neutron-833247-14-hyperv {{(pid=104068) update_device_down /opt/stack/neutron/neutron/plugins/ml2/rpc.py:259}}
Mar 22 16:56:44.088911 dv-neutron-833247-14-hyperv neutron-server[104067]: DEBUG neutron.plugins.ml2.managers [None req-75dbb9ad-a8ad-4cb5-8afc-9b7f9df041ad tempest-PortsAdminExtendedAttrsTestJSON-1402646388 tempest-PortsAdminExtendedAttrsTestJSON-1402646388-project-admin] Attempting to bind port 1b17333c-ec61-40b9-b12f-d8e6f9c17185 on host hv-neutron-8332 for vnic_type normal with profile {{(pid=104067) bind_port /opt/stack/neutron/neutron/plugins/ml2/managers.py:795}}
Mar 22 16:56:44.089251 dv-neutron-833247-14-hyperv neutron-server[104067]: DEBUG neutron.plugins.ml2.managers [None req-75dbb9ad-a8ad-4cb5-8afc-9b7f9df041ad tempest-PortsAdminExtendedAttrsTestJSON-1402646388 tempest-PortsAdminExtendedAttrsTestJSON-1402646388-project-admin] Attempting to bind port 1b17333c-ec61-40b9-b12f-d8e6f9c17185 by drivers openvswitch,hyperv on host hv-neutron-8332 at level 0 using segments [{'id': '176a7902-4397-4b09-a832-b7c447ff4586', 'network_type': 'vlan', 'physical_network': 'physnet1', 'segmentation_id': 180, 'network_id': '93d284bd-5913-4b9f-b4ec-e9194e5d8b5a'}] {{(pid=104067) _bind_port_level /opt/stack/neutron/neutron/plugins/ml2/managers.py:820}}
Mar 22 16:56:44.089589 dv-neutron-833247-14-hyperv neutron-server[104067]: DEBUG neutron.plugins.ml2.drivers.mech_agent [None req-75dbb9ad-a8ad-4cb5-8afc-9b7f9df041ad tempest-PortsAdminExtendedAttrsTestJSON-1402646388 tempest-PortsAdminExtendedAttrsTestJSON-1402646388-project-admin] Attempting to bind port 1b17333c-ec61-40b9-b12f-d8e6f9c17185 on network 93d284bd-5913-4b9f-b4ec-e9194e5d8b5a {{(pid=104067) bind_port /opt/stack/neutron/neutron/plugins/ml2/drivers/mech_agent.py:91}}
