Apr 05 12:05:46.952703 dv-neutron-833203-3-hyperv neutron-server[87958]: DEBUG neutron_lib.callbacks.manager [None req-80dcb926-ea8b-4b3b-acf0-583c2e632c26 tempest-PortsAdminExtendedAttrsTestJSON-1156876736 tempest-PortsAdminExtendedAttrsTestJSON-1156876736-project-admin] Notify callbacks ['neutron.db.l3_db.L3_NAT_dbonly_mixin._prevent_l3_port_delete_callback-8787965147908'] for port, before_delete {{(pid=87958) _notify_loop /usr/local/lib/python3.8/dist-packages/neutron_lib/callbacks/manager.py:192}}
Apr 05 12:05:46.993722 dv-neutron-833203-3-hyperv neutron-server[87958]: INFO neutron.plugins.ml2.plugin [None req-efd31665-0e27-417e-a0c4-d87f5919ae6f tempest-PortsAdminExtendedAttrsIpV6TestJSON-1283199825 tempest-PortsAdminExtendedAttrsIpV6TestJSON-1283199825-project-admin] Attempt 4 to bind port 3c31e796-74dd-4509-89a2-53c7fdf0fadd
Apr 05 12:05:47.000660 dv-neutron-833203-3-hyperv neutron-server[87959]: DEBUG neutron.db.provisioning_blocks [None req-68001236-6038-488a-84d6-4372c520f39d None None] Provisioning for port 0d8625c9-83fb-4ae8-95d5-f45f1512c562 completed by entity DHCP. {{(pid=87959) provisioning_complete /opt/stack/neutron/neutron/db/provisioning_blocks.py:133}}
Apr 05 12:05:47.095551 dv-neutron-833203-3-hyperv neutron-server[87958]: DEBUG neutron.plugins.ml2.managers [None req-efd31665-0e27-417e-a0c4-d87f5919ae6f tempest-PortsAdminExtendedAttrsIpV6TestJSON-1283199825 tempest-PortsAdminExtendedAttrsIpV6TestJSON-1283199825-project-admin] Attempting to bind port 3c31e796-74dd-4509-89a2-53c7fdf0fadd on host hv-neutron-8332 for vnic_type normal with profile {{(pid=87958) bind_port /opt/stack/neutron/neutron/plugins/ml2/managers.py:790}}
Apr 05 12:05:47.096198 dv-neutron-833203-3-hyperv neutron-server[87958]: DEBUG neutron.plugins.ml2.managers [None req-efd31665-0e27-417e-a0c4-d87f5919ae6f tempest-PortsAdminExtendedAttrsIpV6TestJSON-1283199825 tempest-PortsAdminExtendedAttrsIpV6TestJSON-1283199825-project-admin] Attempting to bind port 3c31e796-74dd-4509-89a2-53c7fdf0fadd by drivers openvswitch,hyperv on host hv-neutron-8332 at level 0 using segments [{'id': 'cca9ae02-582e-44e9-a4e7-7cee48e5dd5d', 'network_type': 'vlan', 'physical_network': 'physnet1', 'segmentation_id': 540, 'network_id': 'aee99d11-28cb-4517-9c51-5fd92a602d8e'}] {{(pid=87958) _bind_port_level /opt/stack/neutron/neutron/plugins/ml2/managers.py:815}}
Apr 05 12:05:47.096676 dv-neutron-833203-3-hyperv neutron-server[87958]: DEBUG neutron.plugins.ml2.drivers.mech_agent [None req-efd31665-0e27-417e-a0c4-d87f5919ae6f tempest-PortsAdminExtendedAttrsIpV6TestJSON-1283199825 tempest-PortsAdminExtendedAttrsIpV6TestJSON-1283199825-project-admin] Attempting to bind port 3c31e796-74dd-4509-89a2-53c7fdf0fadd on network aee99d11-28cb-4517-9c51-5fd92a602d8e {{(pid=87958) bind_port /opt/stack/neutron/neutron/plugins/ml2/drivers/mech_agent.py:86}}
Apr 05 12:05:47.129227 dv-neutron-833203-3-hyperv neutron-server[87959]: DEBUG neutron.db.provisioning_blocks [None req-128ff830-3a50-451e-9a31-c93add6b43bb None None] Provisioning for port 0d8625c9-83fb-4ae8-95d5-f45f1512c562 completed by entity L2. {{(pid=87959) provisioning_complete /opt/stack/neutron/neutron/db/provisioning_blocks.py:133}}
Apr 05 12:05:47.132075 dv-neutron-833203-3-hyperv neutron-server[87958]: DEBUG neutron.plugins.ml2.drivers.mech_agent [None req-efd31665-0e27-417e-a0c4-d87f5919ae6f tempest-PortsAdminExtendedAttrsIpV6TestJSON-1283199825 tempest-PortsAdminExtendedAttrsIpV6TestJSON-1283199825-project-admin] Port 3c31e796-74dd-4509-89a2-53c7fdf0fadd on network aee99d11-28cb-4517-9c51-5fd92a602d8e not bound, no agent of type Open vSwitch agent registered on host hv-neutron-8332 {{(pid=87958) bind_port /opt/stack/neutron/neutron/plugins/ml2/drivers/mech_agent.py:98}}
Apr 05 12:05:47.132613 dv-neutron-833203-3-hyperv neutron-server[87958]: ERROR neutron.plugins.ml2.managers [None req-efd31665-0e27-417e-a0c4-d87f5919ae6f tempest-PortsAdminExtendedAttrsIpV6TestJSON-1283199825 tempest-PortsAdminExtendedAttrsIpV6TestJSON-1283199825-project-admin] Failed to bind port 3c31e796-74dd-4509-89a2-53c7fdf0fadd on host hv-neutron-8332 for vnic_type normal using segments [{'id': 'cca9ae02-582e-44e9-a4e7-7cee48e5dd5d', 'network_type': 'vlan', 'physical_network': 'physnet1', 'segmentation_id': 540, 'network_id': 'aee99d11-28cb-4517-9c51-5fd92a602d8e'}]
Apr 05 12:05:47.164001 dv-neutron-833203-3-hyperv neutron-server[87958]: INFO neutron.plugins.ml2.plugin [None req-efd31665-0e27-417e-a0c4-d87f5919ae6f tempest-PortsAdminExtendedAttrsIpV6TestJSON-1283199825 tempest-PortsAdminExtendedAttrsIpV6TestJSON-1283199825-project-admin] Attempt 5 to bind port 3c31e796-74dd-4509-89a2-53c7fdf0fadd
Apr 05 12:05:47.174165 dv-neutron-833203-3-hyperv neutron-server[87959]: DEBUG neutron.db.provisioning_blocks [None req-128ff830-3a50-451e-9a31-c93add6b43bb None None] Provisioning complete for port 0d8625c9-83fb-4ae8-95d5-f45f1512c562 triggered by entity L2. {{(pid=87959) provisioning_complete /opt/stack/neutron/neutron/db/provisioning_blocks.py:139}}
Apr 05 12:05:47.174541 dv-neutron-833203-3-hyperv neutron-server[87959]: DEBUG neutron_lib.callbacks.manager [None req-128ff830-3a50-451e-9a31-c93add6b43bb None None] Notify callbacks ['neutron.plugins.ml2.plugin.Ml2Plugin._port_provisioned-2058613'] for port, provisioning_complete {{(pid=87959) _notify_loop /usr/local/lib/python3.8/dist-packages/neutron_lib/callbacks/manager.py:192}}
Apr 05 12:05:47.181305 dv-neutron-833203-3-hyperv neutron-server[87958]: DEBUG neutron_lib.callbacks.manager [None req-efec1bc2-17db-47f4-8459-8e418df1bbaf tempest-ExternalNetworksAdminNegativeTestJSON-652802645 tempest-ExternalNetworksAdminNegativeTestJSON-652802645-project-admin] Notify callbacks [] for security_group, precommit_create {{(pid=87958) _notify_loop /usr/local/lib/python3.8/dist-packages/neutron_lib/callbacks/manager.py:192}}
Apr 05 12:05:47.205956 dv-neutron-833203-3-hyperv neutron-server[87958]: DEBUG neutron_lib.callbacks.manager [None req-efec1bc2-17db-47f4-8459-8e418df1bbaf tempest-ExternalNetworksAdminNegativeTestJSON-652802645 tempest-ExternalNetworksAdminNegativeTestJSON-652802645-project-admin] Notify callbacks ['neutron.plugins.ml2.ovo_rpc._ObjectChangeHandler.handle_event-963383'] for security_group, after_create {{(pid=87958) _notify_loop /usr/local/lib/python3.8/dist-packages/neutron_lib/callbacks/manager.py:192}}
Apr 05 12:05:47.254114 dv-neutron-833203-3-hyperv neutron-server[87958]: DEBUG neutron.notifiers.nova [None req-efec1bc2-17db-47f4-8459-8e418df1bbaf tempest-ExternalNetworksAdminNegativeTestJSON-652802645 tempest-ExternalNetworksAdminNegativeTestJSON-652802645-project-admin] device_id is not set on port 646f1472-4c73-470e-94d1-27d16640af71 yet. {{(pid=87958) _can_notify /opt/stack/neutron/neutron/notifiers/nova.py:199}}
Apr 05 12:05:47.299672 dv-neutron-833203-3-hyperv neutron-server[87958]: DEBUG neutron.plugins.ml2.managers [None req-efd31665-0e27-417e-a0c4-d87f5919ae6f tempest-PortsAdminExtendedAttrsIpV6TestJSON-1283199825 tempest-PortsAdminExtendedAttrsIpV6TestJSON-1283199825-project-admin] Attempting to bind port 3c31e796-74dd-4509-89a2-53c7fdf0fadd on host hv-neutron-8332 for vnic_type normal with profile {{(pid=87958) bind_port /opt/stack/neutron/neutron/plugins/ml2/managers.py:790}}
Apr 05 12:05:47.300250 dv-neutron-833203-3-hyperv neutron-server[87958]: DEBUG neutron.plugins.ml2.managers [None req-efd31665-0e27-417e-a0c4-d87f5919ae6f tempest-PortsAdminExtendedAttrsIpV6TestJSON-1283199825 tempest-PortsAdminExtendedAttrsIpV6TestJSON-1283199825-project-admin] Attempting to bind port 3c31e796-74dd-4509-89a2-53c7fdf0fadd by drivers openvswitch,hyperv on host hv-neutron-8332 at level 0 using segments [{'id': 'cca9ae02-582e-44e9-a4e7-7cee48e5dd5d', 'network_type': 'vlan', 'physical_network': 'physnet1', 'segmentation_id': 540, 'network_id': 'aee99d11-28cb-4517-9c51-5fd92a602d8e'}] {{(pid=87958) _bind_port_level /opt/stack/neutron/neutron/plugins/ml2/managers.py:815}}
Apr 05 12:05:47.300727 dv-neutron-833203-3-hyperv neutron-server[87958]: DEBUG neutron.plugins.ml2.drivers.mech_agent [None req-efd31665-0e27-417e-a0c4-d87f5919ae6f tempest-PortsAdminExtendedAttrsIpV6TestJSON-1283199825 tempest-PortsAdminExtendedAttrsIpV6TestJSON-1283199825-project-admin] Attempting to bind port 3c31e796-74dd-4509-89a2-53c7fdf0fadd on network aee99d11-28cb-4517-9c51-5fd92a602d8e {{(pid=87958) bind_port /opt/stack/neutron/neutron/plugins/ml2/drivers/mech_agent.py:86}}
Apr 05 12:05:47.302919 dv-neutron-833203-3-hyperv neutron-server[87957]: DEBUG neutron_lib.callbacks.manager [None req-85902ee4-aa59-43a0-8ea2-9a85ffeb5378 tempest-DHCPAgentSchedulersTestJSON-1542210794 tempest-DHCPAgentSchedulersTestJSON-1542210794-project] Notify callbacks [] for port, precommit_create {{(pid=87957) _notify_loop /usr/local/lib/python3.8/dist-packages/neutron_lib/callbacks/manager.py:192}}
Apr 05 12:05:47.320087 dv-neutron-833203-3-hyperv neutron-server[87957]: DEBUG neutron_lib.callbacks.manager [None req-6c60365c-6215-472a-8854-da227810beb1 tempest-ExternalNetworksTestJSON-1644693938 tempest-ExternalNetworksTestJSON-1644693938-project-admin] Notify callbacks ['neutron.plugins.ml2.plugin.Ml2Plugin._network_delete_precommit_handler-2063054', 'neutron.services.segments.db._delete_segments_for_network-8787965323358'] for network, precommit_delete {{(pid=87957) _notify_loop /usr/local/lib/python3.8/dist-packages/neutron_lib/callbacks/manager.py:192}}
Apr 05 12:05:47.334609 dv-neutron-833203-3-hyperv neutron-server[87959]: DEBUG neutron_lib.callbacks.manager [None req-128ff830-3a50-451e-9a31-c93add6b43bb None None] Notify callbacks ['neutron.plugins.ml2.plugin.SecurityGroupDbMixin._ensure_default_security_group_handler-1592619'] for port, before_update {{(pid=87959) _notify_loop /usr/local/lib/python3.8/dist-packages/neutron_lib/callbacks/manager.py:192}}
Apr 05 12:05:47.349934 dv-neutron-833203-3-hyperv neutron-server[87958]: DEBUG neutron.plugins.ml2.drivers.mech_agent [None req-efd31665-0e27-417e-a0c4-d87f5919ae6f tempest-PortsAdminExtendedAttrsIpV6TestJSON-1283199825 tempest-PortsAdminExtendedAttrsIpV6TestJSON-1283199825-project-admin] Port 3c31e796-74dd-4509-89a2-53c7fdf0fadd on network aee99d11-28cb-4517-9c51-5fd92a602d8e not bound, no agent of type Open vSwitch agent registered on host hv-neutron-8332 {{(pid=87958) bind_port /opt/stack/neutron/neutron/plugins/ml2/drivers/mech_agent.py:98}}
Apr 05 12:05:47.350460 dv-neutron-833203-3-hyperv neutron-server[87958]: ERROR neutron.plugins.ml2.managers [None req-efd31665-0e27-417e-a0c4-d87f5919ae6f tempest-PortsAdminExtendedAttrsIpV6TestJSON-1283199825 tempest-PortsAdminExtendedAttrsIpV6TestJSON-1283199825-project-admin] Failed to bind port 3c31e796-74dd-4509-89a2-53c7fdf0fadd on host hv-neutron-8332 for vnic_type normal using segments [{'id': 'cca9ae02-582e-44e9-a4e7-7cee48e5dd5d', 'network_type': 'vlan', 'physical_network': 'physnet1', 'segmentation_id': 540, 'network_id': 'aee99d11-28cb-4517-9c51-5fd92a602d8e'}]
Apr 05 12:05:47.382700 dv-neutron-833203-3-hyperv neutron-server[87958]: INFO neutron.plugins.ml2.plugin [None req-efd31665-0e27-417e-a0c4-d87f5919ae6f tempest-PortsAdminExtendedAttrsIpV6TestJSON-1283199825 tempest-PortsAdminExtendedAttrsIpV6TestJSON-1283199825-project-admin] Attempt 6 to bind port 3c31e796-74dd-4509-89a2-53c7fdf0fadd
Apr 05 12:05:47.382953 dv-neutron-833203-3-hyperv neutron-server[87959]: DEBUG neutron.plugins.ml2.db [None req-128ff830-3a50-451e-9a31-c93add6b43bb None None] For port 0d8625c9-83fb-4ae8-95d5-f45f1512c562, host dv-neutron-833203-3-hyperv, got binding levels [PortBindingLevel(driver='openvswitch',host='dv-neutron-833203-3-hyperv',level=0,port_id=0d8625c9-83fb-4ae8-95d5-f45f1512c562,segment=NetworkSegment(277d49d1-61dd-4f1d-8131-100dcdc539cc),segment_id=277d49d1-61dd-4f1d-8131-100dcdc539cc)] {{(pid=87959) get_binding_level_objs /opt/stack/neutron/neutron/plugins/ml2/db.py:75}}
Apr 05 12:05:47.390871 dv-neutron-833203-3-hyperv neutron-server[87959]: DEBUG neutron_lib.callbacks.manager [None req-128ff830-3a50-451e-9a31-c93add6b43bb None None] Notify callbacks ['neutron.plugins.ml2.plugin.SecurityGroupServerNotifierRpcMixin.notify_sg_on_port_change-1592680', 'neutron.plugins.ml2.ovo_rpc._ObjectChangeHandler.handle_event-141071', 'neutron.api.rpc.agentnotifiers.dhcp_rpc_agent_api.DhcpAgentNotifyAPI._native_event_send_dhcp_notification-588401', 'neutron.db.l3_db.L3RpcNotifierMixin._notify_gateway_port_ip_changed-8787965150055', 'neutron.db.l3_dvrscheduler_db._notify_l3_agent_port_update-8787964774476', 'neutron.db.l3_hascheduler_db._notify_l3_agent_ha_port_update-8787964774521'] for port, after_update {{(pid=87959) _notify_loop /usr/local/lib/python3.8/dist-packages/neutron_lib/callbacks/manager.py:192}}
Apr 05 12:05:47.391810 dv-neutron-833203-3-hyperv neutron-server[87959]: DEBUG neutron.plugins.ml2.rpc [None req-128ff830-3a50-451e-9a31-c93add6b43bb None None] Device 1acaac99-7063-4060-bf08-5a4021a9dbf4 up at agent ovs-agent-dv-neutron-833203-3-hyperv {{(pid=87959) update_device_up /opt/stack/neutron/neutron/plugins/ml2/rpc.py:278}}
Apr 05 12:05:47.396904 dv-neutron-833203-3-hyperv neutron-server[87957]: DEBUG neutron.db.provisioning_blocks [None req-85902ee4-aa59-43a0-8ea2-9a85ffeb5378 tempest-DHCPAgentSchedulersTestJSON-1542210794 tempest-DHCPAgentSchedulersTestJSON-1542210794-project] Transition to ACTIVE for port object 3bd2db80-88ab-4e20-9d27-dd1dab3434bc will not be triggered until provisioned by entity DHCP. {{(pid=87957) add_provisioning_component /opt/stack/neutron/neutron/db/provisioning_blocks.py:73}}
Apr 05 12:05:47.412463 dv-neutron-833203-3-hyperv neutron-server[87957]: DEBUG neutron_lib.callbacks.manager [None req-c0e56685-fc35-490a-b059-a50f4c28d6dd admin admin] Notify callbacks ['neutron.plugins.ml2.plugin.SecurityGroupDbMixin._ensure_default_security_group_handler-1592619'] for port, before_create {{(pid=87957) _notify_loop /usr/local/lib/python3.8/dist-packages/neutron_lib/callbacks/manager.py:192}}
Apr 05 12:05:47.426878 dv-neutron-833203-3-hyperv neutron-server[87957]: DEBUG neutron_lib.callbacks.manager [None req-6c60365c-6215-472a-8854-da227810beb1 tempest-ExternalNetworksTestJSON-1644693938 tempest-ExternalNetworksTestJSON-1644693938-project-admin] Subscribe: > segment before_delete 55550000 {{(pid=87957) subscribe /usr/local/lib/python3.8/dist-packages/neutron_lib/callbacks/manager.py:45}}
Apr 05 12:05:47.427399 dv-neutron-833203-3-hyperv neutron-server[87957]: DEBUG neutron_lib.callbacks.manager [None req-6c60365c-6215-472a-8854-da227810beb1 tempest-ExternalNetworksTestJSON-1644693938 tempest-ExternalNetworksTestJSON-1644693938-project-admin] Subscribe: > subnet precommit_delete_associations 55550000 {{(pid=87957) subscribe /usr/local/lib/python3.8/dist-packages/neutron_lib/callbacks/manager.py:45}}
Apr 05 12:05:47.428194 dv-neutron-833203-3-hyperv neutron-server[87957]: DEBUG neutron_lib.callbacks.manager [None req-6c60365c-6215-472a-8854-da227810beb1 tempest-ExternalNetworksTestJSON-1644693938 tempest-ExternalNetworksTestJSON-1644693938-project-admin] Subscribe: > segment_host_mapping after_create 55550000 {{(pid=87957) subscribe /usr/local/lib/python3.8/dist-packages/neutron_lib/callbacks/manager.py:45}}
Apr 05 12:05:47.428589 dv-neutron-833203-3-hyperv neutron-server[87957]: DEBUG neutron_lib.callbacks.manager [None req-6c60365c-6215-472a-8854-da227810beb1 tempest-ExternalNetworksTestJSON-1644693938 tempest-ExternalNetworksTestJSON-1644693938-project-admin] Subscribe: > port after_create 55550000 {{(pid=87957) subscribe /usr/local/lib/python3.8/dist-packages/neutron_lib/callbacks/manager.py:45}}
Apr 05 12:05:47.428911 dv-neutron-833203-3-hyperv neutron-server[87957]: DEBUG neutron_lib.callbacks.manager [None req-6c60365c-6215-472a-8854-da227810beb1 tempest-ExternalNetworksTestJSON-1644693938 tempest-ExternalNetworksTestJSON-1644693938-project-admin] Subscribe: > port after_delete 55550000 {{(pid=87957) subscribe /usr/local/lib/python3.8/dist-packages/neutron_lib/callbacks/manager.py:45}}
Apr 05 12:05:47.429264 dv-neutron-833203-3-hyperv neutron-server[87957]: DEBUG neutron_lib.callbacks.manager [None req-6c60365c-6215-472a-8854-da227810beb1 tempest-ExternalNetworksTestJSON-1644693938 tempest-ExternalNetworksTestJSON-1644693938-project-admin] Subscribe: > port after_update 55550000 {{(pid=87957) subscribe /usr/local/lib/python3.8/dist-packages/neutron_lib/callbacks/manager.py:45}}
Apr 05 12:05:47.429636 dv-neutron-833203-3-hyperv neutron-server[87957]: DEBUG neutron_lib.callbacks.manager [None req-6c60365c-6215-472a-8854-da227810beb1 tempest-ExternalNetworksTestJSON-1644693938 tempest-ExternalNetworksTestJSON-1644693938-project-admin] Subscribe: > segment after_delete 55550000 {{(pid=87957) subscribe /usr/local/lib/python3.8/dist-packages/neutron_lib/callbacks/manager.py:45}}
Apr 05 12:05:47.429979 dv-neutron-833203-3-hyperv neutron-server[87957]: DEBUG neutron_lib.callbacks.manager [None req-6c60365c-6215-472a-8854-da227810beb1 tempest-ExternalNetworksTestJSON-1644693938 tempest-ExternalNetworksTestJSON-1644693938-project-admin] Subscribe: > subnet after_create 55550000 {{(pid=87957) subscribe /usr/local/lib/python3.8/dist-packages/neutron_lib/callbacks/manager.py:45}}
Apr 05 12:05:47.430301 dv-neutron-833203-3-hyperv neutron-server[87957]: DEBUG neutron_lib.callbacks.manager [None req-6c60365c-6215-472a-8854-da227810beb1 tempest-ExternalNetworksTestJSON-1644693938 tempest-ExternalNetworksTestJSON-1644693938-project-admin] Subscribe: > subnet after_delete 55550000 {{(pid=87957) subscribe /usr/local/lib/python3.8/dist-packages/neutron_lib/callbacks/manager.py:45}}
Apr 05 12:05:47.430666 dv-neutron-833203-3-hyperv neutron-server[87957]: DEBUG neutron_lib.callbacks.manager [None req-6c60365c-6215-472a-8854-da227810beb1 tempest-ExternalNetworksTestJSON-1644693938 tempest-ExternalNetworksTestJSON-1644693938-project-admin] Subscribe: > subnet after_update 55550000 {{(pid=87957) subscribe /usr/local/lib/python3.8/dist-packages/neutron_lib/callbacks/manager.py:45}}
Apr 05 12:05:47.503985 dv-neutron-833203-3-hyperv neutron-server[87958]: DEBUG neutron.api.rpc.handlers.resources_rpc [None req-efec1bc2-17db-47f4-8459-8e418df1bbaf tempest-ExternalNetworksAdminNegativeTestJSON-652802645 tempest-ExternalNetworksAdminNegativeTestJSON-652802645-project-admin] Pushing event updated for resources: {'SecurityGroup': ['ID=39c4d59f-7bb7-4dcc-ac10-3565bb7d12b9,revision_number=1']} {{(pid=87958) push /opt/stack/neutron/neutron/api/rpc/handlers/resources_rpc.py:237}}
Apr 05 12:05:47.506974 dv-neutron-833203-3-hyperv neutron-server[87958]: DEBUG neutron.plugins.ml2.managers [None req-efd31665-0e27-417e-a0c4-d87f5919ae6f tempest-PortsAdminExtendedAttrsIpV6TestJSON-1283199825 tempest-PortsAdminExtendedAttrsIpV6TestJSON-1283199825-project-admin] Attempting to bind port 3c31e796-74dd-4509-89a2-53c7fdf0fadd on host hv-neutron-8332 for vnic_type normal with profile {{(pid=87958) bind_port /opt/stack/neutron/neutron/plugins/ml2/managers.py:790}}
Apr 05 12:05:47.507585 dv-neutron-833203-3-hyperv neutron-server[87958]: DEBUG neutron.plugins.ml2.managers [None req-efd31665-0e27-417e-a0c4-d87f5919ae6f tempest-PortsAdminExtendedAttrsIpV6TestJSON-1283199825 tempest-PortsAdminExtendedAttrsIpV6TestJSON-1283199825-project-admin] Attempting to bind port 3c31e796-74dd-4509-89a2-53c7fdf0fadd by drivers openvswitch,hyperv on host hv-neutron-8332 at level 0 using segments [{'id': 'cca9ae02-582e-44e9-a4e7-7cee48e5dd5d', 'network_type': 'vlan', 'physical_network': 'physnet1', 'segmentation_id': 540, 'network_id': 'aee99d11-28cb-4517-9c51-5fd92a602d8e'}] {{(pid=87958) _bind_port_level /opt/stack/neutron/neutron/plugins/ml2/managers.py:815}}
Apr 05 12:05:47.508199 dv-neutron-833203-3-hyperv neutron-server[87958]: DEBUG neutron.plugins.ml2.drivers.mech_agent [None req-efd31665-0e27-417e-a0c4-d87f5919ae6f tempest-PortsAdminExtendedAttrsIpV6TestJSON-1283199825 tempest-PortsAdminExtendedAttrsIpV6TestJSON-1283199825-project-admin] Attempting to bind port 3c31e796-74dd-4509-89a2-53c7fdf0fadd on network aee99d11-28cb-4517-9c51-5fd92a602d8e {{(pid=87958) bind_port /opt/stack/neutron/neutron/plugins/ml2/drivers/mech_agent.py:86}}
Apr 05 12:05:47.584466 dv-neutron-833203-3-hyperv neutron-server[87958]: DEBUG neutron.plugins.ml2.drivers.mech_agent [None req-efd31665-0e27-417e-a0c4-d87f5919ae6f tempest-PortsAdminExtendedAttrsIpV6TestJSON-1283199825 tempest-PortsAdminExtendedAttrsIpV6TestJSON-1283199825-project-admin] Port 3c31e796-74dd-4509-89a2-53c7fdf0fadd on network aee99d11-28cb-4517-9c51-5fd92a602d8e not bound, no agent of type Open vSwitch agent registered on host hv-neutron-8332 {{(pid=87958) bind_port /opt/stack/neutron/neutron/plugins/ml2/drivers/mech_agent.py:98}}
Apr 05 12:05:47.585150 dv-neutron-833203-3-hyperv neutron-server[87958]: ERROR neutron.plugins.ml2.managers [None req-efd31665-0e27-417e-a0c4-d87f5919ae6f tempest-PortsAdminExtendedAttrsIpV6TestJSON-1283199825 tempest-PortsAdminExtendedAttrsIpV6TestJSON-1283199825-project-admin] Failed to bind port 3c31e796-74dd-4509-89a2-53c7fdf0fadd on host hv-neutron-8332 for vnic_type normal using segments [{'id': 'cca9ae02-582e-44e9-a4e7-7cee48e5dd5d', 'network_type': 'vlan', 'physical_network': 'physnet1', 'segmentation_id': 540, 'network_id': 'aee99d11-28cb-4517-9c51-5fd92a602d8e'}]
Apr 05 12:05:47.622301 dv-neutron-833203-3-hyperv neutron-server[87958]: INFO neutron.plugins.ml2.plugin [None req-efd31665-0e27-417e-a0c4-d87f5919ae6f tempest-PortsAdminExtendedAttrsIpV6TestJSON-1283199825 tempest-PortsAdminExtendedAttrsIpV6TestJSON-1283199825-project-admin] Attempt 7 to bind port 3c31e796-74dd-4509-89a2-53c7fdf0fadd
Apr 05 12:05:47.623545 dv-neutron-833203-3-hyperv neutron-server[87957]: DEBUG neutron_lib.callbacks.manager [None req-6c60365c-6215-472a-8854-da227810beb1 tempest-ExternalNetworksTestJSON-1644693938 tempest-ExternalNetworksTestJSON-1644693938-project-admin] Subscribe: > subnet after_create 55550000 {{(pid=87957) subscribe /usr/local/lib/python3.8/dist-packages/neutron_lib/callbacks/manager.py:45}}
Apr 05 12:05:47.623900 dv-neutron-833203-3-hyperv neutron-server[87957]: DEBUG neutron_lib.callbacks.manager [None req-6c60365c-6215-472a-8854-da227810beb1 tempest-ExternalNetworksTestJSON-1644693938 tempest-ExternalNetworksTestJSON-1644693938-project-admin] Subscribe: > subnet after_delete 55550000 {{(pid=87957) subscribe /usr/local/lib/python3.8/dist-packages/neutron_lib/callbacks/manager.py:45}}
Apr 05 12:05:47.624605 dv-neutron-833203-3-hyperv neutron-server[87957]: DEBUG neutron_lib.callbacks.manager [None req-6c60365c-6215-472a-8854-da227810beb1 tempest-ExternalNetworksTestJSON-1644693938 tempest-ExternalNetworksTestJSON-1644693938-project-admin] Subscribe: > subnet before_create 55550000 {{(pid=87957) subscribe /usr/local/lib/python3.8/dist-packages/neutron_lib/callbacks/manager.py:45}}
Apr 05 12:05:47.625409 dv-neutron-833203-3-hyperv neutron-server[87957]: DEBUG neutron_lib.callbacks.manager [None req-6c60365c-6215-472a-8854-da227810beb1 tempest-ExternalNetworksTestJSON-1644693938 tempest-ExternalNetworksTestJSON-1644693938-project-admin] Subscribe: > subnet before_update 55550000 {{(pid=87957) subscribe /usr/local/lib/python3.8/dist-packages/neutron_lib/callbacks/manager.py:45}}
Apr 05 12:05:47.626713 dv-neutron-833203-3-hyperv neutron-server[87957]: DEBUG neutron.services.segments.db [None req-6c60365c-6215-472a-8854-da227810beb1 tempest-ExternalNetworksTestJSON-1644693938 tempest-ExternalNetworksTestJSON-1644693938-project-admin] neutron.services.segments.plugin.Plugin method get_segments called with arguments (,) {'filters': {'network_id': ['090be810-56d1-44a0-9cb1-0040099f3c39']}} {{(pid=87957) wrapper /usr/local/lib/python3.8/dist-packages/oslo_log/helpers.py:65}}
Apr 05 12:05:47.644340 dv-neutron-833203-3-hyperv neutron-server[87957]: DEBUG neutron_lib.callbacks.manager [None req-ea9293d2-1746-4eb5-984b-45789e2cdcb8 admin admin] Notify callbacks [] for port, precommit_create {{(pid=87957) _notify_loop /usr/local/lib/python3.8/dist-packages/neutron_lib/callbacks/manager.py:192}}
Apr 05 12:05:47.649354 dv-neutron-833203-3-hyperv neutron-server[87959]: DEBUG neutron.api.rpc.handlers.resources_rpc [None req-128ff830-3a50-451e-9a31-c93add6b43bb None None] Pushing event updated for resources: {'Port': ['ID=0d8625c9-83fb-4ae8-95d5-f45f1512c562,revision_number=3']} {{(pid=87959) push /opt/stack/neutron/neutron/api/rpc/handlers/resources_rpc.py:237}}
Apr 05 12:05:47.659934 dv-neutron-833203-3-hyperv neutron-server[87957]: DEBUG neutron.services.segments.db [None req-6c60365c-6215-472a-8854-da227810beb1 tempest-ExternalNetworksTestJSON-1644693938 tempest-ExternalNetworksTestJSON-1644693938-project-admin] neutron.services.segments.plugin.Plugin method delete_segment called with arguments (, 'dcbbf6ac-a502-47a9-a882-77e8e06c1c94') {'for_net_delete': True} {{(pid=87957) wrapper /usr/local/lib/python3.8/dist-packages/oslo_log/helpers.py:65}}
Apr 05 12:05:47.660551 dv-neutron-833203-3-hyperv neutron-server[87957]: DEBUG neutron.services.segments.db [None req-6c60365c-6215-472a-8854-da227810beb1 tempest-ExternalNetworksTestJSON-1644693938 tempest-ExternalNetworksTestJSON-1644693938-project-admin] neutron.services.segments.plugin.Plugin method get_segment called with arguments (, 'dcbbf6ac-a502-47a9-a882-77e8e06c1c94') {} {{(pid=87957) wrapper /usr/local/lib/python3.8/dist-packages/oslo_log/helpers.py:65}}
Apr 05 12:05:47.698234 dv-neutron-833203-3-hyperv neutron-server[87959]: DEBUG neutron.db.provisioning_blocks [None req-4fafd97a-0589-4cf7-98a9-2890f746e157 None None] Provisioning complete for port 0d8625c9-83fb-4ae8-95d5-f45f1512c562 triggered by entity DHCP. {{(pid=87959) provisioning_complete /opt/stack/neutron/neutron/db/provisioning_blocks.py:139}}
Apr 05 12:05:47.698234 dv-neutron-833203-3-hyperv neutron-server[87959]: DEBUG neutron_lib.callbacks.manager [None req-4fafd97a-0589-4cf7-98a9-2890f746e157 None None] Notify callbacks ['neutron.plugins.ml2.plugin.Ml2Plugin._port_provisioned-2058613'] for port, provisioning_complete {{(pid=87959) _notify_loop /usr/local/lib/python3.8/dist-packages/neutron_lib/callbacks/manager.py:192}}
Apr 05 12:05:47.698830 dv-neutron-833203-3-hyperv neutron-server[87958]: DEBUG neutron.plugins.ml2.db [None req-80dcb926-ea8b-4b3b-acf0-583c2e632c26 tempest-PortsAdminExtendedAttrsTestJSON-1156876736 tempest-PortsAdminExtendedAttrsTestJSON-1156876736-project-admin] For port 187d78f0-9478-48c0-80b4-8b6f247045a5, host hv-neutron-8332, got binding levels [] {{(pid=87958) get_binding_level_objs /opt/stack/neutron/neutron/plugins/ml2/db.py:75}}
Apr 05 12:05:47.698830 dv-neutron-833203-3-hyperv neutron-server[87958]: DEBUG neutron_lib.callbacks.manager [None req-80dcb926-ea8b-4b3b-acf0-583c2e632c26 tempest-PortsAdminExtendedAttrsTestJSON-1156876736 tempest-PortsAdminExtendedAttrsTestJSON-1156876736-project-admin] Notify callbacks ['neutron.services.l3_router.l3_router_plugin.L3_NAT_dbonly_mixin._precommit_delete_port_callback-984088'] for port, precommit_delete {{(pid=87958) _notify_loop /usr/local/lib/python3.8/dist-packages/neutron_lib/callbacks/manager.py:192}}
Apr 05 12:05:47.698996 dv-neutron-833203-3-hyperv neutron-server[87957]: DEBUG neutron_lib.callbacks.manager [None req-6c60365c-6215-472a-8854-da227810beb1 tempest-ExternalNetworksTestJSON-1644693938 tempest-ExternalNetworksTestJSON-1644693938-project-admin] Notify callbacks ['neutron.plugins.ml2.db._prevent_segment_delete_with_port_bound-8787965327737', 'neutron.services.segments.plugin.Plugin._prevent_segment_delete_with_subnet_associated-15524193'] for segment, before_delete {{(pid=87957) _notify_loop /usr/local/lib/python3.8/dist-packages/neutron_lib/callbacks/manager.py:192}}
Apr 05 12:05:47.699119 dv-neutron-833203-3-hyperv neutron-server[87958]: DEBUG neutron.plugins.ml2.managers [None req-efd31665-0e27-417e-a0c4-d87f5919ae6f tempest-PortsAdminExtendedAttrsIpV6TestJSON-1283199825 tempest-PortsAdminExtendedAttrsIpV6TestJSON-1283199825-project-admin] Attempting to bind port 3c31e796-74dd-4509-89a2-53c7fdf0fadd on host hv-neutron-8332 for vnic_type normal with profile {{(pid=87958) bind_port /opt/stack/neutron/neutron/plugins/ml2/managers.py:790}}
Apr 05 12:05:47.699119 dv-neutron-833203-3-hyperv neutron-server[87958]: DEBUG neutron.plugins.ml2.managers [None req-efd31665-0e27-417e-a0c4-d87f5919ae6f tempest-PortsAdminExtendedAttrsIpV6TestJSON-1283199825 tempest-PortsAdminExtendedAttrsIpV6TestJSON-1283199825-project-admin] Attempting to bind port 3c31e796-74dd-4509-89a2-53c7fdf0fadd by drivers openvswitch,hyperv on host hv-neutron-8332 at level 0 using segments [{'id': 'cca9ae02-582e-44e9-a4e7-7cee48e5dd5d', 'network_type': 'vlan', 'physical_network': 'physnet1', 'segmentation_id': 540, 'network_id': 'aee99d11-28cb-4517-9c51-5fd92a602d8e'}] {{(pid=87958) _bind_port_level /opt/stack/neutron/neutron/plugins/ml2/managers.py:815}}
Apr 05 12:05:47.699119 dv-neutron-833203-3-hyperv neutron-server[87958]: DEBUG neutron.plugins.ml2.drivers.mech_agent [None req-efd31665-0e27-417e-a0c4-d87f5919ae6f tempest-PortsAdminExtendedAttrsIpV6TestJSON-1283199825 tempest-PortsAdminExtendedAttrsIpV6TestJSON-1283199825-project-admin] Attempting to bind port 3c31e796-74dd-4509-89a2-53c7fdf0fadd on network aee99d11-28cb-4517-9c51-5fd92a602d8e {{(pid=87958) bind_port /opt/stack/neutron/neutron/plugins/ml2/drivers/mech_agent.py:86}}
Apr 05 12:05:47.710797 dv-neutron-833203-3-hyperv neutron-server[87959]: DEBUG neutron.db.provisioning_blocks [None req-128ff830-3a50-451e-9a31-c93add6b43bb None None] Provisioning complete for port 1acaac99-7063-4060-bf08-5a4021a9dbf4 triggered by entity L2. {{(pid=87959) provisioning_complete /opt/stack/neutron/neutron/db/provisioning_blocks.py:139}}
Apr 05 12:05:47.711838 dv-neutron-833203-3-hyperv neutron-server[87959]: DEBUG neutron_lib.callbacks.manager [None req-128ff830-3a50-451e-9a31-c93add6b43bb None None] Notify callbacks ['neutron.plugins.ml2.plugin.Ml2Plugin._port_provisioned-2058613'] for port, provisioning_complete {{(pid=87959) _notify_loop /usr/local/lib/python3.8/dist-packages/neutron_lib/callbacks/manager.py:192}}
Apr 05 12:05:47.761942 dv-neutron-833203-3-hyperv neutron-server[87957]: DEBUG neutron_lib.callbacks.manager [None req-6c60365c-6215-472a-8854-da227810beb1 tempest-ExternalNetworksTestJSON-1644693938 tempest-ExternalNetworksTestJSON-1644693938-project-admin] Notify callbacks ['neutron.plugins.ml2.plugin.Ml2Plugin._handle_segment_change-2035161'] for segment, precommit_delete {{(pid=87957) _notify_loop /usr/local/lib/python3.8/dist-packages/neutron_lib/callbacks/manager.py:192}}
Apr 05 12:05:47.790445 dv-neutron-833203-3-hyperv neutron-server[87957]: DEBUG neutron.plugins.ml2.drivers.type_vlan [None req-6c60365c-6215-472a-8854-da227810beb1 tempest-ExternalNetworksTestJSON-1644693938 tempest-ExternalNetworksTestJSON-1644693938-project-admin] Releasing vlan 525 on physical network physnet1 to pool {{(pid=87957) release_segment /opt/stack/neutron/neutron/plugins/ml2/drivers/type_vlan.py:304}}
Apr 05 12:05:47.791121 dv-neutron-833203-3-hyperv neutron-server[87957]: DEBUG neutron_lib.callbacks.manager [None req-6c60365c-6215-472a-8854-da227810beb1 tempest-ExternalNetworksTestJSON-1644693938 tempest-ExternalNetworksTestJSON-1644693938-project-admin] Notify callbacks ['neutron.plugins.ml2.plugin.Ml2Plugin._handle_after_delete_segment_change-2035150', 'neutron.services.segments.plugin.NovaSegmentNotifier._notify_segment_deleted-4348639'] for segment, after_delete {{(pid=87957) _notify_loop /usr/local/lib/python3.8/dist-packages/neutron_lib/callbacks/manager.py:192}}
Apr 05 12:05:47.807120 dv-neutron-833203-3-hyperv neutron-server[87957]: /usr/lib/python3/dist-packages/secretstorage/dhcrypto.py:15: CryptographyDeprecationWarning: int_from_bytes is deprecated, use int.from_bytes instead
Apr 05 12:05:47.807120 dv-neutron-833203-3-hyperv neutron-server[87957]: from cryptography.utils import int_from_bytes
Apr 05 12:05:47.807120 dv-neutron-833203-3-hyperv neutron-server[87957]: /usr/lib/python3/dist-packages/secretstorage/util.py:19: CryptographyDeprecationWarning: int_from_bytes is deprecated, use int.from_bytes instead
Apr 05 12:05:47.807120 dv-neutron-833203-3-hyperv neutron-server[87957]: from cryptography.utils import int_from_bytes
Apr 05 12:05:47.807120 dv-neutron-833203-3-hyperv neutron-server[87957]: /usr/local/lib/python3.8/dist-packages/sqlalchemy/orm/relationships.py:1994: SAWarning: Setting backref / back_populates on relationship QosNetworkPolicyBinding.port to refer to viewonly relationship Port.qos_network_policy_binding should include sync_backref=False set on the QosNetworkPolicyBinding.port relationship. (this warning may be suppressed after 10 occurrences)
Apr 05 12:05:47.807120 dv-neutron-833203-3-hyperv neutron-server[87957]: util.warn_limited(
Apr 05 12:05:47.807120 dv-neutron-833203-3-hyperv neutron-server[87957]: /usr/local/lib/python3.8/dist-packages/sqlalchemy/orm/relationships.py:1994: SAWarning: Setting backref / back_populates on relationship Tag.standard_attr to refer to viewonly relationship StandardAttribute.tags should include sync_backref=False set on the Tag.standard_attr relationship. (this warning may be suppressed after 10 occurrences)
Apr 05 12:05:47.807120 dv-neutron-833203-3-hyperv neutron-server[87957]: util.warn_limited(
Apr 05 12:05:47.807120 dv-neutron-833203-3-hyperv neutron-server[87957]: Traceback (most recent call last):
Apr 05 12:05:47.807120 dv-neutron-833203-3-hyperv neutron-server[87957]: File "/usr/local/lib/python3.8/dist-packages/eventlet/hubs/hub.py", line 476, in fire_timers
Apr 05 12:05:47.807120 dv-neutron-833203-3-hyperv neutron-server[87957]: timer()
Apr 05 12:05:47.807120 dv-neutron-833203-3-hyperv neutron-server[87957]: File "/usr/local/lib/python3.8/dist-packages/eventlet/hubs/timer.py", line 59, in __call__
Apr 05 12:05:47.807120 dv-neutron-833203-3-hyperv neutron-server[87957]: cb(*args, **kw)
Apr 05 12:05:47.807120 dv-neutron-833203-3-hyperv neutron-server[87957]: File "/opt/stack/neutron/neutron/common/utils.py", line 912, in wrapper
Apr 05 12:05:47.807120 dv-neutron-833203-3-hyperv neutron-server[87957]: return func(*args, **kwargs)
Apr 05 12:05:47.807120 dv-neutron-833203-3-hyperv neutron-server[87957]: File "/opt/stack/neutron/neutron/notifiers/batch_notifier.py", line 58, in synced_send
Apr 05 12:05:47.807120 dv-neutron-833203-3-hyperv neutron-server[87957]: self._notify()
Apr 05 12:05:47.807120 dv-neutron-833203-3-hyperv neutron-server[87957]: File "/opt/stack/neutron/neutron/notifiers/batch_notifier.py", line 69, in _notify
Apr 05 12:05:47.807120 dv-neutron-833203-3-hyperv neutron-server[87957]: self.callback(batched_events)
Apr 05 12:05:47.807120 dv-neutron-833203-3-hyperv neutron-server[87957]: File "/opt/stack/neutron/neutron/services/segments/plugin.py", line 211, in _send_notifications
Apr 05 12:05:47.807120 dv-neutron-833203-3-hyperv neutron-server[87957]: event.method(event)
Apr 05 12:05:47.807120 dv-neutron-833203-3-hyperv neutron-server[87957]: File "/opt/stack/neutron/neutron/services/segments/plugin.py", line 379, in _delete_nova_inventory
Apr 05 12:05:47.807120 dv-neutron-833203-3-hyperv neutron-server[87957]: aggregate_id = self._get_aggregate_id(event.segment_id)
Apr 05 12:05:47.807120 dv-neutron-833203-3-hyperv neutron-server[87957]: File "/opt/stack/neutron/neutron/services/segments/plugin.py", line 366, in _get_aggregate_id
Apr 05 12:05:47.807120 dv-neutron-833203-3-hyperv neutron-server[87957]: aggregate_uuid = self.p_client.list_aggregates(
Apr 05 12:05:47.807120 dv-neutron-833203-3-hyperv neutron-server[87957]: File "/usr/local/lib/python3.8/dist-packages/neutron_lib/placement/client.py", line 57, in wrapper
Apr 05 12:05:47.807120 dv-neutron-833203-3-hyperv neutron-server[87957]: return f(self, *a, **k)
Apr 05 12:05:47.807120 dv-neutron-833203-3-hyperv neutron-server[87957]: File "/usr/local/lib/python3.8/dist-packages/neutron_lib/placement/client.py", line 553, in list_aggregates
Apr 05 12:05:47.807120 dv-neutron-833203-3-hyperv neutron-server[87957]: return self._get(url).json()
Apr 05 12:05:47.807120 dv-neutron-833203-3-hyperv neutron-server[87957]: File "/usr/local/lib/python3.8/dist-packages/neutron_lib/placement/client.py", line 189, in _get
Apr 05 12:05:47.807120 dv-neutron-833203-3-hyperv neutron-server[87957]: return self._client.get(url, endpoint_filter=self._ks_filter,
Apr 05 12:05:47.807120 dv-neutron-833203-3-hyperv neutron-server[87957]: File "/usr/local/lib/python3.8/dist-packages/keystoneauth1/session.py", line 1141, in get
Apr 05 12:05:47.807120 dv-neutron-833203-3-hyperv neutron-server[87957]: return self.request(url, 'GET', **kwargs)
Apr 05 12:05:47.807120 dv-neutron-833203-3-hyperv neutron-server[87957]: File "/usr/local/lib/python3.8/dist-packages/keystoneauth1/session.py", line 811, in request
Apr 05 12:05:47.807120 dv-neutron-833203-3-hyperv neutron-server[87957]: base_url = self.get_endpoint(auth, allow=allow,
Apr 05 12:05:47.807120 dv-neutron-833203-3-hyperv neutron-server[87957]: File "/usr/local/lib/python3.8/dist-packages/keystoneauth1/session.py", line 1241, in get_endpoint
Apr 05 12:05:47.807120 dv-neutron-833203-3-hyperv neutron-server[87957]: auth = self._auth_required(auth, 'determine endpoint URL')
Apr 05 12:05:47.807120 dv-neutron-833203-3-hyperv neutron-server[87957]: File "/usr/local/lib/python3.8/dist-packages/keystoneauth1/session.py", line 1181, in _auth_required
Apr 05 12:05:47.807120 dv-neutron-833203-3-hyperv neutron-server[87957]: raise exceptions.MissingAuthPlugin(msg_fmt % msg)
Apr 05 12:05:47.807120 dv-neutron-833203-3-hyperv neutron-server[87957]: keystoneauth1.exceptions.auth_plugins.MissingAuthPlugin: An auth plugin is required to determine endpoint URL
Apr 05 12:05:47.851707 dv-neutron-833203-3-hyperv neutron-server[87958]: DEBUG neutron.plugins.ml2.drivers.mech_agent [None req-efd31665-0e27-417e-a0c4-d87f5919ae6f tempest-PortsAdminExtendedAttrsIpV6TestJSON-1283199825 tempest-PortsAdminExtendedAttrsIpV6TestJSON-1283199825-project-admin] Port 3c31e796-74dd-4509-89a2-53c7fdf0fadd on network aee99d11-28cb-4517-9c51-5fd92a602d8e not bound, no agent of type Open vSwitch agent registered on host hv-neutron-8332 {{(pid=87958) bind_port /opt/stack/neutron/neutron/plugins/ml2/drivers/mech_agent.py:98}}
Apr 05 12:05:47.852006 dv-neutron-833203-3-hyperv neutron-server[87958]: ERROR neutron.plugins.ml2.managers [None req-efd31665-0e27-417e-a0c4-d87f5919ae6f tempest-PortsAdminExtendedAttrsIpV6TestJSON-1283199825 tempest-PortsAdminExtendedAttrsIpV6TestJSON-1283199825-project-admin] Failed to bind port 3c31e796-74dd-4509-89a2-53c7fdf0fadd on host hv-neutron-8332 for vnic_type normal using segments [{'id': 'cca9ae02-582e-44e9-a4e7-7cee48e5dd5d', 'network_type': 'vlan', 'physical_network': 'physnet1', 'segmentation_id': 540, 'network_id': 'aee99d11-28cb-4517-9c51-5fd92a602d8e'}]
Apr 05 12:05:47.866180 dv-neutron-833203-3-hyperv neutron-server[87958]: DEBUG neutron.plugins.ml2.plugin [None req-80dcb926-ea8b-4b3b-acf0-583c2e632c26 tempest-PortsAdminExtendedAttrsTestJSON-1156876736 tempest-PortsAdminExtendedAttrsTestJSON-1156876736-project-admin] Calling delete_port for 187d78f0-9478-48c0-80b4-8b6f247045a5 owned by {{(pid=87958) delete_port /opt/stack/neutron/neutron/plugins/ml2/plugin.py:1987}}
Apr 05 12:05:47.875608 dv-neutron-833203-3-hyperv neutron-server[87959]: DEBUG neutron.api.rpc.handlers.dhcp_rpc [None req-1d1c8d77-18f7-4168-8a37-bc8f63d57687 None None] Network db3b27c0-d20d-43b4-807d-36428f9231db requested from dv-neutron-833203-3-hyperv {{(pid=87959) get_network_info /opt/stack/neutron/neutron/api/rpc/handlers/dhcp_rpc.py:213}}
Apr 05 12:05:47.893590 dv-neutron-833203-3-hyperv neutron-server[87958]: INFO neutron.plugins.ml2.plugin [None req-efd31665-0e27-417e-a0c4-d87f5919ae6f tempest-PortsAdminExtendedAttrsIpV6TestJSON-1283199825 tempest-PortsAdminExtendedAttrsIpV6TestJSON-1283199825-project-admin] Attempt 8 to bind port 3c31e796-74dd-4509-89a2-53c7fdf0fadd
Apr 05 12:05:47.906012 dv-neutron-833203-3-hyperv neutron-server[87958]: DEBUG neutron.db.db_base_plugin_common [None req-27d106e6-58cf-41f1-927c-750f1d8e03b1 tempest-FloatingIPTestJSON-491803594 tempest-FloatingIPTestJSON-491803594-project] Allocated IP 172.20.0.1 (1a8fb30a-3753-4db4-a338-1a5d6152faf9/17bf5c20-510d-4696-b02b-9a8fb2498ba9/f4c094b2-7305-464f-b476-c42e75d1ba64) {{(pid=87958) _store_ip_allocation /opt/stack/neutron/neutron/db/db_base_plugin_common.py:131}}
Apr 05 12:05:47.934637 dv-neutron-833203-3-hyperv neutron-server[87957]: DEBUG neutron_lib.callbacks.manager [None req-85902ee4-aa59-43a0-8ea2-9a85ffeb5378 tempest-DHCPAgentSchedulersTestJSON-1542210794 tempest-DHCPAgentSchedulersTestJSON-1542210794-project] Notify callbacks ['neutron.plugins.ml2.plugin.SecurityGroupServerNotifierRpcMixin.notify_sg_on_port_change-1592680', 'neutron.plugins.ml2.ovo_rpc._ObjectChangeHandler.handle_event-141071', 'neutron.api.rpc.agentnotifiers.dhcp_rpc_agent_api.DhcpAgentNotifyAPI._native_event_send_dhcp_notification-588401', 'neutron.db.l3_dvrscheduler_db._notify_l3_agent_new_port-8787964774458', 'neutron.services.segments.plugin.NovaSegmentNotifier._notify_port_created_or_deleted-4348672'] for port, after_create {{(pid=87957) _notify_loop /usr/local/lib/python3.8/dist-packages/neutron_lib/callbacks/manager.py:192}}
Apr 05 12:05:47.935217 dv-neutron-833203-3-hyperv neutron-server[87958]: DEBUG neutron.plugins.ml2.managers [None req-efd31665-0e27-417e-a0c4-d87f5919ae6f tempest-PortsAdminExtendedAttrsIpV6TestJSON-1283199825 tempest-PortsAdminExtendedAttrsIpV6TestJSON-1283199825-project-admin] Attempting to bind port 3c31e796-74dd-4509-89a2-53c7fdf0fadd on host hv-neutron-8332 for vnic_type normal with profile {{(pid=87958) bind_port /opt/stack/neutron/neutron/plugins/ml2/managers.py:790}}
Apr 05 12:05:47.935558 dv-neutron-833203-3-hyperv neutron-server[87958]: DEBUG neutron.plugins.ml2.managers [None req-efd31665-0e27-417e-a0c4-d87f5919ae6f tempest-PortsAdminExtendedAttrsIpV6TestJSON-1283199825 tempest-PortsAdminExtendedAttrsIpV6TestJSON-1283199825-project-admin] Attempting to bind port 3c31e796-74dd-4509-89a2-53c7fdf0fadd by drivers openvswitch,hyperv on host hv-neutron-8332 at level 0 using segments [{'id': 'cca9ae02-582e-44e9-a4e7-7cee48e5dd5d', 'network_type': 'vlan', 'physical_network': 'physnet1', 'segmentation_id': 540, 'network_id': 'aee99d11-28cb-4517-9c51-5fd92a602d8e'}] {{(pid=87958) _bind_port_level /opt/stack/neutron/neutron/plugins/ml2/managers.py:815}}
Apr 05 12:05:47.935900 dv-neutron-833203-3-hyperv neutron-server[87958]: DEBUG neutron.plugins.ml2.drivers.mech_agent [None req-efd31665-0e27-417e-a0c4-d87f5919ae6f tempest-PortsAdminExtendedAttrsIpV6TestJSON-1283199825 tempest-PortsAdminExtendedAttrsIpV6TestJSON-1283199825-project-admin] Attempting to bind port 3c31e796-74dd-4509-89a2-53c7fdf0fadd on network aee99d11-28cb-4517-9c51-5fd92a602d8e {{(pid=87958) bind_port /opt/stack/neutron/neutron/plugins/ml2/drivers/mech_agent.py:86}}
Apr 05 12:05:47.950613 dv-neutron-833203-3-hyperv neutron-server[87958]: DEBUG neutron.plugins.ml2.drivers.mech_agent [None req-efd31665-0e27-417e-a0c4-d87f5919ae6f tempest-PortsAdminExtendedAttrsIpV6TestJSON-1283199825 tempest-PortsAdminExtendedAttrsIpV6TestJSON-1283199825-project-admin] Port 3c31e796-74dd-4509-89a2-53c7fdf0fadd on network aee99d11-28cb-4517-9c51-5fd92a602d8e not bound, no agent of type Open vSwitch agent registered on host hv-neutron-8332 {{(pid=87958) bind_port /opt/stack/neutron/neutron/plugins/ml2/drivers/mech_agent.py:98}}
Apr 05 12:05:47.951330 dv-neutron-833203-3-hyperv neutron-server[87958]: ERROR neutron.plugins.ml2.managers [None req-efd31665-0e27-417e-a0c4-d87f5919ae6f tempest-PortsAdminExtendedAttrsIpV6TestJSON-1283199825 tempest-PortsAdminExtendedAttrsIpV6TestJSON-1283199825-project-admin] Failed to bind port 3c31e796-74dd-4509-89a2-53c7fdf0fadd on host hv-neutron-8332 for vnic_type normal using segments [{'id': 'cca9ae02-582e-44e9-a4e7-7cee48e5dd5d', 'network_type': 'vlan', 'physical_network': 'physnet1', 'segmentation_id': 540, 'network_id': 'aee99d11-28cb-4517-9c51-5fd92a602d8e'}]
Apr 05 12:05:48.017054 dv-neutron-833203-3-hyperv neutron-server[87957]: DEBUG neutron_lib.callbacks.manager [None req-ea9293d2-1746-4eb5-984b-45789e2cdcb8 admin admin] Notify callbacks ['neutron.plugins.ml2.plugin.SecurityGroupServerNotifierRpcMixin.notify_sg_on_port_change-1592680', 'neutron.plugins.ml2.ovo_rpc._ObjectChangeHandler.handle_event-141071', 'neutron.api.rpc.agentnotifiers.dhcp_rpc_agent_api.DhcpAgentNotifyAPI._native_event_send_dhcp_notification-588401', 'neutron.db.l3_dvrscheduler_db._notify_l3_agent_new_port-8787964774458', 'neutron.services.segments.plugin.NovaSegmentNotifier._notify_port_created_or_deleted-4348672'] for port, after_create {{(pid=87957) _notify_loop /usr/local/lib/python3.8/dist-packages/neutron_lib/callbacks/manager.py:192}}
Apr 05 12:05:48.018560 dv-neutron-833203-3-hyperv neutron-server[87958]: INFO neutron.plugins.ml2.plugin [None req-efd31665-0e27-417e-a0c4-d87f5919ae6f tempest-PortsAdminExtendedAttrsIpV6TestJSON-1283199825 tempest-PortsAdminExtendedAttrsIpV6TestJSON-1283199825-project-admin] Attempt 9 to bind port 3c31e796-74dd-4509-89a2-53c7fdf0fadd
Apr 05 12:05:48.048070 dv-neutron-833203-3-hyperv neutron-server[87957]: DEBUG neutron.scheduler.dhcp_agent_scheduler [None req-85902ee4-aa59-43a0-8ea2-9a85ffeb5378 tempest-DHCPAgentSchedulersTestJSON-1542210794 tempest-DHCPAgentSchedulersTestJSON-1542210794-project] Network db3b27c0-d20d-43b4-807d-36428f9231db is already hosted by enough agents. {{(pid=87957) _get_dhcp_agents_hosting_network /opt/stack/neutron/neutron/scheduler/dhcp_agent_scheduler.py:275}}
Apr 05 12:05:48.080656 dv-neutron-833203-3-hyperv neutron-server[87958]: DEBUG neutron.plugins.ml2.managers [None req-efd31665-0e27-417e-a0c4-d87f5919ae6f tempest-PortsAdminExtendedAttrsIpV6TestJSON-1283199825 tempest-PortsAdminExtendedAttrsIpV6TestJSON-1283199825-project-admin] Attempting to bind port 3c31e796-74dd-4509-89a2-53c7fdf0fadd on host hv-neutron-8332 for vnic_type normal with profile {{(pid=87958) bind_port /opt/stack/neutron/neutron/plugins/ml2/managers.py:790}}
Apr 05 12:05:48.081198 dv-neutron-833203-3-hyperv neutron-server[87958]: DEBUG neutron.plugins.ml2.managers [None req-efd31665-0e27-417e-a0c4-d87f5919ae6f tempest-PortsAdminExtendedAttrsIpV6TestJSON-1283199825 tempest-PortsAdminExtendedAttrsIpV6TestJSON-1283199825-project-admin] Attempting to bind port 3c31e796-74dd-4509-89a2-53c7fdf0fadd by drivers openvswitch,hyperv on host hv-neutron-8332 at level 0 using segments [{'id': 'cca9ae02-582e-44e9-a4e7-7cee48e5dd5d', 'network_type': 'vlan', 'physical_network': 'physnet1', 'segmentation_id': 540, 'network_id': 'aee99d11-28cb-4517-9c51-5fd92a602d8e'}] {{(pid=87958) _bind_port_level /opt/stack/neutron/neutron/plugins/ml2/managers.py:815}}
Apr 05 12:05:48.081682 dv-neutron-833203-3-hyperv neutron-server[87958]: DEBUG neutron.plugins.ml2.drivers.mech_agent [None req-efd31665-0e27-417e-a0c4-d87f5919ae6f tempest-PortsAdminExtendedAttrsIpV6TestJSON-1283199825 tempest-PortsAdminExtendedAttrsIpV6TestJSON-1283199825-project-admin] Attempting to bind port 3c31e796-74dd-4509-89a2-53c7fdf0fadd on network aee99d11-28cb-4517-9c51-5fd92a602d8e {{(pid=87958) bind_port /opt/stack/neutron/neutron/plugins/ml2/drivers/mech_agent.py:86}}
Apr 05 12:05:48.095276 dv-neutron-833203-3-hyperv neutron-server[87957]: DEBUG neutron.scheduler.base_scheduler [None req-85902ee4-aa59-43a0-8ea2-9a85ffeb5378 tempest-DHCPAgentSchedulersTestJSON-1542210794 tempest-DHCPAgentSchedulersTestJSON-1542210794-project] Resources bound (agent type, host, resource id): {{(pid=87957) schedule /opt/stack/neutron/neutron/scheduler/base_scheduler.py:57}}
Apr 05 12:05:48.098305 dv-neutron-833203-3-hyperv neutron-server[87957]: DEBUG neutron_lib.callbacks.manager [None req-6c60365c-6215-472a-8854-da227810beb1 tempest-ExternalNetworksTestJSON-1644693938 tempest-ExternalNetworksTestJSON-1644693938-project-admin] Notify callbacks ['neutron.plugins.ml2.plugin.Ml2Plugin._network_delete_after_delete_handler-2063065', 'neutron.plugins.ml2.ovo_rpc._ObjectChangeHandler.handle_event-963455', 'neutron.api.rpc.agentnotifiers.dhcp_rpc_agent_api.DhcpAgentNotifyAPI._native_event_send_dhcp_notification-588401', 'neutron.services.l3_router.l3_router_plugin.DVRResourceOperationHandler.delete_fip_namespaces_for_ext_net-989398'] for network, after_delete {{(pid=87957) _notify_loop /usr/local/lib/python3.8/dist-packages/neutron_lib/callbacks/manager.py:192}}
Apr 05 12:05:48.112138 dv-neutron-833203-3-hyperv neutron-server[87957]: DEBUG neutron.db.l3_dvrscheduler_db [None req-85902ee4-aa59-43a0-8ea2-9a85ffeb5378 tempest-DHCPAgentSchedulersTestJSON-1542210794 tempest-DHCPAgentSchedulersTestJSON-1542210794-project] Received port after_create {{(pid=87957) _notify_l3_agent_new_port /opt/stack/neutron/neutron/db/l3_dvrscheduler_db.py:538}}
Apr 05 12:05:48.147778 dv-neutron-833203-3-hyperv neutron-server[87957]: DEBUG neutron.api.rpc.handlers.resources_rpc [None req-85902ee4-aa59-43a0-8ea2-9a85ffeb5378 tempest-DHCPAgentSchedulersTestJSON-1542210794 tempest-DHCPAgentSchedulersTestJSON-1542210794-project] Pushing event updated for resources: {'Port': ['ID=3bd2db80-88ab-4e20-9d27-dd1dab3434bc,revision_number=1']} {{(pid=87957) push /opt/stack/neutron/neutron/api/rpc/handlers/resources_rpc.py:237}}
Apr 05 12:05:48.191573 dv-neutron-833203-3-hyperv neutron-server[87957]: DEBUG neutron.scheduler.dhcp_agent_scheduler [None req-ea9293d2-1746-4eb5-984b-45789e2cdcb8 admin admin] Network 4b67aadd-f639-4c60-8362-ccb3680fd685 is already hosted by enough agents. {{(pid=87957) _get_dhcp_agents_hosting_network /opt/stack/neutron/neutron/scheduler/dhcp_agent_scheduler.py:275}}
