Mar 11 13:21:03.836633 dv-neutron-833202-1-hyperv devstack@placement-api.service[103667]: DEBUG placement.requestlog [req-80a31917-61cf-4f93-b987-fdbb4903dd5f req-b74bb3e1-8a5a-44cc-8b41-3dbc1862aa36 None None] Starting request: 10.222.0.30 "GET /placement/allocation_candidates?limit=1000&resources=DISK_GB%3A1%2CMEMORY_MB%3A1024%2CVCPU%3A1&root_required=%21COMPUTE_STATUS_DISABLED" {{(pid=103667) __call__ /opt/stack/placement/placement/requestlog.py:55}}
Mar 11 13:21:03.885356 dv-neutron-833202-1-hyperv devstack@placement-api.service[103667]: DEBUG placement.objects.research_context [req-80a31917-61cf-4f93-b987-fdbb4903dd5f req-b74bb3e1-8a5a-44cc-8b41-3dbc1862aa36 service placement] getting providers with 1 DISK_GB {{(pid=103667) __init__ /opt/stack/placement/placement/objects/research_context.py:126}}
Mar 11 13:21:03.892070 dv-neutron-833202-1-hyperv devstack@placement-api.service[103667]: DEBUG placement.objects.research_context [req-80a31917-61cf-4f93-b987-fdbb4903dd5f req-b74bb3e1-8a5a-44cc-8b41-3dbc1862aa36 service placement] getting providers with 1024 MEMORY_MB {{(pid=103667) __init__ /opt/stack/placement/placement/objects/research_context.py:126}}
Mar 11 13:21:03.904324 dv-neutron-833202-1-hyperv devstack@placement-api.service[103667]: DEBUG placement.objects.research_context [req-80a31917-61cf-4f93-b987-fdbb4903dd5f req-b74bb3e1-8a5a-44cc-8b41-3dbc1862aa36 service placement] getting providers with 1 VCPU {{(pid=103667) __init__ /opt/stack/placement/placement/objects/research_context.py:126}}
Mar 11 13:21:03.916850 dv-neutron-833202-1-hyperv devstack@placement-api.service[103667]: DEBUG placement.objects.research_context [req-80a31917-61cf-4f93-b987-fdbb4903dd5f req-b74bb3e1-8a5a-44cc-8b41-3dbc1862aa36 service placement] found 1 providers with available 1 DISK_GB {{(pid=103667) get_provider_ids_matching /opt/stack/placement/placement/objects/research_context.py:549}}
Mar 11 13:21:03.917130 dv-neutron-833202-1-hyperv devstack@placement-api.service[103667]: DEBUG placement.objects.research_context [req-80a31917-61cf-4f93-b987-fdbb4903dd5f req-b74bb3e1-8a5a-44cc-8b41-3dbc1862aa36 service placement] found 1 providers with available 1024 MEMORY_MB {{(pid=103667) get_provider_ids_matching /opt/stack/placement/placement/objects/research_context.py:549}}
Mar 11 13:21:03.917418 dv-neutron-833202-1-hyperv devstack@placement-api.service[103667]: DEBUG placement.objects.research_context [req-80a31917-61cf-4f93-b987-fdbb4903dd5f req-b74bb3e1-8a5a-44cc-8b41-3dbc1862aa36 service placement] found 1 providers after filtering by previous result {{(pid=103667) get_provider_ids_matching /opt/stack/placement/placement/objects/research_context.py:580}}
Mar 11 13:21:03.917684 dv-neutron-833202-1-hyperv devstack@placement-api.service[103667]: DEBUG placement.objects.research_context [req-80a31917-61cf-4f93-b987-fdbb4903dd5f req-b74bb3e1-8a5a-44cc-8b41-3dbc1862aa36 service placement] found 1 providers with available 1 VCPU {{(pid=103667) get_provider_ids_matching /opt/stack/placement/placement/objects/research_context.py:549}}
Mar 11 13:21:03.917951 dv-neutron-833202-1-hyperv devstack@placement-api.service[103667]: DEBUG placement.objects.research_context [req-80a31917-61cf-4f93-b987-fdbb4903dd5f req-b74bb3e1-8a5a-44cc-8b41-3dbc1862aa36 service placement] found 1 providers after filtering by previous result {{(pid=103667) get_provider_ids_matching /opt/stack/placement/placement/objects/research_context.py:580}}
Mar 11 13:21:03.953038 dv-neutron-833202-1-hyperv devstack@placement-api.service[103667]: DEBUG placement.objects.allocation_candidate [req-80a31917-61cf-4f93-b987-fdbb4903dd5f req-b74bb3e1-8a5a-44cc-8b41-3dbc1862aa36 service placement] RequestGroup(use_same_provider=False, resources={DISK_GB:1, MEMORY_MB:1024, VCPU:1}, traits=[], aggregates=[]) (suffix '') returned 1 matches {{(pid=103667) _get_by_requests /opt/stack/placement/placement/objects/allocation_candidate.py:145}}
Mar 11 13:21:03.953678 dv-neutron-833202-1-hyperv devstack@placement-api.service[103667]: DEBUG placement.objects.allocation_candidate [req-80a31917-61cf-4f93-b987-fdbb4903dd5f req-b74bb3e1-8a5a-44cc-8b41-3dbc1862aa36 service placement] Merging candidates yields 1 allocation requests and 1 provider summaries {{(pid=103667) _merge_candidates /opt/stack/placement/placement/objects/allocation_candidate.py:783}}
Mar 11 13:21:03.955744 dv-neutron-833202-1-hyperv devstack@placement-api.service[103667]: INFO placement.requestlog [req-80a31917-61cf-4f93-b987-fdbb4903dd5f req-b74bb3e1-8a5a-44cc-8b41-3dbc1862aa36 service placement] 10.222.0.30 "GET /placement/allocation_candidates?limit=1000&resources=DISK_GB%3A1%2CMEMORY_MB%3A1024%2CVCPU%3A1&root_required=%21COMPUTE_STATUS_DISABLED" status: 200 len: 767 microversion: 1.36
Mar 11 13:21:03.956503 dv-neutron-833202-1-hyperv devstack@placement-api.service[103667]: [pid: 103667|app: 0|req: 27/53] 10.222.0.30 () {60 vars in 1506 bytes} [Fri Mar 11 13:21:03 2022] GET /placement/allocation_candidates?limit=1000&resources=DISK_GB%3A1%2CMEMORY_MB%3A1024%2CVCPU%3A1&root_required=%21COMPUTE_STATUS_DISABLED => generated 767 bytes in 120 msecs (HTTP/1.1 200) 8 headers in 296 bytes (1 switches on core 0)
Mar 11 13:21:03.995082 dv-neutron-833202-1-hyperv devstack@placement-api.service[103666]: DEBUG placement.requestlog [req-80a31917-61cf-4f93-b987-fdbb4903dd5f req-fbd4b3cf-a56f-41a7-a4d5-4f2a96138a2e None None] Starting request: 10.222.0.30 "GET /placement/allocations/393bd4ec-ff16-453a-9576-ba712dd312d5" {{(pid=103666) __call__ /opt/stack/placement/placement/requestlog.py:55}}
Mar 11 13:21:04.008760 dv-neutron-833202-1-hyperv devstack@placement-api.service[103666]: INFO placement.requestlog [req-80a31917-61cf-4f93-b987-fdbb4903dd5f req-fbd4b3cf-a56f-41a7-a4d5-4f2a96138a2e service placement] 10.222.0.30 "GET /placement/allocations/393bd4ec-ff16-453a-9576-ba712dd312d5" status: 200 len: 19 microversion: 1.28
Mar 11 13:21:04.008760 dv-neutron-833202-1-hyperv devstack@placement-api.service[103666]: [pid: 103666|app: 0|req: 27/54] 10.222.0.30 () {60 vars in 1380 bytes} [Fri Mar 11 13:21:03 2022] GET /placement/allocations/393bd4ec-ff16-453a-9576-ba712dd312d5 => generated 19 bytes in 12 msecs (HTTP/1.1 200) 8 headers in 295 bytes (1 switches on core 0)
Mar 11 13:21:04.015849 dv-neutron-833202-1-hyperv devstack@placement-api.service[103667]: DEBUG placement.requestlog [req-80a31917-61cf-4f93-b987-fdbb4903dd5f req-9d995892-5dcf-45df-b3ee-81ba723f54a7 None None] Starting request: 10.222.0.30 "PUT /placement/allocations/393bd4ec-ff16-453a-9576-ba712dd312d5" {{(pid=103667) __call__ /opt/stack/placement/placement/requestlog.py:55}}
Mar 11 13:21:04.167403 dv-neutron-833202-1-hyperv devstack@placement-api.service[103667]: DEBUG placement.handlers.allocation [req-80a31917-61cf-4f93-b987-fdbb4903dd5f req-9d995892-5dcf-45df-b3ee-81ba723f54a7 service placement] Successfully wrote allocations [, , ] {{(pid=103667) _update_consumers_and_create_allocations /opt/stack/placement/placement/handlers/allocation.py:462}}
Mar 11 13:21:04.255784 dv-neutron-833202-1-hyperv devstack@placement-api.service[103667]: INFO placement.requestlog [req-80a31917-61cf-4f93-b987-fdbb4903dd5f req-9d995892-5dcf-45df-b3ee-81ba723f54a7 service placement] 10.222.0.30 "PUT /placement/allocations/393bd4ec-ff16-453a-9576-ba712dd312d5" status: 204 len: 0 microversion: 1.36
Mar 11 13:21:04.259975 dv-neutron-833202-1-hyperv devstack@placement-api.service[103667]: [pid: 103667|app: 0|req: 28/55] 10.222.0.30 () {64 vars in 1433 bytes} [Fri Mar 11 13:21:04 2022] PUT /placement/allocations/393bd4ec-ff16-453a-9576-ba712dd312d5 => generated 0 bytes in 241 msecs (HTTP/1.1 204) 5 headers in 199 bytes (1 switches on core 0)
Mar 11 13:21:05.345234 dv-neutron-833202-1-hyperv devstack@placement-api.service[103666]: DEBUG placement.requestlog [req-80a31917-61cf-4f93-b987-fdbb4903dd5f req-6fca9c81-adca-4250-a873-fff6b227279e None None] Starting request: 10.222.0.74 "GET /placement/allocations/393bd4ec-ff16-453a-9576-ba712dd312d5" {{(pid=103666) __call__ /opt/stack/placement/placement/requestlog.py:55}}
Mar 11 13:21:05.364156 dv-neutron-833202-1-hyperv devstack@placement-api.service[103666]: INFO placement.requestlog [req-80a31917-61cf-4f93-b987-fdbb4903dd5f req-6fca9c81-adca-4250-a873-fff6b227279e service placement] 10.222.0.74 "GET /placement/allocations/393bd4ec-ff16-453a-9576-ba712dd312d5" status: 200 len: 258 microversion: 1.28
Mar 11 13:21:05.364540 dv-neutron-833202-1-hyperv devstack@placement-api.service[103666]: [pid: 103666|app: 0|req: 28/56] 10.222.0.74 () {60 vars in 1377 bytes} [Fri Mar 11 13:21:05 2022] GET /placement/allocations/393bd4ec-ff16-453a-9576-ba712dd312d5 => generated 258 bytes in 19 msecs (HTTP/1.1 200) 8 headers in 296 bytes (1 switches on core 0)
Mar 11 13:21:24.167995 dv-neutron-833202-1-hyperv devstack@placement-api.service[103667]: DEBUG placement.requestlog [req-7b43f50b-4b1c-4229-a991-1d82e3fe72f2 req-ab945f9f-e3aa-4246-8d03-b8424d1febd1 None None] Starting request: 10.222.0.74 "GET /placement/resource_providers/2c3548aa-549b-424e-92db-847cc7ac3957/allocations" {{(pid=103667) __call__ /opt/stack/placement/placement/requestlog.py:55}}
Mar 11 13:21:24.202425 dv-neutron-833202-1-hyperv devstack@placement-api.service[103667]: INFO placement.requestlog [req-7b43f50b-4b1c-4229-a991-1d82e3fe72f2 req-ab945f9f-e3aa-4246-8d03-b8424d1febd1 service placement] 10.222.0.74 "GET /placement/resource_providers/2c3548aa-549b-424e-92db-847cc7ac3957/allocations" status: 200 len: 254 microversion: 1.0
Mar 11 13:21:24.202994 dv-neutron-833202-1-hyperv devstack@placement-api.service[103667]: [pid: 103667|app: 0|req: 29/57] 10.222.0.74 () {58 vars in 1390 bytes} [Fri Mar 11 13:21:24 2022] GET /placement/resource_providers/2c3548aa-549b-424e-92db-847cc7ac3957/allocations => generated 254 bytes in 35 msecs (HTTP/1.1 200) 6 headers in 224 bytes (2 switches on core 0)
Mar 11 13:21:32.177964 dv-neutron-833202-1-hyperv devstack@placement-api.service[103666]: DEBUG placement.requestlog [req-2351714f-8791-47c4-bd2d-be70d33c3133 req-d4b6ab0c-7250-4ae9-b048-b497536a369e None None] Starting request: 10.222.0.30 "GET /placement/allocation_candidates?limit=1000&resources=MEMORY_MB%3A1024%2CVCPU%3A1&root_required=%21COMPUTE_STATUS_DISABLED" {{(pid=103666) __call__ /opt/stack/placement/placement/requestlog.py:55}}
Mar 11 13:21:32.232039 dv-neutron-833202-1-hyperv devstack@placement-api.service[103666]: DEBUG placement.objects.research_context [req-2351714f-8791-47c4-bd2d-be70d33c3133 req-d4b6ab0c-7250-4ae9-b048-b497536a369e service placement] getting providers with 1024 MEMORY_MB {{(pid=103666) __init__ /opt/stack/placement/placement/objects/research_context.py:126}}
Mar 11 13:21:32.241061 dv-neutron-833202-1-hyperv devstack@placement-api.service[103666]: DEBUG placement.objects.research_context [req-2351714f-8791-47c4-bd2d-be70d33c3133 req-d4b6ab0c-7250-4ae9-b048-b497536a369e service placement] getting providers with 1 VCPU {{(pid=103666) __init__ /opt/stack/placement/placement/objects/research_context.py:126}}
Mar 11 13:21:32.247640 dv-neutron-833202-1-hyperv devstack@placement-api.service[103666]: DEBUG placement.objects.research_context [req-2351714f-8791-47c4-bd2d-be70d33c3133 req-d4b6ab0c-7250-4ae9-b048-b497536a369e service placement] found 1 providers with available 1024 MEMORY_MB {{(pid=103666) get_provider_ids_matching /opt/stack/placement/placement/objects/research_context.py:549}}
Mar 11 13:21:32.248307 dv-neutron-833202-1-hyperv devstack@placement-api.service[103666]: DEBUG placement.objects.research_context [req-2351714f-8791-47c4-bd2d-be70d33c3133 req-d4b6ab0c-7250-4ae9-b048-b497536a369e service placement] found 1 providers with available 1 VCPU {{(pid=103666) get_provider_ids_matching /opt/stack/placement/placement/objects/research_context.py:549}}
Mar 11 13:21:32.251172 dv-neutron-833202-1-hyperv devstack@placement-api.service[103666]: DEBUG placement.objects.research_context [req-2351714f-8791-47c4-bd2d-be70d33c3133 req-d4b6ab0c-7250-4ae9-b048-b497536a369e service placement] found 1 providers after filtering by previous result {{(pid=103666) get_provider_ids_matching /opt/stack/placement/placement/objects/research_context.py:580}}
Mar 11 13:21:32.260803 dv-neutron-833202-1-hyperv devstack@placement-api.service[103666]: DEBUG placement.objects.allocation_candidate [req-2351714f-8791-47c4-bd2d-be70d33c3133 req-d4b6ab0c-7250-4ae9-b048-b497536a369e service placement] RequestGroup(use_same_provider=False, resources={MEMORY_MB:1024, VCPU:1}, traits=[], aggregates=[]) (suffix '') returned 1 matches {{(pid=103666) _get_by_requests /opt/stack/placement/placement/objects/allocation_candidate.py:145}}
Mar 11 13:21:32.261334 dv-neutron-833202-1-hyperv devstack@placement-api.service[103666]: DEBUG placement.objects.allocation_candidate [req-2351714f-8791-47c4-bd2d-be70d33c3133 req-d4b6ab0c-7250-4ae9-b048-b497536a369e service placement] Merging candidates yields 1 allocation requests and 1 provider summaries {{(pid=103666) _merge_candidates /opt/stack/placement/placement/objects/allocation_candidate.py:783}}
Mar 11 13:21:32.263557 dv-neutron-833202-1-hyperv devstack@placement-api.service[103666]: INFO placement.requestlog [req-2351714f-8791-47c4-bd2d-be70d33c3133 req-d4b6ab0c-7250-4ae9-b048-b497536a369e service placement] 10.222.0.30 "GET /placement/allocation_candidates?limit=1000&resources=MEMORY_MB%3A1024%2CVCPU%3A1&root_required=%21COMPUTE_STATUS_DISABLED" status: 200 len: 753 microversion: 1.36
Mar 11 13:21:32.264565 dv-neutron-833202-1-hyperv devstack@placement-api.service[103666]: [pid: 103666|app: 0|req: 29/58] 10.222.0.30 () {60 vars in 1478 bytes} [Fri Mar 11 13:21:32 2022] GET /placement/allocation_candidates?limit=1000&resources=MEMORY_MB%3A1024%2CVCPU%3A1&root_required=%21COMPUTE_STATUS_DISABLED => generated 753 bytes in 87 msecs (HTTP/1.1 200) 8 headers in 296 bytes (1 switches on core 0)
Mar 11 13:21:32.312683 dv-neutron-833202-1-hyperv devstack@placement-api.service[103667]: DEBUG placement.requestlog [req-2351714f-8791-47c4-bd2d-be70d33c3133 req-46e9521a-2343-4c08-9966-ecc742cd8142 None None] Starting request: 10.222.0.30 "GET /placement/allocations/2a7d2635-00db-415b-bc8e-edad42800e0b" {{(pid=103667) __call__ /opt/stack/placement/placement/requestlog.py:55}}
Mar 11 13:21:32.330651 dv-neutron-833202-1-hyperv devstack@placement-api.service[103667]: INFO placement.requestlog [req-2351714f-8791-47c4-bd2d-be70d33c3133 req-46e9521a-2343-4c08-9966-ecc742cd8142 service placement] 10.222.0.30 "GET /placement/allocations/2a7d2635-00db-415b-bc8e-edad42800e0b" status: 200 len: 19 microversion: 1.28
Mar 11 13:21:32.333092 dv-neutron-833202-1-hyperv devstack@placement-api.service[103667]: [pid: 103667|app: 0|req: 30/59] 10.222.0.30 () {60 vars in 1380 bytes} [Fri Mar 11 13:21:32 2022] GET /placement/allocations/2a7d2635-00db-415b-bc8e-edad42800e0b => generated 19 bytes in 20 msecs (HTTP/1.1 200) 8 headers in 295 bytes (1 switches on core 0)
Mar 11 13:21:32.340785 dv-neutron-833202-1-hyperv devstack@placement-api.service[103666]: DEBUG placement.requestlog [req-2351714f-8791-47c4-bd2d-be70d33c3133 req-51efb725-c2d3-450c-98d2-f6032040ae8b None None] Starting request: 10.222.0.30 "PUT /placement/allocations/2a7d2635-00db-415b-bc8e-edad42800e0b" {{(pid=103666) __call__ /opt/stack/placement/placement/requestlog.py:55}}
Mar 11 13:21:32.728516 dv-neutron-833202-1-hyperv devstack@placement-api.service[103666]: DEBUG placement.handlers.allocation [req-2351714f-8791-47c4-bd2d-be70d33c3133 req-51efb725-c2d3-450c-98d2-f6032040ae8b service placement] Successfully wrote allocations [, ] {{(pid=103666) _update_consumers_and_create_allocations /opt/stack/placement/placement/handlers/allocation.py:462}}
Mar 11 13:21:32.817983 dv-neutron-833202-1-hyperv devstack@placement-api.service[103666]: INFO placement.requestlog [req-2351714f-8791-47c4-bd2d-be70d33c3133 req-51efb725-c2d3-450c-98d2-f6032040ae8b service placement] 10.222.0.30 "PUT /placement/allocations/2a7d2635-00db-415b-bc8e-edad42800e0b" status: 204 len: 0 microversion: 1.36
Mar 11 13:21:32.818533 dv-neutron-833202-1-hyperv devstack@placement-api.service[103666]: [pid: 103666|app: 0|req: 30/60] 10.222.0.30 () {64 vars in 1433 bytes} [Fri Mar 11 13:21:32 2022] PUT /placement/allocations/2a7d2635-00db-415b-bc8e-edad42800e0b => generated 0 bytes in 478 msecs (HTTP/1.1 204) 5 headers in 199 bytes (2 switches on core 0)
Mar 11 13:21:33.998639 dv-neutron-833202-1-hyperv devstack@placement-api.service[103667]: DEBUG placement.requestlog [req-2351714f-8791-47c4-bd2d-be70d33c3133 req-99eabb14-5e88-41e7-9763-aee9ebf41cff None None] Starting request: 10.222.0.74 "GET /placement/allocations/2a7d2635-00db-415b-bc8e-edad42800e0b" {{(pid=103667) __call__ /opt/stack/placement/placement/requestlog.py:55}}
Mar 11 13:21:34.024938 dv-neutron-833202-1-hyperv devstack@placement-api.service[103667]: INFO placement.requestlog [req-2351714f-8791-47c4-bd2d-be70d33c3133 req-99eabb14-5e88-41e7-9763-aee9ebf41cff service placement] 10.222.0.74 "GET /placement/allocations/2a7d2635-00db-415b-bc8e-edad42800e0b" status: 200 len: 245 microversion: 1.28
Mar 11 13:21:34.024938 dv-neutron-833202-1-hyperv devstack@placement-api.service[103667]: [pid: 103667|app: 0|req: 31/61] 10.222.0.74 () {60 vars in 1377 bytes} [Fri Mar 11 13:21:33 2022] GET /placement/allocations/2a7d2635-00db-415b-bc8e-edad42800e0b => generated 245 bytes in 20 msecs (HTTP/1.1 200) 8 headers in 296 bytes (2 switches on core 0)
Mar 11 13:22:04.513686 dv-neutron-833202-1-hyperv devstack@placement-api.service[103666]: DEBUG placement.requestlog [req-25ba8c63-58b8-4357-8066-abaee12c734b req-7ef77451-0b5e-4c31-a37b-163cdaed0d2e None None] Starting request: 10.222.0.74 "GET /placement/allocations/d0c6b192-dd57-4d20-9ab8-eaeb44da484b" {{(pid=103666) __call__ /opt/stack/placement/placement/requestlog.py:55}}
Mar 11 13:22:04.529285 dv-neutron-833202-1-hyperv devstack@placement-api.service[103666]: INFO placement.requestlog [req-25ba8c63-58b8-4357-8066-abaee12c734b req-7ef77451-0b5e-4c31-a37b-163cdaed0d2e service placement] 10.222.0.74 "GET /placement/allocations/d0c6b192-dd57-4d20-9ab8-eaeb44da484b" status: 200 len: 259 microversion: 1.28
Mar 11 13:22:04.529526 dv-neutron-833202-1-hyperv devstack@placement-api.service[103666]: [pid: 103666|app: 0|req: 31/62] 10.222.0.74 () {60 vars in 1377 bytes} [Fri Mar 11 13:22:04 2022] GET /placement/allocations/d0c6b192-dd57-4d20-9ab8-eaeb44da484b => generated 259 bytes in 16 msecs (HTTP/1.1 200) 8 headers in 296 bytes (1 switches on core 0)
Mar 11 13:22:25.202522 dv-neutron-833202-1-hyperv devstack@placement-api.service[103667]: DEBUG placement.requestlog [req-fe7ac6b4-4ab7-48c0-9fca-329670eba7e7 req-6940253c-8dc5-4901-8a92-c77cbaa939d9 None None] Starting request: 10.222.0.30 "GET /placement/allocation_candidates?limit=1000&resources=DISK_GB%3A1%2CMEMORY_MB%3A1024%2CVCPU%3A1&root_required=%21COMPUTE_STATUS_DISABLED" {{(pid=103667) __call__ /opt/stack/placement/placement/requestlog.py:55}}
Mar 11 13:22:25.235763 dv-neutron-833202-1-hyperv devstack@placement-api.service[103667]: DEBUG placement.objects.research_context [req-fe7ac6b4-4ab7-48c0-9fca-329670eba7e7 req-6940253c-8dc5-4901-8a92-c77cbaa939d9 service placement] getting providers with 1 DISK_GB {{(pid=103667) __init__ /opt/stack/placement/placement/objects/research_context.py:126}}
Mar 11 13:22:25.241731 dv-neutron-833202-1-hyperv devstack@placement-api.service[103667]: DEBUG placement.objects.research_context [req-fe7ac6b4-4ab7-48c0-9fca-329670eba7e7 req-6940253c-8dc5-4901-8a92-c77cbaa939d9 service placement] getting providers with 1024 MEMORY_MB {{(pid=103667) __init__ /opt/stack/placement/placement/objects/research_context.py:126}}
Mar 11 13:22:25.249268 dv-neutron-833202-1-hyperv devstack@placement-api.service[103667]: DEBUG placement.objects.research_context [req-fe7ac6b4-4ab7-48c0-9fca-329670eba7e7 req-6940253c-8dc5-4901-8a92-c77cbaa939d9 service placement] getting providers with 1 VCPU {{(pid=103667) __init__ /opt/stack/placement/placement/objects/research_context.py:126}}
Mar 11 13:22:25.255253 dv-neutron-833202-1-hyperv devstack@placement-api.service[103667]: DEBUG placement.objects.research_context [req-fe7ac6b4-4ab7-48c0-9fca-329670eba7e7 req-6940253c-8dc5-4901-8a92-c77cbaa939d9 service placement] found 1 providers with available 1 DISK_GB {{(pid=103667) get_provider_ids_matching /opt/stack/placement/placement/objects/research_context.py:549}}
Mar 11 13:22:25.255531 dv-neutron-833202-1-hyperv devstack@placement-api.service[103667]: DEBUG placement.objects.research_context [req-fe7ac6b4-4ab7-48c0-9fca-329670eba7e7 req-6940253c-8dc5-4901-8a92-c77cbaa939d9 service placement] found 1 providers with available 1024 MEMORY_MB {{(pid=103667) get_provider_ids_matching /opt/stack/placement/placement/objects/research_context.py:549}}
Mar 11 13:22:25.255804 dv-neutron-833202-1-hyperv devstack@placement-api.service[103667]: DEBUG placement.objects.research_context [req-fe7ac6b4-4ab7-48c0-9fca-329670eba7e7 req-6940253c-8dc5-4901-8a92-c77cbaa939d9 service placement] found 1 providers after filtering by previous result {{(pid=103667) get_provider_ids_matching /opt/stack/placement/placement/objects/research_context.py:580}}
Mar 11 13:22:25.256065 dv-neutron-833202-1-hyperv devstack@placement-api.service[103667]: DEBUG placement.objects.research_context [req-fe7ac6b4-4ab7-48c0-9fca-329670eba7e7 req-6940253c-8dc5-4901-8a92-c77cbaa939d9 service placement] found 1 providers with available 1 VCPU {{(pid=103667) get_provider_ids_matching /opt/stack/placement/placement/objects/research_context.py:549}}
Mar 11 13:22:25.256327 dv-neutron-833202-1-hyperv devstack@placement-api.service[103667]: DEBUG placement.objects.research_context [req-fe7ac6b4-4ab7-48c0-9fca-329670eba7e7 req-6940253c-8dc5-4901-8a92-c77cbaa939d9 service placement] found 1 providers after filtering by previous result {{(pid=103667) get_provider_ids_matching /opt/stack/placement/placement/objects/research_context.py:580}}
Mar 11 13:22:25.267774 dv-neutron-833202-1-hyperv devstack@placement-api.service[103667]: DEBUG placement.objects.allocation_candidate [req-fe7ac6b4-4ab7-48c0-9fca-329670eba7e7 req-6940253c-8dc5-4901-8a92-c77cbaa939d9 service placement] RequestGroup(use_same_provider=False, resources={DISK_GB:1, MEMORY_MB:1024, VCPU:1}, traits=[], aggregates=[]) (suffix '') returned 1 matches {{(pid=103667) _get_by_requests /opt/stack/placement/placement/objects/allocation_candidate.py:145}}
Mar 11 13:22:25.272282 dv-neutron-833202-1-hyperv devstack@placement-api.service[103667]: DEBUG placement.objects.allocation_candidate [req-fe7ac6b4-4ab7-48c0-9fca-329670eba7e7 req-6940253c-8dc5-4901-8a92-c77cbaa939d9 service placement] Merging candidates yields 1 allocation requests and 1 provider summaries {{(pid=103667) _merge_candidates /opt/stack/placement/placement/objects/allocation_candidate.py:783}}
Mar 11 13:22:25.272282 dv-neutron-833202-1-hyperv devstack@placement-api.service[103667]: INFO placement.requestlog [req-fe7ac6b4-4ab7-48c0-9fca-329670eba7e7 req-6940253c-8dc5-4901-8a92-c77cbaa939d9 service placement] 10.222.0.30 "GET /placement/allocation_candidates?limit=1000&resources=DISK_GB%3A1%2CMEMORY_MB%3A1024%2CVCPU%3A1&root_required=%21COMPUTE_STATUS_DISABLED" status: 200 len: 767 microversion: 1.36
Mar 11 13:22:25.272282 dv-neutron-833202-1-hyperv devstack@placement-api.service[103667]: [pid: 103667|app: 0|req: 32/63] 10.222.0.30 () {60 vars in 1506 bytes} [Fri Mar 11 13:22:25 2022] GET /placement/allocation_candidates?limit=1000&resources=DISK_GB%3A1%2CMEMORY_MB%3A1024%2CVCPU%3A1&root_required=%21COMPUTE_STATUS_DISABLED => generated 767 bytes in 68 msecs (HTTP/1.1 200) 8 headers in 296 bytes (1 switches on core 0)
Mar 11 13:22:25.303944 dv-neutron-833202-1-hyperv devstack@placement-api.service[103666]: DEBUG placement.requestlog [req-fe7ac6b4-4ab7-48c0-9fca-329670eba7e7 req-7eead7dc-cd9a-45e3-b6d9-ae69d2490f56 None None] Starting request: 10.222.0.30 "GET /placement/allocations/15e56233-f7ea-4700-83d4-e041f0fce472" {{(pid=103666) __call__ /opt/stack/placement/placement/requestlog.py:55}}
Mar 11 13:22:25.315072 dv-neutron-833202-1-hyperv devstack@placement-api.service[103666]: INFO placement.requestlog [req-fe7ac6b4-4ab7-48c0-9fca-329670eba7e7 req-7eead7dc-cd9a-45e3-b6d9-ae69d2490f56 service placement] 10.222.0.30 "GET /placement/allocations/15e56233-f7ea-4700-83d4-e041f0fce472" status: 200 len: 19 microversion: 1.28
Mar 11 13:22:25.315473 dv-neutron-833202-1-hyperv devstack@placement-api.service[103666]: [pid: 103666|app: 0|req: 32/64] 10.222.0.30 () {60 vars in 1380 bytes} [Fri Mar 11 13:22:25 2022] GET /placement/allocations/15e56233-f7ea-4700-83d4-e041f0fce472 => generated 19 bytes in 12 msecs (HTTP/1.1 200) 8 headers in 295 bytes (1 switches on core 0)
Mar 11 13:22:25.321996 dv-neutron-833202-1-hyperv devstack@placement-api.service[103667]: DEBUG placement.requestlog [req-fe7ac6b4-4ab7-48c0-9fca-329670eba7e7 req-7e3a5cde-6c5a-4655-a4c7-3ffef79ee835 None None] Starting request: 10.222.0.30 "PUT /placement/allocations/15e56233-f7ea-4700-83d4-e041f0fce472" {{(pid=103667) __call__ /opt/stack/placement/placement/requestlog.py:55}}
Mar 11 13:22:25.598753 dv-neutron-833202-1-hyperv devstack@placement-api.service[103666]: DEBUG placement.requestlog [req-63f5138e-8855-407c-9430-60f663cd7747 req-4372844b-2254-422e-b965-cf5022a29be9 None None] Starting request: 10.222.0.74 "GET /placement/resource_providers/2c3548aa-549b-424e-92db-847cc7ac3957/allocations" {{(pid=103666) __call__ /opt/stack/placement/placement/requestlog.py:55}}
Mar 11 13:22:25.723100 dv-neutron-833202-1-hyperv devstack@placement-api.service[103667]: DEBUG placement.handlers.allocation [req-fe7ac6b4-4ab7-48c0-9fca-329670eba7e7 req-7e3a5cde-6c5a-4655-a4c7-3ffef79ee835 service placement] Successfully wrote allocations [, , ] {{(pid=103667) _update_consumers_and_create_allocations /opt/stack/placement/placement/handlers/allocation.py:462}}
Mar 11 13:22:25.738016 dv-neutron-833202-1-hyperv devstack@placement-api.service[103666]: INFO placement.requestlog [req-63f5138e-8855-407c-9430-60f663cd7747 req-4372844b-2254-422e-b965-cf5022a29be9 service placement] 10.222.0.74 "GET /placement/resource_providers/2c3548aa-549b-424e-92db-847cc7ac3957/allocations" status: 200 len: 342 microversion: 1.0
Mar 11 13:22:25.738537 dv-neutron-833202-1-hyperv devstack@placement-api.service[103666]: [pid: 103666|app: 0|req: 33/65] 10.222.0.74 () {58 vars in 1390 bytes} [Fri Mar 11 13:22:25 2022] GET /placement/resource_providers/2c3548aa-549b-424e-92db-847cc7ac3957/allocations => generated 342 bytes in 140 msecs (HTTP/1.1 200) 6 headers in 224 bytes (2 switches on core 0)
Mar 11 13:22:25.849359 dv-neutron-833202-1-hyperv devstack@placement-api.service[103667]: INFO placement.requestlog [req-fe7ac6b4-4ab7-48c0-9fca-329670eba7e7 req-7e3a5cde-6c5a-4655-a4c7-3ffef79ee835 service placement] 10.222.0.30 "PUT /placement/allocations/15e56233-f7ea-4700-83d4-e041f0fce472" status: 204 len: 0 microversion: 1.36
Mar 11 13:22:25.849677 dv-neutron-833202-1-hyperv devstack@placement-api.service[103667]: [pid: 103667|app: 0|req: 33/66] 10.222.0.30 () {64 vars in 1433 bytes} [Fri Mar 11 13:22:25 2022] PUT /placement/allocations/15e56233-f7ea-4700-83d4-e041f0fce472 => generated 0 bytes in 528 msecs (HTTP/1.1 204) 5 headers in 199 bytes (1 switches on core 0)
Mar 11 13:22:25.941501 dv-neutron-833202-1-hyperv devstack@placement-api.service[103666]: DEBUG placement.requestlog [req-63f5138e-8855-407c-9430-60f663cd7747 req-22ba95a5-507f-475a-8507-32eea281b492 None None] Starting request: 10.222.0.74 "GET /placement/resource_providers?in_tree=2c3548aa-549b-424e-92db-847cc7ac3957" {{(pid=103666) __call__ /opt/stack/placement/placement/requestlog.py:55}}
Mar 11 13:22:25.959629 dv-neutron-833202-1-hyperv devstack@placement-api.service[103666]: INFO placement.requestlog [req-63f5138e-8855-407c-9430-60f663cd7747 req-22ba95a5-507f-475a-8507-32eea281b492 service placement] 10.222.0.74 "GET /placement/resource_providers?in_tree=2c3548aa-549b-424e-92db-847cc7ac3957" status: 200 len: 865 microversion: 1.14
Mar 11 13:22:25.960146 dv-neutron-833202-1-hyperv devstack@placement-api.service[103666]: [pid: 103666|app: 0|req: 34/67] 10.222.0.74 () {60 vars in 1376 bytes} [Fri Mar 11 13:22:25 2022] GET /placement/resource_providers?in_tree=2c3548aa-549b-424e-92db-847cc7ac3957 => generated 865 bytes in 19 msecs (HTTP/1.1 200) 6 headers in 225 bytes (1 switches on core 0)
Mar 11 13:22:25.970038 dv-neutron-833202-1-hyperv devstack@placement-api.service[103667]: DEBUG placement.requestlog [req-63f5138e-8855-407c-9430-60f663cd7747 req-ae44893a-a5ab-4763-bb47-89cf326a7013 None None] Starting request: 10.222.0.74 "GET /placement/resource_providers/2c3548aa-549b-424e-92db-847cc7ac3957/inventories" {{(pid=103667) __call__ /opt/stack/placement/placement/requestlog.py:55}}
Mar 11 13:22:25.991623 dv-neutron-833202-1-hyperv devstack@placement-api.service[103667]: INFO placement.requestlog [req-63f5138e-8855-407c-9430-60f663cd7747 req-ae44893a-a5ab-4763-bb47-89cf326a7013 service placement] 10.222.0.74 "GET /placement/resource_providers/2c3548aa-549b-424e-92db-847cc7ac3957/inventories" status: 200 len: 398 microversion: 1.0
Mar 11 13:22:25.991987 dv-neutron-833202-1-hyperv devstack@placement-api.service[103667]: [pid: 103667|app: 0|req: 34/68] 10.222.0.74 () {58 vars in 1390 bytes} [Fri Mar 11 13:22:25 2022] GET /placement/resource_providers/2c3548aa-549b-424e-92db-847cc7ac3957/inventories => generated 398 bytes in 22 msecs (HTTP/1.1 200) 6 headers in 224 bytes (1 switches on core 0)
Mar 11 13:22:26.001868 dv-neutron-833202-1-hyperv devstack@placement-api.service[103666]: DEBUG placement.requestlog [req-63f5138e-8855-407c-9430-60f663cd7747 req-235eae7d-e9dc-41ed-8165-085e622fa292 None None] Starting request: 10.222.0.74 "GET /placement/resource_providers/2c3548aa-549b-424e-92db-847cc7ac3957/aggregates" {{(pid=103666) __call__ /opt/stack/placement/placement/requestlog.py:55}}
Mar 11 13:22:26.020609 dv-neutron-833202-1-hyperv devstack@placement-api.service[103666]: INFO placement.requestlog [req-63f5138e-8855-407c-9430-60f663cd7747 req-235eae7d-e9dc-41ed-8165-085e622fa292 service placement] 10.222.0.74 "GET /placement/resource_providers/2c3548aa-549b-424e-92db-847cc7ac3957/aggregates" status: 200 len: 54 microversion: 1.19
Mar 11 13:22:26.020609 dv-neutron-833202-1-hyperv devstack@placement-api.service[103666]: [pid: 103666|app: 0|req: 35/69] 10.222.0.74 () {60 vars in 1431 bytes} [Fri Mar 11 13:22:26 2022] GET /placement/resource_providers/2c3548aa-549b-424e-92db-847cc7ac3957/aggregates => generated 54 bytes in 19 msecs (HTTP/1.1 200) 8 headers in 295 bytes (2 switches on core 0)
Mar 11 13:22:26.031270 dv-neutron-833202-1-hyperv devstack@placement-api.service[103667]: DEBUG placement.requestlog [req-63f5138e-8855-407c-9430-60f663cd7747 req-a9b5377f-bf46-469f-935c-14f30237c535 None None] Starting request: 10.222.0.74 "GET /placement/resource_providers/2c3548aa-549b-424e-92db-847cc7ac3957/traits" {{(pid=103667) __call__ /opt/stack/placement/placement/requestlog.py:55}}
Mar 11 13:22:26.059150 dv-neutron-833202-1-hyperv devstack@placement-api.service[103667]: INFO placement.requestlog [req-63f5138e-8855-407c-9430-60f663cd7747 req-a9b5377f-bf46-469f-935c-14f30237c535 service placement] 10.222.0.74 "GET /placement/resource_providers/2c3548aa-549b-424e-92db-847cc7ac3957/traits" status: 200 len: 300 microversion: 1.6
Mar 11 13:22:26.059516 dv-neutron-833202-1-hyperv devstack@placement-api.service[103667]: [pid: 103667|app: 0|req: 35/70] 10.222.0.74 () {60 vars in 1418 bytes} [Fri Mar 11 13:22:26 2022] GET /placement/resource_providers/2c3548aa-549b-424e-92db-847cc7ac3957/traits => generated 300 bytes in 30 msecs (HTTP/1.1 200) 6 headers in 224 bytes (1 switches on core 0)
Mar 11 13:22:27.382209 dv-neutron-833202-1-hyperv devstack@placement-api.service[103666]: DEBUG placement.requestlog [req-fe7ac6b4-4ab7-48c0-9fca-329670eba7e7 req-a25d2250-b41a-4faf-aee1-fd209727f209 None None] Starting request: 10.222.0.74 "GET /placement/allocations/15e56233-f7ea-4700-83d4-e041f0fce472" {{(pid=103666) __call__ /opt/stack/placement/placement/requestlog.py:55}}
Mar 11 13:22:27.403501 dv-neutron-833202-1-hyperv devstack@placement-api.service[103666]: INFO placement.requestlog [req-fe7ac6b4-4ab7-48c0-9fca-329670eba7e7 req-a25d2250-b41a-4faf-aee1-fd209727f209 service placement] 10.222.0.74 "GET /placement/allocations/15e56233-f7ea-4700-83d4-e041f0fce472" status: 200 len: 259 microversion: 1.28
Mar 11 13:22:27.404317 dv-neutron-833202-1-hyperv devstack@placement-api.service[103666]: [pid: 103666|app: 0|req: 36/71] 10.222.0.74 () {60 vars in 1377 bytes} [Fri Mar 11 13:22:27 2022] GET /placement/allocations/15e56233-f7ea-4700-83d4-e041f0fce472 => generated 259 bytes in 22 msecs (HTTP/1.1 200) 8 headers in 296 bytes (2 switches on core 0)
Mar 11 13:22:52.667243 dv-neutron-833202-1-hyperv devstack@placement-api.service[103667]: DEBUG placement.requestlog [req-376c25a2-1276-44e1-ad6e-0e7efab3fe0c req-2c0fe2ae-c8b4-482a-91a3-b4f79c4c0692 None None] Starting request: 10.222.0.74 "DELETE /placement/allocations/393bd4ec-ff16-453a-9576-ba712dd312d5" {{(pid=103667) __call__ /opt/stack/placement/placement/requestlog.py:55}}
Mar 11 13:22:52.873746 dv-neutron-833202-1-hyperv devstack@placement-api.service[103667]: DEBUG placement.handlers.allocation [req-376c25a2-1276-44e1-ad6e-0e7efab3fe0c req-2c0fe2ae-c8b4-482a-91a3-b4f79c4c0692 service placement] Successfully deleted allocations [, , ] {{(pid=103667) delete_allocations /opt/stack/placement/placement/handlers/allocation.py:627}}
Mar 11 13:22:52.874239 dv-neutron-833202-1-hyperv devstack@placement-api.service[103667]: INFO placement.requestlog [req-376c25a2-1276-44e1-ad6e-0e7efab3fe0c req-2c0fe2ae-c8b4-482a-91a3-b4f79c4c0692 service placement] 10.222.0.74 "DELETE /placement/allocations/393bd4ec-ff16-453a-9576-ba712dd312d5" status: 204 len: 0 microversion: 1.0
Mar 11 13:22:52.877205 dv-neutron-833202-1-hyperv devstack@placement-api.service[103667]: [pid: 103667|app: 0|req: 36/72] 10.222.0.74 () {60 vars in 1355 bytes} [Fri Mar 11 13:22:52 2022] DELETE /placement/allocations/393bd4ec-ff16-453a-9576-ba712dd312d5 => generated 0 bytes in 208 msecs (HTTP/1.1 204) 5 headers in 198 bytes (1 switches on core 0)
Mar 11 13:22:53.959498 dv-neutron-833202-1-hyperv devstack@placement-api.service[103666]: DEBUG placement.requestlog [req-f2b374cb-de88-4315-85c5-f60706805c21 req-655039d7-bddd-4ea2-b640-65fa884b3d17 None None] Starting request: 10.222.0.74 "DELETE /placement/allocations/15e56233-f7ea-4700-83d4-e041f0fce472" {{(pid=103666) __call__ /opt/stack/placement/placement/requestlog.py:55}}
Mar 11 13:22:54.546229 dv-neutron-833202-1-hyperv devstack@placement-api.service[103666]: DEBUG placement.handlers.allocation [req-f2b374cb-de88-4315-85c5-f60706805c21 req-655039d7-bddd-4ea2-b640-65fa884b3d17 service placement] Successfully deleted allocations [, , ] {{(pid=103666) delete_allocations /opt/stack/placement/placement/handlers/allocation.py:627}}
Mar 11 13:22:54.546999 dv-neutron-833202-1-hyperv devstack@placement-api.service[103666]: INFO placement.requestlog [req-f2b374cb-de88-4315-85c5-f60706805c21 req-655039d7-bddd-4ea2-b640-65fa884b3d17 service placement] 10.222.0.74 "DELETE /placement/allocations/15e56233-f7ea-4700-83d4-e041f0fce472" status: 204 len: 0 microversion: 1.0
Mar 11 13:22:54.547372 dv-neutron-833202-1-hyperv devstack@placement-api.service[103666]: [pid: 103666|app: 0|req: 37/73] 10.222.0.74 () {60 vars in 1355 bytes} [Fri Mar 11 13:22:53 2022] DELETE /placement/allocations/15e56233-f7ea-4700-83d4-e041f0fce472 => generated 0 bytes in 588 msecs (HTTP/1.1 204) 5 headers in 198 bytes (1 switches on core 0)
Mar 11 13:23:10.006499 dv-neutron-833202-1-hyperv devstack@placement-api.service[103667]: DEBUG placement.requestlog [req-09bbdadc-1e7f-4283-8376-63bdfbaa9877 req-33a8d168-9838-475b-bec4-d6bb6a9accc5 None None] Starting request: 10.222.0.30 "GET /placement/allocation_candidates?limit=1000&resources=DISK_GB%3A1%2CMEMORY_MB%3A1024%2CVCPU%3A1&root_required=%21COMPUTE_STATUS_DISABLED" {{(pid=103667) __call__ /opt/stack/placement/placement/requestlog.py:55}}
Mar 11 13:23:10.037191 dv-neutron-833202-1-hyperv devstack@placement-api.service[103667]: DEBUG placement.objects.research_context [req-09bbdadc-1e7f-4283-8376-63bdfbaa9877 req-33a8d168-9838-475b-bec4-d6bb6a9accc5 service placement] getting providers with 1 DISK_GB {{(pid=103667) __init__ /opt/stack/placement/placement/objects/research_context.py:126}}
Mar 11 13:23:10.043083 dv-neutron-833202-1-hyperv devstack@placement-api.service[103667]: DEBUG placement.objects.research_context [req-09bbdadc-1e7f-4283-8376-63bdfbaa9877 req-33a8d168-9838-475b-bec4-d6bb6a9accc5 service placement] getting providers with 1024 MEMORY_MB {{(pid=103667) __init__ /opt/stack/placement/placement/objects/research_context.py:126}}
Mar 11 13:23:10.048935 dv-neutron-833202-1-hyperv devstack@placement-api.service[103667]: DEBUG placement.objects.research_context [req-09bbdadc-1e7f-4283-8376-63bdfbaa9877 req-33a8d168-9838-475b-bec4-d6bb6a9accc5 service placement] getting providers with 1 VCPU {{(pid=103667) __init__ /opt/stack/placement/placement/objects/research_context.py:126}}
Mar 11 13:23:10.055213 dv-neutron-833202-1-hyperv devstack@placement-api.service[103667]: DEBUG placement.objects.research_context [req-09bbdadc-1e7f-4283-8376-63bdfbaa9877 req-33a8d168-9838-475b-bec4-d6bb6a9accc5 service placement] found 1 providers with available 1 DISK_GB {{(pid=103667) get_provider_ids_matching /opt/stack/placement/placement/objects/research_context.py:549}}
Mar 11 13:23:10.055487 dv-neutron-833202-1-hyperv devstack@placement-api.service[103667]: DEBUG placement.objects.research_context [req-09bbdadc-1e7f-4283-8376-63bdfbaa9877 req-33a8d168-9838-475b-bec4-d6bb6a9accc5 service placement] found 1 providers with available 1024 MEMORY_MB {{(pid=103667) get_provider_ids_matching /opt/stack/placement/placement/objects/research_context.py:549}}
Mar 11 13:23:10.055794 dv-neutron-833202-1-hyperv devstack@placement-api.service[103667]: DEBUG placement.objects.research_context [req-09bbdadc-1e7f-4283-8376-63bdfbaa9877 req-33a8d168-9838-475b-bec4-d6bb6a9accc5 service placement] found 1 providers after filtering by previous result {{(pid=103667) get_provider_ids_matching /opt/stack/placement/placement/objects/research_context.py:580}}
Mar 11 13:23:10.056149 dv-neutron-833202-1-hyperv devstack@placement-api.service[103667]: DEBUG placement.objects.research_context [req-09bbdadc-1e7f-4283-8376-63bdfbaa9877 req-33a8d168-9838-475b-bec4-d6bb6a9accc5 service placement] found 1 providers with available 1 VCPU {{(pid=103667) get_provider_ids_matching /opt/stack/placement/placement/objects/research_context.py:549}}
Mar 11 13:23:10.056365 dv-neutron-833202-1-hyperv devstack@placement-api.service[103667]: DEBUG placement.objects.research_context [req-09bbdadc-1e7f-4283-8376-63bdfbaa9877 req-33a8d168-9838-475b-bec4-d6bb6a9accc5 service placement] found 1 providers after filtering by previous result {{(pid=103667) get_provider_ids_matching /opt/stack/placement/placement/objects/research_context.py:580}}
Mar 11 13:23:10.066812 dv-neutron-833202-1-hyperv devstack@placement-api.service[103667]: DEBUG placement.objects.allocation_candidate [req-09bbdadc-1e7f-4283-8376-63bdfbaa9877 req-33a8d168-9838-475b-bec4-d6bb6a9accc5 service placement] RequestGroup(use_same_provider=False, resources={DISK_GB:1, MEMORY_MB:1024, VCPU:1}, traits=[], aggregates=[]) (suffix '') returned 1 matches {{(pid=103667) _get_by_requests /opt/stack/placement/placement/objects/allocation_candidate.py:145}}
Mar 11 13:23:10.067282 dv-neutron-833202-1-hyperv devstack@placement-api.service[103667]: DEBUG placement.objects.allocation_candidate [req-09bbdadc-1e7f-4283-8376-63bdfbaa9877 req-33a8d168-9838-475b-bec4-d6bb6a9accc5 service placement] Merging candidates yields 1 allocation requests and 1 provider summaries {{(pid=103667) _merge_candidates /opt/stack/placement/placement/objects/allocation_candidate.py:783}}
Mar 11 13:23:10.068484 dv-neutron-833202-1-hyperv devstack@placement-api.service[103667]: INFO placement.requestlog [req-09bbdadc-1e7f-4283-8376-63bdfbaa9877 req-33a8d168-9838-475b-bec4-d6bb6a9accc5 service placement] 10.222.0.30 "GET /placement/allocation_candidates?limit=1000&resources=DISK_GB%3A1%2CMEMORY_MB%3A1024%2CVCPU%3A1&root_required=%21COMPUTE_STATUS_DISABLED" status: 200 len: 767 microversion: 1.36
Mar 11 13:23:10.068712 dv-neutron-833202-1-hyperv devstack@placement-api.service[103667]: [pid: 103667|app: 0|req: 37/74] 10.222.0.30 () {60 vars in 1506 bytes} [Fri Mar 11 13:23:10 2022] GET /placement/allocation_candidates?limit=1000&resources=DISK_GB%3A1%2CMEMORY_MB%3A1024%2CVCPU%3A1&root_required=%21COMPUTE_STATUS_DISABLED => generated 767 bytes in 62 msecs (HTTP/1.1 200) 8 headers in 296 bytes (1 switches on core 0)
Mar 11 13:23:10.105478 dv-neutron-833202-1-hyperv devstack@placement-api.service[103666]: DEBUG placement.requestlog [req-09bbdadc-1e7f-4283-8376-63bdfbaa9877 req-3097f180-a127-4e23-b3f9-94f0d2c454f2 None None] Starting request: 10.222.0.30 "GET /placement/allocations/a02ec78c-2b60-4592-8dbd-c77c2e4aad80" {{(pid=103666) __call__ /opt/stack/placement/placement/requestlog.py:55}}
Mar 11 13:23:10.116628 dv-neutron-833202-1-hyperv devstack@placement-api.service[103666]: INFO placement.requestlog [req-09bbdadc-1e7f-4283-8376-63bdfbaa9877 req-3097f180-a127-4e23-b3f9-94f0d2c454f2 service placement] 10.222.0.30 "GET /placement/allocations/a02ec78c-2b60-4592-8dbd-c77c2e4aad80" status: 200 len: 19 microversion: 1.28
Mar 11 13:23:10.116836 dv-neutron-833202-1-hyperv devstack@placement-api.service[103666]: [pid: 103666|app: 0|req: 38/75] 10.222.0.30 () {60 vars in 1380 bytes} [Fri Mar 11 13:23:10 2022] GET /placement/allocations/a02ec78c-2b60-4592-8dbd-c77c2e4aad80 => generated 19 bytes in 12 msecs (HTTP/1.1 200) 8 headers in 295 bytes (2 switches on core 0)
Mar 11 13:23:10.122546 dv-neutron-833202-1-hyperv devstack@placement-api.service[103667]: DEBUG placement.requestlog [req-09bbdadc-1e7f-4283-8376-63bdfbaa9877 req-d5f3d777-35cc-477d-bab5-1d746b443efe None None] Starting request: 10.222.0.30 "PUT /placement/allocations/a02ec78c-2b60-4592-8dbd-c77c2e4aad80" {{(pid=103667) __call__ /opt/stack/placement/placement/requestlog.py:55}}
Mar 11 13:23:10.255226 dv-neutron-833202-1-hyperv devstack@placement-api.service[103667]: DEBUG placement.handlers.allocation [req-09bbdadc-1e7f-4283-8376-63bdfbaa9877 req-d5f3d777-35cc-477d-bab5-1d746b443efe service placement] Successfully wrote allocations [, , ] {{(pid=103667) _update_consumers_and_create_allocations /opt/stack/placement/placement/handlers/allocation.py:462}}
Mar 11 13:23:10.339815 dv-neutron-833202-1-hyperv devstack@placement-api.service[103667]: INFO placement.requestlog [req-09bbdadc-1e7f-4283-8376-63bdfbaa9877 req-d5f3d777-35cc-477d-bab5-1d746b443efe service placement] 10.222.0.30 "PUT /placement/allocations/a02ec78c-2b60-4592-8dbd-c77c2e4aad80" status: 204 len: 0 microversion: 1.36
Mar 11 13:23:10.340107 dv-neutron-833202-1-hyperv devstack@placement-api.service[103667]: [pid: 103667|app: 0|req: 38/76] 10.222.0.30 () {64 vars in 1433 bytes} [Fri Mar 11 13:23:10 2022] PUT /placement/allocations/a02ec78c-2b60-4592-8dbd-c77c2e4aad80 => generated 0 bytes in 218 msecs (HTTP/1.1 204) 5 headers in 199 bytes (1 switches on core 0)
Mar 11 13:23:11.245408 dv-neutron-833202-1-hyperv devstack@placement-api.service[103666]: DEBUG placement.requestlog [req-09bbdadc-1e7f-4283-8376-63bdfbaa9877 req-9d60f9fa-2298-4223-89ce-2cb89b2accfd None None] Starting request: 10.222.0.74 "GET /placement/allocations/a02ec78c-2b60-4592-8dbd-c77c2e4aad80" {{(pid=103666) __call__ /opt/stack/placement/placement/requestlog.py:55}}
Mar 11 13:23:11.261472 dv-neutron-833202-1-hyperv devstack@placement-api.service[103666]: INFO placement.requestlog [req-09bbdadc-1e7f-4283-8376-63bdfbaa9877 req-9d60f9fa-2298-4223-89ce-2cb89b2accfd service placement] 10.222.0.74 "GET /placement/allocations/a02ec78c-2b60-4592-8dbd-c77c2e4aad80" status: 200 len: 259 microversion: 1.28
Mar 11 13:23:11.261676 dv-neutron-833202-1-hyperv devstack@placement-api.service[103666]: [pid: 103666|app: 0|req: 39/77] 10.222.0.74 () {60 vars in 1377 bytes} [Fri Mar 11 13:23:11 2022] GET /placement/allocations/a02ec78c-2b60-4592-8dbd-c77c2e4aad80 => generated 259 bytes in 17 msecs (HTTP/1.1 200) 8 headers in 296 bytes (2 switches on core 0)
Mar 11 13:23:26.943097 dv-neutron-833202-1-hyperv devstack@placement-api.service[103667]: DEBUG placement.requestlog [req-4187b660-0d46-42d9-8c61-f553a716a609 req-cce57b39-4498-4894-acdd-57fbddf328ae None None] Starting request: 10.222.0.74 "GET /placement/resource_providers/2c3548aa-549b-424e-92db-847cc7ac3957/allocations" {{(pid=103667) __call__ /opt/stack/placement/placement/requestlog.py:55}}
Mar 11 13:23:26.959559 dv-neutron-833202-1-hyperv devstack@placement-api.service[103667]: INFO placement.requestlog [req-4187b660-0d46-42d9-8c61-f553a716a609 req-cce57b39-4498-4894-acdd-57fbddf328ae service placement] 10.222.0.74 "GET /placement/resource_providers/2c3548aa-549b-424e-92db-847cc7ac3957/allocations" status: 200 len: 342 microversion: 1.0
Mar 11 13:23:26.959905 dv-neutron-833202-1-hyperv devstack@placement-api.service[103667]: [pid: 103667|app: 0|req: 39/78] 10.222.0.74 () {58 vars in 1390 bytes} [Fri Mar 11 13:23:26 2022] GET /placement/resource_providers/2c3548aa-549b-424e-92db-847cc7ac3957/allocations => generated 342 bytes in 22 msecs (HTTP/1.1 200) 6 headers in 224 bytes (1 switches on core 0)
Mar 11 13:24:03.815094 dv-neutron-833202-1-hyperv devstack@placement-api.service[103666]: DEBUG placement.requestlog [req-0b7d0ca2-2acc-49ad-90fd-fa87e7568170 req-dcdb2604-3f31-44e1-9d6c-dc292886a9c0 None None] Starting request: 10.222.0.74 "DELETE /placement/allocations/d0c6b192-dd57-4d20-9ab8-eaeb44da484b" {{(pid=103666) __call__ /opt/stack/placement/placement/requestlog.py:55}}
Mar 11 13:24:03.936280 dv-neutron-833202-1-hyperv devstack@placement-api.service[103666]: DEBUG placement.handlers.allocation [req-0b7d0ca2-2acc-49ad-90fd-fa87e7568170 req-dcdb2604-3f31-44e1-9d6c-dc292886a9c0 service placement] Successfully deleted allocations [, , ] {{(pid=103666) delete_allocations /opt/stack/placement/placement/handlers/allocation.py:627}}
Mar 11 13:24:03.936874 dv-neutron-833202-1-hyperv devstack@placement-api.service[103666]: INFO placement.requestlog [req-0b7d0ca2-2acc-49ad-90fd-fa87e7568170 req-dcdb2604-3f31-44e1-9d6c-dc292886a9c0 service placement] 10.222.0.74 "DELETE /placement/allocations/d0c6b192-dd57-4d20-9ab8-eaeb44da484b" status: 204 len: 0 microversion: 1.0
Mar 11 13:24:03.937281 dv-neutron-833202-1-hyperv devstack@placement-api.service[103666]: [pid: 103666|app: 0|req: 40/79] 10.222.0.74 () {60 vars in 1355 bytes} [Fri Mar 11 13:24:03 2022] DELETE /placement/allocations/d0c6b192-dd57-4d20-9ab8-eaeb44da484b => generated 0 bytes in 122 msecs (HTTP/1.1 204) 5 headers in 198 bytes (1 switches on core 0)
Mar 11 13:24:27.882145 dv-neutron-833202-1-hyperv devstack@placement-api.service[103667]: DEBUG placement.requestlog [req-524b91c3-ef17-4434-a1b0-d0cab1ab77d2 req-ca7ef5fe-bfa0-4023-a480-ad97798a53cd None None] Starting request: 10.222.0.74 "GET /placement/resource_providers/2c3548aa-549b-424e-92db-847cc7ac3957/allocations" {{(pid=103667) __call__ /opt/stack/placement/placement/requestlog.py:55}}
Mar 11 13:24:27.902367 dv-neutron-833202-1-hyperv devstack@placement-api.service[103667]: INFO placement.requestlog [req-524b91c3-ef17-4434-a1b0-d0cab1ab77d2 req-ca7ef5fe-bfa0-4023-a480-ad97798a53cd service placement] 10.222.0.74 "GET /placement/resource_providers/2c3548aa-549b-424e-92db-847cc7ac3957/allocations" status: 200 len: 241 microversion: 1.0
Mar 11 13:24:27.902646 dv-neutron-833202-1-hyperv devstack@placement-api.service[103667]: [pid: 103667|app: 0|req: 40/80] 10.222.0.74 () {58 vars in 1390 bytes} [Fri Mar 11 13:24:27 2022] GET /placement/resource_providers/2c3548aa-549b-424e-92db-847cc7ac3957/allocations => generated 241 bytes in 21 msecs (HTTP/1.1 200) 6 headers in 224 bytes (1 switches on core 0)
Mar 11 13:24:49.909588 dv-neutron-833202-1-hyperv devstack@placement-api.service[103666]: DEBUG placement.requestlog [req-0f6d2d60-5530-4650-abb4-e4f03a20a3bd req-24863ace-814c-49a2-9430-6ae5cb948471 None None] Starting request: 10.222.0.74 "DELETE /placement/allocations/2a7d2635-00db-415b-bc8e-edad42800e0b" {{(pid=103666) __call__ /opt/stack/placement/placement/requestlog.py:55}}
Mar 11 13:24:50.046303 dv-neutron-833202-1-hyperv devstack@placement-api.service[103666]: DEBUG placement.handlers.allocation [req-0f6d2d60-5530-4650-abb4-e4f03a20a3bd req-24863ace-814c-49a2-9430-6ae5cb948471 service placement] Successfully deleted allocations [, ] {{(pid=103666) delete_allocations /opt/stack/placement/placement/handlers/allocation.py:627}}
Mar 11 13:24:50.046831 dv-neutron-833202-1-hyperv devstack@placement-api.service[103666]: INFO placement.requestlog [req-0f6d2d60-5530-4650-abb4-e4f03a20a3bd req-24863ace-814c-49a2-9430-6ae5cb948471 service placement] 10.222.0.74 "DELETE /placement/allocations/2a7d2635-00db-415b-bc8e-edad42800e0b" status: 204 len: 0 microversion: 1.0
Mar 11 13:24:50.047082 dv-neutron-833202-1-hyperv devstack@placement-api.service[103666]: [pid: 103666|app: 0|req: 41/81] 10.222.0.74 () {60 vars in 1355 bytes} [Fri Mar 11 13:24:49 2022] DELETE /placement/allocations/2a7d2635-00db-415b-bc8e-edad42800e0b => generated 0 bytes in 138 msecs (HTTP/1.1 204) 5 headers in 198 bytes (1 switches on core 0)
