Mar 12 12:48:48.063979 dv-neutron-833197-1-hyperv neutron-server[114083]: DEBUG neutron.api.rpc.handlers.resources_rpc [None req-727dd5a3-9056-4d9c-9d15-85120e1de7dd None None] Pushing event updated for resources: {'Port': ['ID=0515c75b-ea3c-413b-af72-eff417e5b15c,revision_number=1']} {{(pid=114083) push /opt/stack/neutron/neutron/api/rpc/handlers/resources_rpc.py:237}}
Mar 12 12:48:48.066086 dv-neutron-833197-1-hyperv neutron-server[114084]: DEBUG neutron.api.rpc.handlers.l3_rpc [None req-345e98d2-4c86-4f0b-840b-1c4e15f4e2b1 None None] The sync data for ids ['99e8b29d-30ff-45fd-bada-e8b543ef1cf9'] in dv-neutron-833197-1-hyperv is: [{'id': '99e8b29d-30ff-45fd-bada-e8b543ef1cf9', 'name': 'tempest-ServerActionsTestJSON-715667901-router', 'tenant_id': '1d279fff3917425ea1a6c363455caf44', 'admin_state_up': True, 'status': 'ACTIVE', 'external_gateway_info': {'network_id': 'f36c0bf4-d7d4-488e-9b2a-8dc35e8998ec', 'external_fixed_ips': [{'subnet_id': 'f3216f29-799d-40ce-a83c-2c32b92cb5a8', 'ip_address': '172.26.5.168'}], 'enable_snat': True}, 'gw_port_id': '076da0ee-5dd4-4af3-b013-78c391d0ab74', 'description': '', 'availability_zones': ['nova'], 'distributed': False, 'ha': False, 'ha_vr_id': 0, 'availability_zone_hints': [], 'routes': [], 'flavor_id': None, 'tags': [], 'created_at': '2022-03-12T12:48:40Z', 'updated_at': '2022-03-12T12:48:43Z', 'revision_number': 3, 'project_id': '1d279fff3917425ea1a6c363455caf44', 'gw_port': {'id': '076da0ee-5dd4-4af3-b013-78c391d0ab74', 'name': '', 'network_id': 'f36c0bf4-d7d4-488e-9b2a-8dc35e8998ec', 'tenant_id': '', 'mac_address': 'fa:16:3e:42:48:49', 'admin_state_up': True, 'status': 'DOWN', 'device_id': '99e8b29d-30ff-45fd-bada-e8b543ef1cf9', 'device_owner': 'network:router_gateway', 'standard_attr_id': 62, 'fixed_ips': [{'subnet_id': 'f3216f29-799d-40ce-a83c-2c32b92cb5a8', 'ip_address': '172.26.5.168', 'prefixlen': 24}], 'allowed_address_pairs': [], 'extra_dhcp_opts': [], 'security_groups': [], 'description': '', 'binding:vnic_type': 'normal', 'binding:profile': {}, 'binding:host_id': 'dv-neutron-833197-1-hyperv', 'binding:vif_type': 'ovs', 'binding:vif_details': {'connectivity': 'l2', 'port_filter': True, 'ovs_hybrid_plug': False, 'datapath_type': 'system', 'bridge_name': 'br-int'}, 'port_security_enabled': False, 'tags': [], 'created_at': '2022-03-12T12:48:42Z', 'updated_at': '2022-03-12T12:48:47Z', 'revision_number': 3, 'project_id': '', 'subnets': [{'id': 'f3216f29-799d-40ce-a83c-2c32b92cb5a8', 'cidr': '172.26.5.0/24', 'gateway_ip': '172.26.5.1', 'dns_nameservers': [], 'ipv6_ra_mode': None, 'subnetpool_id': None}], 'extra_subnets': [], 'address_scopes': {4: None, 6: None}, 'mtu': 1500}, 'enable_snat': True, 'gw_port_host': 'dv-neutron-833197-1-hyperv'}] {{(pid=114084) sync_routers /opt/stack/neutron/neutron/api/rpc/handlers/l3_rpc.py:137}}
Mar 12 12:48:48.070467 dv-neutron-833197-1-hyperv neutron-server[114081]: DEBUG neutron.wsgi [-] (114081) accepted ('10.222.0.11', 42106) {{(pid=114081) server /usr/local/lib/python3.8/dist-packages/eventlet/wsgi.py:982}}
Mar 12 12:48:48.072967 dv-neutron-833197-1-hyperv neutron-server[114082]: DEBUG neutron_lib.callbacks.manager [None req-302c0eef-2989-4a5e-a2dc-84e4f5d26bb2 tempest-ExternalNetworksAdminNegativeTestJSON-1295814584 tempest-ExternalNetworksAdminNegativeTestJSON-1295814584-project-admin] Notify callbacks [] for security_group, precommit_create {{(pid=114082) _notify_loop /usr/local/lib/python3.8/dist-packages/neutron_lib/callbacks/manager.py:192}}
Mar 12 12:48:48.121782 dv-neutron-833197-1-hyperv neutron-server[114082]: DEBUG neutron_lib.callbacks.manager [None req-302c0eef-2989-4a5e-a2dc-84e4f5d26bb2 tempest-ExternalNetworksAdminNegativeTestJSON-1295814584 tempest-ExternalNetworksAdminNegativeTestJSON-1295814584-project-admin] Notify callbacks ['neutron.plugins.ml2.ovo_rpc._ObjectChangeHandler.handle_event-1583034'] for security_group, after_create {{(pid=114082) _notify_loop /usr/local/lib/python3.8/dist-packages/neutron_lib/callbacks/manager.py:192}}
Mar 12 12:48:48.160685 dv-neutron-833197-1-hyperv neutron-server[114082]: DEBUG neutron.notifiers.nova [None req-302c0eef-2989-4a5e-a2dc-84e4f5d26bb2 tempest-ExternalNetworksAdminNegativeTestJSON-1295814584 tempest-ExternalNetworksAdminNegativeTestJSON-1295814584-project-admin] device_id is not set on port e6ad9fd7-0b62-42af-98b7-8a19390de8cd yet. {{(pid=114082) _can_notify /opt/stack/neutron/neutron/notifiers/nova.py:199}}
Mar 12 12:48:48.160910 dv-neutron-833197-1-hyperv neutron-server[114083]: DEBUG neutron.plugins.ml2.managers [None req-727dd5a3-9056-4d9c-9d15-85120e1de7dd None None] Attempting to bind port 0515c75b-ea3c-413b-af72-eff417e5b15c on host dv-neutron-833197-1-hyperv for vnic_type normal with profile {{(pid=114083) bind_port /opt/stack/neutron/neutron/plugins/ml2/managers.py:790}}
Mar 12 12:48:48.161841 dv-neutron-833197-1-hyperv neutron-server[114083]: DEBUG neutron.plugins.ml2.managers [None req-727dd5a3-9056-4d9c-9d15-85120e1de7dd None None] Attempting to bind port 0515c75b-ea3c-413b-af72-eff417e5b15c by drivers openvswitch,hyperv on host dv-neutron-833197-1-hyperv at level 0 using segments [{'id': '21480fbd-70c0-4898-9bcd-1de64c91d1d1', 'network_type': 'vlan', 'physical_network': 'physnet1', 'segmentation_id': 256, 'network_id': '37128cd5-bbd2-4b43-953d-728697a6e11e'}] {{(pid=114083) _bind_port_level /opt/stack/neutron/neutron/plugins/ml2/managers.py:815}}
Mar 12 12:48:48.162450 dv-neutron-833197-1-hyperv neutron-server[114083]: DEBUG neutron.plugins.ml2.drivers.mech_agent [None req-727dd5a3-9056-4d9c-9d15-85120e1de7dd None None] Attempting to bind port 0515c75b-ea3c-413b-af72-eff417e5b15c on network 37128cd5-bbd2-4b43-953d-728697a6e11e {{(pid=114083) bind_port /opt/stack/neutron/neutron/plugins/ml2/drivers/mech_agent.py:91}}
Mar 12 12:48:48.178118 dv-neutron-833197-1-hyperv neutron-server[114083]: DEBUG neutron.plugins.ml2.drivers.mech_agent [None req-727dd5a3-9056-4d9c-9d15-85120e1de7dd None None] Checking agent: {'id': 'cad94bf7-8df7-498a-b28f-1444477c2494', 'agent_type': 'Open vSwitch agent', 'binary': 'neutron-openvswitch-agent', 'topic': 'N/A', 'host': 'dv-neutron-833197-1-hyperv', 'admin_state_up': True, 'created_at': datetime.datetime(2022, 3, 12, 12, 41), 'started_at': datetime.datetime(2022, 3, 12, 12, 41, 30), 'heartbeat_timestamp': datetime.datetime(2022, 3, 12, 12, 48, 30), 'description': None, 'resources_synced': None, 'availability_zone': None, 'alive': True, 'configurations': {'arp_responder_enabled': False, 'baremetal_smartnic': False, 'bridge_mappings': {'physnet1': 'br-data'}, 'datapath_type': 'system', 'devices': 0, 'enable_distributed_routing': False, 'extensions': [], 'in_distributed_mode': False, 'integration_bridge': 'br-int', 'l2_population': False, 'log_agent_heartbeats': False, 'ovs_capabilities': {'datapath_types': ['netdev', 'system'], 'iface_types': ['erspan', 'geneve', 'gre', 'internal', 'ip6erspan', 'ip6gre', 'lisp', 'patch', 'stt', 'system', 'tap', 'vxlan']}, 'ovs_hybrid_plug': False, 'resource_provider_bandwidths': {}, 'resource_provider_hypervisors': {'br-data': 'dv-neutron-833197-1-hyperv'}, 'resource_provider_inventory_defaults': {'allocation_ratio': 1.0, 'min_unit': 1, 'step_size': 1, 'reserved': 0}, 'tunnel_types': [], 'tunneling_ip': None, 'vhostuser_socket_dir': '/var/run/openvswitch'}, 'resource_versions': {'AddressGroup': '1.2', 'ConntrackHelper': '1.0', 'Log': '1.0', 'Network': '1.1', 'Port': '1.7', 'PortForwarding': '1.2', 'QosPolicy': '1.9', 'SecurityGroup': '1.4', 'SecurityGroupRule': '1.2', 'SubPort': '1.0', 'Subnet': '1.1', 'Trunk': '1.1'}} {{(pid=114083) bind_port /opt/stack/neutron/neutron/plugins/ml2/drivers/mech_agent.py:110}}
Mar 12 12:48:48.178495 dv-neutron-833197-1-hyperv neutron-server[114083]: DEBUG neutron.plugins.ml2.drivers.mech_agent [None req-727dd5a3-9056-4d9c-9d15-85120e1de7dd None None] Checking segment: {'id': '21480fbd-70c0-4898-9bcd-1de64c91d1d1', 'network_type': 'vlan', 'physical_network': 'physnet1', 'segmentation_id': 256, 'network_id': '37128cd5-bbd2-4b43-953d-728697a6e11e'} for mappings: {'physnet1': 'br-data'} with network types: ['local', 'flat', 'vlan'] {{(pid=114083) check_segment_for_agent /opt/stack/neutron/neutron/plugins/ml2/drivers/mech_agent.py:360}}
Mar 12 12:48:48.178903 dv-neutron-833197-1-hyperv neutron-server[114083]: DEBUG neutron_lib.callbacks.manager [None req-727dd5a3-9056-4d9c-9d15-85120e1de7dd None None] Notify callbacks [] for ovs_bridge_name, before_read {{(pid=114083) _notify_loop /usr/local/lib/python3.8/dist-packages/neutron_lib/callbacks/manager.py:192}}
Mar 12 12:48:48.179295 dv-neutron-833197-1-hyperv neutron-server[114083]: DEBUG neutron.plugins.ml2.drivers.mech_agent [None req-727dd5a3-9056-4d9c-9d15-85120e1de7dd None None] Bound using segment: {'id': '21480fbd-70c0-4898-9bcd-1de64c91d1d1', 'network_type': 'vlan', 'physical_network': 'physnet1', 'segmentation_id': 256, 'network_id': '37128cd5-bbd2-4b43-953d-728697a6e11e'} {{(pid=114083) bind_port /opt/stack/neutron/neutron/plugins/ml2/drivers/mech_agent.py:120}}
Mar 12 12:48:48.179770 dv-neutron-833197-1-hyperv neutron-server[114083]: DEBUG neutron.plugins.ml2.managers [None req-727dd5a3-9056-4d9c-9d15-85120e1de7dd None None] Bound port: 0515c75b-ea3c-413b-af72-eff417e5b15c, host: dv-neutron-833197-1-hyperv, vif_type: ovs, vif_details: {"connectivity": "l2", "port_filter": true, "ovs_hybrid_plug": false, "datapath_type": "system", "bridge_name": "br-int"}, binding_levels: [{'bound_driver': 'openvswitch', 'bound_segment': {'id': '21480fbd-70c0-4898-9bcd-1de64c91d1d1', 'network_type': 'vlan', 'physical_network': 'physnet1', 'segmentation_id': 256, 'network_id': '37128cd5-bbd2-4b43-953d-728697a6e11e'}}] {{(pid=114083) _bind_port_level /opt/stack/neutron/neutron/plugins/ml2/managers.py:928}}
Mar 12 12:48:48.180163 dv-neutron-833197-1-hyperv neutron-server[114083]: DEBUG neutron_lib.callbacks.manager [None req-727dd5a3-9056-4d9c-9d15-85120e1de7dd None None] Notify callbacks ['neutron.plugins.ml2.plugin.SecurityGroupDbMixin._ensure_default_security_group_handler-1585391'] for port, before_update {{(pid=114083) _notify_loop /usr/local/lib/python3.8/dist-packages/neutron_lib/callbacks/manager.py:192}}
Mar 12 12:48:48.194066 dv-neutron-833197-1-hyperv neutron-server[114082]: DEBUG neutron.scheduler.dhcp_agent_scheduler [None req-6e1aa483-3ea3-4852-b2ec-730a25e712da tempest-PortsAdminExtendedAttrsTestJSON-63995799 tempest-PortsAdminExtendedAttrsTestJSON-63995799-project-admin] Network ac6e87e6-5ee7-43f0-9bb7-8c96a4b2da43 is scheduled to be hosted by DHCP agent 7077417c-54da-42b6-a41d-1896b3b225b3 with binding_index 1 {{(pid=114082) bind /opt/stack/neutron/neutron/scheduler/dhcp_agent_scheduler.py:227}}
Mar 12 12:48:48.203662 dv-neutron-833197-1-hyperv neutron-server[114083]: DEBUG neutron.db.provisioning_blocks [None req-5c61e068-09fe-406a-a5e3-9e0cc19cb038 None None] Provisioning complete for port 6d1ce34a-afb0-45a9-b466-791048759221 triggered by entity L2. {{(pid=114083) provisioning_complete /opt/stack/neutron/neutron/db/provisioning_blocks.py:139}}
Mar 12 12:48:48.209891 dv-neutron-833197-1-hyperv neutron-server[114083]: DEBUG neutron_lib.callbacks.manager [None req-5c61e068-09fe-406a-a5e3-9e0cc19cb038 None None] Notify callbacks ['neutron.plugins.ml2.plugin.Ml2Plugin._port_provisioned-1789275'] for port, provisioning_complete {{(pid=114083) _notify_loop /usr/local/lib/python3.8/dist-packages/neutron_lib/callbacks/manager.py:192}}
Mar 12 12:48:48.279298 dv-neutron-833197-1-hyperv neutron-server[114082]: DEBUG neutron.api.rpc.handlers.resources_rpc [None req-302c0eef-2989-4a5e-a2dc-84e4f5d26bb2 tempest-ExternalNetworksAdminNegativeTestJSON-1295814584 tempest-ExternalNetworksAdminNegativeTestJSON-1295814584-project-admin] Pushing event updated for resources: {'SecurityGroup': ['ID=a8d7784a-09ba-4ace-b919-a64fff3897db,revision_number=1']} {{(pid=114082) push /opt/stack/neutron/neutron/api/rpc/handlers/resources_rpc.py:237}}
Mar 12 12:48:48.295274 dv-neutron-833197-1-hyperv neutron-server[114082]: DEBUG neutron.scheduler.base_scheduler [None req-6e1aa483-3ea3-4852-b2ec-730a25e712da tempest-PortsAdminExtendedAttrsTestJSON-63995799 tempest-PortsAdminExtendedAttrsTestJSON-63995799-project-admin] Resources bound (agent type, host, resource id): (DHCP agent, dv-neutron-833197-1-hyperv, ac6e87e6-5ee7-43f0-9bb7-8c96a4b2da43) {{(pid=114082) schedule /opt/stack/neutron/neutron/scheduler/base_scheduler.py:57}}
Mar 12 12:48:48.300623 dv-neutron-833197-1-hyperv neutron-server[114082]: DEBUG neutron.db.l3_dvrscheduler_db [None req-6e1aa483-3ea3-4852-b2ec-730a25e712da tempest-PortsAdminExtendedAttrsTestJSON-63995799 tempest-PortsAdminExtendedAttrsTestJSON-63995799-project-admin] Received port after_create {{(pid=114082) _notify_l3_agent_new_port /opt/stack/neutron/neutron/db/l3_dvrscheduler_db.py:536}}
Mar 12 12:48:48.306888 dv-neutron-833197-1-hyperv neutron-server[114083]: DEBUG neutron.plugins.ml2.db [None req-727dd5a3-9056-4d9c-9d15-85120e1de7dd None None] For port 0515c75b-ea3c-413b-af72-eff417e5b15c, host dv-neutron-833197-1-hyperv, cleared binding levels {{(pid=114083) clear_binding_levels /opt/stack/neutron/neutron/plugins/ml2/db.py:87}}
Mar 12 12:48:48.314478 dv-neutron-833197-1-hyperv neutron-server[114083]: DEBUG neutron.plugins.ml2.db [None req-727dd5a3-9056-4d9c-9d15-85120e1de7dd None None] For port 0515c75b-ea3c-413b-af72-eff417e5b15c, host dv-neutron-833197-1-hyperv, set binding levels [PortBindingLevel(driver='openvswitch',host='dv-neutron-833197-1-hyperv',level=0,port_id=0515c75b-ea3c-413b-af72-eff417e5b15c,segment=NetworkSegment(21480fbd-70c0-4898-9bcd-1de64c91d1d1),segment_id=21480fbd-70c0-4898-9bcd-1de64c91d1d1)] {{(pid=114083) set_binding_levels /opt/stack/neutron/neutron/plugins/ml2/db.py:59}}
Mar 12 12:48:48.327392 dv-neutron-833197-1-hyperv neutron-server[114083]: DEBUG neutron.api.rpc.handlers.dhcp_rpc [None req-5e54bd95-7999-40ec-8176-e7ca67611cc0 None None] Network ac6e87e6-5ee7-43f0-9bb7-8c96a4b2da43 requested from dv-neutron-833197-1-hyperv {{(pid=114083) get_network_info /opt/stack/neutron/neutron/api/rpc/handlers/dhcp_rpc.py:218}}
Mar 12 12:48:48.338339 dv-neutron-833197-1-hyperv neutron-server[114081]: DEBUG neutron_lib.callbacks.manager [None req-9c2280f1-781d-4a87-ae6a-a3eaa7012f29 admin admin] Notify callbacks [] for port, precommit_create {{(pid=114081) _notify_loop /usr/local/lib/python3.8/dist-packages/neutron_lib/callbacks/manager.py:192}}
Mar 12 12:48:48.343760 dv-neutron-833197-1-hyperv neutron-server[114082]: DEBUG neutron_lib.callbacks.manager [None req-a544ce84-ab53-4e50-bb56-f60c57a6897c admin admin] Notify callbacks [] for router_gateway, after_create {{(pid=114082) _notify_loop /usr/local/lib/python3.8/dist-packages/neutron_lib/callbacks/manager.py:192}}
Mar 12 12:48:48.344564 dv-neutron-833197-1-hyperv neutron-server[114081]: DEBUG neutron_lib.callbacks.manager [None req-a54eee88-627c-41ef-8ed3-b7caa57fa56b admin admin] Notify callbacks ['neutron.plugins.ml2.plugin.SecurityGroupDbMixin._ensure_default_security_group_handler-1585391'] for port, before_create {{(pid=114081) _notify_loop /usr/local/lib/python3.8/dist-packages/neutron_lib/callbacks/manager.py:192}}
Mar 12 12:48:48.351458 dv-neutron-833197-1-hyperv neutron-server[114081]: INFO neutron.wsgi [None req-229149c3-1774-4fc9-ac8e-fea50ba6d6ca tempest-RoutersTestDVR-288954962 tempest-RoutersTestDVR-288954962-project-admin] 10.222.0.11 "GET /v2.0/routers/6ee48bb2-b3c8-46de-8f27-d046a66891fc HTTP/1.1" status: 200 len: 717 time: 0.2799289
Mar 12 12:48:48.357895 dv-neutron-833197-1-hyperv neutron-server[114081]: DEBUG neutron.wsgi [-] (114081) accepted ('10.222.0.11', 42108) {{(pid=114081) server /usr/local/lib/python3.8/dist-packages/eventlet/wsgi.py:982}}
Mar 12 12:48:48.440017 dv-neutron-833197-1-hyperv neutron-server[114082]: DEBUG neutron.plugins.ml2.managers [None req-6e1aa483-3ea3-4852-b2ec-730a25e712da tempest-PortsAdminExtendedAttrsTestJSON-63995799 tempest-PortsAdminExtendedAttrsTestJSON-63995799-project-admin] Attempting to bind port 22bbaca3-9c4c-4c71-b6eb-c49626683176 on host hv-neutron-8331 for vnic_type normal with profile {{(pid=114082) bind_port /opt/stack/neutron/neutron/plugins/ml2/managers.py:790}}
Mar 12 12:48:48.440483 dv-neutron-833197-1-hyperv neutron-server[114082]: DEBUG neutron.plugins.ml2.managers [None req-6e1aa483-3ea3-4852-b2ec-730a25e712da tempest-PortsAdminExtendedAttrsTestJSON-63995799 tempest-PortsAdminExtendedAttrsTestJSON-63995799-project-admin] Attempting to bind port 22bbaca3-9c4c-4c71-b6eb-c49626683176 by drivers openvswitch,hyperv on host hv-neutron-8331 at level 0 using segments [{'id': '4b00d57f-6d6e-40ba-9f7a-7db50d8ea86d', 'network_type': 'vlan', 'physical_network': 'physnet1', 'segmentation_id': 275, 'network_id': 'ac6e87e6-5ee7-43f0-9bb7-8c96a4b2da43'}] {{(pid=114082) _bind_port_level /opt/stack/neutron/neutron/plugins/ml2/managers.py:815}}
Mar 12 12:48:48.440858 dv-neutron-833197-1-hyperv neutron-server[114082]: DEBUG neutron.plugins.ml2.drivers.mech_agent [None req-6e1aa483-3ea3-4852-b2ec-730a25e712da tempest-PortsAdminExtendedAttrsTestJSON-63995799 tempest-PortsAdminExtendedAttrsTestJSON-63995799-project-admin] Attempting to bind port 22bbaca3-9c4c-4c71-b6eb-c49626683176 on network ac6e87e6-5ee7-43f0-9bb7-8c96a4b2da43 {{(pid=114082) bind_port /opt/stack/neutron/neutron/plugins/ml2/drivers/mech_agent.py:91}}
Mar 12 12:48:48.449664 dv-neutron-833197-1-hyperv neutron-server[114081]: DEBUG neutron_lib.callbacks.manager [None req-9c2280f1-781d-4a87-ae6a-a3eaa7012f29 admin admin] Notify callbacks ['neutron.plugins.ml2.plugin.SecurityGroupServerNotifierRpcMixin._notify_sg_on_port_change-1585198', 'neutron.plugins.ml2.ovo_rpc._ObjectChangeHandler.handle_event-2001093', 'neutron.api.rpc.agentnotifiers.dhcp_rpc_agent_api.DhcpAgentNotifyAPI._native_event_send_dhcp_notification-1578837', 'neutron.db.l3_dvrscheduler_db._notify_l3_agent_new_port-8769130446084', 'neutron.services.segments.plugin.NovaSegmentNotifier._notify_port_created_or_deleted-2123316'] for port, after_create {{(pid=114081) _notify_loop /usr/local/lib/python3.8/dist-packages/neutron_lib/callbacks/manager.py:192}}
Mar 12 12:48:48.455568 dv-neutron-833197-1-hyperv neutron-server[114082]: DEBUG neutron.plugins.ml2.drivers.mech_agent [None req-6e1aa483-3ea3-4852-b2ec-730a25e712da tempest-PortsAdminExtendedAttrsTestJSON-63995799 tempest-PortsAdminExtendedAttrsTestJSON-63995799-project-admin] Port 22bbaca3-9c4c-4c71-b6eb-c49626683176 on network ac6e87e6-5ee7-43f0-9bb7-8c96a4b2da43 not bound, no agent of type Open vSwitch agent registered on host hv-neutron-8331 {{(pid=114082) bind_port /opt/stack/neutron/neutron/plugins/ml2/drivers/mech_agent.py:103}}
Mar 12 12:48:48.455967 dv-neutron-833197-1-hyperv neutron-server[114082]: ERROR neutron.plugins.ml2.managers [None req-6e1aa483-3ea3-4852-b2ec-730a25e712da tempest-PortsAdminExtendedAttrsTestJSON-63995799 tempest-PortsAdminExtendedAttrsTestJSON-63995799-project-admin] Failed to bind port 22bbaca3-9c4c-4c71-b6eb-c49626683176 on host hv-neutron-8331 for vnic_type normal using segments [{'id': '4b00d57f-6d6e-40ba-9f7a-7db50d8ea86d', 'network_type': 'vlan', 'physical_network': 'physnet1', 'segmentation_id': 275, 'network_id': 'ac6e87e6-5ee7-43f0-9bb7-8c96a4b2da43'}]
Mar 12 12:48:48.472709 dv-neutron-833197-1-hyperv neutron-server[114083]: DEBUG neutron_lib.callbacks.manager [None req-727dd5a3-9056-4d9c-9d15-85120e1de7dd None None] Notify callbacks ['neutron.plugins.ml2.plugin.SecurityGroupServerNotifierRpcMixin._notify_sg_on_port_change-1585198', 'neutron.plugins.ml2.ovo_rpc._ObjectChangeHandler.handle_event-2001093', 'neutron.api.rpc.agentnotifiers.dhcp_rpc_agent_api.DhcpAgentNotifyAPI._native_event_send_dhcp_notification-1578837', 'neutron.db.l3_db.L3RpcNotifierMixin._notify_gateway_port_ip_changed-8769130933432', 'neutron.db.l3_dvrscheduler_db._notify_l3_agent_port_update-8769130443511', 'neutron.db.l3_hascheduler_db._notify_l3_agent_ha_port_update-8769130443439'] for port, after_update {{(pid=114083) _notify_loop /usr/local/lib/python3.8/dist-packages/neutron_lib/callbacks/manager.py:192}}
Mar 12 12:48:48.484826 dv-neutron-833197-1-hyperv neutron-server[114082]: INFO neutron.plugins.ml2.plugin [None req-6e1aa483-3ea3-4852-b2ec-730a25e712da tempest-PortsAdminExtendedAttrsTestJSON-63995799 tempest-PortsAdminExtendedAttrsTestJSON-63995799-project-admin] Attempt 2 to bind port 22bbaca3-9c4c-4c71-b6eb-c49626683176
Mar 12 12:48:48.488551 dv-neutron-833197-1-hyperv neutron-server[114083]: DEBUG neutron.plugins.ml2.rpc [None req-5c61e068-09fe-406a-a5e3-9e0cc19cb038 None None] Device e9be3433-65bb-43e4-9678-5dcc47f6661f up at agent ovs-agent-dv-neutron-833197-1-hyperv {{(pid=114083) update_device_up /opt/stack/neutron/neutron/plugins/ml2/rpc.py:296}}
Mar 12 12:48:48.536243 dv-neutron-833197-1-hyperv neutron-server[114082]: DEBUG neutron.plugins.ml2.managers [None req-6e1aa483-3ea3-4852-b2ec-730a25e712da tempest-PortsAdminExtendedAttrsTestJSON-63995799 tempest-PortsAdminExtendedAttrsTestJSON-63995799-project-admin] Attempting to bind port 22bbaca3-9c4c-4c71-b6eb-c49626683176 on host hv-neutron-8331 for vnic_type normal with profile {{(pid=114082) bind_port /opt/stack/neutron/neutron/plugins/ml2/managers.py:790}}
Mar 12 12:48:48.536585 dv-neutron-833197-1-hyperv neutron-server[114082]: DEBUG neutron.plugins.ml2.managers [None req-6e1aa483-3ea3-4852-b2ec-730a25e712da tempest-PortsAdminExtendedAttrsTestJSON-63995799 tempest-PortsAdminExtendedAttrsTestJSON-63995799-project-admin] Attempting to bind port 22bbaca3-9c4c-4c71-b6eb-c49626683176 by drivers openvswitch,hyperv on host hv-neutron-8331 at level 0 using segments [{'id': '4b00d57f-6d6e-40ba-9f7a-7db50d8ea86d', 'network_type': 'vlan', 'physical_network': 'physnet1', 'segmentation_id': 275, 'network_id': 'ac6e87e6-5ee7-43f0-9bb7-8c96a4b2da43'}] {{(pid=114082) _bind_port_level /opt/stack/neutron/neutron/plugins/ml2/managers.py:815}}
Mar 12 12:48:48.536923 dv-neutron-833197-1-hyperv neutron-server[114082]: DEBUG neutron.plugins.ml2.drivers.mech_agent [None req-6e1aa483-3ea3-4852-b2ec-730a25e712da tempest-PortsAdminExtendedAttrsTestJSON-63995799 tempest-PortsAdminExtendedAttrsTestJSON-63995799-project-admin] Attempting to bind port 22bbaca3-9c4c-4c71-b6eb-c49626683176 on network ac6e87e6-5ee7-43f0-9bb7-8c96a4b2da43 {{(pid=114082) bind_port /opt/stack/neutron/neutron/plugins/ml2/drivers/mech_agent.py:91}}
Mar 12 12:48:48.559893 dv-neutron-833197-1-hyperv neutron-server[114082]: DEBUG neutron.db.db_base_plugin_common [None req-d7130322-416e-463c-a372-64591567cfc7 tempest-DHCPAgentSchedulersTestJSON-278346263 tempest-DHCPAgentSchedulersTestJSON-278346263-project] Allocated IP 172.20.0.10 (37128cd5-bbd2-4b43-953d-728697a6e11e/b73ea598-f861-42a1-adc7-34078cd39ed3/b9533bbd-a98e-4b6a-a59a-f3a27ae90fd2) {{(pid=114082) _store_ip_allocation /opt/stack/neutron/neutron/db/db_base_plugin_common.py:131}}
Mar 12 12:48:48.639647 dv-neutron-833197-1-hyperv neutron-server[114082]: DEBUG neutron.plugins.ml2.drivers.mech_agent [None req-6e1aa483-3ea3-4852-b2ec-730a25e712da tempest-PortsAdminExtendedAttrsTestJSON-63995799 tempest-PortsAdminExtendedAttrsTestJSON-63995799-project-admin] Port 22bbaca3-9c4c-4c71-b6eb-c49626683176 on network ac6e87e6-5ee7-43f0-9bb7-8c96a4b2da43 not bound, no agent of type Open vSwitch agent registered on host hv-neutron-8331 {{(pid=114082) bind_port /opt/stack/neutron/neutron/plugins/ml2/drivers/mech_agent.py:103}}
Mar 12 12:48:48.647186 dv-neutron-833197-1-hyperv neutron-server[114082]: ERROR neutron.plugins.ml2.managers [None req-6e1aa483-3ea3-4852-b2ec-730a25e712da tempest-PortsAdminExtendedAttrsTestJSON-63995799 tempest-PortsAdminExtendedAttrsTestJSON-63995799-project-admin] Failed to bind port 22bbaca3-9c4c-4c71-b6eb-c49626683176 on host hv-neutron-8331 for vnic_type normal using segments [{'id': '4b00d57f-6d6e-40ba-9f7a-7db50d8ea86d', 'network_type': 'vlan', 'physical_network': 'physnet1', 'segmentation_id': 275, 'network_id': 'ac6e87e6-5ee7-43f0-9bb7-8c96a4b2da43'}]
Mar 12 12:48:48.653174 dv-neutron-833197-1-hyperv neutron-server[114082]: INFO neutron.plugins.ml2.plugin [None req-6e1aa483-3ea3-4852-b2ec-730a25e712da tempest-PortsAdminExtendedAttrsTestJSON-63995799 tempest-PortsAdminExtendedAttrsTestJSON-63995799-project-admin] Attempt 3 to bind port 22bbaca3-9c4c-4c71-b6eb-c49626683176
Mar 12 12:48:48.656701 dv-neutron-833197-1-hyperv neutron-server[114083]: DEBUG neutron.db.provisioning_blocks [None req-2302b437-8e6e-4d23-b577-9073c77dd6dd None None] Provisioning complete for port e9be3433-65bb-43e4-9678-5dcc47f6661f triggered by entity DHCP. {{(pid=114083) provisioning_complete /opt/stack/neutron/neutron/db/provisioning_blocks.py:139}}
Mar 12 12:48:48.657096 dv-neutron-833197-1-hyperv neutron-server[114083]: DEBUG neutron_lib.callbacks.manager [None req-2302b437-8e6e-4d23-b577-9073c77dd6dd None None] Notify callbacks ['neutron.plugins.ml2.plugin.Ml2Plugin._port_provisioned-1789275'] for port, provisioning_complete {{(pid=114083) _notify_loop /usr/local/lib/python3.8/dist-packages/neutron_lib/callbacks/manager.py:192}}
Mar 12 12:48:48.731450 dv-neutron-833197-1-hyperv neutron-server[114081]: DEBUG neutron.scheduler.dhcp_agent_scheduler [None req-9c2280f1-781d-4a87-ae6a-a3eaa7012f29 admin admin] Network f36c0bf4-d7d4-488e-9b2a-8dc35e8998ec is already hosted by enough agents. {{(pid=114081) _get_dhcp_agents_hosting_network /opt/stack/neutron/neutron/scheduler/dhcp_agent_scheduler.py:275}}
Mar 12 12:48:48.740782 dv-neutron-833197-1-hyperv neutron-server[114082]: DEBUG neutron.plugins.ml2.managers [None req-6e1aa483-3ea3-4852-b2ec-730a25e712da tempest-PortsAdminExtendedAttrsTestJSON-63995799 tempest-PortsAdminExtendedAttrsTestJSON-63995799-project-admin] Attempting to bind port 22bbaca3-9c4c-4c71-b6eb-c49626683176 on host hv-neutron-8331 for vnic_type normal with profile {{(pid=114082) bind_port /opt/stack/neutron/neutron/plugins/ml2/managers.py:790}}
Mar 12 12:48:48.741113 dv-neutron-833197-1-hyperv neutron-server[114082]: DEBUG neutron.plugins.ml2.managers [None req-6e1aa483-3ea3-4852-b2ec-730a25e712da tempest-PortsAdminExtendedAttrsTestJSON-63995799 tempest-PortsAdminExtendedAttrsTestJSON-63995799-project-admin] Attempting to bind port 22bbaca3-9c4c-4c71-b6eb-c49626683176 by drivers openvswitch,hyperv on host hv-neutron-8331 at level 0 using segments [{'id': '4b00d57f-6d6e-40ba-9f7a-7db50d8ea86d', 'network_type': 'vlan', 'physical_network': 'physnet1', 'segmentation_id': 275, 'network_id': 'ac6e87e6-5ee7-43f0-9bb7-8c96a4b2da43'}] {{(pid=114082) _bind_port_level /opt/stack/neutron/neutron/plugins/ml2/managers.py:815}}
Mar 12 12:48:48.741446 dv-neutron-833197-1-hyperv neutron-server[114082]: DEBUG neutron.plugins.ml2.drivers.mech_agent [None req-6e1aa483-3ea3-4852-b2ec-730a25e712da tempest-PortsAdminExtendedAttrsTestJSON-63995799 tempest-PortsAdminExtendedAttrsTestJSON-63995799-project-admin] Attempting to bind port 22bbaca3-9c4c-4c71-b6eb-c49626683176 on network ac6e87e6-5ee7-43f0-9bb7-8c96a4b2da43 {{(pid=114082) bind_port /opt/stack/neutron/neutron/plugins/ml2/drivers/mech_agent.py:91}}
Mar 12 12:48:48.744263 dv-neutron-833197-1-hyperv neutron-server[114081]: DEBUG neutron.scheduler.base_scheduler [None req-9c2280f1-781d-4a87-ae6a-a3eaa7012f29 admin admin] Resources bound (agent type, host, resource id): {{(pid=114081) schedule /opt/stack/neutron/neutron/scheduler/base_scheduler.py:57}}
Mar 12 12:48:48.752186 dv-neutron-833197-1-hyperv neutron-server[114081]: DEBUG neutron.db.l3_dvrscheduler_db [None req-9c2280f1-781d-4a87-ae6a-a3eaa7012f29 admin admin] Received port after_create {{(pid=114081) _notify_l3_agent_new_port /opt/stack/neutron/neutron/db/l3_dvrscheduler_db.py:536}}
Mar 12 12:48:48.809172 dv-neutron-833197-1-hyperv neutron-server[114082]: DEBUG neutron.plugins.ml2.drivers.mech_agent [None req-6e1aa483-3ea3-4852-b2ec-730a25e712da tempest-PortsAdminExtendedAttrsTestJSON-63995799 tempest-PortsAdminExtendedAttrsTestJSON-63995799-project-admin] Port 22bbaca3-9c4c-4c71-b6eb-c49626683176 on network ac6e87e6-5ee7-43f0-9bb7-8c96a4b2da43 not bound, no agent of type Open vSwitch agent registered on host hv-neutron-8331 {{(pid=114082) bind_port /opt/stack/neutron/neutron/plugins/ml2/drivers/mech_agent.py:103}}
Mar 12 12:48:48.809495 dv-neutron-833197-1-hyperv neutron-server[114082]: ERROR neutron.plugins.ml2.managers [None req-6e1aa483-3ea3-4852-b2ec-730a25e712da tempest-PortsAdminExtendedAttrsTestJSON-63995799 tempest-PortsAdminExtendedAttrsTestJSON-63995799-project-admin] Failed to bind port 22bbaca3-9c4c-4c71-b6eb-c49626683176 on host hv-neutron-8331 for vnic_type normal using segments [{'id': '4b00d57f-6d6e-40ba-9f7a-7db50d8ea86d', 'network_type': 'vlan', 'physical_network': 'physnet1', 'segmentation_id': 275, 'network_id': 'ac6e87e6-5ee7-43f0-9bb7-8c96a4b2da43'}]
Mar 12 12:48:48.814697 dv-neutron-833197-1-hyperv neutron-server[114082]: INFO neutron.plugins.ml2.plugin [None req-6e1aa483-3ea3-4852-b2ec-730a25e712da tempest-PortsAdminExtendedAttrsTestJSON-63995799 tempest-PortsAdminExtendedAttrsTestJSON-63995799-project-admin] Attempt 4 to bind port 22bbaca3-9c4c-4c71-b6eb-c49626683176
Mar 12 12:48:48.843381 dv-neutron-833197-1-hyperv neutron-server[114083]: DEBUG neutron.api.rpc.handlers.resources_rpc [None req-727dd5a3-9056-4d9c-9d15-85120e1de7dd None None] Pushing event updated for resources: {'Port': ['ID=0515c75b-ea3c-413b-af72-eff417e5b15c,revision_number=2']} {{(pid=114083) push /opt/stack/neutron/neutron/api/rpc/handlers/resources_rpc.py:237}}
Mar 12 12:48:48.849098 dv-neutron-833197-1-hyperv neutron-server[114083]: DEBUG neutron.db.provisioning_blocks [None req-5c61e068-09fe-406a-a5e3-9e0cc19cb038 None None] Provisioning complete for port e9be3433-65bb-43e4-9678-5dcc47f6661f triggered by entity L2. {{(pid=114083) provisioning_complete /opt/stack/neutron/neutron/db/provisioning_blocks.py:139}}
Mar 12 12:48:48.849466 dv-neutron-833197-1-hyperv neutron-server[114083]: DEBUG neutron_lib.callbacks.manager [None req-5c61e068-09fe-406a-a5e3-9e0cc19cb038 None None] Notify callbacks ['neutron.plugins.ml2.plugin.Ml2Plugin._port_provisioned-1789275'] for port, provisioning_complete {{(pid=114083) _notify_loop /usr/local/lib/python3.8/dist-packages/neutron_lib/callbacks/manager.py:192}}
Mar 12 12:48:48.861652 dv-neutron-833197-1-hyperv neutron-server[114082]: DEBUG neutron.objects.ports [None req-8a8892aa-b677-4b7b-a755-1de6f01316d2 tempest-ExternalNetworksTestJSON-735499456 tempest-ExternalNetworksTestJSON-735499456-project-admin] Time-cost: Fetching 0 ports in 0 security groups {{(pid=114082) get_objects /opt/stack/neutron/neutron/objects/ports.py:462}}
Mar 12 12:48:48.862162 dv-neutron-833197-1-hyperv neutron-server[114082]: DEBUG neutron_lib.callbacks.manager [None req-8a8892aa-b677-4b7b-a755-1de6f01316d2 tempest-ExternalNetworksTestJSON-735499456 tempest-ExternalNetworksTestJSON-735499456-project-admin] Notify callbacks ['neutron.plugins.ml2.ovo_rpc._ObjectChangeHandler.handle_event-1582866', 'neutron.api.rpc.agentnotifiers.dhcp_rpc_agent_api.DhcpAgentNotifyAPI._native_event_send_dhcp_notification-1578837'] for subnet, after_create {{(pid=114082) _notify_loop /usr/local/lib/python3.8/dist-packages/neutron_lib/callbacks/manager.py:192}}
Mar 12 12:48:48.882143 dv-neutron-833197-1-hyperv neutron-server[114082]: INFO neutron.pecan_wsgi.hooks.translation [None req-302c0eef-2989-4a5e-a2dc-84e4f5d26bb2 tempest-ExternalNetworksAdminNegativeTestJSON-1295814584 tempest-ExternalNetworksAdminNegativeTestJSON-1295814584-project-admin] POST failed (client error): There was a conflict when trying to complete your request.
Mar 12 12:48:48.882901 dv-neutron-833197-1-hyperv neutron-server[114082]: DEBUG neutron.pecan_wsgi.hooks.notifier [None req-302c0eef-2989-4a5e-a2dc-84e4f5d26bb2 tempest-ExternalNetworksAdminNegativeTestJSON-1295814584 tempest-ExternalNetworksAdminNegativeTestJSON-1295814584-project-admin] No notification will be sent due to unsuccessful status code: 409 {{(pid=114082) after /opt/stack/neutron/neutron/pecan_wsgi/hooks/notifier.py:78}}
Mar 12 12:48:48.956134 dv-neutron-833197-1-hyperv neutron-server[114081]: INFO neutron.wsgi [None req-36a1c2f1-be6d-4cd2-b745-f9caa6094392 tempest-RoutersTestDVR-1344028975 tempest-RoutersTestDVR-1344028975-project] 10.222.0.11 "GET /v2.0/routers/6ee48bb2-b3c8-46de-8f27-d046a66891fc HTTP/1.1" status: 200 len: 683 time: 0.5954483
Mar 12 12:48:48.971900 dv-neutron-833197-1-hyperv neutron-server[114081]: DEBUG neutron.wsgi [-] (114081) accepted ('10.222.0.11', 42112) {{(pid=114081) server /usr/local/lib/python3.8/dist-packages/eventlet/wsgi.py:982}}
Mar 12 12:48:48.983698 dv-neutron-833197-1-hyperv neutron-server[114081]: DEBUG neutron.api.rpc.handlers.resources_rpc [None req-9c2280f1-781d-4a87-ae6a-a3eaa7012f29 admin admin] Pushing event updated for resources: {'Port': ['ID=27b68c9f-001b-4aef-91bc-96dccec28126,revision_number=1']} {{(pid=114081) push /opt/stack/neutron/neutron/api/rpc/handlers/resources_rpc.py:237}}
Mar 12 12:48:49.010630 dv-neutron-833197-1-hyperv neutron-server[114082]: DEBUG neutron.api.rpc.handlers.resources_rpc [None req-8a8892aa-b677-4b7b-a755-1de6f01316d2 tempest-ExternalNetworksTestJSON-735499456 tempest-ExternalNetworksTestJSON-735499456-project-admin] Pushing event updated for resources: {'Subnet': ['ID=9530418e-cf20-498f-a8db-c179034dbfdd,revision_number=0']} {{(pid=114082) push /opt/stack/neutron/neutron/api/rpc/handlers/resources_rpc.py:237}}
Mar 12 12:48:49.012462 dv-neutron-833197-1-hyperv neutron-server[114082]: DEBUG neutron.plugins.ml2.managers [None req-6e1aa483-3ea3-4852-b2ec-730a25e712da tempest-PortsAdminExtendedAttrsTestJSON-63995799 tempest-PortsAdminExtendedAttrsTestJSON-63995799-project-admin] Attempting to bind port 22bbaca3-9c4c-4c71-b6eb-c49626683176 on host hv-neutron-8331 for vnic_type normal with profile {{(pid=114082) bind_port /opt/stack/neutron/neutron/plugins/ml2/managers.py:790}}
Mar 12 12:48:49.012799 dv-neutron-833197-1-hyperv neutron-server[114082]: DEBUG neutron.plugins.ml2.managers [None req-6e1aa483-3ea3-4852-b2ec-730a25e712da tempest-PortsAdminExtendedAttrsTestJSON-63995799 tempest-PortsAdminExtendedAttrsTestJSON-63995799-project-admin] Attempting to bind port 22bbaca3-9c4c-4c71-b6eb-c49626683176 by drivers openvswitch,hyperv on host hv-neutron-8331 at level 0 using segments [{'id': '4b00d57f-6d6e-40ba-9f7a-7db50d8ea86d', 'network_type': 'vlan', 'physical_network': 'physnet1', 'segmentation_id': 275, 'network_id': 'ac6e87e6-5ee7-43f0-9bb7-8c96a4b2da43'}] {{(pid=114082) _bind_port_level /opt/stack/neutron/neutron/plugins/ml2/managers.py:815}}
Mar 12 12:48:49.013125 dv-neutron-833197-1-hyperv neutron-server[114082]: DEBUG neutron.plugins.ml2.drivers.mech_agent [None req-6e1aa483-3ea3-4852-b2ec-730a25e712da tempest-PortsAdminExtendedAttrsTestJSON-63995799 tempest-PortsAdminExtendedAttrsTestJSON-63995799-project-admin] Attempting to bind port 22bbaca3-9c4c-4c71-b6eb-c49626683176 on network ac6e87e6-5ee7-43f0-9bb7-8c96a4b2da43 {{(pid=114082) bind_port /opt/stack/neutron/neutron/plugins/ml2/drivers/mech_agent.py:91}}
Mar 12 12:48:49.026171 dv-neutron-833197-1-hyperv neutron-server[114082]: DEBUG neutron.plugins.ml2.drivers.mech_agent [None req-6e1aa483-3ea3-4852-b2ec-730a25e712da tempest-PortsAdminExtendedAttrsTestJSON-63995799 tempest-PortsAdminExtendedAttrsTestJSON-63995799-project-admin] Port 22bbaca3-9c4c-4c71-b6eb-c49626683176 on network ac6e87e6-5ee7-43f0-9bb7-8c96a4b2da43 not bound, no agent of type Open vSwitch agent registered on host hv-neutron-8331 {{(pid=114082) bind_port /opt/stack/neutron/neutron/plugins/ml2/drivers/mech_agent.py:103}}
Mar 12 12:48:49.026421 dv-neutron-833197-1-hyperv neutron-server[114082]: ERROR neutron.plugins.ml2.managers [None req-6e1aa483-3ea3-4852-b2ec-730a25e712da tempest-PortsAdminExtendedAttrsTestJSON-63995799 tempest-PortsAdminExtendedAttrsTestJSON-63995799-project-admin] Failed to bind port 22bbaca3-9c4c-4c71-b6eb-c49626683176 on host hv-neutron-8331 for vnic_type normal using segments [{'id': '4b00d57f-6d6e-40ba-9f7a-7db50d8ea86d', 'network_type': 'vlan', 'physical_network': 'physnet1', 'segmentation_id': 275, 'network_id': 'ac6e87e6-5ee7-43f0-9bb7-8c96a4b2da43'}]
Mar 12 12:48:49.033279 dv-neutron-833197-1-hyperv neutron-server[114082]: INFO neutron.plugins.ml2.plugin [None req-6e1aa483-3ea3-4852-b2ec-730a25e712da tempest-PortsAdminExtendedAttrsTestJSON-63995799 tempest-PortsAdminExtendedAttrsTestJSON-63995799-project-admin] Attempt 5 to bind port 22bbaca3-9c4c-4c71-b6eb-c49626683176
Mar 12 12:48:49.146900 dv-neutron-833197-1-hyperv neutron-server[114082]: INFO neutron.wsgi [None req-302c0eef-2989-4a5e-a2dc-84e4f5d26bb2 tempest-ExternalNetworksAdminNegativeTestJSON-1295814584 tempest-ExternalNetworksAdminNegativeTestJSON-1295814584-project-admin] 10.222.0.11 "POST /v2.0/ports HTTP/1.1" status: 409 len: 371 time: 2.3890536
Mar 12 12:48:49.155663 dv-neutron-833197-1-hyperv neutron-server[114082]: DEBUG neutron.wsgi [-] (114082) accepted ('10.222.0.11', 42114) {{(pid=114082) server /usr/local/lib/python3.8/dist-packages/eventlet/wsgi.py:982}}
Mar 12 12:48:49.157965 dv-neutron-833197-1-hyperv neutron-server[114081]: DEBUG neutron_lib.callbacks.manager [None req-e3f95437-99a7-4f89-a73c-00caa6de9213 tempest-RoutersTestDVR-288954962 tempest-RoutersTestDVR-288954962-project-admin] Notify callbacks [] for router, before_delete {{(pid=114081) _notify_loop /usr/local/lib/python3.8/dist-packages/neutron_lib/callbacks/manager.py:192}}
Mar 12 12:48:49.217631 dv-neutron-833197-1-hyperv neutron-server[114082]: DEBUG neutron.plugins.ml2.managers [None req-6e1aa483-3ea3-4852-b2ec-730a25e712da tempest-PortsAdminExtendedAttrsTestJSON-63995799 tempest-PortsAdminExtendedAttrsTestJSON-63995799-project-admin] Attempting to bind port 22bbaca3-9c4c-4c71-b6eb-c49626683176 on host hv-neutron-8331 for vnic_type normal with profile {{(pid=114082) bind_port /opt/stack/neutron/neutron/plugins/ml2/managers.py:790}}
Mar 12 12:48:49.218064 dv-neutron-833197-1-hyperv neutron-server[114082]: DEBUG neutron.plugins.ml2.managers [None req-6e1aa483-3ea3-4852-b2ec-730a25e712da tempest-PortsAdminExtendedAttrsTestJSON-63995799 tempest-PortsAdminExtendedAttrsTestJSON-63995799-project-admin] Attempting to bind port 22bbaca3-9c4c-4c71-b6eb-c49626683176 by drivers openvswitch,hyperv on host hv-neutron-8331 at level 0 using segments [{'id': '4b00d57f-6d6e-40ba-9f7a-7db50d8ea86d', 'network_type': 'vlan', 'physical_network': 'physnet1', 'segmentation_id': 275, 'network_id': 'ac6e87e6-5ee7-43f0-9bb7-8c96a4b2da43'}] {{(pid=114082) _bind_port_level /opt/stack/neutron/neutron/plugins/ml2/managers.py:815}}
Mar 12 12:48:49.218459 dv-neutron-833197-1-hyperv neutron-server[114082]: DEBUG neutron.plugins.ml2.drivers.mech_agent [None req-6e1aa483-3ea3-4852-b2ec-730a25e712da tempest-PortsAdminExtendedAttrsTestJSON-63995799 tempest-PortsAdminExtendedAttrsTestJSON-63995799-project-admin] Attempting to bind port 22bbaca3-9c4c-4c71-b6eb-c49626683176 on network ac6e87e6-5ee7-43f0-9bb7-8c96a4b2da43 {{(pid=114082) bind_port /opt/stack/neutron/neutron/plugins/ml2/drivers/mech_agent.py:91}}
Mar 12 12:48:49.261439 dv-neutron-833197-1-hyperv neutron-server[114081]: DEBUG neutron.db.db_base_plugin_common [None req-a54eee88-627c-41ef-8ed3-b7caa57fa56b admin admin] Allocated IP 172.20.0.1 (bd37b082-6db6-4376-8ec1-dbe1eccf07cd/1a7de070-5317-45bf-8274-f817c3a1f354/9c6b07a7-24de-44d6-8a8d-fcbd0abdb018) {{(pid=114081) _store_ip_allocation /opt/stack/neutron/neutron/db/db_base_plugin_common.py:131}}
Mar 12 12:48:49.426525 dv-neutron-833197-1-hyperv neutron-server[114082]: DEBUG neutron.plugins.ml2.drivers.mech_agent [None req-8a8892aa-b677-4b7b-a755-1de6f01316d2 tempest-ExternalNetworksTestJSON-735499456 tempest-ExternalNetworksTestJSON-735499456-project-admin] Checking segment: {'id': 'b58b9b63-c10c-4920-83a8-5eae2010ed44', 'network_type': 'vlan', 'physical_network': 'physnet1', 'segmentation_id': 281, 'network_id': 'eab1c91f-3fe7-4657-9d30-b86284b7736a'} for mappings: {'physnet1': 'br-data'} with network types: ['local', 'flat', 'vlan'] {{(pid=114082) check_segment_for_agent /opt/stack/neutron/neutron/plugins/ml2/drivers/mech_agent.py:360}}
Mar 12 12:48:49.427742 dv-neutron-833197-1-hyperv neutron-server[114082]: DEBUG neutron.scheduler.dhcp_agent_scheduler [None req-8a8892aa-b677-4b7b-a755-1de6f01316d2 tempest-ExternalNetworksTestJSON-735499456 tempest-ExternalNetworksTestJSON-735499456-project-admin] Network hostable DHCP agents. Network: eab1c91f-3fe7-4657-9d30-b86284b7736a, hostable agents: ['7077417c-54da-42b6-a41d-1896b3b225b3'], hosted agents: [] {{(pid=114082) _get_network_hostable_dhcp_agents /opt/stack/neutron/neutron/scheduler/dhcp_agent_scheduler.py:329}}
Mar 12 12:48:49.433476 dv-neutron-833197-1-hyperv neutron-server[114082]: DEBUG neutron.plugins.ml2.drivers.mech_agent [None req-6e1aa483-3ea3-4852-b2ec-730a25e712da tempest-PortsAdminExtendedAttrsTestJSON-63995799 tempest-PortsAdminExtendedAttrsTestJSON-63995799-project-admin] Port 22bbaca3-9c4c-4c71-b6eb-c49626683176 on network ac6e87e6-5ee7-43f0-9bb7-8c96a4b2da43 not bound, no agent of type Open vSwitch agent registered on host hv-neutron-8331 {{(pid=114082) bind_port /opt/stack/neutron/neutron/plugins/ml2/drivers/mech_agent.py:103}}
Mar 12 12:48:49.433821 dv-neutron-833197-1-hyperv neutron-server[114082]: ERROR neutron.plugins.ml2.managers [None req-6e1aa483-3ea3-4852-b2ec-730a25e712da tempest-PortsAdminExtendedAttrsTestJSON-63995799 tempest-PortsAdminExtendedAttrsTestJSON-63995799-project-admin] Failed to bind port 22bbaca3-9c4c-4c71-b6eb-c49626683176 on host hv-neutron-8331 for vnic_type normal using segments [{'id': '4b00d57f-6d6e-40ba-9f7a-7db50d8ea86d', 'network_type': 'vlan', 'physical_network': 'physnet1', 'segmentation_id': 275, 'network_id': 'ac6e87e6-5ee7-43f0-9bb7-8c96a4b2da43'}]
Mar 12 12:48:49.439149 dv-neutron-833197-1-hyperv neutron-server[114082]: INFO neutron.plugins.ml2.plugin [None req-6e1aa483-3ea3-4852-b2ec-730a25e712da tempest-PortsAdminExtendedAttrsTestJSON-63995799 tempest-PortsAdminExtendedAttrsTestJSON-63995799-project-admin] Attempt 6 to bind port 22bbaca3-9c4c-4c71-b6eb-c49626683176
Mar 12 12:48:49.441727 dv-neutron-833197-1-hyperv neutron-server[114082]: DEBUG neutron_lib.callbacks.manager [None req-a544ce84-ab53-4e50-bb56-f60c57a6897c admin admin] Notify callbacks ['neutron.services.l3_router.l3_router_plugin.L3_HA_NAT_db_mixin._after_router_create-459003', 'neutron.services.l3_router.l3_router_plugin.DVRResourceOperationHandler._create_snat_interfaces_after_change-486501'] for router, after_create {{(pid=114082) _notify_loop /usr/local/lib/python3.8/dist-packages/neutron_lib/callbacks/manager.py:192}}
Mar 12 12:48:49.481665 dv-neutron-833197-1-hyperv neutron-server[114081]: DEBUG neutron_lib.callbacks.manager [None req-e3f95437-99a7-4f89-a73c-00caa6de9213 tempest-RoutersTestDVR-288954962 tempest-RoutersTestDVR-288954962-project-admin] Notify callbacks ['neutron.services.l3_router.l3_router_plugin.L3_HA_NAT_db_mixin._release_router_vr_id-458900', 'neutron.services.l3_router.service_providers.driver_controller.DriverController._clear_router_provider-6276'] for router, precommit_delete {{(pid=114081) _notify_loop /usr/local/lib/python3.8/dist-packages/neutron_lib/callbacks/manager.py:192}}
Mar 12 12:48:49.487694 dv-neutron-833197-1-hyperv neutron-server[114081]: DEBUG neutron_lib.callbacks.manager [None req-e3f95437-99a7-4f89-a73c-00caa6de9213 tempest-RoutersTestDVR-288954962 tempest-RoutersTestDVR-288954962-project-admin] Notify callbacks [] for router_controller, precommit_delete_associations {{(pid=114081) _notify_loop /usr/local/lib/python3.8/dist-packages/neutron_lib/callbacks/manager.py:192}}
Mar 12 12:48:49.509842 dv-neutron-833197-1-hyperv neutron-server[114082]: DEBUG neutron.plugins.ml2.managers [None req-6e1aa483-3ea3-4852-b2ec-730a25e712da tempest-PortsAdminExtendedAttrsTestJSON-63995799 tempest-PortsAdminExtendedAttrsTestJSON-63995799-project-admin] Attempting to bind port 22bbaca3-9c4c-4c71-b6eb-c49626683176 on host hv-neutron-8331 for vnic_type normal with profile {{(pid=114082) bind_port /opt/stack/neutron/neutron/plugins/ml2/managers.py:790}}
Mar 12 12:48:49.509842 dv-neutron-833197-1-hyperv neutron-server[114082]: DEBUG neutron.plugins.ml2.managers [None req-6e1aa483-3ea3-4852-b2ec-730a25e712da tempest-PortsAdminExtendedAttrsTestJSON-63995799 tempest-PortsAdminExtendedAttrsTestJSON-63995799-project-admin] Attempting to bind port 22bbaca3-9c4c-4c71-b6eb-c49626683176 by drivers openvswitch,hyperv on host hv-neutron-8331 at level 0 using segments [{'id': '4b00d57f-6d6e-40ba-9f7a-7db50d8ea86d', 'network_type': 'vlan', 'physical_network': 'physnet1', 'segmentation_id': 275, 'network_id': 'ac6e87e6-5ee7-43f0-9bb7-8c96a4b2da43'}] {{(pid=114082) _bind_port_level /opt/stack/neutron/neutron/plugins/ml2/managers.py:815}}
Mar 12 12:48:49.510260 dv-neutron-833197-1-hyperv neutron-server[114082]: DEBUG neutron.plugins.ml2.drivers.mech_agent [None req-6e1aa483-3ea3-4852-b2ec-730a25e712da tempest-PortsAdminExtendedAttrsTestJSON-63995799 tempest-PortsAdminExtendedAttrsTestJSON-63995799-project-admin] Attempting to bind port 22bbaca3-9c4c-4c71-b6eb-c49626683176 on network ac6e87e6-5ee7-43f0-9bb7-8c96a4b2da43 {{(pid=114082) bind_port /opt/stack/neutron/neutron/plugins/ml2/drivers/mech_agent.py:91}}
Mar 12 12:48:49.546665 dv-neutron-833197-1-hyperv neutron-server[114082]: DEBUG neutron_lib.callbacks.manager [None req-d7130322-416e-463c-a372-64591567cfc7 tempest-DHCPAgentSchedulersTestJSON-278346263 tempest-DHCPAgentSchedulersTestJSON-278346263-project] Notify callbacks [] for port, precommit_create {{(pid=114082) _notify_loop /usr/local/lib/python3.8/dist-packages/neutron_lib/callbacks/manager.py:192}}
Mar 12 12:48:49.577291 dv-neutron-833197-1-hyperv neutron-server[114082]: DEBUG neutron.plugins.ml2.drivers.mech_agent [None req-6e1aa483-3ea3-4852-b2ec-730a25e712da tempest-PortsAdminExtendedAttrsTestJSON-63995799 tempest-PortsAdminExtendedAttrsTestJSON-63995799-project-admin] Port 22bbaca3-9c4c-4c71-b6eb-c49626683176 on network ac6e87e6-5ee7-43f0-9bb7-8c96a4b2da43 not bound, no agent of type Open vSwitch agent registered on host hv-neutron-8331 {{(pid=114082) bind_port /opt/stack/neutron/neutron/plugins/ml2/drivers/mech_agent.py:103}}
Mar 12 12:48:49.577636 dv-neutron-833197-1-hyperv neutron-server[114082]: ERROR neutron.plugins.ml2.managers [None req-6e1aa483-3ea3-4852-b2ec-730a25e712da tempest-PortsAdminExtendedAttrsTestJSON-63995799 tempest-PortsAdminExtendedAttrsTestJSON-63995799-project-admin] Failed to bind port 22bbaca3-9c4c-4c71-b6eb-c49626683176 on host hv-neutron-8331 for vnic_type normal using segments [{'id': '4b00d57f-6d6e-40ba-9f7a-7db50d8ea86d', 'network_type': 'vlan', 'physical_network': 'physnet1', 'segmentation_id': 275, 'network_id': 'ac6e87e6-5ee7-43f0-9bb7-8c96a4b2da43'}]
Mar 12 12:48:49.584617 dv-neutron-833197-1-hyperv neutron-server[114082]: INFO neutron.plugins.ml2.plugin [None req-6e1aa483-3ea3-4852-b2ec-730a25e712da tempest-PortsAdminExtendedAttrsTestJSON-63995799 tempest-PortsAdminExtendedAttrsTestJSON-63995799-project-admin] Attempt 7 to bind port 22bbaca3-9c4c-4c71-b6eb-c49626683176
Mar 12 12:48:49.591443 dv-neutron-833197-1-hyperv neutron-server[114082]: DEBUG neutron.scheduler.dhcp_agent_scheduler [None req-8a8892aa-b677-4b7b-a755-1de6f01316d2 tempest-ExternalNetworksTestJSON-735499456 tempest-ExternalNetworksTestJSON-735499456-project-admin] Network eab1c91f-3fe7-4657-9d30-b86284b7736a is scheduled to be hosted by DHCP agent 7077417c-54da-42b6-a41d-1896b3b225b3 with binding_index 1 {{(pid=114082) bind /opt/stack/neutron/neutron/scheduler/dhcp_agent_scheduler.py:227}}
Mar 12 12:48:49.621975 dv-neutron-833197-1-hyperv neutron-server[114081]: DEBUG neutron_lib.callbacks.manager [None req-e3f95437-99a7-4f89-a73c-00caa6de9213 tempest-RoutersTestDVR-288954962 tempest-RoutersTestDVR-288954962-project-admin] Notify callbacks ['neutron.services.l3_router.l3_router_plugin.L3_HA_NAT_db_mixin._cleanup_ha_network_handler-458925'] for router, after_delete {{(pid=114081) _notify_loop /usr/local/lib/python3.8/dist-packages/neutron_lib/callbacks/manager.py:192}}
Mar 12 12:48:49.622501 dv-neutron-833197-1-hyperv neutron-server[114081]: DEBUG neutron.api.rpc.agentnotifiers.l3_rpc_agent_api [None req-e3f95437-99a7-4f89-a73c-00caa6de9213 tempest-RoutersTestDVR-288954962 tempest-RoutersTestDVR-288954962-project-admin] Fanout notify agent at l3_agent the message router_deleted on router 6ee48bb2-b3c8-46de-8f27-d046a66891fc {{(pid=114081) _notification_fanout /opt/stack/neutron/neutron/api/rpc/agentnotifiers/l3_rpc_agent_api.py:114}}
Mar 12 12:48:49.631216 dv-neutron-833197-1-hyperv neutron-server[114081]: DEBUG neutron_lib.callbacks.manager [None req-e3f95437-99a7-4f89-a73c-00caa6de9213 tempest-RoutersTestDVR-288954962 tempest-RoutersTestDVR-288954962-project-admin] Notify callbacks [] for router, before_response {{(pid=114081) _notify_loop /usr/local/lib/python3.8/dist-packages/neutron_lib/callbacks/manager.py:192}}
Mar 12 12:48:49.632368 dv-neutron-833197-1-hyperv neutron-server[114081]: INFO neutron.wsgi [None req-e3f95437-99a7-4f89-a73c-00caa6de9213 tempest-RoutersTestDVR-288954962 tempest-RoutersTestDVR-288954962-project-admin] 10.222.0.11 "DELETE /v2.0/routers/6ee48bb2-b3c8-46de-8f27-d046a66891fc HTTP/1.1" status: 204 len: 168 time: 0.6573911
Mar 12 12:48:49.637605 dv-neutron-833197-1-hyperv neutron-server[114081]: DEBUG neutron.wsgi [-] (114081) accepted ('10.222.0.11', 42116) {{(pid=114081) server /usr/local/lib/python3.8/dist-packages/eventlet/wsgi.py:982}}
