Mar 10 16:05:21.149582 dv-neutron-833108-1-hyperv neutron-server[103901]: DEBUG neutron_lib.callbacks.manager [None req-9555c256-fc41-43d1-b562-ab9b5b178354 None None] Publish callbacks ['neutron.plugins.ml2.plugin.SecurityGroupServerNotifierRpcMixin._notify_sg_on_port_change-1761300', 'neutron.plugins.ml2.ovo_rpc._ObjectChangeHandler.handle_event-416353', 'neutron.api.rpc.agentnotifiers.dhcp_rpc_agent_api.DhcpAgentNotifyAPI._native_event_send_dhcp_notification-533911', 'neutron.db.l3_db.L3RpcNotifierMixin._notify_gateway_port_ip_changed-8752470989927', 'neutron.db.l3_dvrscheduler_db._notify_l3_agent_port_update-8752470537337', 'neutron.db.l3_hascheduler_db._notify_l3_agent_ha_port_update-8752470537355'] for port (f2f7ec13-2029-4afa-acde-709af5cd7a09), after_update {{(pid=103901) _notify_loop /usr/local/lib/python3.8/dist-packages/neutron_lib/callbacks/manager.py:176}}
Mar 10 16:05:21.171567 dv-neutron-833108-1-hyperv neutron-server[103900]: DEBUG neutron.scheduler.dhcp_agent_scheduler [None req-7537edcb-b5d0-47b8-9847-8ab9a3fed1c7 admin admin] Network b980d475-20b4-4358-8bda-9fc104293716 is already hosted by enough agents. {{(pid=103900) _get_dhcp_agents_hosting_network /opt/stack/neutron/neutron/scheduler/dhcp_agent_scheduler.py:275}}
Mar 10 16:05:21.183192 dv-neutron-833108-1-hyperv neutron-server[103901]: DEBUG neutron.plugins.ml2.plugin [None req-32e2c76b-8a84-43c5-9339-e9590dc2b5bc None None] Port d0c86cee-3c35-4885-9943-e307236901ca cannot update to ACTIVE because it is not bound. {{(pid=103901) _port_provisioned /opt/stack/neutron/neutron/plugins/ml2/plugin.py:343}}
Mar 10 16:05:21.204630 dv-neutron-833108-1-hyperv neutron-server[103900]: DEBUG neutron.scheduler.base_scheduler [None req-7537edcb-b5d0-47b8-9847-8ab9a3fed1c7 admin admin] Resources bound (agent type, host, resource id): {{(pid=103900) schedule /opt/stack/neutron/neutron/scheduler/base_scheduler.py:57}}
Mar 10 16:05:21.230363 dv-neutron-833108-1-hyperv neutron-server[103900]: DEBUG neutron.db.l3_dvrscheduler_db [None req-7537edcb-b5d0-47b8-9847-8ab9a3fed1c7 admin admin] Received port after_create {{(pid=103900) _notify_l3_agent_new_port /opt/stack/neutron/neutron/db/l3_dvrscheduler_db.py:536}}
Mar 10 16:05:21.232364 dv-neutron-833108-1-hyperv neutron-server[103900]: DEBUG neutron_lib.callbacks.manager [None req-7537edcb-b5d0-47b8-9847-8ab9a3fed1c7 admin admin] Publish callbacks ['neutron.services.l3_router.l3_router_plugin.DVRResourceOperationHandler._add_csnat_on_interface_create-688241'] for router_interface (7aab98d5-e5af-467d-b1de-6ee934e35d6a), before_create {{(pid=103900) _notify_loop /usr/local/lib/python3.8/dist-packages/neutron_lib/callbacks/manager.py:176}}
Mar 10 16:05:21.264393 dv-neutron-833108-1-hyperv neutron-server[103901]: DEBUG neutron_lib.callbacks.manager [None req-b5f51bf5-d313-4288-8963-8d7519b9183a None None] Publish callbacks [] for port (70808347-eadf-4216-b5aa-3639e8c11e03), precommit_create {{(pid=103901) _notify_loop /usr/local/lib/python3.8/dist-packages/neutron_lib/callbacks/manager.py:176}}
Mar 10 16:05:21.305349 dv-neutron-833108-1-hyperv neutron-server[103901]: DEBUG neutron_lib.callbacks.manager [None req-b5f51bf5-d313-4288-8963-8d7519b9183a None None] Publish callbacks ['neutron.plugins.ml2.plugin.SecurityGroupServerNotifierRpcMixin._notify_sg_on_port_change-1761300', 'neutron.plugins.ml2.ovo_rpc._ObjectChangeHandler.handle_event-416353', 'neutron.api.rpc.agentnotifiers.dhcp_rpc_agent_api.DhcpAgentNotifyAPI._native_event_send_dhcp_notification-533911', 'neutron.db.l3_dvrscheduler_db._notify_l3_agent_new_port-8752470537319'] for port (70808347-eadf-4216-b5aa-3639e8c11e03), after_create {{(pid=103901) _notify_loop /usr/local/lib/python3.8/dist-packages/neutron_lib/callbacks/manager.py:176}}
Mar 10 16:05:21.348487 dv-neutron-833108-1-hyperv neutron-server[103899]: DEBUG neutron_lib.callbacks.manager [None req-19bf4d22-26bc-4aaa-9102-bd3c53472db7 tempest-ServerActionsTestJSON-130844584 tempest-ServerActionsTestJSON-130844584-project] Publish callbacks [] for security_group_rule (c4ae3149-271d-4bc5-b6b0-9be17b9f30b8), precommit_create {{(pid=103899) _notify_loop /usr/local/lib/python3.8/dist-packages/neutron_lib/callbacks/manager.py:176}}
Mar 10 16:05:21.364475 dv-neutron-833108-1-hyperv neutron-server[103899]: DEBUG neutron_lib.callbacks.manager [None req-04ff566a-3059-43a1-87fd-ead953d902cc tempest-FloatingIPAdminTestJSON-339772958 tempest-FloatingIPAdminTestJSON-339772958-project] Publish callbacks [] for router_gateway (fde6cba8-ed7b-4b76-b01f-18479375297a), before_create {{(pid=103899) _notify_loop /usr/local/lib/python3.8/dist-packages/neutron_lib/callbacks/manager.py:176}}
Mar 10 16:05:21.372391 dv-neutron-833108-1-hyperv neutron-server[103901]: DEBUG neutron.api.rpc.handlers.resources_rpc [None req-9555c256-fc41-43d1-b562-ab9b5b178354 None None] Pushing event updated for resources: {'Port': ['ID=f2f7ec13-2029-4afa-acde-709af5cd7a09,revision_number=4']} {{(pid=103901) push /opt/stack/neutron/neutron/api/rpc/handlers/resources_rpc.py:237}}
Mar 10 16:05:21.387393 dv-neutron-833108-1-hyperv neutron-server[103901]: DEBUG neutron.scheduler.dhcp_agent_scheduler [None req-b5f51bf5-d313-4288-8963-8d7519b9183a None None] Network 22461e41-9843-47e4-8dd2-d659a93549a5 is already hosted by enough agents. {{(pid=103901) _get_dhcp_agents_hosting_network /opt/stack/neutron/neutron/scheduler/dhcp_agent_scheduler.py:275}}
Mar 10 16:05:21.399973 dv-neutron-833108-1-hyperv neutron-server[103899]: DEBUG neutron_lib.callbacks.manager [None req-19bf4d22-26bc-4aaa-9102-bd3c53472db7 tempest-ServerActionsTestJSON-130844584 tempest-ServerActionsTestJSON-130844584-project] Publish callbacks ['neutron.plugins.ml2.ovo_rpc._ObjectChangeHandler.handle_event-755263'] for security_group_rule (c4ae3149-271d-4bc5-b6b0-9be17b9f30b8), after_create {{(pid=103899) _notify_loop /usr/local/lib/python3.8/dist-packages/neutron_lib/callbacks/manager.py:176}}
Mar 10 16:05:21.414761 dv-neutron-833108-1-hyperv neutron-server[103901]: DEBUG neutron.scheduler.base_scheduler [None req-b5f51bf5-d313-4288-8963-8d7519b9183a None None] Resources bound (agent type, host, resource id): {{(pid=103901) schedule /opt/stack/neutron/neutron/scheduler/base_scheduler.py:57}}
Mar 10 16:05:21.418411 dv-neutron-833108-1-hyperv neutron-server[103899]: DEBUG neutron.plugins.ml2.drivers.helpers [None req-eadcb51a-1b00-4d66-b4da-d798666dec7d tempest-NetworksIpV6Test-1158415751 tempest-NetworksIpV6Test-1158415751-project] vlan segment allocate from pool success with {'vlan_id': 787, 'physical_network': 'physnet1'} {{(pid=103899) allocate_partially_specified_segment /opt/stack/neutron/neutron/plugins/ml2/drivers/helpers.py:153}}
Mar 10 16:05:21.427584 dv-neutron-833108-1-hyperv neutron-server[103901]: DEBUG neutron.db.l3_dvrscheduler_db [None req-b5f51bf5-d313-4288-8963-8d7519b9183a None None] Received port after_create {{(pid=103901) _notify_l3_agent_new_port /opt/stack/neutron/neutron/db/l3_dvrscheduler_db.py:536}}
Mar 10 16:05:21.466914 dv-neutron-833108-1-hyperv neutron-server[103899]: DEBUG neutron.api.rpc.handlers.resources_rpc [None req-19bf4d22-26bc-4aaa-9102-bd3c53472db7 tempest-ServerActionsTestJSON-130844584 tempest-ServerActionsTestJSON-130844584-project] Pushing event updated for resources: {'SecurityGroupRule': ['ID=c4ae3149-271d-4bc5-b6b0-9be17b9f30b8,revision_number=0']} {{(pid=103899) push /opt/stack/neutron/neutron/api/rpc/handlers/resources_rpc.py:237}}
Mar 10 16:05:21.472904 dv-neutron-833108-1-hyperv neutron-server[103899]: DEBUG neutron_lib.callbacks.manager [None req-04ff566a-3059-43a1-87fd-ead953d902cc tempest-FloatingIPAdminTestJSON-339772958 tempest-FloatingIPAdminTestJSON-339772958-project] Publish callbacks ['neutron.plugins.ml2.plugin.SecurityGroupDbMixin._ensure_default_security_group_handler-1761464'] for port (None), before_create {{(pid=103899) _notify_loop /usr/local/lib/python3.8/dist-packages/neutron_lib/callbacks/manager.py:176}}
Mar 10 16:05:21.479315 dv-neutron-833108-1-hyperv neutron-server[103899]: DEBUG neutron_lib.callbacks.manager [None req-19bf4d22-26bc-4aaa-9102-bd3c53472db7 tempest-ServerActionsTestJSON-130844584 tempest-ServerActionsTestJSON-130844584-project] Publish callbacks [] for security_group_rule (None), before_response {{(pid=103899) _notify_loop /usr/local/lib/python3.8/dist-packages/neutron_lib/callbacks/manager.py:176}}
Mar 10 16:05:21.483523 dv-neutron-833108-1-hyperv neutron-server[103899]: INFO neutron.wsgi [None req-19bf4d22-26bc-4aaa-9102-bd3c53472db7 tempest-ServerActionsTestJSON-130844584 tempest-ServerActionsTestJSON-130844584-project] 10.222.0.18 "POST /v2.0/security-group-rules HTTP/1.1" status: 201 len: 769 time: 1.0756381
Mar 10 16:05:21.497279 dv-neutron-833108-1-hyperv neutron-server[103899]: DEBUG neutron.wsgi [-] (103899) accepted ('10.222.0.18', 44556) {{(pid=103899) server /usr/local/lib/python3.8/dist-packages/eventlet/wsgi.py:1004}}
Mar 10 16:05:21.503545 dv-neutron-833108-1-hyperv neutron-server[103899]: DEBUG neutron.api.v2.base [None req-f0963e66-716d-41ae-bd7d-a995d09ab766 tempest-ServerActionsTestJSON-130844584 tempest-ServerActionsTestJSON-130844584-project] Request body: {'floatingip': {'floating_network_id': '790844af-23f4-49ff-8085-5be2a21edeb3'}} {{(pid=103899) prepare_request_body /opt/stack/neutron/neutron/api/v2/base.py:729}}
Mar 10 16:05:21.510510 dv-neutron-833108-1-hyperv neutron-server[103901]: DEBUG neutron.api.rpc.handlers.resources_rpc [None req-b5f51bf5-d313-4288-8963-8d7519b9183a None None] Pushing event updated for resources: {'Port': ['ID=70808347-eadf-4216-b5aa-3639e8c11e03,revision_number=1']} {{(pid=103901) push /opt/stack/neutron/neutron/api/rpc/handlers/resources_rpc.py:237}}
Mar 10 16:05:21.534776 dv-neutron-833108-1-hyperv neutron-server[103900]: DEBUG neutron.api.rpc.handlers.resources_rpc [None req-7537edcb-b5d0-47b8-9847-8ab9a3fed1c7 admin admin] Pushing event updated for resources: {'Port': ['ID=e9394dc8-6162-469d-a1a1-d31d69314059,revision_number=1']} {{(pid=103900) push /opt/stack/neutron/neutron/api/rpc/handlers/resources_rpc.py:237}}
Mar 10 16:05:21.545820 dv-neutron-833108-1-hyperv neutron-server[103901]: DEBUG neutron.plugins.ml2.rpc [None req-9555c256-fc41-43d1-b562-ab9b5b178354 None None] Device 6d1d952a-3b3c-4abe-984d-6de36c6e76b2 up at agent ovs-agent-dv-neutron-833108-1-hyperv {{(pid=103901) update_device_up /opt/stack/neutron/neutron/plugins/ml2/rpc.py:296}}
Mar 10 16:05:21.584119 dv-neutron-833108-1-hyperv neutron-server[103899]: DEBUG neutron_lib.callbacks.manager [None req-eadcb51a-1b00-4d66-b4da-d798666dec7d tempest-NetworksIpV6Test-1158415751 tempest-NetworksIpV6Test-1158415751-project] Publish callbacks ['neutron.plugins.ml2.plugin.Ml2Plugin._handle_segment_change-1833339'] for segment (fb8b7566-207a-4a26-bd2c-cc3771708555), precommit_create {{(pid=103899) _notify_loop /usr/local/lib/python3.8/dist-packages/neutron_lib/callbacks/manager.py:176}}
Mar 10 16:05:21.584621 dv-neutron-833108-1-hyperv neutron-server[103899]: INFO neutron.db.segments_db [None req-eadcb51a-1b00-4d66-b4da-d798666dec7d tempest-NetworksIpV6Test-1158415751 tempest-NetworksIpV6Test-1158415751-project] Added segment fb8b7566-207a-4a26-bd2c-cc3771708555 of type vlan for network b9da519f-6951-4355-b1e3-a4f0b9f55a23
Mar 10 16:05:21.599182 dv-neutron-833108-1-hyperv neutron-server[103900]: DEBUG neutron.scheduler.dhcp_agent_scheduler [None req-a0d453c1-f91e-453d-ad46-81dfb9e9d056 tempest-ExternalNetworksTestJSON-356848406 tempest-ExternalNetworksTestJSON-356848406-project-admin] Network 0a55a5ab-4f4b-43f2-9699-f3d98b2ce780 is already hosted by enough agents. {{(pid=103900) _get_dhcp_agents_hosting_network /opt/stack/neutron/neutron/scheduler/dhcp_agent_scheduler.py:275}}
Mar 10 16:05:21.608350 dv-neutron-833108-1-hyperv neutron-server[103900]: DEBUG neutron.scheduler.base_scheduler [None req-a0d453c1-f91e-453d-ad46-81dfb9e9d056 tempest-ExternalNetworksTestJSON-356848406 tempest-ExternalNetworksTestJSON-356848406-project-admin] Resources bound (agent type, host, resource id): {{(pid=103900) schedule /opt/stack/neutron/neutron/scheduler/base_scheduler.py:57}}
Mar 10 16:05:21.632140 dv-neutron-833108-1-hyperv neutron-server[103900]: DEBUG neutron.api.rpc.handlers.resources_rpc [None req-015df49b-c367-42e4-a17d-6921c4746f86 admin admin] Pushing event updated for resources: {'SecurityGroup': ['ID=6ee50afc-e69f-47db-8667-57f7d0bd1ff4,revision_number=1']} {{(pid=103900) push /opt/stack/neutron/neutron/api/rpc/handlers/resources_rpc.py:237}}
Mar 10 16:05:21.642737 dv-neutron-833108-1-hyperv neutron-server[103900]: DEBUG neutron.db.l3_dvrscheduler_db [None req-a0d453c1-f91e-453d-ad46-81dfb9e9d056 tempest-ExternalNetworksTestJSON-356848406 tempest-ExternalNetworksTestJSON-356848406-project-admin] Received port after_create {{(pid=103900) _notify_l3_agent_new_port /opt/stack/neutron/neutron/db/l3_dvrscheduler_db.py:536}}
Mar 10 16:05:21.667616 dv-neutron-833108-1-hyperv neutron-server[103901]: DEBUG neutron_lib.callbacks.manager [None req-fb14dc4d-ead5-4b05-b8b1-4705a82191cc None None] Publish callbacks [] for port (08e60092-fc39-47d4-884b-c9adf8b1a5e2), precommit_update {{(pid=103901) _notify_loop /usr/local/lib/python3.8/dist-packages/neutron_lib/callbacks/manager.py:176}}
Mar 10 16:05:21.669353 dv-neutron-833108-1-hyperv neutron-server[103901]: DEBUG neutron.plugins.ml2.managers [None req-b5f51bf5-d313-4288-8963-8d7519b9183a None None] Attempting to bind port 70808347-eadf-4216-b5aa-3639e8c11e03 on host dv-neutron-833108-1-hyperv for vnic_type normal with profile {{(pid=103901) bind_port /opt/stack/neutron/neutron/plugins/ml2/managers.py:795}}
Mar 10 16:05:21.669728 dv-neutron-833108-1-hyperv neutron-server[103901]: DEBUG neutron.plugins.ml2.managers [None req-b5f51bf5-d313-4288-8963-8d7519b9183a None None] Attempting to bind port 70808347-eadf-4216-b5aa-3639e8c11e03 by drivers openvswitch,hyperv on host dv-neutron-833108-1-hyperv at level 0 using segments [{'id': 'b24f5808-3605-4c99-abf4-ab79f6c24852', 'network_type': 'vlan', 'physical_network': 'physnet1', 'segmentation_id': 778, 'network_id': '22461e41-9843-47e4-8dd2-d659a93549a5'}] {{(pid=103901) _bind_port_level /opt/stack/neutron/neutron/plugins/ml2/managers.py:820}}
Mar 10 16:05:21.670089 dv-neutron-833108-1-hyperv neutron-server[103901]: DEBUG neutron.plugins.ml2.drivers.mech_agent [None req-b5f51bf5-d313-4288-8963-8d7519b9183a None None] Attempting to bind port 70808347-eadf-4216-b5aa-3639e8c11e03 on network 22461e41-9843-47e4-8dd2-d659a93549a5 {{(pid=103901) bind_port /opt/stack/neutron/neutron/plugins/ml2/drivers/mech_agent.py:91}}
Mar 10 16:05:21.682263 dv-neutron-833108-1-hyperv neutron-server[103901]: DEBUG neutron_lib.callbacks.manager [None req-fb14dc4d-ead5-4b05-b8b1-4705a82191cc None None] Publish callbacks ['neutron.plugins.ml2.plugin.SecurityGroupServerNotifierRpcMixin._notify_sg_on_port_change-1761300', 'neutron.plugins.ml2.ovo_rpc._ObjectChangeHandler.handle_event-416353', 'neutron.api.rpc.agentnotifiers.dhcp_rpc_agent_api.DhcpAgentNotifyAPI._native_event_send_dhcp_notification-533911', 'neutron.db.l3_db.L3RpcNotifierMixin._notify_gateway_port_ip_changed-8752470989927', 'neutron.db.l3_dvrscheduler_db._notify_l3_agent_port_update-8752470537337', 'neutron.db.l3_hascheduler_db._notify_l3_agent_ha_port_update-8752470537355'] for port (08e60092-fc39-47d4-884b-c9adf8b1a5e2), after_update {{(pid=103901) _notify_loop /usr/local/lib/python3.8/dist-packages/neutron_lib/callbacks/manager.py:176}}
Mar 10 16:05:21.691588 dv-neutron-833108-1-hyperv neutron-server[103901]: DEBUG neutron.plugins.ml2.drivers.mech_agent [None req-b5f51bf5-d313-4288-8963-8d7519b9183a None None] Checking agent: {'id': '0599f349-9d60-4ab6-8f78-1840ec887dd3', 'agent_type': 'Open vSwitch agent', 'binary': 'neutron-openvswitch-agent', 'topic': 'N/A', 'host': 'dv-neutron-833108-1-hyperv', 'admin_state_up': True, 'created_at': datetime.datetime(2022, 3, 10, 15, 57, 25), 'started_at': datetime.datetime(2022, 3, 10, 15, 57, 55), 'heartbeat_timestamp': datetime.datetime(2022, 3, 10, 16, 4, 55), 'description': None, 'resources_synced': None, 'availability_zone': None, 'alive': True, 'configurations': {'arp_responder_enabled': False, 'baremetal_smartnic': False, 'bridge_mappings': {'physnet1': 'br-data'}, 'datapath_type': 'system', 'devices': 0, 'enable_distributed_routing': False, 'extensions': [], 'in_distributed_mode': False, 'integration_bridge': 'br-int', 'l2_population': False, 'log_agent_heartbeats': False, 'ovs_capabilities': {'datapath_types': ['netdev', 'system'], 'iface_types': ['erspan', 'geneve', 'gre', 'internal', 'ip6erspan', 'ip6gre', 'lisp', 'patch', 'stt', 'system', 'tap', 'vxlan']}, 'ovs_hybrid_plug': False, 'resource_provider_bandwidths': {}, 'resource_provider_hypervisors': {'br-data': 'dv-neutron-833108-1-hyperv'}, 'resource_provider_inventory_defaults': {'allocation_ratio': 1.0, 'min_unit': 1, 'step_size': 1, 'reserved': 0}, 'resource_provider_packet_processing_inventory_defaults': {'allocation_ratio': 1.0, 'min_unit': 1, 'step_size': 1, 'reserved': 0}, 'resource_provider_packet_processing_with_direction': {}, 'resource_provider_packet_processing_without_direction': {}, 'tunnel_types': [], 'tunneling_ip': None, 'vhostuser_socket_dir': '/var/run/openvswitch'}, 'resource_versions': {'AddressGroup': '1.2', 'ConntrackHelper': '1.0', 'LocalIPAssociation': '1.0', 'Log': '1.0', 'Network': '1.1', 'Port': '1.7', 'PortForwarding': '1.2', 'QosPolicy': '1.10', 'SecurityGroup': '1.5', 'SecurityGroupRule': '1.2', 'SubPort': '1.0', 'Subnet': '1.1', 'Trunk': '1.1'}} {{(pid=103901) bind_port /opt/stack/neutron/neutron/plugins/ml2/drivers/mech_agent.py:110}}
Mar 10 16:05:21.691920 dv-neutron-833108-1-hyperv neutron-server[103901]: DEBUG neutron.plugins.ml2.drivers.mech_agent [None req-b5f51bf5-d313-4288-8963-8d7519b9183a None None] Checking segment: {'id': 'b24f5808-3605-4c99-abf4-ab79f6c24852', 'network_type': 'vlan', 'physical_network': 'physnet1', 'segmentation_id': 778, 'network_id': '22461e41-9843-47e4-8dd2-d659a93549a5'} for mappings: {'physnet1': 'br-data'} with network types: ['local', 'flat', 'vlan'] {{(pid=103901) check_segment_for_agent /opt/stack/neutron/neutron/plugins/ml2/drivers/mech_agent.py:373}}
Mar 10 16:05:21.692327 dv-neutron-833108-1-hyperv neutron-server[103901]: DEBUG neutron_lib.callbacks.manager [None req-b5f51bf5-d313-4288-8963-8d7519b9183a None None] Publish callbacks [] for ovs_bridge_name (None), before_read {{(pid=103901) _notify_loop /usr/local/lib/python3.8/dist-packages/neutron_lib/callbacks/manager.py:176}}
Mar 10 16:05:21.692718 dv-neutron-833108-1-hyperv neutron-server[103901]: DEBUG neutron.plugins.ml2.drivers.mech_agent [None req-b5f51bf5-d313-4288-8963-8d7519b9183a None None] Bound using segment: {'id': 'b24f5808-3605-4c99-abf4-ab79f6c24852', 'network_type': 'vlan', 'physical_network': 'physnet1', 'segmentation_id': 778, 'network_id': '22461e41-9843-47e4-8dd2-d659a93549a5'} {{(pid=103901) bind_port /opt/stack/neutron/neutron/plugins/ml2/drivers/mech_agent.py:120}}
Mar 10 16:05:21.693777 dv-neutron-833108-1-hyperv neutron-server[103901]: DEBUG neutron.plugins.ml2.managers [None req-b5f51bf5-d313-4288-8963-8d7519b9183a None None] Bound port: 70808347-eadf-4216-b5aa-3639e8c11e03, host: dv-neutron-833108-1-hyperv, vif_type: ovs, vif_details: {"connectivity": "l2", "port_filter": true, "ovs_hybrid_plug": false, "datapath_type": "system", "bridge_name": "br-int"}, binding_levels: [{'bound_driver': 'openvswitch', 'bound_segment': {'id': 'b24f5808-3605-4c99-abf4-ab79f6c24852', 'network_type': 'vlan', 'physical_network': 'physnet1', 'segmentation_id': 778, 'network_id': '22461e41-9843-47e4-8dd2-d659a93549a5'}}] {{(pid=103901) _bind_port_level /opt/stack/neutron/neutron/plugins/ml2/managers.py:932}}
Mar 10 16:05:21.694161 dv-neutron-833108-1-hyperv neutron-server[103901]: DEBUG neutron_lib.callbacks.manager [None req-b5f51bf5-d313-4288-8963-8d7519b9183a None None] Publish callbacks ['neutron.plugins.ml2.plugin.SecurityGroupDbMixin._ensure_default_security_group_handler-1761464'] for port (70808347-eadf-4216-b5aa-3639e8c11e03), before_update {{(pid=103901) _notify_loop /usr/local/lib/python3.8/dist-packages/neutron_lib/callbacks/manager.py:176}}
Mar 10 16:05:21.726985 dv-neutron-833108-1-hyperv neutron-server[103900]: DEBUG neutron.api.rpc.handlers.resources_rpc [None req-a0d453c1-f91e-453d-ad46-81dfb9e9d056 tempest-ExternalNetworksTestJSON-356848406 tempest-ExternalNetworksTestJSON-356848406-project-admin] Pushing event updated for resources: {'Port': ['ID=ced4eeba-1063-47f6-8a40-a96583f24dec,revision_number=1']} {{(pid=103900) push /opt/stack/neutron/neutron/api/rpc/handlers/resources_rpc.py:237}}
Mar 10 16:05:21.782529 dv-neutron-833108-1-hyperv neutron-server[103899]: DEBUG neutron_lib.callbacks.manager [None req-eadcb51a-1b00-4d66-b4da-d798666dec7d tempest-NetworksIpV6Test-1158415751 tempest-NetworksIpV6Test-1158415751-project] Publish callbacks ['neutron.services.auto_allocate.db._ensure_external_network_default_value_callback-8752470495690'] for network (b9da519f-6951-4355-b1e3-a4f0b9f55a23), precommit_create {{(pid=103899) _notify_loop /usr/local/lib/python3.8/dist-packages/neutron_lib/callbacks/manager.py:176}}
Mar 10 16:05:21.841120 dv-neutron-833108-1-hyperv neutron-server[103900]: DEBUG neutron_lib.callbacks.manager [None req-be032c59-14c2-457f-88ae-cf99a97c849c admin admin] Publish callbacks [] for security_group (6ee50afc-e69f-47db-8667-57f7d0bd1ff4), before_delete {{(pid=103900) _notify_loop /usr/local/lib/python3.8/dist-packages/neutron_lib/callbacks/manager.py:176}}
Mar 10 16:05:21.845521 dv-neutron-833108-1-hyperv neutron-server[103901]: DEBUG neutron.api.rpc.handlers.resources_rpc [None req-8a72df36-a7d9-40c7-af69-842ea882f99b None None] Pushing event updated for resources: {'Port': ['ID=08e60092-fc39-47d4-884b-c9adf8b1a5e2,revision_number=3']} {{(pid=103901) push /opt/stack/neutron/neutron/api/rpc/handlers/resources_rpc.py:237}}
Mar 10 16:05:21.863636 dv-neutron-833108-1-hyperv neutron-server[103901]: DEBUG neutron.db.provisioning_blocks [None req-0887c0c8-abae-4f4f-af27-79529c03877d None None] Provisioning complete for port e9394dc8-6162-469d-a1a1-d31d69314059 triggered by entity DHCP. {{(pid=103901) provisioning_complete /opt/stack/neutron/neutron/db/provisioning_blocks.py:140}}
Mar 10 16:05:21.864009 dv-neutron-833108-1-hyperv neutron-server[103901]: DEBUG neutron_lib.callbacks.manager [None req-0887c0c8-abae-4f4f-af27-79529c03877d None None] Publish callbacks ['neutron.plugins.ml2.plugin.Ml2Plugin._port_provisioned-1675766'] for port (e9394dc8-6162-469d-a1a1-d31d69314059), provisioning_complete {{(pid=103901) _notify_loop /usr/local/lib/python3.8/dist-packages/neutron_lib/callbacks/manager.py:176}}
Mar 10 16:05:21.869643 dv-neutron-833108-1-hyperv neutron-server[103901]: DEBUG neutron.db.provisioning_blocks [None req-9555c256-fc41-43d1-b562-ab9b5b178354 None None] Provisioning complete for port 6d1d952a-3b3c-4abe-984d-6de36c6e76b2 triggered by entity L2. {{(pid=103901) provisioning_complete /opt/stack/neutron/neutron/db/provisioning_blocks.py:140}}
Mar 10 16:05:21.870020 dv-neutron-833108-1-hyperv neutron-server[103901]: DEBUG neutron_lib.callbacks.manager [None req-9555c256-fc41-43d1-b562-ab9b5b178354 None None] Publish callbacks ['neutron.plugins.ml2.plugin.Ml2Plugin._port_provisioned-1675766'] for port (6d1d952a-3b3c-4abe-984d-6de36c6e76b2), provisioning_complete {{(pid=103901) _notify_loop /usr/local/lib/python3.8/dist-packages/neutron_lib/callbacks/manager.py:176}}
Mar 10 16:05:21.871220 dv-neutron-833108-1-hyperv neutron-server[103899]: DEBUG neutron.api.rpc.agentnotifiers.l3_rpc_agent_api [None req-eee8b382-14e3-40bc-a58e-7c5656b4aaed admin admin] Notify agent at l3_agent.dv-neutron-833108-1-hyperv the message routers_updated {{(pid=103899) _agent_notification /opt/stack/neutron/neutron/api/rpc/agentnotifiers/l3_rpc_agent_api.py:65}}
Mar 10 16:05:21.883633 dv-neutron-833108-1-hyperv neutron-server[103902]: DEBUG neutron.api.rpc.handlers.l3_rpc [None req-0535de1a-6a5d-4cf2-afbc-8888b6101233 None None] Sync routers for ids ['3f996563-f548-416f-9391-469afbb23c78'] in dv-neutron-833108-1-hyperv {{(pid=103902) sync_routers /opt/stack/neutron/neutron/api/rpc/handlers/l3_rpc.py:125}}
Mar 10 16:05:21.894073 dv-neutron-833108-1-hyperv neutron-server[103900]: DEBUG neutron_lib.callbacks.manager [None req-7537edcb-b5d0-47b8-9847-8ab9a3fed1c7 admin admin] Publish callbacks ['neutron.plugins.ml2.plugin.SecurityGroupDbMixin._ensure_default_security_group_handler-1761464'] for port (e9394dc8-6162-469d-a1a1-d31d69314059), before_update {{(pid=103900) _notify_loop /usr/local/lib/python3.8/dist-packages/neutron_lib/callbacks/manager.py:176}}
Mar 10 16:05:21.899380 dv-neutron-833108-1-hyperv neutron-server[103902]: DEBUG neutron.db.l3_dvrscheduler_db [None req-0535de1a-6a5d-4cf2-afbc-8888b6101233 None None] Routers {'3f996563-f548-416f-9391-469afbb23c78'} bound to L3 agent in host dv-neutron-833108-1-hyperv {{(pid=103902) _get_router_ids_for_agent /opt/stack/neutron/neutron/db/l3_dvrscheduler_db.py:421}}
Mar 10 16:05:21.900024 dv-neutron-833108-1-hyperv neutron-server[103902]: DEBUG neutron.db.l3_hamode_db [None req-0535de1a-6a5d-4cf2-afbc-8888b6101233 None None] neutron.services.l3_router.l3_router_plugin.L3RouterPlugin method get_ha_sync_data_for_host called with arguments (, 'dv-neutron-833108-1-hyperv', Agent(admin_state_up=True,agent_type='L3 agent',availability_zone='nova',binary='neutron-l3-agent',configurations={"agent_mode": "legacy", "ex_gw_ports": 4, "extensions": [], "floating_ips": 0, "handle_internal_only_routers": true, "interface_driver": "openvswitch", "interfaces": 1, "log_agent_heartbeats": false, "routers": 4},created_at=2022-03-10T15:57:21Z,description=,heartbeat_timestamp=2022-03-10T16:05:21Z,host='dv-neutron-833108-1-hyperv',id=560e933c-6b39-4320-b78d-86bf4ca2c040,load=0,resource_versions=,resources_synced=,started_at=2022-03-10T15:57:21Z,topic='l3_agent')) {'router_ids': ['3f996563-f548-416f-9391-469afbb23c78'], 'active': True} {{(pid=103902) wrapper /usr/local/lib/python3.8/dist-packages/oslo_log/helpers.py:65}}
Mar 10 16:05:21.963949 dv-neutron-833108-1-hyperv neutron-server[103900]: DEBUG neutron_lib.callbacks.manager [None req-be032c59-14c2-457f-88ae-cf99a97c849c admin admin] Publish callbacks [] for security_group (6ee50afc-e69f-47db-8667-57f7d0bd1ff4), precommit_delete {{(pid=103900) _notify_loop /usr/local/lib/python3.8/dist-packages/neutron_lib/callbacks/manager.py:176}}
Mar 10 16:05:21.990098 dv-neutron-833108-1-hyperv neutron-server[103900]: DEBUG neutron.wsgi [-] (103900) accepted ('10.222.0.18', 44564) {{(pid=103900) server /usr/local/lib/python3.8/dist-packages/eventlet/wsgi.py:1004}}
Mar 10 16:05:21.992358 dv-neutron-833108-1-hyperv neutron-server[103900]: DEBUG neutron_lib.callbacks.manager [None req-a0d453c1-f91e-453d-ad46-81dfb9e9d056 tempest-ExternalNetworksTestJSON-356848406 tempest-ExternalNetworksTestJSON-356848406-project-admin] Publish callbacks [] for floatingip (a01379d7-d236-44f7-a104-5f3e3d49e7ed), precommit_create {{(pid=103900) _notify_loop /usr/local/lib/python3.8/dist-packages/neutron_lib/callbacks/manager.py:176}}
Mar 10 16:05:22.003311 dv-neutron-833108-1-hyperv neutron-server[103899]: INFO neutron.wsgi [None req-eee8b382-14e3-40bc-a58e-7c5656b4aaed admin admin] 10.222.0.18 "PUT /v2.0/routers/3f996563-f548-416f-9391-469afbb23c78/add_router_interface HTTP/1.1" status: 200 len: 503 time: 8.0987778
Mar 10 16:05:22.006074 dv-neutron-833108-1-hyperv neutron-server[103899]: DEBUG neutron_lib.callbacks.manager [None req-f0963e66-716d-41ae-bd7d-a995d09ab766 tempest-ServerActionsTestJSON-130844584 tempest-ServerActionsTestJSON-130844584-project] Publish callbacks [] for floatingip (None), before_create {{(pid=103899) _notify_loop /usr/local/lib/python3.8/dist-packages/neutron_lib/callbacks/manager.py:176}}
Mar 10 16:05:22.036770 dv-neutron-833108-1-hyperv neutron-server[103899]: DEBUG neutron_lib.callbacks.manager [None req-eadcb51a-1b00-4d66-b4da-d798666dec7d tempest-NetworksIpV6Test-1158415751 tempest-NetworksIpV6Test-1158415751-project] Publish callbacks ['neutron.plugins.ml2.ovo_rpc._ObjectChangeHandler.handle_event-758674', 'neutron.api.rpc.agentnotifiers.dhcp_rpc_agent_api.DhcpAgentNotifyAPI._native_event_send_dhcp_notification-533911'] for network (b9da519f-6951-4355-b1e3-a4f0b9f55a23), after_create {{(pid=103899) _notify_loop /usr/local/lib/python3.8/dist-packages/neutron_lib/callbacks/manager.py:176}}
Mar 10 16:05:22.042035 dv-neutron-833108-1-hyperv neutron-server[103899]: DEBUG neutron.pecan_wsgi.hooks.policy_enforcement [None req-eadcb51a-1b00-4d66-b4da-d798666dec7d tempest-NetworksIpV6Test-1158415751 tempest-NetworksIpV6Test-1158415751-project] Attributes excluded by policy engine: ['standard_attr_id', 'provider:network_type', 'provider:physical_network', 'provider:segmentation_id', 'vlan_transparent'] {{(pid=103899) _exclude_attributes_by_policy /opt/stack/neutron/neutron/pecan_wsgi/hooks/policy_enforcement.py:255}}
Mar 10 16:05:22.042639 dv-neutron-833108-1-hyperv neutron-server[103899]: DEBUG neutron_lib.callbacks.manager [None req-eadcb51a-1b00-4d66-b4da-d798666dec7d tempest-NetworksIpV6Test-1158415751 tempest-NetworksIpV6Test-1158415751-project] Publish callbacks ['neutron.api.rpc.agentnotifiers.dhcp_rpc_agent_api.DhcpAgentNotifyAPI._send_dhcp_notification-533897'] for network (None), before_response {{(pid=103899) _notify_loop /usr/local/lib/python3.8/dist-packages/neutron_lib/callbacks/manager.py:176}}
Mar 10 16:05:22.099425 dv-neutron-833108-1-hyperv neutron-server[103899]: DEBUG neutron.db.db_base_plugin_common [None req-04ff566a-3059-43a1-87fd-ead953d902cc tempest-FloatingIPAdminTestJSON-339772958 tempest-FloatingIPAdminTestJSON-339772958-project] Allocated IP 172.26.4.64 (790844af-23f4-49ff-8085-5be2a21edeb3/3f7f9da8-a3b6-4cc1-b0c7-d395dc8fe617/f88001bc-3974-4d1c-8b3c-322371b439c6) {{(pid=103899) _store_ip_allocation /opt/stack/neutron/neutron/db/db_base_plugin_common.py:131}}
Mar 10 16:05:22.135360 dv-neutron-833108-1-hyperv neutron-server[103901]: DEBUG neutron.plugins.ml2.db [None req-b5f51bf5-d313-4288-8963-8d7519b9183a None None] For port 70808347-eadf-4216-b5aa-3639e8c11e03, host dv-neutron-833108-1-hyperv, cleared binding levels {{(pid=103901) clear_binding_levels /opt/stack/neutron/neutron/plugins/ml2/db.py:87}}
Mar 10 16:05:22.141105 dv-neutron-833108-1-hyperv neutron-server[103900]: DEBUG neutron_lib.callbacks.manager [None req-a0d453c1-f91e-453d-ad46-81dfb9e9d056 tempest-ExternalNetworksTestJSON-356848406 tempest-ExternalNetworksTestJSON-356848406-project-admin] Publish callbacks ['neutron.plugins.ml2.plugin.SecurityGroupDbMixin._ensure_default_security_group_handler-1761464'] for port (ced4eeba-1063-47f6-8a40-a96583f24dec), before_update {{(pid=103900) _notify_loop /usr/local/lib/python3.8/dist-packages/neutron_lib/callbacks/manager.py:176}}
Mar 10 16:05:22.197644 dv-neutron-833108-1-hyperv neutron-server[103901]: DEBUG neutron_lib.callbacks.manager [None req-5d9699f2-92d3-44b8-9d07-5db62feb96e4 None None] Publish callbacks ['neutron.services.segments.db._update_segment_host_mapping_for_agent-8752470980868', 'neutron.plugins.ml2.plugin.Ml2Plugin._retry_binding_revived_agents-1677076'] for agent (16a88eea-77f3-4dc8-898e-ba0856f3ca3b), after_update {{(pid=103901) _notify_loop /usr/local/lib/python3.8/dist-packages/neutron_lib/callbacks/manager.py:176}}
Mar 10 16:05:22.198309 dv-neutron-833108-1-hyperv neutron-server[103901]: DEBUG neutron.plugins.ml2.plugin [None req-0887c0c8-abae-4f4f-af27-79529c03877d None None] Port e9394dc8-6162-469d-a1a1-d31d69314059 cannot update to ACTIVE because it is not bound. {{(pid=103901) _port_provisioned /opt/stack/neutron/neutron/plugins/ml2/plugin.py:343}}
Mar 10 16:05:22.221428 dv-neutron-833108-1-hyperv neutron-server[103901]: DEBUG neutron.plugins.ml2.db [None req-b5f51bf5-d313-4288-8963-8d7519b9183a None None] For port 70808347-eadf-4216-b5aa-3639e8c11e03, host dv-neutron-833108-1-hyperv, set binding levels [PortBindingLevel(driver='openvswitch',host='dv-neutron-833108-1-hyperv',level=0,port_id=70808347-eadf-4216-b5aa-3639e8c11e03,segment=NetworkSegment(b24f5808-3605-4c99-abf4-ab79f6c24852),segment_id=b24f5808-3605-4c99-abf4-ab79f6c24852)] {{(pid=103901) set_binding_levels /opt/stack/neutron/neutron/plugins/ml2/db.py:59}}
Mar 10 16:05:22.227664 dv-neutron-833108-1-hyperv neutron-server[103899]: INFO neutron.wsgi [None req-eadcb51a-1b00-4d66-b4da-d798666dec7d tempest-NetworksIpV6Test-1158415751 tempest-NetworksIpV6Test-1158415751-project] 10.222.0.18 "POST /v2.0/networks HTTP/1.1" status: 201 len: 783 time: 1.3305132
Mar 10 16:05:22.230484 dv-neutron-833108-1-hyperv neutron-server[103901]: DEBUG neutron.plugins.ml2.managers [None req-fb14dc4d-ead5-4b05-b8b1-4705a82191cc None None] Attempting to bind port 08e60092-fc39-47d4-884b-c9adf8b1a5e2 on host dv-neutron-833108-1-hyperv for vnic_type normal with profile {{(pid=103901) bind_port /opt/stack/neutron/neutron/plugins/ml2/managers.py:795}}
Mar 10 16:05:22.232133 dv-neutron-833108-1-hyperv neutron-server[103900]: DEBUG neutron.wsgi [-] (103900) accepted ('10.222.0.18', 44570) {{(pid=103900) server /usr/local/lib/python3.8/dist-packages/eventlet/wsgi.py:1004}}
Mar 10 16:05:22.232715 dv-neutron-833108-1-hyperv neutron-server[103901]: DEBUG neutron.plugins.ml2.managers [None req-fb14dc4d-ead5-4b05-b8b1-4705a82191cc None None] Attempting to bind port 08e60092-fc39-47d4-884b-c9adf8b1a5e2 by drivers openvswitch,hyperv on host dv-neutron-833108-1-hyperv at level 0 using segments [{'id': '4c4c4889-0190-4c4c-aec6-15204219f660', 'network_type': 'vlan', 'physical_network': 'physnet1', 'segmentation_id': 763, 'network_id': '638d462b-eb43-4460-8358-8cdc7c8f2a16'}] {{(pid=103901) _bind_port_level /opt/stack/neutron/neutron/plugins/ml2/managers.py:820}}
Mar 10 16:05:22.233239 dv-neutron-833108-1-hyperv neutron-server[103902]: DEBUG neutron.db.l3_dvr_db [None req-0535de1a-6a5d-4cf2-afbc-8888b6101233 None None] Set router 3f996563-f548-416f-9391-469afbb23c78 gateway port host: dv-neutron-833108-1-hyperv {{(pid=103902) _build_routers_list /opt/stack/neutron/neutron/db/l3_dvr_db.py:906}}
Mar 10 16:05:22.233479 dv-neutron-833108-1-hyperv neutron-server[103901]: DEBUG neutron.plugins.ml2.drivers.mech_agent [None req-fb14dc4d-ead5-4b05-b8b1-4705a82191cc None None] Attempting to bind port 08e60092-fc39-47d4-884b-c9adf8b1a5e2 on network 638d462b-eb43-4460-8358-8cdc7c8f2a16 {{(pid=103901) bind_port /opt/stack/neutron/neutron/plugins/ml2/drivers/mech_agent.py:91}}
Mar 10 16:05:22.248588 dv-neutron-833108-1-hyperv neutron-server[103900]: DEBUG neutron.api.v2.base [None req-198ce762-3168-413b-9b3e-815891de041f tempest-NetworksIpV6Test-1158415751 tempest-NetworksIpV6Test-1158415751-project] Request body: {'subnet': {'network_id': 'b9da519f-6951-4355-b1e3-a4f0b9f55a23', 'cidr': '2001:db8::/64', 'ip_version': 6, 'gateway_ip': '2001:db8::2'}} {{(pid=103900) prepare_request_body /opt/stack/neutron/neutron/api/v2/base.py:729}}
Mar 10 16:05:22.258289 dv-neutron-833108-1-hyperv neutron-server[103901]: DEBUG neutron.plugins.ml2.drivers.mech_agent [None req-fb14dc4d-ead5-4b05-b8b1-4705a82191cc None None] Checking agent: {'id': '0599f349-9d60-4ab6-8f78-1840ec887dd3', 'agent_type': 'Open vSwitch agent', 'binary': 'neutron-openvswitch-agent', 'topic': 'N/A', 'host': 'dv-neutron-833108-1-hyperv', 'admin_state_up': True, 'created_at': datetime.datetime(2022, 3, 10, 15, 57, 25), 'started_at': datetime.datetime(2022, 3, 10, 15, 57, 55), 'heartbeat_timestamp': datetime.datetime(2022, 3, 10, 16, 4, 55), 'description': None, 'resources_synced': None, 'availability_zone': None, 'alive': True, 'configurations': {'arp_responder_enabled': False, 'baremetal_smartnic': False, 'bridge_mappings': {'physnet1': 'br-data'}, 'datapath_type': 'system', 'devices': 0, 'enable_distributed_routing': False, 'extensions': [], 'in_distributed_mode': False, 'integration_bridge': 'br-int', 'l2_population': False, 'log_agent_heartbeats': False, 'ovs_capabilities': {'datapath_types': ['netdev', 'system'], 'iface_types': ['erspan', 'geneve', 'gre', 'internal', 'ip6erspan', 'ip6gre', 'lisp', 'patch', 'stt', 'system', 'tap', 'vxlan']}, 'ovs_hybrid_plug': False, 'resource_provider_bandwidths': {}, 'resource_provider_hypervisors': {'br-data': 'dv-neutron-833108-1-hyperv'}, 'resource_provider_inventory_defaults': {'allocation_ratio': 1.0, 'min_unit': 1, 'step_size': 1, 'reserved': 0}, 'resource_provider_packet_processing_inventory_defaults': {'allocation_ratio': 1.0, 'min_unit': 1, 'step_size': 1, 'reserved': 0}, 'resource_provider_packet_processing_with_direction': {}, 'resource_provider_packet_processing_without_direction': {}, 'tunnel_types': [], 'tunneling_ip': None, 'vhostuser_socket_dir': '/var/run/openvswitch'}, 'resource_versions': {'AddressGroup': '1.2', 'ConntrackHelper': '1.0', 'LocalIPAssociation': '1.0', 'Log': '1.0', 'Network': '1.1', 'Port': '1.7', 'PortForwarding': '1.2', 'QosPolicy': '1.10', 'SecurityGroup': '1.5', 'SecurityGroupRule': '1.2', 'SubPort': '1.0', 'Subnet': '1.1', 'Trunk': '1.1'}} {{(pid=103901) bind_port /opt/stack/neutron/neutron/plugins/ml2/drivers/mech_agent.py:110}}
Mar 10 16:05:22.270575 dv-neutron-833108-1-hyperv neutron-server[103901]: DEBUG neutron.plugins.ml2.drivers.mech_agent [None req-fb14dc4d-ead5-4b05-b8b1-4705a82191cc None None] Checking segment: {'id': '4c4c4889-0190-4c4c-aec6-15204219f660', 'network_type': 'vlan', 'physical_network': 'physnet1', 'segmentation_id': 763, 'network_id': '638d462b-eb43-4460-8358-8cdc7c8f2a16'} for mappings: {'physnet1': 'br-data'} with network types: ['local', 'flat', 'vlan'] {{(pid=103901) check_segment_for_agent /opt/stack/neutron/neutron/plugins/ml2/drivers/mech_agent.py:373}}
Mar 10 16:05:22.271269 dv-neutron-833108-1-hyperv neutron-server[103901]: DEBUG neutron_lib.callbacks.manager [None req-fb14dc4d-ead5-4b05-b8b1-4705a82191cc None None] Publish callbacks [] for ovs_bridge_name (None), before_read {{(pid=103901) _notify_loop /usr/local/lib/python3.8/dist-packages/neutron_lib/callbacks/manager.py:176}}
Mar 10 16:05:22.271887 dv-neutron-833108-1-hyperv neutron-server[103901]: DEBUG neutron.plugins.ml2.drivers.mech_agent [None req-fb14dc4d-ead5-4b05-b8b1-4705a82191cc None None] Bound using segment: {'id': '4c4c4889-0190-4c4c-aec6-15204219f660', 'network_type': 'vlan', 'physical_network': 'physnet1', 'segmentation_id': 763, 'network_id': '638d462b-eb43-4460-8358-8cdc7c8f2a16'} {{(pid=103901) bind_port /opt/stack/neutron/neutron/plugins/ml2/drivers/mech_agent.py:120}}
Mar 10 16:05:22.272488 dv-neutron-833108-1-hyperv neutron-server[103901]: DEBUG neutron.plugins.ml2.managers [None req-fb14dc4d-ead5-4b05-b8b1-4705a82191cc None None] Bound port: 08e60092-fc39-47d4-884b-c9adf8b1a5e2, host: dv-neutron-833108-1-hyperv, vif_type: ovs, vif_details: {"connectivity": "l2", "port_filter": true, "ovs_hybrid_plug": false, "datapath_type": "system", "bridge_name": "br-int"}, binding_levels: [{'bound_driver': 'openvswitch', 'bound_segment': {'id': '4c4c4889-0190-4c4c-aec6-15204219f660', 'network_type': 'vlan', 'physical_network': 'physnet1', 'segmentation_id': 763, 'network_id': '638d462b-eb43-4460-8358-8cdc7c8f2a16'}}] {{(pid=103901) _bind_port_level /opt/stack/neutron/neutron/plugins/ml2/managers.py:932}}
Mar 10 16:05:22.272977 dv-neutron-833108-1-hyperv neutron-server[103901]: DEBUG neutron_lib.callbacks.manager [None req-fb14dc4d-ead5-4b05-b8b1-4705a82191cc None None] Publish callbacks ['neutron.plugins.ml2.plugin.SecurityGroupDbMixin._ensure_default_security_group_handler-1761464'] for port (08e60092-fc39-47d4-884b-c9adf8b1a5e2), before_update {{(pid=103901) _notify_loop /usr/local/lib/python3.8/dist-packages/neutron_lib/callbacks/manager.py:176}}
Mar 10 16:05:22.303663 dv-neutron-833108-1-hyperv neutron-server[103900]: DEBUG neutron.api.v2.base [None req-c719e074-364f-4fa8-988d-72b2b42c3a20 tempest-RoutersAdminNegativeTest-1420508790 tempest-RoutersAdminNegativeTest-1420508790-project-admin] Request body: {'port': {'name': 'tempest-RoutersAdminNegativeTest-1523533673', 'network_id': '790844af-23f4-49ff-8085-5be2a21edeb3'}} {{(pid=103900) prepare_request_body /opt/stack/neutron/neutron/api/v2/base.py:729}}
Mar 10 16:05:22.308855 dv-neutron-833108-1-hyperv neutron-server[103900]: DEBUG neutron_lib.callbacks.manager [None req-be032c59-14c2-457f-88ae-cf99a97c849c admin admin] Publish callbacks ['neutron.plugins.ml2.ovo_rpc._ObjectChangeHandler.handle_event-755276'] for security_group (6ee50afc-e69f-47db-8667-57f7d0bd1ff4), after_delete {{(pid=103900) _notify_loop /usr/local/lib/python3.8/dist-packages/neutron_lib/callbacks/manager.py:176}}
Mar 10 16:05:22.311671 dv-neutron-833108-1-hyperv neutron-server[103900]: DEBUG neutron_lib.callbacks.manager [None req-be032c59-14c2-457f-88ae-cf99a97c849c admin admin] Publish callbacks [] for security_group (None), before_response {{(pid=103900) _notify_loop /usr/local/lib/python3.8/dist-packages/neutron_lib/callbacks/manager.py:176}}
Mar 10 16:05:22.313443 dv-neutron-833108-1-hyperv neutron-server[103900]: INFO neutron.wsgi [None req-be032c59-14c2-457f-88ae-cf99a97c849c admin admin] 10.222.0.18 "DELETE /v2.0/security-groups/6ee50afc-e69f-47db-8667-57f7d0bd1ff4 HTTP/1.1" status: 204 len: 168 time: 1.1908898
Mar 10 16:05:22.329181 dv-neutron-833108-1-hyperv neutron-server[103899]: DEBUG neutron.api.rpc.handlers.resources_rpc [None req-eadcb51a-1b00-4d66-b4da-d798666dec7d tempest-NetworksIpV6Test-1158415751 tempest-NetworksIpV6Test-1158415751-project] Pushing event updated for resources: {'Network': ['ID=b9da519f-6951-4355-b1e3-a4f0b9f55a23,revision_number=1']} {{(pid=103899) push /opt/stack/neutron/neutron/api/rpc/handlers/resources_rpc.py:237}}
Mar 10 16:05:22.488980 dv-neutron-833108-1-hyperv neutron-server[103900]: DEBUG neutron.api.rpc.handlers.resources_rpc [None req-be032c59-14c2-457f-88ae-cf99a97c849c admin admin] Pushing event deleted for resources: {'SecurityGroup': ['ID=6ee50afc-e69f-47db-8667-57f7d0bd1ff4,revision_number=None']} {{(pid=103900) push /opt/stack/neutron/neutron/api/rpc/handlers/resources_rpc.py:237}}
Mar 10 16:05:22.497656 dv-neutron-833108-1-hyperv neutron-server[103901]: DEBUG neutron_lib.callbacks.manager [None req-b5f51bf5-d313-4288-8963-8d7519b9183a None None] Publish callbacks ['neutron.plugins.ml2.plugin.SecurityGroupServerNotifierRpcMixin._notify_sg_on_port_change-1761300', 'neutron.plugins.ml2.ovo_rpc._ObjectChangeHandler.handle_event-416353', 'neutron.api.rpc.agentnotifiers.dhcp_rpc_agent_api.DhcpAgentNotifyAPI._native_event_send_dhcp_notification-533911', 'neutron.db.l3_db.L3RpcNotifierMixin._notify_gateway_port_ip_changed-8752470989927', 'neutron.db.l3_dvrscheduler_db._notify_l3_agent_port_update-8752470537337', 'neutron.db.l3_hascheduler_db._notify_l3_agent_ha_port_update-8752470537355'] for port (70808347-eadf-4216-b5aa-3639e8c11e03), after_update {{(pid=103901) _notify_loop /usr/local/lib/python3.8/dist-packages/neutron_lib/callbacks/manager.py:176}}
Mar 10 16:05:22.510202 dv-neutron-833108-1-hyperv neutron-server[103901]: DEBUG neutron.plugins.ml2.rpc [None req-9555c256-fc41-43d1-b562-ab9b5b178354 None None] Network b9da519f-6951-4355-b1e3-a4f0b9f55a23 details requested by agent ovs-agent-dv-neutron-833108-1-hyperv with host dv-neutron-833108-1-hyperv {{(pid=103901) get_network_details /opt/stack/neutron/neutron/plugins/ml2/rpc.py:248}}
Mar 10 16:05:22.620503 dv-neutron-833108-1-hyperv neutron-server[103900]: DEBUG neutron.pecan_wsgi.hooks.quota_enforcement [None req-c719e074-364f-4fa8-988d-72b2b42c3a20 tempest-RoutersAdminNegativeTest-1420508790 tempest-RoutersAdminNegativeTest-1420508790-project-admin] Made reservation on behalf of b035c9615c8b48e3bb28c1e89614c98e for: {'port': 1} {{(pid=103900) before /opt/stack/neutron/neutron/pecan_wsgi/hooks/quota_enforcement.py:53}}
Mar 10 16:05:22.623072 dv-neutron-833108-1-hyperv neutron-server[103900]: DEBUG neutron_lib.callbacks.manager [None req-c719e074-364f-4fa8-988d-72b2b42c3a20 tempest-RoutersAdminNegativeTest-1420508790 tempest-RoutersAdminNegativeTest-1420508790-project-admin] Publish callbacks ['neutron.plugins.ml2.plugin.SecurityGroupDbMixin._ensure_default_security_group_handler-1761464'] for port (None), before_create {{(pid=103900) _notify_loop /usr/local/lib/python3.8/dist-packages/neutron_lib/callbacks/manager.py:176}}
Mar 10 16:05:22.623351 dv-neutron-833108-1-hyperv neutron-server[103899]: DEBUG neutron_lib.callbacks.manager [None req-04ff566a-3059-43a1-87fd-ead953d902cc tempest-FloatingIPAdminTestJSON-339772958 tempest-FloatingIPAdminTestJSON-339772958-project] Publish callbacks [] for port (f88001bc-3974-4d1c-8b3c-322371b439c6), precommit_create {{(pid=103899) _notify_loop /usr/local/lib/python3.8/dist-packages/neutron_lib/callbacks/manager.py:176}}
Mar 10 16:05:22.671214 dv-neutron-833108-1-hyperv neutron-server[103900]: DEBUG neutron_lib.callbacks.manager [None req-c719e074-364f-4fa8-988d-72b2b42c3a20 tempest-RoutersAdminNegativeTest-1420508790 tempest-RoutersAdminNegativeTest-1420508790-project-admin] Publish callbacks [] for security_group (None), before_create {{(pid=103900) _notify_loop /usr/local/lib/python3.8/dist-packages/neutron_lib/callbacks/manager.py:176}}
Mar 10 16:05:22.678356 dv-neutron-833108-1-hyperv neutron-server[103900]: DEBUG neutron_lib.callbacks.manager [None req-7537edcb-b5d0-47b8-9847-8ab9a3fed1c7 admin admin] Publish callbacks [] for port (e9394dc8-6162-469d-a1a1-d31d69314059), precommit_update {{(pid=103900) _notify_loop /usr/local/lib/python3.8/dist-packages/neutron_lib/callbacks/manager.py:176}}
Mar 10 16:05:22.711464 dv-neutron-833108-1-hyperv neutron-server[103899]: DEBUG neutron_lib.callbacks.manager [None req-04ff566a-3059-43a1-87fd-ead953d902cc tempest-FloatingIPAdminTestJSON-339772958 tempest-FloatingIPAdminTestJSON-339772958-project] Publish callbacks ['neutron.plugins.ml2.plugin.SecurityGroupServerNotifierRpcMixin._notify_sg_on_port_change-1761300', 'neutron.plugins.ml2.ovo_rpc._ObjectChangeHandler.handle_event-416353', 'neutron.api.rpc.agentnotifiers.dhcp_rpc_agent_api.DhcpAgentNotifyAPI._native_event_send_dhcp_notification-533911', 'neutron.db.l3_dvrscheduler_db._notify_l3_agent_new_port-8752470537319', 'neutron.services.segments.plugin.NovaSegmentNotifier._notify_port_created_or_deleted-10005738'] for port (f88001bc-3974-4d1c-8b3c-322371b439c6), after_create {{(pid=103899) _notify_loop /usr/local/lib/python3.8/dist-packages/neutron_lib/callbacks/manager.py:176}}
Mar 10 16:05:22.744289 dv-neutron-833108-1-hyperv neutron-server[103900]: DEBUG neutron_lib.callbacks.manager [None req-7537edcb-b5d0-47b8-9847-8ab9a3fed1c7 admin admin] Publish callbacks ['neutron.plugins.ml2.plugin.SecurityGroupServerNotifierRpcMixin._notify_sg_on_port_change-1761300', 'neutron.plugins.ml2.ovo_rpc._ObjectChangeHandler.handle_event-416353', 'neutron.api.rpc.agentnotifiers.dhcp_rpc_agent_api.DhcpAgentNotifyAPI._native_event_send_dhcp_notification-533911', 'neutron.db.l3_db.L3RpcNotifierMixin._notify_gateway_port_ip_changed-8752470989927', 'neutron.db.l3_dvrscheduler_db._notify_l3_agent_port_update-8752470537337', 'neutron.db.l3_hascheduler_db._notify_l3_agent_ha_port_update-8752470537355'] for port (e9394dc8-6162-469d-a1a1-d31d69314059), after_update {{(pid=103900) _notify_loop /usr/local/lib/python3.8/dist-packages/neutron_lib/callbacks/manager.py:176}}
Mar 10 16:05:22.745026 dv-neutron-833108-1-hyperv neutron-server[103900]: DEBUG neutron_lib.callbacks.manager [None req-7537edcb-b5d0-47b8-9847-8ab9a3fed1c7 admin admin] Publish callbacks ['neutron.api.rpc.agentnotifiers.dhcp_rpc_agent_api.DhcpAgentNotifyAPI._after_router_interface_created-533925', 'neutron.services.l3_router.l3_router_plugin.DVRResourceOperationHandler._update_snat_v6_addrs_after_intf_update-688349'] for router_interface (7aab98d5-e5af-467d-b1de-6ee934e35d6a), after_create {{(pid=103900) _notify_loop /usr/local/lib/python3.8/dist-packages/neutron_lib/callbacks/manager.py:176}}
Mar 10 16:05:22.760102 dv-neutron-833108-1-hyperv neutron-server[103901]: DEBUG neutron.db.provisioning_blocks [None req-cd522ecd-f366-48ec-8e27-545957645c1e None None] Provisioning complete for port 08e60092-fc39-47d4-884b-c9adf8b1a5e2 triggered by entity DHCP. {{(pid=103901) provisioning_complete /opt/stack/neutron/neutron/db/provisioning_blocks.py:140}}
Mar 10 16:05:22.761123 dv-neutron-833108-1-hyperv neutron-server[103901]: DEBUG neutron_lib.callbacks.manager [None req-cd522ecd-f366-48ec-8e27-545957645c1e None None] Publish callbacks ['neutron.plugins.ml2.plugin.Ml2Plugin._port_provisioned-1675766'] for port (08e60092-fc39-47d4-884b-c9adf8b1a5e2), provisioning_complete {{(pid=103901) _notify_loop /usr/local/lib/python3.8/dist-packages/neutron_lib/callbacks/manager.py:176}}
Mar 10 16:05:22.762245 dv-neutron-833108-1-hyperv neutron-server[103900]: DEBUG neutron.pecan_wsgi.hooks.quota_enforcement [None req-198ce762-3168-413b-9b3e-815891de041f tempest-NetworksIpV6Test-1158415751 tempest-NetworksIpV6Test-1158415751-project] Made reservation on behalf of 03423419a44f45f4aeb59127639a3df0 for: {'subnet': 1} {{(pid=103900) before /opt/stack/neutron/neutron/pecan_wsgi/hooks/quota_enforcement.py:53}}
Mar 10 16:05:22.766471 dv-neutron-833108-1-hyperv neutron-server[103900]: DEBUG neutron_lib.callbacks.manager [None req-198ce762-3168-413b-9b3e-815891de041f tempest-NetworksIpV6Test-1158415751 tempest-NetworksIpV6Test-1158415751-project] Publish callbacks [] for subnet (None), before_create {{(pid=103900) _notify_loop /usr/local/lib/python3.8/dist-packages/neutron_lib/callbacks/manager.py:176}}
Mar 10 16:05:22.775500 dv-neutron-833108-1-hyperv neutron-server[103901]: DEBUG neutron.plugins.ml2.plugin [None req-9555c256-fc41-43d1-b562-ab9b5b178354 None None] Current status of the port 6d1d952a-3b3c-4abe-984d-6de36c6e76b2 is: ACTIVE; New status is: ACTIVE {{(pid=103901) _update_individual_port_db_status /opt/stack/neutron/neutron/plugins/ml2/plugin.py:2232}}
