Mar 17 11:28:43.722696 dv-neutron-833015-4-hyperv devstack@n-api.service[103511]: INFO nova.api.openstack.requestlog [None req-374111e4-37b4-43d6-93ea-b39eae7abeb9 admin admin] 10.222.0.10 "GET /compute/v2.1" status: 200 len: 388 microversion: 2.1 time: 0.002113
Mar 17 11:28:43.737779 dv-neutron-833015-4-hyperv devstack@n-api.service[103511]: [pid: 103511|app: 0|req: 10/21] 10.222.0.10 () {54 vars in 930 bytes} [Thu Mar 17 11:28:43 2022] GET /compute/v2.1 => generated 388 bytes in 8 msecs (HTTP/1.1 200) 9 headers in 357 bytes (1 switches on core 0)
Mar 17 11:28:43.786219 dv-neutron-833015-4-hyperv devstack@n-api.service[103510]: DEBUG nova.api.openstack.wsgi [None req-448953f1-91a9-47f2-b1a5-66e623185f73 admin admin] Action: 'create', calling method: >, body: {"flavor": {"ram": 512, "swap": 0, "os-flavor-access:is_public": true, "disk": 1, "id": "1", "rxtx_factor": 1.0, "OS-FLV-EXT-DATA:ephemeral": 0, "vcpus": 1, "name": "m1.tiny"}} {{(pid=103510) _process_stack /opt/stack/nova/nova/api/openstack/wsgi.py:511}}
Mar 17 11:28:43.808481 dv-neutron-833015-4-hyperv devstack@n-api.service[103510]: INFO nova.api.openstack.requestlog [None req-448953f1-91a9-47f2-b1a5-66e623185f73 admin admin] 10.222.0.10 "POST /compute/v2.1/flavors" status: 200 len: 402 microversion: 2.61 time: 0.079009
Mar 17 11:28:43.817805 dv-neutron-833015-4-hyperv devstack@n-api.service[103510]: [pid: 103510|app: 0|req: 12/22] 10.222.0.10 () {64 vars in 1282 bytes} [Thu Mar 17 11:28:43 2022] POST /compute/v2.1/flavors => generated 402 bytes in 84 msecs (HTTP/1.1 200) 9 headers in 359 bytes (1 switches on core 0)
Mar 17 11:28:43.824455 dv-neutron-833015-4-hyperv devstack@n-api.service[103511]: DEBUG nova.api.openstack.wsgi [None req-0b41271e-494c-4bca-a3a6-2334e3aa5b83 admin admin] Action: 'create', calling method: >, body: {"extra_specs": {"hw_rng:allowed": "True"}} {{(pid=103511) _process_stack /opt/stack/nova/nova/api/openstack/wsgi.py:511}}
Mar 17 11:28:43.851115 dv-neutron-833015-4-hyperv devstack@n-api.service[103511]: INFO nova.api.openstack.requestlog [None req-0b41271e-494c-4bca-a3a6-2334e3aa5b83 admin admin] 10.222.0.10 "POST /compute/v2.1/flavors/1/os-extra_specs" status: 200 len: 43 microversion: 2.61 time: 0.030970
Mar 17 11:28:43.861666 dv-neutron-833015-4-hyperv devstack@n-api.service[103511]: [pid: 103511|app: 0|req: 11/23] 10.222.0.10 () {64 vars in 1332 bytes} [Thu Mar 17 11:28:43 2022] POST /compute/v2.1/flavors/1/os-extra_specs => generated 43 bytes in 40 msecs (HTTP/1.1 200) 9 headers in 358 bytes (1 switches on core 0)
Mar 17 11:28:46.301805 dv-neutron-833015-4-hyperv devstack@n-api.service[103510]: DEBUG nova.api.openstack.wsgi [None req-448953f1-91a9-47f2-b1a5-66e623185f73 admin admin] Calling method '>' {{(pid=103510) _process_stack /opt/stack/nova/nova/api/openstack/wsgi.py:513}}
Mar 17 11:28:46.302939 dv-neutron-833015-4-hyperv devstack@n-api.service[103510]: INFO nova.api.openstack.requestlog [None req-448953f1-91a9-47f2-b1a5-66e623185f73 admin admin] 10.222.0.10 "GET /compute/v2.1" status: 200 len: 388 microversion: 2.1 time: 0.001610
Mar 17 11:28:46.303428 dv-neutron-833015-4-hyperv devstack@n-api.service[103510]: [pid: 103510|app: 0|req: 13/24] 10.222.0.10 () {54 vars in 930 bytes} [Thu Mar 17 11:28:46 2022] GET /compute/v2.1 => generated 388 bytes in 3 msecs (HTTP/1.1 200) 9 headers in 357 bytes (2 switches on core 0)
Mar 17 11:28:46.385604 dv-neutron-833015-4-hyperv devstack@n-api.service[103511]: DEBUG nova.api.openstack.wsgi [None req-b9c14870-fe8d-4dd7-a957-cfcc4d295da5 admin admin] Action: 'create', calling method: >, body: {"flavor": {"id": "2", "disk": 20, "swap": 0, "OS-FLV-EXT-DATA:ephemeral": 0, "rxtx_factor": 1.0, "name": "m1.small", "vcpus": 1, "os-flavor-access:is_public": true, "ram": 2048}} {{(pid=103511) _process_stack /opt/stack/nova/nova/api/openstack/wsgi.py:511}}
Mar 17 11:28:46.405027 dv-neutron-833015-4-hyperv devstack@n-api.service[103511]: INFO nova.api.openstack.requestlog [None req-b9c14870-fe8d-4dd7-a957-cfcc4d295da5 admin admin] 10.222.0.10 "POST /compute/v2.1/flavors" status: 200 len: 405 microversion: 2.61 time: 0.095200
Mar 17 11:28:46.405553 dv-neutron-833015-4-hyperv devstack@n-api.service[103511]: [pid: 103511|app: 0|req: 12/25] 10.222.0.10 () {64 vars in 1282 bytes} [Thu Mar 17 11:28:46 2022] POST /compute/v2.1/flavors => generated 405 bytes in 96 msecs (HTTP/1.1 200) 9 headers in 359 bytes (1 switches on core 0)
Mar 17 11:28:46.418940 dv-neutron-833015-4-hyperv devstack@n-api.service[103510]: DEBUG nova.api.openstack.wsgi [None req-cf41b45a-2cb9-4cdf-a827-3ece95aaf073 admin admin] Action: 'create', calling method: >, body: {"extra_specs": {"hw_rng:allowed": "True"}} {{(pid=103510) _process_stack /opt/stack/nova/nova/api/openstack/wsgi.py:511}}
Mar 17 11:28:46.446099 dv-neutron-833015-4-hyperv devstack@n-api.service[103510]: INFO nova.api.openstack.requestlog [None req-cf41b45a-2cb9-4cdf-a827-3ece95aaf073 admin admin] 10.222.0.10 "POST /compute/v2.1/flavors/2/os-extra_specs" status: 200 len: 43 microversion: 2.61 time: 0.031537
Mar 17 11:28:46.447239 dv-neutron-833015-4-hyperv devstack@n-api.service[103510]: [pid: 103510|app: 0|req: 14/26] 10.222.0.10 () {64 vars in 1332 bytes} [Thu Mar 17 11:28:46 2022] POST /compute/v2.1/flavors/2/os-extra_specs => generated 43 bytes in 34 msecs (HTTP/1.1 200) 9 headers in 358 bytes (1 switches on core 0)
Mar 17 11:28:49.011068 dv-neutron-833015-4-hyperv devstack@n-api.service[103511]: DEBUG nova.api.openstack.wsgi [None req-b9c14870-fe8d-4dd7-a957-cfcc4d295da5 admin admin] Calling method '>' {{(pid=103511) _process_stack /opt/stack/nova/nova/api/openstack/wsgi.py:513}}
Mar 17 11:28:49.012168 dv-neutron-833015-4-hyperv devstack@n-api.service[103511]: INFO nova.api.openstack.requestlog [None req-b9c14870-fe8d-4dd7-a957-cfcc4d295da5 admin admin] 10.222.0.10 "GET /compute/v2.1" status: 200 len: 388 microversion: 2.1 time: 0.001558
Mar 17 11:28:49.012576 dv-neutron-833015-4-hyperv devstack@n-api.service[103511]: [pid: 103511|app: 0|req: 13/27] 10.222.0.10 () {54 vars in 930 bytes} [Thu Mar 17 11:28:49 2022] GET /compute/v2.1 => generated 388 bytes in 2 msecs (HTTP/1.1 200) 9 headers in 357 bytes (1 switches on core 0)
Mar 17 11:28:49.085589 dv-neutron-833015-4-hyperv devstack@n-api.service[103510]: DEBUG nova.api.openstack.wsgi [None req-01b1ea26-c5b7-44c9-ac0c-6813d0110584 admin admin] Action: 'create', calling method: >, body: {"flavor": {"name": "m1.medium", "swap": 0, "disk": 40, "os-flavor-access:is_public": true, "OS-FLV-EXT-DATA:ephemeral": 0, "id": "3", "vcpus": 2, "rxtx_factor": 1.0, "ram": 4096}} {{(pid=103510) _process_stack /opt/stack/nova/nova/api/openstack/wsgi.py:511}}
Mar 17 11:28:49.107516 dv-neutron-833015-4-hyperv devstack@n-api.service[103510]: INFO nova.api.openstack.requestlog [None req-01b1ea26-c5b7-44c9-ac0c-6813d0110584 admin admin] 10.222.0.10 "POST /compute/v2.1/flavors" status: 200 len: 406 microversion: 2.61 time: 0.086421
Mar 17 11:28:49.115862 dv-neutron-833015-4-hyperv devstack@n-api.service[103510]: [pid: 103510|app: 0|req: 15/28] 10.222.0.10 () {64 vars in 1282 bytes} [Thu Mar 17 11:28:49 2022] POST /compute/v2.1/flavors => generated 406 bytes in 97 msecs (HTTP/1.1 200) 9 headers in 359 bytes (2 switches on core 0)
Mar 17 11:28:49.123004 dv-neutron-833015-4-hyperv devstack@n-api.service[103511]: DEBUG nova.api.openstack.wsgi [None req-c5217d3b-13bc-4aae-9997-d0935c0a0644 admin admin] Action: 'create', calling method: >, body: {"extra_specs": {"hw_rng:allowed": "True"}} {{(pid=103511) _process_stack /opt/stack/nova/nova/api/openstack/wsgi.py:511}}
Mar 17 11:28:49.150689 dv-neutron-833015-4-hyperv devstack@n-api.service[103511]: INFO nova.api.openstack.requestlog [None req-c5217d3b-13bc-4aae-9997-d0935c0a0644 admin admin] 10.222.0.10 "POST /compute/v2.1/flavors/3/os-extra_specs" status: 200 len: 43 microversion: 2.61 time: 0.032291
Mar 17 11:28:49.151352 dv-neutron-833015-4-hyperv devstack@n-api.service[103511]: [pid: 103511|app: 0|req: 14/29] 10.222.0.10 () {64 vars in 1332 bytes} [Thu Mar 17 11:28:49 2022] POST /compute/v2.1/flavors/3/os-extra_specs => generated 43 bytes in 34 msecs (HTTP/1.1 200) 9 headers in 358 bytes (1 switches on core 0)
Mar 17 11:28:51.710664 dv-neutron-833015-4-hyperv devstack@n-api.service[103510]: DEBUG nova.api.openstack.wsgi [None req-01b1ea26-c5b7-44c9-ac0c-6813d0110584 admin admin] Calling method '>' {{(pid=103510) _process_stack /opt/stack/nova/nova/api/openstack/wsgi.py:513}}
Mar 17 11:28:51.712066 dv-neutron-833015-4-hyperv devstack@n-api.service[103510]: INFO nova.api.openstack.requestlog [None req-01b1ea26-c5b7-44c9-ac0c-6813d0110584 admin admin] 10.222.0.10 "GET /compute/v2.1" status: 200 len: 388 microversion: 2.1 time: 0.002028
Mar 17 11:28:51.712635 dv-neutron-833015-4-hyperv devstack@n-api.service[103510]: [pid: 103510|app: 0|req: 16/30] 10.222.0.10 () {54 vars in 930 bytes} [Thu Mar 17 11:28:51 2022] GET /compute/v2.1 => generated 388 bytes in 3 msecs (HTTP/1.1 200) 9 headers in 357 bytes (1 switches on core 0)
Mar 17 11:28:51.772796 dv-neutron-833015-4-hyperv devstack@n-api.service[103511]: DEBUG nova.api.openstack.wsgi [None req-fac01569-6a01-4566-aa14-5e93b7209f24 admin admin] Action: 'create', calling method: >, body: {"flavor": {"os-flavor-access:is_public": true, "OS-FLV-EXT-DATA:ephemeral": 0, "rxtx_factor": 1.0, "vcpus": 4, "ram": 8192, "id": "4", "disk": 80, "swap": 0, "name": "m1.large"}} {{(pid=103511) _process_stack /opt/stack/nova/nova/api/openstack/wsgi.py:511}}
Mar 17 11:28:51.791617 dv-neutron-833015-4-hyperv devstack@n-api.service[103511]: INFO nova.api.openstack.requestlog [None req-fac01569-6a01-4566-aa14-5e93b7209f24 admin admin] 10.222.0.10 "POST /compute/v2.1/flavors" status: 200 len: 405 microversion: 2.61 time: 0.072700
Mar 17 11:28:51.792379 dv-neutron-833015-4-hyperv devstack@n-api.service[103511]: [pid: 103511|app: 0|req: 15/31] 10.222.0.10 () {64 vars in 1282 bytes} [Thu Mar 17 11:28:51 2022] POST /compute/v2.1/flavors => generated 405 bytes in 74 msecs (HTTP/1.1 200) 9 headers in 359 bytes (1 switches on core 0)
Mar 17 11:28:51.803927 dv-neutron-833015-4-hyperv devstack@n-api.service[103510]: DEBUG nova.api.openstack.wsgi [None req-44ac9ba3-a740-4dad-8ed4-e9c2556c2fe9 admin admin] Action: 'create', calling method: >, body: {"extra_specs": {"hw_rng:allowed": "True"}} {{(pid=103510) _process_stack /opt/stack/nova/nova/api/openstack/wsgi.py:511}}
Mar 17 11:28:51.826951 dv-neutron-833015-4-hyperv devstack@n-api.service[103510]: INFO nova.api.openstack.requestlog [None req-44ac9ba3-a740-4dad-8ed4-e9c2556c2fe9 admin admin] 10.222.0.10 "POST /compute/v2.1/flavors/4/os-extra_specs" status: 200 len: 43 microversion: 2.61 time: 0.026670
Mar 17 11:28:51.827600 dv-neutron-833015-4-hyperv devstack@n-api.service[103510]: [pid: 103510|app: 0|req: 17/32] 10.222.0.10 () {64 vars in 1332 bytes} [Thu Mar 17 11:28:51 2022] POST /compute/v2.1/flavors/4/os-extra_specs => generated 43 bytes in 28 msecs (HTTP/1.1 200) 9 headers in 358 bytes (1 switches on core 0)
Mar 17 11:28:54.190478 dv-neutron-833015-4-hyperv devstack@n-api.service[103511]: DEBUG nova.api.openstack.wsgi [None req-fac01569-6a01-4566-aa14-5e93b7209f24 admin admin] Calling method '>' {{(pid=103511) _process_stack /opt/stack/nova/nova/api/openstack/wsgi.py:513}}
Mar 17 11:28:54.191536 dv-neutron-833015-4-hyperv devstack@n-api.service[103511]: INFO nova.api.openstack.requestlog [None req-fac01569-6a01-4566-aa14-5e93b7209f24 admin admin] 10.222.0.10 "GET /compute/v2.1" status: 200 len: 388 microversion: 2.1 time: 0.001445
Mar 17 11:28:54.191938 dv-neutron-833015-4-hyperv devstack@n-api.service[103511]: [pid: 103511|app: 0|req: 16/33] 10.222.0.10 () {54 vars in 930 bytes} [Thu Mar 17 11:28:54 2022] GET /compute/v2.1 => generated 388 bytes in 3 msecs (HTTP/1.1 200) 9 headers in 357 bytes (1 switches on core 0)
Mar 17 11:28:54.247615 dv-neutron-833015-4-hyperv devstack@n-api.service[103510]: DEBUG nova.api.openstack.wsgi [None req-c569a39e-34c6-4ee8-974e-50d9364013f6 admin admin] Action: 'create', calling method: >, body: {"flavor": {"id": "5", "name": "m1.xlarge", "OS-FLV-EXT-DATA:ephemeral": 0, "rxtx_factor": 1.0, "disk": 160, "vcpus": 8, "swap": 0, "ram": 16384, "os-flavor-access:is_public": true}} {{(pid=103510) _process_stack /opt/stack/nova/nova/api/openstack/wsgi.py:511}}
Mar 17 11:28:54.265365 dv-neutron-833015-4-hyperv devstack@n-api.service[103510]: INFO nova.api.openstack.requestlog [None req-c569a39e-34c6-4ee8-974e-50d9364013f6 admin admin] 10.222.0.10 "POST /compute/v2.1/flavors" status: 200 len: 408 microversion: 2.61 time: 0.067678
Mar 17 11:28:54.265917 dv-neutron-833015-4-hyperv devstack@n-api.service[103510]: [pid: 103510|app: 0|req: 18/34] 10.222.0.10 () {64 vars in 1282 bytes} [Thu Mar 17 11:28:54 2022] POST /compute/v2.1/flavors => generated 408 bytes in 69 msecs (HTTP/1.1 200) 9 headers in 359 bytes (1 switches on core 0)
Mar 17 11:28:54.277503 dv-neutron-833015-4-hyperv devstack@n-api.service[103511]: DEBUG nova.api.openstack.wsgi [None req-b39ebd45-b1d3-462a-86b5-d2106701629a admin admin] Action: 'create', calling method: >, body: {"extra_specs": {"hw_rng:allowed": "True"}} {{(pid=103511) _process_stack /opt/stack/nova/nova/api/openstack/wsgi.py:511}}
Mar 17 11:28:54.301571 dv-neutron-833015-4-hyperv devstack@n-api.service[103511]: INFO nova.api.openstack.requestlog [None req-b39ebd45-b1d3-462a-86b5-d2106701629a admin admin] 10.222.0.10 "POST /compute/v2.1/flavors/5/os-extra_specs" status: 200 len: 43 microversion: 2.61 time: 0.027611
Mar 17 11:28:54.302383 dv-neutron-833015-4-hyperv devstack@n-api.service[103511]: [pid: 103511|app: 0|req: 17/35] 10.222.0.10 () {64 vars in 1332 bytes} [Thu Mar 17 11:28:54 2022] POST /compute/v2.1/flavors/5/os-extra_specs => generated 43 bytes in 29 msecs (HTTP/1.1 200) 9 headers in 358 bytes (1 switches on core 0)
Mar 17 11:29:21.525527 dv-neutron-833015-4-hyperv devstack@n-api.service[103510]: DEBUG nova.api.openstack.wsgi [None req-c569a39e-34c6-4ee8-974e-50d9364013f6 admin admin] Calling method '>' {{(pid=103510) _process_stack /opt/stack/nova/nova/api/openstack/wsgi.py:513}}
Mar 17 11:29:21.526543 dv-neutron-833015-4-hyperv devstack@n-api.service[103510]: INFO nova.api.openstack.requestlog [None req-c569a39e-34c6-4ee8-974e-50d9364013f6 admin admin] 10.222.0.10 "GET /compute/v2.1" status: 200 len: 388 microversion: 2.1 time: 0.001431
Mar 17 11:29:21.526937 dv-neutron-833015-4-hyperv devstack@n-api.service[103510]: [pid: 103510|app: 0|req: 19/36] 10.222.0.10 () {54 vars in 930 bytes} [Thu Mar 17 11:29:21 2022] GET /compute/v2.1 => generated 388 bytes in 2 msecs (HTTP/1.1 200) 9 headers in 357 bytes (1 switches on core 0)
Mar 17 11:29:21.583729 dv-neutron-833015-4-hyperv devstack@n-api.service[103511]: DEBUG nova.api.openstack.wsgi [None req-b7ba6bb4-9157-455b-a9a7-ee7b286399b1 admin admin] Calling method '>' {{(pid=103511) _process_stack /opt/stack/nova/nova/api/openstack/wsgi.py:513}}
Mar 17 11:29:21.600275 dv-neutron-833015-4-hyperv devstack@n-api.service[103511]: INFO nova.api.openstack.requestlog [None req-b7ba6bb4-9157-455b-a9a7-ee7b286399b1 admin admin] 10.222.0.10 "GET /compute/v2.1/flavors/detail?is_public=True" status: 200 len: 4202 microversion: 2.61 time: 0.067463
Mar 17 11:29:21.600795 dv-neutron-833015-4-hyperv devstack@n-api.service[103511]: [pid: 103511|app: 0|req: 18/37] 10.222.0.10 () {60 vars in 1291 bytes} [Thu Mar 17 11:29:21 2022] GET /compute/v2.1/flavors/detail?is_public=True => generated 4202 bytes in 69 msecs (HTTP/1.1 200) 9 headers in 360 bytes (1 switches on core 0)
Mar 17 11:29:22.976901 dv-neutron-833015-4-hyperv devstack@n-api.service[103510]: DEBUG nova.api.openstack.wsgi [None req-c569a39e-34c6-4ee8-974e-50d9364013f6 admin admin] Calling method '>' {{(pid=103510) _process_stack /opt/stack/nova/nova/api/openstack/wsgi.py:513}}
Mar 17 11:29:22.977938 dv-neutron-833015-4-hyperv devstack@n-api.service[103510]: INFO nova.api.openstack.requestlog [None req-c569a39e-34c6-4ee8-974e-50d9364013f6 admin admin] 10.222.0.10 "GET /compute/v2.1" status: 200 len: 388 microversion: 2.1 time: 0.001446
Mar 17 11:29:22.978366 dv-neutron-833015-4-hyperv devstack@n-api.service[103510]: [pid: 103510|app: 0|req: 20/38] 10.222.0.10 () {56 vars in 1074 bytes} [Thu Mar 17 11:29:22 2022] GET /compute/v2.1 => generated 388 bytes in 2 msecs (HTTP/1.1 200) 9 headers in 357 bytes (1 switches on core 0)
Mar 17 11:29:23.181018 dv-neutron-833015-4-hyperv devstack@n-api.service[103511]: DEBUG nova.api.openstack.wsgi [None req-c17811c9-b710-4230-8d3c-15f3b6e63fcd admin admin] Calling method '>' {{(pid=103511) _process_stack /opt/stack/nova/nova/api/openstack/wsgi.py:513}}
Mar 17 11:29:23.186516 dv-neutron-833015-4-hyperv devstack@n-api.service[103511]: INFO nova.api.openstack.wsgi [None req-c17811c9-b710-4230-8d3c-15f3b6e63fcd admin admin] HTTP exception thrown: Flavor 42 could not be found.
Mar 17 11:29:23.187029 dv-neutron-833015-4-hyperv devstack@n-api.service[103511]: DEBUG nova.api.openstack.wsgi [None req-c17811c9-b710-4230-8d3c-15f3b6e63fcd admin admin] Returning 404 to user: Flavor 42 could not be found. {{(pid=103511) __call__ /opt/stack/nova/nova/api/openstack/wsgi.py:936}}
Mar 17 11:29:23.187857 dv-neutron-833015-4-hyperv devstack@n-api.service[103511]: INFO nova.api.openstack.requestlog [None req-c17811c9-b710-4230-8d3c-15f3b6e63fcd admin admin] 10.222.0.10 "GET /compute/v2.1/flavors/42" status: 404 len: 75 microversion: 2.90 time: 0.056962
Mar 17 11:29:23.188363 dv-neutron-833015-4-hyperv devstack@n-api.service[103511]: [pid: 103511|app: 0|req: 19/39] 10.222.0.10 () {60 vars in 1190 bytes} [Thu Mar 17 11:29:23 2022] GET /compute/v2.1/flavors/42 => generated 75 bytes in 58 msecs (HTTP/1.1 404) 9 headers in 380 bytes (1 switches on core 0)
Mar 17 11:29:23.198253 dv-neutron-833015-4-hyperv devstack@n-api.service[103510]: DEBUG nova.api.openstack.wsgi [None req-0d21dfe3-56d9-4d14-915d-2a76f092938b admin admin] Calling method '>' {{(pid=103510) _process_stack /opt/stack/nova/nova/api/openstack/wsgi.py:513}}
Mar 17 11:29:23.218758 dv-neutron-833015-4-hyperv devstack@n-api.service[103510]: INFO nova.api.openstack.requestlog [None req-0d21dfe3-56d9-4d14-915d-2a76f092938b admin admin] 10.222.0.10 "GET /compute/v2.1/flavors?is_public=None" status: 200 len: 2056 microversion: 2.90 time: 0.024074
Mar 17 11:29:23.219309 dv-neutron-833015-4-hyperv devstack@n-api.service[103510]: [pid: 103510|app: 0|req: 21/40] 10.222.0.10 () {60 vars in 1210 bytes} [Thu Mar 17 11:29:23 2022] GET /compute/v2.1/flavors?is_public=None => generated 2056 bytes in 25 msecs (HTTP/1.1 200) 9 headers in 360 bytes (1 switches on core 0)
Mar 17 11:29:23.241797 dv-neutron-833015-4-hyperv devstack@n-api.service[103511]: DEBUG nova.api.openstack.wsgi [None req-99ed0927-e5ec-4824-8d66-ab6d4d8843f0 admin admin] Calling method '>' {{(pid=103511) _process_stack /opt/stack/nova/nova/api/openstack/wsgi.py:513}}
Mar 17 11:29:23.263348 dv-neutron-833015-4-hyperv devstack@n-api.service[103511]: INFO nova.api.openstack.requestlog [None req-99ed0927-e5ec-4824-8d66-ab6d4d8843f0 admin admin] 10.222.0.10 "GET /compute/v2.1/flavors?is_public=None" status: 200 len: 2056 microversion: 2.90 time: 0.025191
Mar 17 11:29:23.263877 dv-neutron-833015-4-hyperv devstack@n-api.service[103511]: [pid: 103511|app: 0|req: 20/41] 10.222.0.10 () {60 vars in 1210 bytes} [Thu Mar 17 11:29:23 2022] GET /compute/v2.1/flavors?is_public=None => generated 2056 bytes in 26 msecs (HTTP/1.1 200) 9 headers in 360 bytes (1 switches on core 0)
Mar 17 11:29:23.273242 dv-neutron-833015-4-hyperv devstack@n-api.service[103510]: DEBUG nova.api.openstack.wsgi [None req-b13cfa95-ab96-40b5-a6e4-42482c7bfef6 admin admin] Calling method '>' {{(pid=103510) _process_stack /opt/stack/nova/nova/api/openstack/wsgi.py:513}}
Mar 17 11:29:23.278627 dv-neutron-833015-4-hyperv devstack@n-api.service[103510]: INFO nova.api.openstack.wsgi [None req-b13cfa95-ab96-40b5-a6e4-42482c7bfef6 admin admin] HTTP exception thrown: Flavor 42 could not be found.
Mar 17 11:29:23.279235 dv-neutron-833015-4-hyperv devstack@n-api.service[103510]: DEBUG nova.api.openstack.wsgi [None req-b13cfa95-ab96-40b5-a6e4-42482c7bfef6 admin admin] Returning 404 to user: Flavor 42 could not be found. {{(pid=103510) __call__ /opt/stack/nova/nova/api/openstack/wsgi.py:936}}
Mar 17 11:29:23.280028 dv-neutron-833015-4-hyperv devstack@n-api.service[103510]: INFO nova.api.openstack.requestlog [None req-b13cfa95-ab96-40b5-a6e4-42482c7bfef6 admin admin] 10.222.0.10 "GET /compute/v2.1/flavors/42" status: 404 len: 75 microversion: 2.90 time: 0.010384
Mar 17 11:29:23.280520 dv-neutron-833015-4-hyperv devstack@n-api.service[103510]: [pid: 103510|app: 0|req: 22/42] 10.222.0.10 () {60 vars in 1190 bytes} [Thu Mar 17 11:29:23 2022] GET /compute/v2.1/flavors/42 => generated 75 bytes in 11 msecs (HTTP/1.1 404) 9 headers in 380 bytes (1 switches on core 0)
Mar 17 11:29:24.590611 dv-neutron-833015-4-hyperv devstack@n-api.service[103511]: DEBUG nova.api.openstack.wsgi [None req-99ed0927-e5ec-4824-8d66-ab6d4d8843f0 admin admin] Calling method '>' {{(pid=103511) _process_stack /opt/stack/nova/nova/api/openstack/wsgi.py:513}}
Mar 17 11:29:24.591671 dv-neutron-833015-4-hyperv devstack@n-api.service[103511]: INFO nova.api.openstack.requestlog [None req-99ed0927-e5ec-4824-8d66-ab6d4d8843f0 admin admin] 10.222.0.10 "GET /compute/v2.1" status: 200 len: 388 microversion: 2.1 time: 0.001503
Mar 17 11:29:24.592070 dv-neutron-833015-4-hyperv devstack@n-api.service[103511]: [pid: 103511|app: 0|req: 21/43] 10.222.0.10 () {56 vars in 1074 bytes} [Thu Mar 17 11:29:24 2022] GET /compute/v2.1 => generated 388 bytes in 2 msecs (HTTP/1.1 200) 9 headers in 357 bytes (1 switches on core 0)
Mar 17 11:29:24.785731 dv-neutron-833015-4-hyperv devstack@n-api.service[103510]: DEBUG nova.api.openstack.wsgi [None req-a8a2a0c7-2d0f-44c7-aa74-ec775c54c5ad admin admin] Calling method '>' {{(pid=103510) _process_stack /opt/stack/nova/nova/api/openstack/wsgi.py:513}}
Mar 17 11:29:24.790926 dv-neutron-833015-4-hyperv devstack@n-api.service[103510]: INFO nova.api.openstack.wsgi [None req-a8a2a0c7-2d0f-44c7-aa74-ec775c54c5ad admin admin] HTTP exception thrown: Flavor 84 could not be found.
Mar 17 11:29:24.791529 dv-neutron-833015-4-hyperv devstack@n-api.service[103510]: DEBUG nova.api.openstack.wsgi [None req-a8a2a0c7-2d0f-44c7-aa74-ec775c54c5ad admin admin] Returning 404 to user: Flavor 84 could not be found. {{(pid=103510) __call__ /opt/stack/nova/nova/api/openstack/wsgi.py:936}}
Mar 17 11:29:24.792326 dv-neutron-833015-4-hyperv devstack@n-api.service[103510]: INFO nova.api.openstack.requestlog [None req-a8a2a0c7-2d0f-44c7-aa74-ec775c54c5ad admin admin] 10.222.0.10 "GET /compute/v2.1/flavors/84" status: 404 len: 75 microversion: 2.90 time: 0.062248
Mar 17 11:29:24.792827 dv-neutron-833015-4-hyperv devstack@n-api.service[103510]: [pid: 103510|app: 0|req: 23/44] 10.222.0.10 () {60 vars in 1190 bytes} [Thu Mar 17 11:29:24 2022] GET /compute/v2.1/flavors/84 => generated 75 bytes in 63 msecs (HTTP/1.1 404) 9 headers in 380 bytes (1 switches on core 0)
Mar 17 11:29:24.803701 dv-neutron-833015-4-hyperv devstack@n-api.service[103511]: DEBUG nova.api.openstack.wsgi [None req-215f31d9-a11d-43c6-a08a-a3ca94590c75 admin admin] Calling method '>' {{(pid=103511) _process_stack /opt/stack/nova/nova/api/openstack/wsgi.py:513}}
Mar 17 11:29:24.817969 dv-neutron-833015-4-hyperv devstack@n-api.service[103511]: INFO nova.api.openstack.requestlog [None req-215f31d9-a11d-43c6-a08a-a3ca94590c75 admin admin] 10.222.0.10 "GET /compute/v2.1/flavors?is_public=None" status: 200 len: 2056 microversion: 2.90 time: 0.019449
Mar 17 11:29:24.818511 dv-neutron-833015-4-hyperv devstack@n-api.service[103511]: [pid: 103511|app: 0|req: 22/45] 10.222.0.10 () {60 vars in 1210 bytes} [Thu Mar 17 11:29:24 2022] GET /compute/v2.1/flavors?is_public=None => generated 2056 bytes in 20 msecs (HTTP/1.1 200) 9 headers in 360 bytes (1 switches on core 0)
Mar 17 11:29:24.827881 dv-neutron-833015-4-hyperv devstack@n-api.service[103510]: DEBUG nova.api.openstack.wsgi [None req-ff1bc40c-bcdc-4e12-aeeb-db1cc580c390 admin admin] Calling method '>' {{(pid=103510) _process_stack /opt/stack/nova/nova/api/openstack/wsgi.py:513}}
Mar 17 11:29:24.841249 dv-neutron-833015-4-hyperv devstack@n-api.service[103510]: INFO nova.api.openstack.requestlog [None req-ff1bc40c-bcdc-4e12-aeeb-db1cc580c390 admin admin] 10.222.0.10 "GET /compute/v2.1/flavors?is_public=None" status: 200 len: 2056 microversion: 2.90 time: 0.016902
Mar 17 11:29:24.841774 dv-neutron-833015-4-hyperv devstack@n-api.service[103510]: [pid: 103510|app: 0|req: 24/46] 10.222.0.10 () {60 vars in 1210 bytes} [Thu Mar 17 11:29:24 2022] GET /compute/v2.1/flavors?is_public=None => generated 2056 bytes in 18 msecs (HTTP/1.1 200) 9 headers in 360 bytes (1 switches on core 0)
Mar 17 11:29:24.850695 dv-neutron-833015-4-hyperv devstack@n-api.service[103511]: DEBUG nova.api.openstack.wsgi [None req-47633430-4a59-4ff8-86a0-03dc03e6e110 admin admin] Calling method '>' {{(pid=103511) _process_stack /opt/stack/nova/nova/api/openstack/wsgi.py:513}}
Mar 17 11:29:24.855818 dv-neutron-833015-4-hyperv devstack@n-api.service[103511]: INFO nova.api.openstack.wsgi [None req-47633430-4a59-4ff8-86a0-03dc03e6e110 admin admin] HTTP exception thrown: Flavor 84 could not be found.
Mar 17 11:29:24.856381 dv-neutron-833015-4-hyperv devstack@n-api.service[103511]: DEBUG nova.api.openstack.wsgi [None req-47633430-4a59-4ff8-86a0-03dc03e6e110 admin admin] Returning 404 to user: Flavor 84 could not be found. {{(pid=103511) __call__ /opt/stack/nova/nova/api/openstack/wsgi.py:936}}
Mar 17 11:29:24.857159 dv-neutron-833015-4-hyperv devstack@n-api.service[103511]: INFO nova.api.openstack.requestlog [None req-47633430-4a59-4ff8-86a0-03dc03e6e110 admin admin] 10.222.0.10 "GET /compute/v2.1/flavors/84" status: 404 len: 75 microversion: 2.90 time: 0.009966
Mar 17 11:29:24.857665 dv-neutron-833015-4-hyperv devstack@n-api.service[103511]: [pid: 103511|app: 0|req: 23/47] 10.222.0.10 () {60 vars in 1190 bytes} [Thu Mar 17 11:29:24 2022] GET /compute/v2.1/flavors/84 => generated 75 bytes in 11 msecs (HTTP/1.1 404) 9 headers in 380 bytes (1 switches on core 0)
Mar 17 11:29:26.137474 dv-neutron-833015-4-hyperv devstack@n-api.service[103510]: DEBUG nova.api.openstack.wsgi [None req-ff1bc40c-bcdc-4e12-aeeb-db1cc580c390 admin admin] Calling method '>' {{(pid=103510) _process_stack /opt/stack/nova/nova/api/openstack/wsgi.py:513}}
Mar 17 11:29:26.138480 dv-neutron-833015-4-hyperv devstack@n-api.service[103510]: INFO nova.api.openstack.requestlog [None req-ff1bc40c-bcdc-4e12-aeeb-db1cc580c390 admin admin] 10.222.0.10 "GET /compute/v2.1" status: 200 len: 388 microversion: 2.1 time: 0.001450
Mar 17 11:29:26.138904 dv-neutron-833015-4-hyperv devstack@n-api.service[103510]: [pid: 103510|app: 0|req: 25/48] 10.222.0.10 () {56 vars in 1074 bytes} [Thu Mar 17 11:29:26 2022] GET /compute/v2.1 => generated 388 bytes in 2 msecs (HTTP/1.1 200) 9 headers in 357 bytes (1 switches on core 0)
Mar 17 11:29:26.325868 dv-neutron-833015-4-hyperv devstack@n-api.service[103511]: DEBUG nova.api.openstack.wsgi [None req-dbf1c714-1b55-48b6-a1ca-36e8e304a8ff admin admin] Calling method '>' {{(pid=103511) _process_stack /opt/stack/nova/nova/api/openstack/wsgi.py:513}}
Mar 17 11:29:26.331655 dv-neutron-833015-4-hyperv devstack@n-api.service[103511]: INFO nova.api.openstack.wsgi [None req-dbf1c714-1b55-48b6-a1ca-36e8e304a8ff admin admin] HTTP exception thrown: Flavor 451 could not be found.
Mar 17 11:29:26.332228 dv-neutron-833015-4-hyperv devstack@n-api.service[103511]: DEBUG nova.api.openstack.wsgi [None req-dbf1c714-1b55-48b6-a1ca-36e8e304a8ff admin admin] Returning 404 to user: Flavor 451 could not be found. {{(pid=103511) __call__ /opt/stack/nova/nova/api/openstack/wsgi.py:936}}
Mar 17 11:29:26.333024 dv-neutron-833015-4-hyperv devstack@n-api.service[103511]: INFO nova.api.openstack.requestlog [None req-dbf1c714-1b55-48b6-a1ca-36e8e304a8ff admin admin] 10.222.0.10 "GET /compute/v2.1/flavors/451" status: 404 len: 76 microversion: 2.90 time: 0.056731
Mar 17 11:29:26.333530 dv-neutron-833015-4-hyperv devstack@n-api.service[103511]: [pid: 103511|app: 0|req: 24/49] 10.222.0.10 () {60 vars in 1193 bytes} [Thu Mar 17 11:29:26 2022] GET /compute/v2.1/flavors/451 => generated 76 bytes in 58 msecs (HTTP/1.1 404) 9 headers in 380 bytes (1 switches on core 0)
Mar 17 11:29:26.342664 dv-neutron-833015-4-hyperv devstack@n-api.service[103510]: DEBUG nova.api.openstack.wsgi [None req-aa58e22b-b00d-4d5f-8230-cb7676329168 admin admin] Calling method '>' {{(pid=103510) _process_stack /opt/stack/nova/nova/api/openstack/wsgi.py:513}}
Mar 17 11:29:26.355995 dv-neutron-833015-4-hyperv devstack@n-api.service[103510]: INFO nova.api.openstack.requestlog [None req-aa58e22b-b00d-4d5f-8230-cb7676329168 admin admin] 10.222.0.10 "GET /compute/v2.1/flavors?is_public=None" status: 200 len: 2056 microversion: 2.90 time: 0.016779
Mar 17 11:29:26.356424 dv-neutron-833015-4-hyperv devstack@n-api.service[103510]: [pid: 103510|app: 0|req: 26/50] 10.222.0.10 () {60 vars in 1210 bytes} [Thu Mar 17 11:29:26 2022] GET /compute/v2.1/flavors?is_public=None => generated 2056 bytes in 18 msecs (HTTP/1.1 200) 9 headers in 360 bytes (1 switches on core 0)
Mar 17 11:29:26.366416 dv-neutron-833015-4-hyperv devstack@n-api.service[103511]: DEBUG nova.api.openstack.wsgi [None req-12fe1ecf-10b6-4b1f-b005-8b564179b867 admin admin] Calling method '>' {{(pid=103511) _process_stack /opt/stack/nova/nova/api/openstack/wsgi.py:513}}
Mar 17 11:29:26.380130 dv-neutron-833015-4-hyperv devstack@n-api.service[103511]: INFO nova.api.openstack.requestlog [None req-12fe1ecf-10b6-4b1f-b005-8b564179b867 admin admin] 10.222.0.10 "GET /compute/v2.1/flavors?is_public=None" status: 200 len: 2056 microversion: 2.90 time: 0.017252
Mar 17 11:29:26.380644 dv-neutron-833015-4-hyperv devstack@n-api.service[103511]: [pid: 103511|app: 0|req: 25/51] 10.222.0.10 () {60 vars in 1210 bytes} [Thu Mar 17 11:29:26 2022] GET /compute/v2.1/flavors?is_public=None => generated 2056 bytes in 19 msecs (HTTP/1.1 200) 9 headers in 360 bytes (1 switches on core 0)
Mar 17 11:29:26.389766 dv-neutron-833015-4-hyperv devstack@n-api.service[103510]: DEBUG nova.api.openstack.wsgi [None req-b1b406bb-0335-4a27-b66f-1a8954fe916e admin admin] Calling method '>' {{(pid=103510) _process_stack /opt/stack/nova/nova/api/openstack/wsgi.py:513}}
Mar 17 11:29:26.395047 dv-neutron-833015-4-hyperv devstack@n-api.service[103510]: INFO nova.api.openstack.wsgi [None req-b1b406bb-0335-4a27-b66f-1a8954fe916e admin admin] HTTP exception thrown: Flavor 451 could not be found.
Mar 17 11:29:26.395642 dv-neutron-833015-4-hyperv devstack@n-api.service[103510]: DEBUG nova.api.openstack.wsgi [None req-b1b406bb-0335-4a27-b66f-1a8954fe916e admin admin] Returning 404 to user: Flavor 451 could not be found. {{(pid=103510) __call__ /opt/stack/nova/nova/api/openstack/wsgi.py:936}}
Mar 17 11:29:26.396422 dv-neutron-833015-4-hyperv devstack@n-api.service[103510]: INFO nova.api.openstack.requestlog [None req-b1b406bb-0335-4a27-b66f-1a8954fe916e admin admin] 10.222.0.10 "GET /compute/v2.1/flavors/451" status: 404 len: 76 microversion: 2.90 time: 0.010227
Mar 17 11:29:26.396908 dv-neutron-833015-4-hyperv devstack@n-api.service[103510]: [pid: 103510|app: 0|req: 27/52] 10.222.0.10 () {60 vars in 1193 bytes} [Thu Mar 17 11:29:26 2022] GET /compute/v2.1/flavors/451 => generated 76 bytes in 11 msecs (HTTP/1.1 404) 9 headers in 380 bytes (1 switches on core 0)
Mar 17 11:29:27.661523 dv-neutron-833015-4-hyperv devstack@n-api.service[103511]: DEBUG nova.api.openstack.wsgi [None req-12fe1ecf-10b6-4b1f-b005-8b564179b867 admin admin] Calling method '>' {{(pid=103511) _process_stack /opt/stack/nova/nova/api/openstack/wsgi.py:513}}
Mar 17 11:29:27.662524 dv-neutron-833015-4-hyperv devstack@n-api.service[103511]: INFO nova.api.openstack.requestlog [None req-12fe1ecf-10b6-4b1f-b005-8b564179b867 admin admin] 10.222.0.10 "GET /compute/v2.1" status: 200 len: 388 microversion: 2.1 time: 0.001424
Mar 17 11:29:27.662913 dv-neutron-833015-4-hyperv devstack@n-api.service[103511]: [pid: 103511|app: 0|req: 26/53] 10.222.0.10 () {56 vars in 1074 bytes} [Thu Mar 17 11:29:27 2022] GET /compute/v2.1 => generated 388 bytes in 2 msecs (HTTP/1.1 200) 9 headers in 357 bytes (1 switches on core 0)
Mar 17 11:29:27.854031 dv-neutron-833015-4-hyperv devstack@n-api.service[103510]: DEBUG nova.api.openstack.wsgi [None req-53d0d66b-159c-4518-81f2-0f32616027f9 admin admin] Action: 'create', calling method: >, body: {"flavor": {"name": "m1.nano", "ram": 256, "vcpus": 1, "disk": 1, "id": "42", "swap": 0, "OS-FLV-EXT-DATA:ephemeral": 0, "rxtx_factor": 1.0, "os-flavor-access:is_public": true}} {{(pid=103510) _process_stack /opt/stack/nova/nova/api/openstack/wsgi.py:511}}
Mar 17 11:29:27.871859 dv-neutron-833015-4-hyperv devstack@n-api.service[103510]: INFO nova.api.openstack.requestlog [None req-53d0d66b-159c-4518-81f2-0f32616027f9 admin admin] 10.222.0.10 "POST /compute/v2.1/flavors" status: 200 len: 404 microversion: 2.90 time: 0.073169
Mar 17 11:29:27.872390 dv-neutron-833015-4-hyperv devstack@n-api.service[103510]: [pid: 103510|app: 0|req: 28/54] 10.222.0.10 () {64 vars in 1235 bytes} [Thu Mar 17 11:29:27 2022] POST /compute/v2.1/flavors => generated 404 bytes in 74 msecs (HTTP/1.1 200) 9 headers in 359 bytes (1 switches on core 0)
Mar 17 11:29:29.133596 dv-neutron-833015-4-hyperv devstack@n-api.service[103511]: DEBUG nova.api.openstack.wsgi [None req-12fe1ecf-10b6-4b1f-b005-8b564179b867 admin admin] Calling method '>' {{(pid=103511) _process_stack /opt/stack/nova/nova/api/openstack/wsgi.py:513}}
Mar 17 11:29:29.134603 dv-neutron-833015-4-hyperv devstack@n-api.service[103511]: INFO nova.api.openstack.requestlog [None req-12fe1ecf-10b6-4b1f-b005-8b564179b867 admin admin] 10.222.0.10 "GET /compute/v2.1" status: 200 len: 388 microversion: 2.1 time: 0.001419
Mar 17 11:29:29.135000 dv-neutron-833015-4-hyperv devstack@n-api.service[103511]: [pid: 103511|app: 0|req: 27/55] 10.222.0.10 () {56 vars in 1074 bytes} [Thu Mar 17 11:29:29 2022] GET /compute/v2.1 => generated 388 bytes in 2 msecs (HTTP/1.1 200) 9 headers in 357 bytes (1 switches on core 0)
Mar 17 11:29:29.323388 dv-neutron-833015-4-hyperv devstack@n-api.service[103510]: DEBUG nova.api.openstack.wsgi [None req-67959795-9cba-4fcf-99cd-37b442c7600d admin admin] Action: 'create', calling method: >, body: {"flavor": {"name": "m1.micro", "ram": 256, "vcpus": 1, "disk": 2, "id": "84", "swap": 0, "OS-FLV-EXT-DATA:ephemeral": 0, "rxtx_factor": 1.0, "os-flavor-access:is_public": true}} {{(pid=103510) _process_stack /opt/stack/nova/nova/api/openstack/wsgi.py:511}}
Mar 17 11:29:29.340769 dv-neutron-833015-4-hyperv devstack@n-api.service[103510]: INFO nova.api.openstack.requestlog [None req-67959795-9cba-4fcf-99cd-37b442c7600d admin admin] 10.222.0.10 "POST /compute/v2.1/flavors" status: 200 len: 405 microversion: 2.90 time: 0.067895
Mar 17 11:29:29.341306 dv-neutron-833015-4-hyperv devstack@n-api.service[103510]: [pid: 103510|app: 0|req: 29/56] 10.222.0.10 () {64 vars in 1235 bytes} [Thu Mar 17 11:29:29 2022] POST /compute/v2.1/flavors => generated 405 bytes in 69 msecs (HTTP/1.1 200) 9 headers in 359 bytes (1 switches on core 0)
Mar 17 11:29:30.614466 dv-neutron-833015-4-hyperv devstack@n-api.service[103511]: DEBUG nova.api.openstack.wsgi [None req-12fe1ecf-10b6-4b1f-b005-8b564179b867 admin admin] Calling method '>' {{(pid=103511) _process_stack /opt/stack/nova/nova/api/openstack/wsgi.py:513}}
Mar 17 11:29:30.615521 dv-neutron-833015-4-hyperv devstack@n-api.service[103511]: INFO nova.api.openstack.requestlog [None req-12fe1ecf-10b6-4b1f-b005-8b564179b867 admin admin] 10.222.0.10 "GET /compute/v2.1" status: 200 len: 388 microversion: 2.1 time: 0.001442
Mar 17 11:29:30.616163 dv-neutron-833015-4-hyperv devstack@n-api.service[103511]: [pid: 103511|app: 0|req: 28/57] 10.222.0.10 () {56 vars in 1074 bytes} [Thu Mar 17 11:29:30 2022] GET /compute/v2.1 => generated 388 bytes in 3 msecs (HTTP/1.1 200) 9 headers in 357 bytes (1 switches on core 0)
Mar 17 11:29:30.810953 dv-neutron-833015-4-hyperv devstack@n-api.service[103510]: DEBUG nova.api.openstack.wsgi [None req-7652836d-bb0c-4665-aa8f-c2706b0002f1 admin admin] Action: 'create', calling method: >, body: {"flavor": {"name": "m1.heat", "ram": 512, "vcpus": 1, "disk": 1, "id": "451", "swap": 0, "OS-FLV-EXT-DATA:ephemeral": 0, "rxtx_factor": 1.0, "os-flavor-access:is_public": true}} {{(pid=103510) _process_stack /opt/stack/nova/nova/api/openstack/wsgi.py:511}}
Mar 17 11:29:30.827634 dv-neutron-833015-4-hyperv devstack@n-api.service[103510]: INFO nova.api.openstack.requestlog [None req-7652836d-bb0c-4665-aa8f-c2706b0002f1 admin admin] 10.222.0.10 "POST /compute/v2.1/flavors" status: 200 len: 407 microversion: 2.90 time: 0.067636
Mar 17 11:29:30.828112 dv-neutron-833015-4-hyperv devstack@n-api.service[103510]: [pid: 103510|app: 0|req: 30/58] 10.222.0.10 () {64 vars in 1235 bytes} [Thu Mar 17 11:29:30 2022] POST /compute/v2.1/flavors => generated 407 bytes in 69 msecs (HTTP/1.1 200) 9 headers in 359 bytes (1 switches on core 0)
Mar 17 11:29:32.103380 dv-neutron-833015-4-hyperv devstack@n-api.service[103511]: DEBUG nova.api.openstack.wsgi [None req-12fe1ecf-10b6-4b1f-b005-8b564179b867 admin admin] Calling method '>' {{(pid=103511) _process_stack /opt/stack/nova/nova/api/openstack/wsgi.py:513}}
Mar 17 11:29:32.104379 dv-neutron-833015-4-hyperv devstack@n-api.service[103511]: INFO nova.api.openstack.requestlog [None req-12fe1ecf-10b6-4b1f-b005-8b564179b867 admin admin] 10.222.0.10 "GET /compute/v2.1" status: 200 len: 388 microversion: 2.1 time: 0.001433
Mar 17 11:29:32.104764 dv-neutron-833015-4-hyperv devstack@n-api.service[103511]: [pid: 103511|app: 0|req: 29/59] 10.222.0.10 () {56 vars in 1074 bytes} [Thu Mar 17 11:29:32 2022] GET /compute/v2.1 => generated 388 bytes in 2 msecs (HTTP/1.1 200) 9 headers in 357 bytes (1 switches on core 0)
Mar 17 11:29:32.297717 dv-neutron-833015-4-hyperv devstack@n-api.service[103510]: DEBUG nova.api.openstack.wsgi [None req-61c08bb3-0b7a-426b-b9e9-621771f4492e admin admin] Action: 'create', calling method: >, body: {"flavor": {"name": "m1.heat2", "ram": 1024, "vcpus": 1, "disk": 1, "id": "452", "swap": 0, "OS-FLV-EXT-DATA:ephemeral": 0, "rxtx_factor": 1.0, "os-flavor-access:is_public": true}} {{(pid=103510) _process_stack /opt/stack/nova/nova/api/openstack/wsgi.py:511}}
Mar 17 11:29:32.314621 dv-neutron-833015-4-hyperv devstack@n-api.service[103510]: INFO nova.api.openstack.requestlog [None req-61c08bb3-0b7a-426b-b9e9-621771f4492e admin admin] 10.222.0.10 "POST /compute/v2.1/flavors" status: 200 len: 409 microversion: 2.90 time: 0.068306
Mar 17 11:29:32.315136 dv-neutron-833015-4-hyperv devstack@n-api.service[103510]: [pid: 103510|app: 0|req: 31/60] 10.222.0.10 () {64 vars in 1235 bytes} [Thu Mar 17 11:29:32 2022] POST /compute/v2.1/flavors => generated 409 bytes in 70 msecs (HTTP/1.1 200) 9 headers in 359 bytes (1 switches on core 0)
Mar 17 11:29:33.607304 dv-neutron-833015-4-hyperv devstack@n-api.service[103511]: DEBUG nova.api.openstack.wsgi [None req-12fe1ecf-10b6-4b1f-b005-8b564179b867 admin admin] Calling method '>' {{(pid=103511) _process_stack /opt/stack/nova/nova/api/openstack/wsgi.py:513}}
Mar 17 11:29:33.608303 dv-neutron-833015-4-hyperv devstack@n-api.service[103511]: INFO nova.api.openstack.requestlog [None req-12fe1ecf-10b6-4b1f-b005-8b564179b867 admin admin] 10.222.0.10 "GET /compute/v2.1" status: 200 len: 388 microversion: 2.1 time: 0.001444
Mar 17 11:29:33.608694 dv-neutron-833015-4-hyperv devstack@n-api.service[103511]: [pid: 103511|app: 0|req: 30/61] 10.222.0.10 () {56 vars in 1074 bytes} [Thu Mar 17 11:29:33 2022] GET /compute/v2.1 => generated 388 bytes in 2 msecs (HTTP/1.1 200) 9 headers in 357 bytes (1 switches on core 0)
Mar 17 11:29:33.795349 dv-neutron-833015-4-hyperv devstack@n-api.service[103510]: DEBUG nova.api.openstack.wsgi [None req-cda3d14d-0098-4e48-826d-61bd035172c2 admin admin] Calling method '>' {{(pid=103510) _process_stack /opt/stack/nova/nova/api/openstack/wsgi.py:513}}
Mar 17 11:29:33.816474 dv-neutron-833015-4-hyperv devstack@n-api.service[103510]: INFO nova.api.openstack.requestlog [None req-cda3d14d-0098-4e48-826d-61bd035172c2 admin admin] 10.222.0.10 "GET /compute/v2.1/flavors/detail" status: 200 len: 5777 microversion: 2.90 time: 0.071643
Mar 17 11:29:33.817001 dv-neutron-833015-4-hyperv devstack@n-api.service[103510]: [pid: 103510|app: 0|req: 32/62] 10.222.0.10 () {60 vars in 1202 bytes} [Thu Mar 17 11:29:33 2022] GET /compute/v2.1/flavors/detail => generated 5777 bytes in 73 msecs (HTTP/1.1 200) 9 headers in 360 bytes (1 switches on core 0)
Mar 17 11:30:24.256564 dv-neutron-833015-4-hyperv devstack@n-api.service[103511]: DEBUG nova.api.openstack.wsgi [None req-12fe1ecf-10b6-4b1f-b005-8b564179b867 admin admin] Calling method '>' {{(pid=103511) _process_stack /opt/stack/nova/nova/api/openstack/wsgi.py:513}}
Mar 17 11:30:24.257563 dv-neutron-833015-4-hyperv devstack@n-api.service[103511]: INFO nova.api.openstack.requestlog [None req-12fe1ecf-10b6-4b1f-b005-8b564179b867 admin admin] 10.222.0.10 "GET /compute/v2.1" status: 200 len: 388 microversion: 2.1 time: 0.001431
Mar 17 11:30:24.257954 dv-neutron-833015-4-hyperv devstack@n-api.service[103511]: [pid: 103511|app: 0|req: 31/63] 10.222.0.10 () {54 vars in 930 bytes} [Thu Mar 17 11:30:24 2022] GET /compute/v2.1 => generated 388 bytes in 2 msecs (HTTP/1.1 200) 9 headers in 357 bytes (2 switches on core 0)
Mar 17 11:30:24.315212 dv-neutron-833015-4-hyperv devstack@n-api.service[103510]: DEBUG nova.api.openstack.wsgi [None req-34725aae-2816-4d88-b461-15d7ad319d3c admin admin] Calling method '>' {{(pid=103510) _process_stack /opt/stack/nova/nova/api/openstack/wsgi.py:513}}
Mar 17 11:30:24.334796 dv-neutron-833015-4-hyperv devstack@n-api.service[103510]: INFO nova.api.openstack.requestlog [None req-34725aae-2816-4d88-b461-15d7ad319d3c admin admin] 10.222.0.10 "GET /compute/v2.1/flavors/detail?is_public=True" status: 200 len: 5791 microversion: 2.61 time: 0.070815
Mar 17 11:30:24.335370 dv-neutron-833015-4-hyperv devstack@n-api.service[103510]: [pid: 103510|app: 0|req: 33/64] 10.222.0.10 () {60 vars in 1291 bytes} [Thu Mar 17 11:30:24 2022] GET /compute/v2.1/flavors/detail?is_public=True => generated 5791 bytes in 72 msecs (HTTP/1.1 200) 9 headers in 360 bytes (1 switches on core 0)
Mar 17 11:30:24.357039 dv-neutron-833015-4-hyperv devstack@n-api.service[103511]: DEBUG nova.api.openstack.wsgi [None req-66d3e674-9394-432d-9f7e-bb68aa2b31f5 admin admin] Calling method '>' {{(pid=103511) _process_stack /opt/stack/nova/nova/api/openstack/wsgi.py:513}}
Mar 17 11:30:24.365991 dv-neutron-833015-4-hyperv devstack@n-api.service[103511]: INFO nova.api.openstack.requestlog [None req-66d3e674-9394-432d-9f7e-bb68aa2b31f5 admin admin] 10.222.0.10 "GET /compute/v2.1/flavors/42/os-extra_specs" status: 200 len: 19 microversion: 2.61 time: 0.012492
Mar 17 11:30:24.366445 dv-neutron-833015-4-hyperv devstack@n-api.service[103511]: [pid: 103511|app: 0|req: 32/65] 10.222.0.10 () {60 vars in 1282 bytes} [Thu Mar 17 11:30:24 2022] GET /compute/v2.1/flavors/42/os-extra_specs => generated 19 bytes in 13 msecs (HTTP/1.1 200) 9 headers in 358 bytes (1 switches on core 0)
Mar 17 11:30:24.377751 dv-neutron-833015-4-hyperv devstack@n-api.service[103510]: DEBUG nova.api.openstack.wsgi [None req-2d2186e6-9c78-453b-8ffb-44f2c3a3d8e4 admin admin] Calling method '>' {{(pid=103510) _process_stack /opt/stack/nova/nova/api/openstack/wsgi.py:513}}
Mar 17 11:30:24.385471 dv-neutron-833015-4-hyperv devstack@n-api.service[103510]: INFO nova.api.openstack.requestlog [None req-2d2186e6-9c78-453b-8ffb-44f2c3a3d8e4 admin admin] 10.222.0.10 "GET /compute/v2.1/flavors/451/os-extra_specs" status: 200 len: 19 microversion: 2.61 time: 0.011521
Mar 17 11:30:24.385977 dv-neutron-833015-4-hyperv devstack@n-api.service[103510]: [pid: 103510|app: 0|req: 34/66] 10.222.0.10 () {60 vars in 1285 bytes} [Thu Mar 17 11:30:24 2022] GET /compute/v2.1/flavors/451/os-extra_specs => generated 19 bytes in 12 msecs (HTTP/1.1 200) 9 headers in 358 bytes (2 switches on core 0)
Mar 17 11:30:24.398324 dv-neutron-833015-4-hyperv devstack@n-api.service[103511]: DEBUG nova.api.openstack.wsgi [None req-72b16d09-d6f5-4721-926f-86251de77397 admin admin] Calling method '>' {{(pid=103511) _process_stack /opt/stack/nova/nova/api/openstack/wsgi.py:513}}
Mar 17 11:30:24.405985 dv-neutron-833015-4-hyperv devstack@n-api.service[103511]: INFO nova.api.openstack.requestlog [None req-72b16d09-d6f5-4721-926f-86251de77397 admin admin] 10.222.0.10 "GET /compute/v2.1/flavors/452/os-extra_specs" status: 200 len: 19 microversion: 2.61 time: 0.011208
Mar 17 11:30:24.406496 dv-neutron-833015-4-hyperv devstack@n-api.service[103511]: [pid: 103511|app: 0|req: 33/67] 10.222.0.10 () {60 vars in 1285 bytes} [Thu Mar 17 11:30:24 2022] GET /compute/v2.1/flavors/452/os-extra_specs => generated 19 bytes in 12 msecs (HTTP/1.1 200) 9 headers in 358 bytes (2 switches on core 0)
Mar 17 11:30:24.417963 dv-neutron-833015-4-hyperv devstack@n-api.service[103510]: DEBUG nova.api.openstack.wsgi [None req-4e336472-e4ce-4ff7-86f9-80cf666fe5a1 admin admin] Calling method '>' {{(pid=103510) _process_stack /opt/stack/nova/nova/api/openstack/wsgi.py:513}}
Mar 17 11:30:24.425521 dv-neutron-833015-4-hyperv devstack@n-api.service[103510]: INFO nova.api.openstack.requestlog [None req-4e336472-e4ce-4ff7-86f9-80cf666fe5a1 admin admin] 10.222.0.10 "GET /compute/v2.1/flavors/84/os-extra_specs" status: 200 len: 19 microversion: 2.61 time: 0.011059
Mar 17 11:30:24.426032 dv-neutron-833015-4-hyperv devstack@n-api.service[103510]: [pid: 103510|app: 0|req: 35/68] 10.222.0.10 () {60 vars in 1282 bytes} [Thu Mar 17 11:30:24 2022] GET /compute/v2.1/flavors/84/os-extra_specs => generated 19 bytes in 12 msecs (HTTP/1.1 200) 9 headers in 358 bytes (1 switches on core 0)
Mar 17 11:32:00.920504 dv-neutron-833015-4-hyperv devstack@n-api.service[103511]: DEBUG nova.api.openstack.wsgi [None req-f6749098-248e-44fa-a6de-39b7414a9e31 tempest-verify_tempest_config-1941606293 tempest-verify_tempest_config-1941606293-project] Calling method '>' {{(pid=103511) _process_stack /opt/stack/nova/nova/api/openstack/wsgi.py:513}}
Mar 17 11:32:00.922510 dv-neutron-833015-4-hyperv devstack@n-api.service[103511]: INFO nova.api.openstack.requestlog [None req-f6749098-248e-44fa-a6de-39b7414a9e31 tempest-verify_tempest_config-1941606293 tempest-verify_tempest_config-1941606293-project] 10.222.0.10 "GET /compute/v2.1/extensions" status: 200 len: 22700 microversion: 2.1 time: 0.107797
Mar 17 11:32:00.923037 dv-neutron-833015-4-hyperv devstack@n-api.service[103511]: [pid: 103511|app: 0|req: 34/69] 10.222.0.10 () {58 vars in 1133 bytes} [Thu Mar 17 11:32:00 2022] GET /compute/v2.1/extensions => generated 22700 bytes in 109 msecs (HTTP/1.1 200) 9 headers in 359 bytes (1 switches on core 0)
Mar 17 11:33:15.240790 dv-neutron-833015-4-hyperv devstack@n-api.service[103510]: DEBUG nova.api.openstack.wsgi [None req-4e336472-e4ce-4ff7-86f9-80cf666fe5a1 admin admin] Calling method '>' {{(pid=103510) _process_stack /opt/stack/nova/nova/api/openstack/wsgi.py:513}}
Mar 17 11:33:15.241804 dv-neutron-833015-4-hyperv devstack@n-api.service[103510]: INFO nova.api.openstack.requestlog [None req-4e336472-e4ce-4ff7-86f9-80cf666fe5a1 admin admin] 10.222.0.10 "GET /compute/v2.1" status: 200 len: 388 microversion: 2.1 time: 0.001464
Mar 17 11:33:15.242193 dv-neutron-833015-4-hyperv devstack@n-api.service[103510]: [pid: 103510|app: 0|req: 36/70] 10.222.0.10 () {56 vars in 1074 bytes} [Thu Mar 17 11:33:15 2022] GET /compute/v2.1 => generated 388 bytes in 2 msecs (HTTP/1.1 200) 9 headers in 357 bytes (1 switches on core 0)
Mar 17 11:33:15.501952 dv-neutron-833015-4-hyperv devstack@n-api.service[103511]: DEBUG nova.api.openstack.wsgi [None req-2700f3cd-4506-4130-ab58-b0bddf6ef2e5 admin admin] Calling method '>' {{(pid=103511) _process_stack /opt/stack/nova/nova/api/openstack/wsgi.py:513}}
Mar 17 11:33:15.503132 dv-neutron-833015-4-hyperv devstack@n-api.service[103511]: /usr/local/lib/python3.8/dist-packages/oslo_policy/policy.py:1119: UserWarning: Policy "os_compute_api:os-services:list": "rule:context_is_admin" failed scope check. The token used to make the request was project scoped but the policy requires ['system'] scope. This behavior may change in the future where using the intended scope is required
Mar 17 11:33:15.503132 dv-neutron-833015-4-hyperv devstack@n-api.service[103511]: warnings.warn(msg)
Mar 17 11:33:15.504661 dv-neutron-833015-4-hyperv devstack@n-api.service[103511]: DEBUG oslo_concurrency.lockutils [None req-2700f3cd-4506-4130-ab58-b0bddf6ef2e5 admin admin] Lock "00000000-0000-0000-0000-000000000000" acquired by "nova.context.set_target_cell..get_or_set_cached_cell_and_set_connections" :: waited 0.000s {{(pid=103511) inner /usr/local/lib/python3.8/dist-packages/oslo_concurrency/lockutils.py:386}}
Mar 17 11:33:15.505093 dv-neutron-833015-4-hyperv devstack@n-api.service[103511]: DEBUG oslo_concurrency.lockutils [None req-2700f3cd-4506-4130-ab58-b0bddf6ef2e5 admin admin] Lock "00000000-0000-0000-0000-000000000000" "released" by "nova.context.set_target_cell..get_or_set_cached_cell_and_set_connections" :: held 0.000s {{(pid=103511) inner /usr/local/lib/python3.8/dist-packages/oslo_concurrency/lockutils.py:400}}
Mar 17 11:33:15.505870 dv-neutron-833015-4-hyperv devstack@n-api.service[103511]: DEBUG oslo_concurrency.lockutils [None req-2700f3cd-4506-4130-ab58-b0bddf6ef2e5 admin admin] Lock "f8dc8108-044f-4077-8cd5-526341bef51a" acquired by "nova.context.set_target_cell..get_or_set_cached_cell_and_set_connections" :: waited 0.000s {{(pid=103511) inner /usr/local/lib/python3.8/dist-packages/oslo_concurrency/lockutils.py:386}}
