Mar 30 13:48:57.230454 dv-neutron-832834-3-hyperv neutron-server[111060]: DEBUG neutron_lib.callbacks.manager [None req-2ef4e247-ca40-42d1-970e-401254c04611 tempest-ExternalNetworksTestJSON-528748029 tempest-ExternalNetworksTestJSON-528748029-project-admin] Publish callbacks ['neutron.api.rpc.agentnotifiers.dhcp_rpc_agent_api.DhcpAgentNotifyAPI._send_dhcp_notification-1617259'] for network (None), before_response {{(pid=111060) _notify_loop /usr/local/lib/python3.8/dist-packages/neutron_lib/callbacks/manager.py:176}}
Mar 30 13:48:57.320500 dv-neutron-832834-3-hyperv neutron-server[111060]: DEBUG neutron_lib.callbacks.manager [None req-30827d25-8939-4d14-bd44-0d909e68143c tempest-PortsAdminExtendedAttrsTestJSON-1100722260 tempest-PortsAdminExtendedAttrsTestJSON-1100722260-project] Publish callbacks ['neutron.plugins.ml2.plugin.Ml2Plugin._network_delete_after_delete_handler-3307844', 'neutron.plugins.ml2.ovo_rpc._ObjectChangeHandler.handle_event-1596720', 'neutron.api.rpc.agentnotifiers.dhcp_rpc_agent_api.DhcpAgentNotifyAPI._native_event_send_dhcp_notification-1617245', 'neutron.services.l3_router.l3_router_plugin.DVRResourceOperationHandler.delete_fip_namespaces_for_ext_net-1656407'] for network (cd9ef2f8-14e4-443b-ba09-04314b5ad3cf), after_delete {{(pid=111060) _notify_loop /usr/local/lib/python3.8/dist-packages/neutron_lib/callbacks/manager.py:176}}
Mar 30 13:48:57.384599 dv-neutron-832834-3-hyperv neutron-server[111060]: DEBUG neutron_lib.callbacks.manager [None req-30827d25-8939-4d14-bd44-0d909e68143c tempest-PortsAdminExtendedAttrsTestJSON-1100722260 tempest-PortsAdminExtendedAttrsTestJSON-1100722260-project] Publish callbacks ['neutron.api.rpc.agentnotifiers.dhcp_rpc_agent_api.DhcpAgentNotifyAPI._send_dhcp_notification-1617259'] for network (None), before_response {{(pid=111060) _notify_loop /usr/local/lib/python3.8/dist-packages/neutron_lib/callbacks/manager.py:176}}
Mar 30 13:48:57.391068 dv-neutron-832834-3-hyperv neutron-server[111060]: INFO neutron.wsgi [None req-30827d25-8939-4d14-bd44-0d909e68143c tempest-PortsAdminExtendedAttrsTestJSON-1100722260 tempest-PortsAdminExtendedAttrsTestJSON-1100722260-project] 10.222.0.16 "DELETE /v2.0/networks/cd9ef2f8-14e4-443b-ba09-04314b5ad3cf HTTP/1.1" status: 204 len: 168 time: 0.8224108
Mar 30 13:48:57.491513 dv-neutron-832834-3-hyperv neutron-server[111060]: INFO neutron.wsgi [None req-2ef4e247-ca40-42d1-970e-401254c04611 tempest-ExternalNetworksTestJSON-528748029 tempest-ExternalNetworksTestJSON-528748029-project-admin] 10.222.0.16 "POST /v2.0/networks HTTP/1.1" status: 201 len: 863 time: 1.0080600
Mar 30 13:48:57.505874 dv-neutron-832834-3-hyperv neutron-server[111059]: DEBUG neutron.wsgi [-] (111059) accepted ('10.222.0.16', 35732) {{(pid=111059) server /usr/local/lib/python3.8/dist-packages/eventlet/wsgi.py:1004}}
Mar 30 13:48:57.509839 dv-neutron-832834-3-hyperv neutron-server[111060]: DEBUG neutron.api.rpc.handlers.resources_rpc [None req-2ef4e247-ca40-42d1-970e-401254c04611 tempest-ExternalNetworksTestJSON-528748029 tempest-ExternalNetworksTestJSON-528748029-project-admin] Pushing event updated for resources: {'Network': ['ID=7dfb6467-d1f9-44cc-8e34-b7facb79c594,revision_number=1']} {{(pid=111060) push /opt/stack/neutron/neutron/api/rpc/handlers/resources_rpc.py:237}}
Mar 30 13:48:57.526065 dv-neutron-832834-3-hyperv neutron-server[111061]: DEBUG neutron.plugins.ml2.rpc [None req-504b028f-bf52-4356-893d-3ca52fa65b1e None None] Network 7dfb6467-d1f9-44cc-8e34-b7facb79c594 details requested by agent ovs-agent-dv-neutron-832834-3-hyperv with host dv-neutron-832834-3-hyperv {{(pid=111061) get_network_details /opt/stack/neutron/neutron/plugins/ml2/rpc.py:248}}
Mar 30 13:48:57.526541 dv-neutron-832834-3-hyperv neutron-server[111059]: DEBUG neutron_lib.callbacks.manager [None req-fe099bc3-7e76-4f6d-9efa-1f73798393de admin admin] Publish callbacks [] for security_group (085278d3-fae6-443f-9c7f-2700eb3c5389), precommit_create {{(pid=111059) _notify_loop /usr/local/lib/python3.8/dist-packages/neutron_lib/callbacks/manager.py:176}}
Mar 30 13:48:57.550605 dv-neutron-832834-3-hyperv neutron-server[111059]: DEBUG neutron.api.v2.base [None req-f1c17abd-37cb-4b08-b7b4-b3438afdc597 tempest-ExternalNetworksTestJSON-528748029 tempest-ExternalNetworksTestJSON-528748029-project-admin] Request body: {'network': {'router:external': True}} {{(pid=111059) prepare_request_body /opt/stack/neutron/neutron/api/v2/base.py:729}}
Mar 30 13:48:57.574521 dv-neutron-832834-3-hyperv neutron-server[111060]: DEBUG neutron.api.rpc.handlers.resources_rpc [None req-30827d25-8939-4d14-bd44-0d909e68143c tempest-PortsAdminExtendedAttrsTestJSON-1100722260 tempest-PortsAdminExtendedAttrsTestJSON-1100722260-project] Pushing event deleted for resources: {'Network': ['ID=cd9ef2f8-14e4-443b-ba09-04314b5ad3cf,revision_number=None']} {{(pid=111060) push /opt/stack/neutron/neutron/api/rpc/handlers/resources_rpc.py:237}}
Mar 30 13:48:57.612830 dv-neutron-832834-3-hyperv neutron-server[111060]: DEBUG neutron.pecan_wsgi.hooks.policy_enforcement [req-33ab333c-aee6-420e-ad50-2ea60e9963d9 req-d5ed7539-1be6-457c-9a3a-a3c957fb211d tempest-ServerActionsTestJSON-1655069351 tempest-ServerActionsTestJSON-1655069351-project] Attributes excluded by policy engine: ['standard_attr_id', 'vlan_transparent', 'provider:network_type', 'provider:physical_network', 'provider:segmentation_id'] {{(pid=111060) _exclude_attributes_by_policy /opt/stack/neutron/neutron/pecan_wsgi/hooks/policy_enforcement.py:255}}
Mar 30 13:48:57.614509 dv-neutron-832834-3-hyperv neutron-server[111060]: INFO neutron.wsgi [req-33ab333c-aee6-420e-ad50-2ea60e9963d9 req-d5ed7539-1be6-457c-9a3a-a3c957fb211d tempest-ServerActionsTestJSON-1655069351 tempest-ServerActionsTestJSON-1655069351-project] 10.222.0.10 "GET /v2.0/networks?id=f72f5d02-4401-4712-a6bf-a47b060c9905 HTTP/1.1" status: 200 len: 811 time: 0.4219005
Mar 30 13:48:57.630395 dv-neutron-832834-3-hyperv neutron-server[111059]: DEBUG neutron_lib.callbacks.manager [None req-a218012d-76eb-403d-ab14-ec4cbd6e64f4 tempest-FloatingIPTestJSON-1434719039 tempest-FloatingIPTestJSON-1434719039-project] Publish callbacks [] for router_gateway (4e5b961b-53ce-4339-92d1-53529f4b54a0), precommit_update {{(pid=111059) _notify_loop /usr/local/lib/python3.8/dist-packages/neutron_lib/callbacks/manager.py:176}}
Mar 30 13:48:57.719008 dv-neutron-832834-3-hyperv neutron-server[111059]: DEBUG neutron.wsgi [req-edc56cf8-094d-433d-a4ca-a794d037fba0 req-c7174af9-b4dc-425e-af97-8699f383bf92 service neutron] http://10.222.0.16:9696/v2.0/extensions returned with HTTP 200 {{(pid=111059) __call__ /opt/stack/neutron/neutron/wsgi.py:730}}
Mar 30 13:48:57.726537 dv-neutron-832834-3-hyperv neutron-server[111059]: INFO neutron.wsgi [req-edc56cf8-094d-433d-a4ca-a794d037fba0 req-c7174af9-b4dc-425e-af97-8699f383bf92 service neutron] 10.222.0.16 "GET /v2.0/extensions HTTP/1.1" status: 200 len: 14082 time: 0.2477231
Mar 30 13:48:57.736345 dv-neutron-832834-3-hyperv neutron-server[111059]: DEBUG neutron_lib.callbacks.manager [None req-fe099bc3-7e76-4f6d-9efa-1f73798393de admin admin] Publish callbacks ['neutron.plugins.ml2.ovo_rpc._ObjectChangeHandler.handle_event-1596899'] for security_group (085278d3-fae6-443f-9c7f-2700eb3c5389), after_create {{(pid=111059) _notify_loop /usr/local/lib/python3.8/dist-packages/neutron_lib/callbacks/manager.py:176}}
Mar 30 13:48:57.758979 dv-neutron-832834-3-hyperv neutron-server[111060]: INFO neutron.wsgi [req-33ab333c-aee6-420e-ad50-2ea60e9963d9 req-4d20f3e5-d6de-4aa3-9c94-60cc2de87cd4 tempest-ServerActionsTestJSON-1655069351 tempest-ServerActionsTestJSON-1655069351-project] 10.222.0.10 "GET /v2.0/security-groups?fields=id&fields=name&tenant_id=182db5fe81f94248af67880f0077de32 HTTP/1.1" status: 200 len: 379 time: 0.1029670
Mar 30 13:48:57.769658 dv-neutron-832834-3-hyperv neutron-server[111060]: DEBUG neutron.api.v2.base [req-33ab333c-aee6-420e-ad50-2ea60e9963d9 req-612dd621-d30c-4196-a6f4-58b140d26bde tempest-ServerActionsTestJSON-1655069351 tempest-ServerActionsTestJSON-1655069351-project] Request body: {'port': {'device_id': '5a39519c-7cd8-4075-ba49-74c6bed68482', 'network_id': 'f72f5d02-4401-4712-a6bf-a47b060c9905', 'admin_state_up': True, 'tenant_id': '182db5fe81f94248af67880f0077de32', 'security_groups': ['87b6f729-2b03-42b9-8702-2ba36d2192ed']}} {{(pid=111060) prepare_request_body /opt/stack/neutron/neutron/api/v2/base.py:729}}
Mar 30 13:48:57.803719 dv-neutron-832834-3-hyperv neutron-server[111059]: INFO neutron.wsgi [req-2a37e5a5-8672-4535-ade0-330caabc21cb req-ba895aa1-e095-4a38-90ed-34f0f1dfa7ac tempest-ServerActionsTestJSON-1655069351 tempest-ServerActionsTestJSON-1655069351-project] 10.222.0.16 "GET /v2.0/ports?device_id=5a39519c-7cd8-4075-ba49-74c6bed68482 HTTP/1.1" status: 200 len: 210 time: 0.2421997
Mar 30 13:48:57.937715 dv-neutron-832834-3-hyperv neutron-server[111061]: DEBUG neutron.api.rpc.handlers.dhcp_rpc [None req-73b240f4-1c93-4ea1-b0b0-67aab5bfe0ad None None] Network 87b1848f-0f8a-4c2e-a062-b292eccf68af requested from dv-neutron-832834-3-hyperv {{(pid=111061) get_network_info /opt/stack/neutron/neutron/api/rpc/handlers/dhcp_rpc.py:191}}
Mar 30 13:48:57.963202 dv-neutron-832834-3-hyperv neutron-server[111059]: INFO neutron.wsgi [None req-fe099bc3-7e76-4f6d-9efa-1f73798393de admin admin] 10.222.0.16 "GET /v2.0/security-groups?tenant_id=14d8abb5d0904de0a74d6068667953e3&name=default HTTP/1.1" status: 200 len: 2996 time: 0.8598270
Mar 30 13:48:57.963336 dv-neutron-832834-3-hyperv neutron-server[111060]: DEBUG neutron.wsgi [-] (111060) accepted ('10.222.0.16', 35758) {{(pid=111060) server /usr/local/lib/python3.8/dist-packages/eventlet/wsgi.py:1004}}
Mar 30 13:48:57.971565 dv-neutron-832834-3-hyperv neutron-server[111059]: DEBUG neutron_lib.callbacks.manager [None req-2fb642a6-f349-4b14-8c42-6b7ea7b2eee7 tempest-FloatingIPAdminTestJSON-2087913951 tempest-FloatingIPAdminTestJSON-2087913951-project] Publish callbacks [] for router_gateway (8f5320ae-057b-4bbe-94e1-5aec197f47be), before_create {{(pid=111059) _notify_loop /usr/local/lib/python3.8/dist-packages/neutron_lib/callbacks/manager.py:176}}
Mar 30 13:48:57.990026 dv-neutron-832834-3-hyperv neutron-server[111059]: DEBUG neutron.api.rpc.handlers.resources_rpc [None req-fe099bc3-7e76-4f6d-9efa-1f73798393de admin admin] Pushing event updated for resources: {'SecurityGroup': ['ID=085278d3-fae6-443f-9c7f-2700eb3c5389,revision_number=1']} {{(pid=111059) push /opt/stack/neutron/neutron/api/rpc/handlers/resources_rpc.py:237}}
Mar 30 13:48:58.028351 dv-neutron-832834-3-hyperv neutron-server[111061]: DEBUG neutron.db.provisioning_blocks [None req-67a4f8a5-6b1e-43ba-b652-423ecd89aa31 None None] Provisioning complete for port a4767772-1504-420f-86d0-4023147ddbbc triggered by entity DHCP. {{(pid=111061) provisioning_complete /opt/stack/neutron/neutron/db/provisioning_blocks.py:140}}
Mar 30 13:48:58.030049 dv-neutron-832834-3-hyperv neutron-server[111061]: DEBUG neutron_lib.callbacks.manager [None req-67a4f8a5-6b1e-43ba-b652-423ecd89aa31 None None] Publish callbacks ['neutron.plugins.ml2.plugin.Ml2Plugin._port_provisioned-3307310'] for port (a4767772-1504-420f-86d0-4023147ddbbc), provisioning_complete {{(pid=111061) _notify_loop /usr/local/lib/python3.8/dist-packages/neutron_lib/callbacks/manager.py:176}}
Mar 30 13:48:58.032863 dv-neutron-832834-3-hyperv neutron-server[111059]: INFO neutron.wsgi [req-32d24b8b-0347-488b-aaaf-e432c11def2b req-974113c4-5912-422b-860c-61e710e13c89 tempest-ServersTestManualDisk-1792416141 tempest-ServersTestManualDisk-1792416141-project] 10.222.0.16 "GET /v2.0/ports?device_id=28374085-7ca8-48d7-ab12-106a93110929 HTTP/1.1" status: 200 len: 210 time: 0.1495728
Mar 30 13:48:58.035881 dv-neutron-832834-3-hyperv neutron-server[111060]: DEBUG neutron.pecan_wsgi.hooks.quota_enforcement [req-33ab333c-aee6-420e-ad50-2ea60e9963d9 req-612dd621-d30c-4196-a6f4-58b140d26bde tempest-ServerActionsTestJSON-1655069351 tempest-ServerActionsTestJSON-1655069351-project] Made reservation on behalf of 182db5fe81f94248af67880f0077de32 for: {'port': 1} {{(pid=111060) before /opt/stack/neutron/neutron/pecan_wsgi/hooks/quota_enforcement.py:53}}
Mar 30 13:48:58.052753 dv-neutron-832834-3-hyperv neutron-server[111060]: DEBUG neutron_lib.callbacks.manager [req-33ab333c-aee6-420e-ad50-2ea60e9963d9 req-612dd621-d30c-4196-a6f4-58b140d26bde tempest-ServerActionsTestJSON-1655069351 tempest-ServerActionsTestJSON-1655069351-project] Publish callbacks ['neutron.plugins.ml2.plugin.SecurityGroupDbMixin._ensure_default_security_group_handler-3441364'] for port (None), before_create {{(pid=111060) _notify_loop /usr/local/lib/python3.8/dist-packages/neutron_lib/callbacks/manager.py:176}}
Mar 30 13:48:58.076987 dv-neutron-832834-3-hyperv neutron-server[111060]: DEBUG neutron_lib.callbacks.manager [None req-876a7ce5-1cc0-4235-a66a-57d55a833aff admin admin] Publish callbacks [] for security_group (085278d3-fae6-443f-9c7f-2700eb3c5389), before_delete {{(pid=111060) _notify_loop /usr/local/lib/python3.8/dist-packages/neutron_lib/callbacks/manager.py:176}}
Mar 30 13:48:58.077615 dv-neutron-832834-3-hyperv neutron-server[111059]: DEBUG neutron_lib.callbacks.manager [None req-2fb642a6-f349-4b14-8c42-6b7ea7b2eee7 tempest-FloatingIPAdminTestJSON-2087913951 tempest-FloatingIPAdminTestJSON-2087913951-project] Publish callbacks ['neutron.plugins.ml2.plugin.SecurityGroupDbMixin._ensure_default_security_group_handler-3441364'] for port (None), before_create {{(pid=111059) _notify_loop /usr/local/lib/python3.8/dist-packages/neutron_lib/callbacks/manager.py:176}}
Mar 30 13:48:58.165996 dv-neutron-832834-3-hyperv neutron-server[111060]: DEBUG neutron_lib.callbacks.manager [None req-876a7ce5-1cc0-4235-a66a-57d55a833aff admin admin] Publish callbacks [] for security_group (085278d3-fae6-443f-9c7f-2700eb3c5389), precommit_delete {{(pid=111060) _notify_loop /usr/local/lib/python3.8/dist-packages/neutron_lib/callbacks/manager.py:176}}
Mar 30 13:48:58.228912 dv-neutron-832834-3-hyperv neutron-server[111061]: DEBUG neutron.plugins.ml2.plugin [None req-67a4f8a5-6b1e-43ba-b652-423ecd89aa31 None None] Current status of the port a4767772-1504-420f-86d0-4023147ddbbc is: DOWN; New status is: ACTIVE {{(pid=111061) _update_individual_port_db_status /opt/stack/neutron/neutron/plugins/ml2/plugin.py:2256}}
Mar 30 13:48:58.229369 dv-neutron-832834-3-hyperv neutron-server[111061]: DEBUG neutron_lib.callbacks.manager [None req-67a4f8a5-6b1e-43ba-b652-423ecd89aa31 None None] Publish callbacks ['neutron.plugins.ml2.plugin.SecurityGroupDbMixin._ensure_default_security_group_handler-3441364'] for port (a4767772-1504-420f-86d0-4023147ddbbc), before_update {{(pid=111061) _notify_loop /usr/local/lib/python3.8/dist-packages/neutron_lib/callbacks/manager.py:176}}
Mar 30 13:48:58.235152 dv-neutron-832834-3-hyperv neutron-server[111059]: DEBUG neutron.wsgi [-] (111059) accepted ('10.222.0.16', 35768) {{(pid=111059) server /usr/local/lib/python3.8/dist-packages/eventlet/wsgi.py:1004}}
Mar 30 13:48:58.307343 dv-neutron-832834-3-hyperv neutron-server[111061]: DEBUG neutron.plugins.ml2.db [None req-67a4f8a5-6b1e-43ba-b652-423ecd89aa31 None None] For port a4767772-1504-420f-86d0-4023147ddbbc, host dv-neutron-832834-3-hyperv, got binding levels [PortBindingLevel(driver='openvswitch',host='dv-neutron-832834-3-hyperv',level=0,port_id=a4767772-1504-420f-86d0-4023147ddbbc,segment=NetworkSegment(6161d371-b2f1-4ecb-96cd-fc23106a3e8d),segment_id=6161d371-b2f1-4ecb-96cd-fc23106a3e8d)] {{(pid=111061) get_binding_level_objs /opt/stack/neutron/neutron/plugins/ml2/db.py:74}}
Mar 30 13:48:58.335719 dv-neutron-832834-3-hyperv neutron-server[111059]: INFO neutron.wsgi [req-edc56cf8-094d-433d-a4ca-a794d037fba0 req-72b9c6b0-7335-403f-b17e-f3d8b782273c service neutron] 10.222.0.16 "GET /v2.0/networks/6306db32-ff57-46ff-a265-49a6af13fa37?fields=segments HTTP/1.1" status: 200 len: 212 time: 0.6081276
Mar 30 13:48:58.366877 dv-neutron-832834-3-hyperv neutron-server[111061]: DEBUG neutron_lib.callbacks.manager [None req-67a4f8a5-6b1e-43ba-b652-423ecd89aa31 None None] Publish callbacks ['neutron.plugins.ml2.plugin.SecurityGroupServerNotifierRpcMixin._notify_sg_on_port_change-3441301', 'neutron.plugins.ml2.ovo_rpc._ObjectChangeHandler.handle_event-95982', 'neutron.api.rpc.agentnotifiers.dhcp_rpc_agent_api.DhcpAgentNotifyAPI._native_event_send_dhcp_notification-1617245', 'neutron.db.l3_db.L3RpcNotifierMixin._notify_gateway_port_ip_changed-8732231889291', 'neutron.db.l3_dvrscheduler_db._notify_l3_agent_port_update-8732231400452', 'neutron.db.l3_hascheduler_db._notify_l3_agent_ha_port_update-8732231400470'] for port (a4767772-1504-420f-86d0-4023147ddbbc), after_update {{(pid=111061) _notify_loop /usr/local/lib/python3.8/dist-packages/neutron_lib/callbacks/manager.py:176}}
Mar 30 13:48:58.465327 dv-neutron-832834-3-hyperv neutron-server[111061]: DEBUG neutron.plugins.ml2.rpc [None req-504b028f-bf52-4356-893d-3ca52fa65b1e None None] Device a4767772-1504-420f-86d0-4023147ddbbc up at agent ovs-agent-dv-neutron-832834-3-hyperv {{(pid=111061) update_device_up /opt/stack/neutron/neutron/plugins/ml2/rpc.py:296}}
Mar 30 13:48:58.531950 dv-neutron-832834-3-hyperv neutron-server[111061]: DEBUG neutron.api.rpc.handlers.resources_rpc [None req-67a4f8a5-6b1e-43ba-b652-423ecd89aa31 None None] Pushing event updated for resources: {'Port': ['ID=a4767772-1504-420f-86d0-4023147ddbbc,revision_number=3']} {{(pid=111061) push /opt/stack/neutron/neutron/api/rpc/handlers/resources_rpc.py:237}}
Mar 30 13:48:58.535006 dv-neutron-832834-3-hyperv neutron-server[111060]: DEBUG neutron.db.db_base_plugin_common [req-33ab333c-aee6-420e-ad50-2ea60e9963d9 req-612dd621-d30c-4196-a6f4-58b140d26bde tempest-ServerActionsTestJSON-1655069351 tempest-ServerActionsTestJSON-1655069351-project] Allocated IP 172.20.0.9 (f72f5d02-4401-4712-a6bf-a47b060c9905/a9edc959-1705-4199-a1f1-ba6fe35793cf/9538b250-acbf-452e-bd1d-731bdebe685e) {{(pid=111060) _store_ip_allocation /opt/stack/neutron/neutron/db/db_base_plugin_common.py:131}}
Mar 30 13:48:58.540360 dv-neutron-832834-3-hyperv neutron-server[111059]: DEBUG neutron_lib.callbacks.manager [None req-f1c17abd-37cb-4b08-b7b4-b3438afdc597 tempest-ExternalNetworksTestJSON-528748029 tempest-ExternalNetworksTestJSON-528748029-project-admin] Publish callbacks ['neutron.services.auto_allocate.db._ensure_external_network_default_value_callback-8732231357489'] for network (7dfb6467-d1f9-44cc-8e34-b7facb79c594), precommit_update {{(pid=111059) _notify_loop /usr/local/lib/python3.8/dist-packages/neutron_lib/callbacks/manager.py:176}}
Mar 30 13:48:58.547528 dv-neutron-832834-3-hyperv neutron-server[111061]: DEBUG neutron.db.provisioning_blocks [None req-504b028f-bf52-4356-893d-3ca52fa65b1e None None] Provisioning complete for port a4767772-1504-420f-86d0-4023147ddbbc triggered by entity L2. {{(pid=111061) provisioning_complete /opt/stack/neutron/neutron/db/provisioning_blocks.py:140}}
Mar 30 13:48:58.548195 dv-neutron-832834-3-hyperv neutron-server[111061]: DEBUG neutron_lib.callbacks.manager [None req-504b028f-bf52-4356-893d-3ca52fa65b1e None None] Publish callbacks ['neutron.plugins.ml2.plugin.Ml2Plugin._port_provisioned-3307310'] for port (a4767772-1504-420f-86d0-4023147ddbbc), provisioning_complete {{(pid=111061) _notify_loop /usr/local/lib/python3.8/dist-packages/neutron_lib/callbacks/manager.py:176}}
Mar 30 13:48:58.605664 dv-neutron-832834-3-hyperv neutron-server[111059]: DEBUG neutron.db.db_base_plugin_common [None req-2fb642a6-f349-4b14-8c42-6b7ea7b2eee7 tempest-FloatingIPAdminTestJSON-2087913951 tempest-FloatingIPAdminTestJSON-2087913951-project] Allocated IP 172.26.7.112 (d4204770-67f1-4c64-8726-e0f9d3aa65d6/a5d7f008-81c5-428d-be90-9906e2023008/f1309087-04bc-4d00-82b0-85666b432588) {{(pid=111059) _store_ip_allocation /opt/stack/neutron/neutron/db/db_base_plugin_common.py:131}}
Mar 30 13:48:58.610414 dv-neutron-832834-3-hyperv neutron-server[111061]: DEBUG neutron.db.provisioning_blocks [None req-61c9fffc-2d66-43db-8178-59edd35676ca None None] Provisioning complete for port a4767772-1504-420f-86d0-4023147ddbbc triggered by entity DHCP. {{(pid=111061) provisioning_complete /opt/stack/neutron/neutron/db/provisioning_blocks.py:140}}
Mar 30 13:48:58.610830 dv-neutron-832834-3-hyperv neutron-server[111061]: DEBUG neutron_lib.callbacks.manager [None req-61c9fffc-2d66-43db-8178-59edd35676ca None None] Publish callbacks ['neutron.plugins.ml2.plugin.Ml2Plugin._port_provisioned-3307310'] for port (a4767772-1504-420f-86d0-4023147ddbbc), provisioning_complete {{(pid=111061) _notify_loop /usr/local/lib/python3.8/dist-packages/neutron_lib/callbacks/manager.py:176}}
Mar 30 13:48:58.689608 dv-neutron-832834-3-hyperv neutron-server[111061]: DEBUG neutron.plugins.ml2.plugin [None req-504b028f-bf52-4356-893d-3ca52fa65b1e None None] Current status of the port a4767772-1504-420f-86d0-4023147ddbbc is: ACTIVE; New status is: ACTIVE {{(pid=111061) _update_individual_port_db_status /opt/stack/neutron/neutron/plugins/ml2/plugin.py:2256}}
Mar 30 13:48:58.720955 dv-neutron-832834-3-hyperv neutron-server[111060]: DEBUG neutron_lib.callbacks.manager [None req-876a7ce5-1cc0-4235-a66a-57d55a833aff admin admin] Publish callbacks ['neutron.plugins.ml2.ovo_rpc._ObjectChangeHandler.handle_event-1596899'] for security_group (085278d3-fae6-443f-9c7f-2700eb3c5389), after_delete {{(pid=111060) _notify_loop /usr/local/lib/python3.8/dist-packages/neutron_lib/callbacks/manager.py:176}}
Mar 30 13:48:58.726574 dv-neutron-832834-3-hyperv neutron-server[111060]: DEBUG neutron_lib.callbacks.manager [None req-876a7ce5-1cc0-4235-a66a-57d55a833aff admin admin] Publish callbacks [] for security_group (None), before_response {{(pid=111060) _notify_loop /usr/local/lib/python3.8/dist-packages/neutron_lib/callbacks/manager.py:176}}
Mar 30 13:48:58.727015 dv-neutron-832834-3-hyperv neutron-server[111059]: DEBUG neutron_lib.callbacks.manager [None req-f1c17abd-37cb-4b08-b7b4-b3438afdc597 tempest-ExternalNetworksTestJSON-528748029 tempest-ExternalNetworksTestJSON-528748029-project-admin] Publish callbacks ['neutron.plugins.ml2.ovo_rpc._ObjectChangeHandler.handle_event-1596720', 'neutron.api.rpc.agentnotifiers.dhcp_rpc_agent_api.DhcpAgentNotifyAPI._native_event_send_dhcp_notification-1617245'] for network (7dfb6467-d1f9-44cc-8e34-b7facb79c594), after_update {{(pid=111059) _notify_loop /usr/local/lib/python3.8/dist-packages/neutron_lib/callbacks/manager.py:176}}
Mar 30 13:48:58.736797 dv-neutron-832834-3-hyperv neutron-server[111060]: INFO neutron.wsgi [None req-876a7ce5-1cc0-4235-a66a-57d55a833aff admin admin] 10.222.0.16 "DELETE /v2.0/security-groups/085278d3-fae6-443f-9c7f-2700eb3c5389 HTTP/1.1" status: 204 len: 168 time: 0.7689300
Mar 30 13:48:58.760622 dv-neutron-832834-3-hyperv neutron-server[111060]: DEBUG neutron.api.rpc.handlers.resources_rpc [None req-876a7ce5-1cc0-4235-a66a-57d55a833aff admin admin] Pushing event deleted for resources: {'SecurityGroup': ['ID=085278d3-fae6-443f-9c7f-2700eb3c5389,revision_number=None']} {{(pid=111060) push /opt/stack/neutron/neutron/api/rpc/handlers/resources_rpc.py:237}}
Mar 30 13:48:58.801026 dv-neutron-832834-3-hyperv neutron-server[111060]: DEBUG neutron_lib.callbacks.manager [req-33ab333c-aee6-420e-ad50-2ea60e9963d9 req-612dd621-d30c-4196-a6f4-58b140d26bde tempest-ServerActionsTestJSON-1655069351 tempest-ServerActionsTestJSON-1655069351-project] Publish callbacks [] for port (9538b250-acbf-452e-bd1d-731bdebe685e), precommit_create {{(pid=111060) _notify_loop /usr/local/lib/python3.8/dist-packages/neutron_lib/callbacks/manager.py:176}}
Mar 30 13:48:58.827840 dv-neutron-832834-3-hyperv neutron-server[111061]: DEBUG neutron.plugins.ml2.plugin [None req-61c9fffc-2d66-43db-8178-59edd35676ca None None] Current status of the port a4767772-1504-420f-86d0-4023147ddbbc is: ACTIVE; New status is: ACTIVE {{(pid=111061) _update_individual_port_db_status /opt/stack/neutron/neutron/plugins/ml2/plugin.py:2256}}
Mar 30 13:48:58.933062 dv-neutron-832834-3-hyperv neutron-server[111060]: DEBUG neutron_lib.callbacks.manager [req-33ab333c-aee6-420e-ad50-2ea60e9963d9 req-612dd621-d30c-4196-a6f4-58b140d26bde tempest-ServerActionsTestJSON-1655069351 tempest-ServerActionsTestJSON-1655069351-project] Publish callbacks ['neutron.plugins.ml2.plugin.SecurityGroupServerNotifierRpcMixin._notify_sg_on_port_change-3441301', 'neutron.plugins.ml2.ovo_rpc._ObjectChangeHandler.handle_event-95982', 'neutron.api.rpc.agentnotifiers.dhcp_rpc_agent_api.DhcpAgentNotifyAPI._native_event_send_dhcp_notification-1617245', 'neutron.db.l3_dvrscheduler_db._notify_l3_agent_new_port-8732231403758', 'neutron.services.segments.plugin.NovaSegmentNotifier._notify_port_created_or_deleted-3130420'] for port (9538b250-acbf-452e-bd1d-731bdebe685e), after_create {{(pid=111060) _notify_loop /usr/local/lib/python3.8/dist-packages/neutron_lib/callbacks/manager.py:176}}
Mar 30 13:48:59.064049 dv-neutron-832834-3-hyperv neutron-server[111060]: DEBUG neutron.api.rpc.handlers.resources_rpc [None req-612dd621-d30c-4196-a6f4-58b140d26bde tempest-ServerActionsTestJSON-1655069351 tempest-ServerActionsTestJSON-1655069351-project] Pushing event updated for resources: {'Port': ['ID=9538b250-acbf-452e-bd1d-731bdebe685e,revision_number=1']} {{(pid=111060) push /opt/stack/neutron/neutron/api/rpc/handlers/resources_rpc.py:237}}
Mar 30 13:48:59.100053 dv-neutron-832834-3-hyperv neutron-server[111060]: DEBUG neutron.scheduler.dhcp_agent_scheduler [req-33ab333c-aee6-420e-ad50-2ea60e9963d9 req-612dd621-d30c-4196-a6f4-58b140d26bde tempest-ServerActionsTestJSON-1655069351 tempest-ServerActionsTestJSON-1655069351-project] Network f72f5d02-4401-4712-a6bf-a47b060c9905 is already hosted by enough agents. {{(pid=111060) _get_dhcp_agents_hosting_network /opt/stack/neutron/neutron/scheduler/dhcp_agent_scheduler.py:275}}
Mar 30 13:48:59.101728 dv-neutron-832834-3-hyperv neutron-server[111060]: DEBUG neutron.scheduler.base_scheduler [req-33ab333c-aee6-420e-ad50-2ea60e9963d9 req-612dd621-d30c-4196-a6f4-58b140d26bde tempest-ServerActionsTestJSON-1655069351 tempest-ServerActionsTestJSON-1655069351-project] Resources bound (agent type, host, resource id): {{(pid=111060) schedule /opt/stack/neutron/neutron/scheduler/base_scheduler.py:57}}
Mar 30 13:48:59.116267 dv-neutron-832834-3-hyperv neutron-server[111060]: DEBUG neutron.db.l3_dvrscheduler_db [req-33ab333c-aee6-420e-ad50-2ea60e9963d9 req-612dd621-d30c-4196-a6f4-58b140d26bde tempest-ServerActionsTestJSON-1655069351 tempest-ServerActionsTestJSON-1655069351-project] Received port after_create {{(pid=111060) _notify_l3_agent_new_port /opt/stack/neutron/neutron/db/l3_dvrscheduler_db.py:536}}
Mar 30 13:48:59.404145 dv-neutron-832834-3-hyperv neutron-server[111059]: DEBUG neutron_lib.callbacks.manager [None req-2fb642a6-f349-4b14-8c42-6b7ea7b2eee7 tempest-FloatingIPAdminTestJSON-2087913951 tempest-FloatingIPAdminTestJSON-2087913951-project] Publish callbacks [] for port (f1309087-04bc-4d00-82b0-85666b432588), precommit_create {{(pid=111059) _notify_loop /usr/local/lib/python3.8/dist-packages/neutron_lib/callbacks/manager.py:176}}
Mar 30 13:48:59.416993 dv-neutron-832834-3-hyperv neutron-server[111059]: INFO neutron.wsgi [None req-d6300e82-15fe-4b14-a438-b78aa52e3cb7 admin admin] 10.222.0.16 "GET /v2.0/security-groups?tenant_id=a3675d6850db43dbb064f5870664eaed&name=default HTTP/1.1" status: 200 len: 2992 time: 1.1794136
Mar 30 13:48:59.426087 dv-neutron-832834-3-hyperv neutron-server[111060]: DEBUG neutron.wsgi [-] (111060) accepted ('10.222.0.16', 35800) {{(pid=111060) server /usr/local/lib/python3.8/dist-packages/eventlet/wsgi.py:1004}}
Mar 30 13:48:59.434570 dv-neutron-832834-3-hyperv neutron-server[111059]: INFO neutron.wsgi [req-edc56cf8-094d-433d-a4ca-a794d037fba0 req-cf95ab68-d338-4b00-a9d3-063b628daa12 service neutron] 10.222.0.16 "GET /v2.0/networks/6306db32-ff57-46ff-a265-49a6af13fa37?fields=provider%3Aphysical_network&fields=provider%3Anetwork_type HTTP/1.1" status: 200 len: 281 time: 1.0918481
Mar 30 13:48:59.438173 dv-neutron-832834-3-hyperv neutron-server[111059]: DEBUG neutron.api.rpc.agentnotifiers.dhcp_rpc_agent_api [None req-f1c17abd-37cb-4b08-b7b4-b3438afdc597 tempest-ExternalNetworksTestJSON-528748029 tempest-ExternalNetworksTestJSON-528748029-project-admin] Network 7dfb6467-d1f9-44cc-8e34-b7facb79c594 is not hosted by any dhcp agent {{(pid=111059) _notify_agents /opt/stack/neutron/neutron/api/rpc/agentnotifiers/dhcp_rpc_agent_api.py:225}}
Mar 30 13:48:59.439155 dv-neutron-832834-3-hyperv neutron-server[111059]: DEBUG neutron.pecan_wsgi.hooks.policy_enforcement [None req-f1c17abd-37cb-4b08-b7b4-b3438afdc597 tempest-ExternalNetworksTestJSON-528748029 tempest-ExternalNetworksTestJSON-528748029-project-admin] Attributes excluded by policy engine: ['standard_attr_id', 'vlan_transparent'] {{(pid=111059) _exclude_attributes_by_policy /opt/stack/neutron/neutron/pecan_wsgi/hooks/policy_enforcement.py:255}}
Mar 30 13:48:59.441013 dv-neutron-832834-3-hyperv neutron-server[111059]: DEBUG neutron_lib.callbacks.manager [None req-f1c17abd-37cb-4b08-b7b4-b3438afdc597 tempest-ExternalNetworksTestJSON-528748029 tempest-ExternalNetworksTestJSON-528748029-project-admin] Publish callbacks [] for network (None), before_response {{(pid=111059) _notify_loop /usr/local/lib/python3.8/dist-packages/neutron_lib/callbacks/manager.py:176}}
Mar 30 13:48:59.442980 dv-neutron-832834-3-hyperv neutron-server[111059]: INFO neutron.wsgi [None req-f1c17abd-37cb-4b08-b7b4-b3438afdc597 tempest-ExternalNetworksTestJSON-528748029 tempest-ExternalNetworksTestJSON-528748029-project-admin] 10.222.0.16 "PUT /v2.0/networks/7dfb6467-d1f9-44cc-8e34-b7facb79c594 HTTP/1.1" status: 200 len: 857 time: 1.9089203
Mar 30 13:48:59.448738 dv-neutron-832834-3-hyperv neutron-server[111060]: DEBUG neutron.wsgi [-] (111060) accepted ('10.222.0.16', 35802) {{(pid=111060) server /usr/local/lib/python3.8/dist-packages/eventlet/wsgi.py:1004}}
Mar 30 13:48:59.541700 dv-neutron-832834-3-hyperv neutron-server[111059]: DEBUG neutron.api.rpc.handlers.resources_rpc [None req-f1c17abd-37cb-4b08-b7b4-b3438afdc597 tempest-ExternalNetworksTestJSON-528748029 tempest-ExternalNetworksTestJSON-528748029-project-admin] Pushing event updated for resources: {'Network': ['ID=7dfb6467-d1f9-44cc-8e34-b7facb79c594,revision_number=2']} {{(pid=111059) push /opt/stack/neutron/neutron/api/rpc/handlers/resources_rpc.py:237}}
Mar 30 13:48:59.578316 dv-neutron-832834-3-hyperv neutron-server[111061]: DEBUG neutron.db.provisioning_blocks [None req-895553d2-0501-4b7d-b543-750e5795e8cf None None] Provisioning complete for port 9538b250-acbf-452e-bd1d-731bdebe685e triggered by entity DHCP. {{(pid=111061) provisioning_complete /opt/stack/neutron/neutron/db/provisioning_blocks.py:140}}
Mar 30 13:48:59.578871 dv-neutron-832834-3-hyperv neutron-server[111061]: DEBUG neutron_lib.callbacks.manager [None req-895553d2-0501-4b7d-b543-750e5795e8cf None None] Publish callbacks ['neutron.plugins.ml2.plugin.Ml2Plugin._port_provisioned-3307310'] for port (9538b250-acbf-452e-bd1d-731bdebe685e), provisioning_complete {{(pid=111061) _notify_loop /usr/local/lib/python3.8/dist-packages/neutron_lib/callbacks/manager.py:176}}
Mar 30 13:48:59.691577 dv-neutron-832834-3-hyperv neutron-server[111061]: DEBUG neutron.plugins.ml2.plugin [None req-895553d2-0501-4b7d-b543-750e5795e8cf None None] Port 9538b250-acbf-452e-bd1d-731bdebe685e cannot update to ACTIVE because it is not bound. {{(pid=111061) _port_provisioned /opt/stack/neutron/neutron/plugins/ml2/plugin.py:343}}
Mar 30 13:48:59.744923 dv-neutron-832834-3-hyperv neutron-server[111059]: DEBUG neutron.pecan_wsgi.hooks.policy_enforcement [req-7b13635e-e471-4129-a872-9bacdcbebef7 req-cd7e4913-e26b-4283-b833-5701f9b5b7df tempest-ServerActionsTestJSON-1655069351 tempest-ServerActionsTestJSON-1655069351-project] Attributes excluded by policy engine: ['standard_attr_id', 'binding:profile', 'binding:host_id', 'binding:vif_type', 'binding:vif_details'] {{(pid=111059) _exclude_attributes_by_policy /opt/stack/neutron/neutron/pecan_wsgi/hooks/policy_enforcement.py:255}}
Mar 30 13:48:59.752546 dv-neutron-832834-3-hyperv neutron-server[111060]: DEBUG neutron.pecan_wsgi.hooks.policy_enforcement [req-33ab333c-aee6-420e-ad50-2ea60e9963d9 req-612dd621-d30c-4196-a6f4-58b140d26bde tempest-ServerActionsTestJSON-1655069351 tempest-ServerActionsTestJSON-1655069351-project] Attributes excluded by policy engine: ['standard_attr_id', 'binding:profile', 'binding:host_id', 'binding:vif_type', 'binding:vif_details', 'network'] {{(pid=111060) _exclude_attributes_by_policy /opt/stack/neutron/neutron/pecan_wsgi/hooks/policy_enforcement.py:255}}
Mar 30 13:48:59.753726 dv-neutron-832834-3-hyperv neutron-server[111059]: INFO neutron.wsgi [req-7b13635e-e471-4129-a872-9bacdcbebef7 req-cd7e4913-e26b-4283-b833-5701f9b5b7df tempest-ServerActionsTestJSON-1655069351 tempest-ServerActionsTestJSON-1655069351-project] 10.222.0.16 "GET /v2.0/ports?device_id=5a39519c-7cd8-4075-ba49-74c6bed68482 HTTP/1.1" status: 200 len: 931 time: 0.5105186
Mar 30 13:48:59.753954 dv-neutron-832834-3-hyperv neutron-server[111060]: DEBUG neutron_lib.callbacks.manager [req-33ab333c-aee6-420e-ad50-2ea60e9963d9 req-612dd621-d30c-4196-a6f4-58b140d26bde tempest-ServerActionsTestJSON-1655069351 tempest-ServerActionsTestJSON-1655069351-project] Publish callbacks ['neutron.notifiers.nova.Notifier._send_nova_notification-454711'] for port (None), before_response {{(pid=111060) _notify_loop /usr/local/lib/python3.8/dist-packages/neutron_lib/callbacks/manager.py:176}}
Mar 30 13:48:59.758634 dv-neutron-832834-3-hyperv neutron-server[111059]: DEBUG neutron_lib.callbacks.manager [None req-a218012d-76eb-403d-ab14-ec4cbd6e64f4 tempest-FloatingIPTestJSON-1434719039 tempest-FloatingIPTestJSON-1434719039-project] Publish callbacks [] for router_gateway (4e5b961b-53ce-4339-92d1-53529f4b54a0), before_create {{(pid=111059) _notify_loop /usr/local/lib/python3.8/dist-packages/neutron_lib/callbacks/manager.py:176}}
Mar 30 13:48:59.803236 dv-neutron-832834-3-hyperv neutron-server[111059]: DEBUG neutron_lib.callbacks.manager [None req-a218012d-76eb-403d-ab14-ec4cbd6e64f4 tempest-FloatingIPTestJSON-1434719039 tempest-FloatingIPTestJSON-1434719039-project] Publish callbacks ['neutron.plugins.ml2.plugin.SecurityGroupDbMixin._ensure_default_security_group_handler-3441364'] for port (None), before_create {{(pid=111059) _notify_loop /usr/local/lib/python3.8/dist-packages/neutron_lib/callbacks/manager.py:176}}
Mar 30 13:48:59.877192 dv-neutron-832834-3-hyperv neutron-server[111060]: DEBUG neutron_lib.callbacks.manager [None req-468bdcf5-a062-43f4-a82d-7c861d6224eb tempest-ExternalNetworksTestJSON-528748029 tempest-ExternalNetworksTestJSON-528748029-project-admin] Publish callbacks ['neutron.plugins.ml2.plugin.External_net_db_mixin._before_network_delete_handler-3147143'] for network (7dfb6467-d1f9-44cc-8e34-b7facb79c594), before_delete {{(pid=111060) _notify_loop /usr/local/lib/python3.8/dist-packages/neutron_lib/callbacks/manager.py:176}}
Mar 30 13:48:59.877192 dv-neutron-832834-3-hyperv neutron-server[111060]: DEBUG neutron_lib.callbacks.manager [None req-2f8a04e3-cb1a-4edf-9a69-a3904ac84d08 admin admin] Publish callbacks [] for security_group (dd4267e3-95be-48c5-ae68-d5847c93464a), before_delete {{(pid=111060) _notify_loop /usr/local/lib/python3.8/dist-packages/neutron_lib/callbacks/manager.py:176}}
Mar 30 13:48:59.877192 dv-neutron-832834-3-hyperv neutron-server[111060]: DEBUG neutron_lib.callbacks.manager [None req-2f8a04e3-cb1a-4edf-9a69-a3904ac84d08 admin admin] Publish callbacks [] for security_group (dd4267e3-95be-48c5-ae68-d5847c93464a), precommit_delete {{(pid=111060) _notify_loop /usr/local/lib/python3.8/dist-packages/neutron_lib/callbacks/manager.py:176}}
Mar 30 13:48:59.952002 dv-neutron-832834-3-hyperv neutron-server[111059]: INFO neutron.wsgi [req-7b13635e-e471-4129-a872-9bacdcbebef7 req-498d5f69-a4bd-494f-83c3-26aea5153c9f tempest-ServerActionsTestJSON-1655069351 tempest-ServerActionsTestJSON-1655069351-project] 10.222.0.16 "GET /v2.0/security-groups?id=87b6f729-2b03-42b9-8702-2ba36d2192ed&fields=id&fields=name HTTP/1.1" status: 200 len: 312 time: 0.1968539
Mar 30 13:48:59.958490 dv-neutron-832834-3-hyperv neutron-server[111059]: DEBUG neutron_lib.callbacks.manager [None req-2fb642a6-f349-4b14-8c42-6b7ea7b2eee7 tempest-FloatingIPAdminTestJSON-2087913951 tempest-FloatingIPAdminTestJSON-2087913951-project] Publish callbacks ['neutron.plugins.ml2.plugin.SecurityGroupServerNotifierRpcMixin._notify_sg_on_port_change-3441301', 'neutron.plugins.ml2.ovo_rpc._ObjectChangeHandler.handle_event-95982', 'neutron.api.rpc.agentnotifiers.dhcp_rpc_agent_api.DhcpAgentNotifyAPI._native_event_send_dhcp_notification-1617245', 'neutron.db.l3_dvrscheduler_db._notify_l3_agent_new_port-8732231403758', 'neutron.services.segments.plugin.NovaSegmentNotifier._notify_port_created_or_deleted-15834448'] for port (f1309087-04bc-4d00-82b0-85666b432588), after_create {{(pid=111059) _notify_loop /usr/local/lib/python3.8/dist-packages/neutron_lib/callbacks/manager.py:176}}
Mar 30 13:49:00.052968 dv-neutron-832834-3-hyperv neutron-server[111060]: DEBUG neutron_lib.callbacks.manager [None req-468bdcf5-a062-43f4-a82d-7c861d6224eb tempest-ExternalNetworksTestJSON-528748029 tempest-ExternalNetworksTestJSON-528748029-project-admin] Publish callbacks ['neutron.plugins.ml2.plugin.Ml2Plugin._network_delete_precommit_handler-3307853', 'neutron.services.segments.db._delete_segments_for_network-8732231715130'] for network (7dfb6467-d1f9-44cc-8e34-b7facb79c594), precommit_delete {{(pid=111060) _notify_loop /usr/local/lib/python3.8/dist-packages/neutron_lib/callbacks/manager.py:176}}
Mar 30 13:49:00.078509 dv-neutron-832834-3-hyperv neutron-server[111060]: DEBUG neutron.services.segments.db [None req-468bdcf5-a062-43f4-a82d-7c861d6224eb tempest-ExternalNetworksTestJSON-528748029 tempest-ExternalNetworksTestJSON-528748029-project-admin] neutron.services.segments.plugin.Plugin method get_segments called with arguments (,) {'filters': {'network_id': ['7dfb6467-d1f9-44cc-8e34-b7facb79c594']}} {{(pid=111060) wrapper /usr/local/lib/python3.8/dist-packages/oslo_log/helpers.py:65}}
Mar 30 13:49:00.090566 dv-neutron-832834-3-hyperv neutron-server[111060]: DEBUG neutron.services.segments.db [None req-468bdcf5-a062-43f4-a82d-7c861d6224eb tempest-ExternalNetworksTestJSON-528748029 tempest-ExternalNetworksTestJSON-528748029-project-admin] neutron.services.segments.plugin.Plugin method delete_segment called with arguments (, '1fb32ea0-06c6-4cb2-b55e-1704903153b5') {'for_net_delete': True} {{(pid=111060) wrapper /usr/local/lib/python3.8/dist-packages/oslo_log/helpers.py:65}}
Mar 30 13:49:00.090875 dv-neutron-832834-3-hyperv neutron-server[111060]: DEBUG neutron.services.segments.db [None req-468bdcf5-a062-43f4-a82d-7c861d6224eb tempest-ExternalNetworksTestJSON-528748029 tempest-ExternalNetworksTestJSON-528748029-project-admin] neutron.services.segments.plugin.Plugin method get_segment called with arguments (, '1fb32ea0-06c6-4cb2-b55e-1704903153b5') {} {{(pid=111060) wrapper /usr/local/lib/python3.8/dist-packages/oslo_log/helpers.py:65}}
Mar 30 13:49:00.115376 dv-neutron-832834-3-hyperv neutron-server[111060]: DEBUG neutron_lib.callbacks.manager [None req-468bdcf5-a062-43f4-a82d-7c861d6224eb tempest-ExternalNetworksTestJSON-528748029 tempest-ExternalNetworksTestJSON-528748029-project-admin] Publish callbacks ['neutron.plugins.ml2.db._prevent_segment_delete_with_port_bound-8732231714627', 'neutron.services.segments.plugin.Plugin._prevent_segment_delete_with_subnet_associated-13151114'] for segment (1fb32ea0-06c6-4cb2-b55e-1704903153b5), before_delete {{(pid=111060) _notify_loop /usr/local/lib/python3.8/dist-packages/neutron_lib/callbacks/manager.py:176}}
Mar 30 13:49:00.155801 dv-neutron-832834-3-hyperv neutron-server[111059]: INFO neutron.wsgi [req-07bc2ade-20c5-41b4-9416-d61c0dee6825 req-f56eeb85-e85c-497b-b464-d8d1ee79c6bb tempest-ServersTestManualDisk-1792416141 tempest-ServersTestManualDisk-1792416141-project] 10.222.0.16 "GET /v2.0/ports?device_id=28374085-7ca8-48d7-ab12-106a93110929 HTTP/1.1" status: 200 len: 210 time: 0.1456347
Mar 30 13:49:00.181651 dv-neutron-832834-3-hyperv neutron-server[111060]: DEBUG neutron_lib.callbacks.manager [None req-468bdcf5-a062-43f4-a82d-7c861d6224eb tempest-ExternalNetworksTestJSON-528748029 tempest-ExternalNetworksTestJSON-528748029-project-admin] Publish callbacks ['neutron.plugins.ml2.plugin.Ml2Plugin._handle_segment_change-3370737'] for segment (1fb32ea0-06c6-4cb2-b55e-1704903153b5), precommit_delete {{(pid=111060) _notify_loop /usr/local/lib/python3.8/dist-packages/neutron_lib/callbacks/manager.py:176}}
Mar 30 13:49:00.187546 dv-neutron-832834-3-hyperv neutron-server[111059]: DEBUG neutron.scheduler.dhcp_agent_scheduler [None req-2fb642a6-f349-4b14-8c42-6b7ea7b2eee7 tempest-FloatingIPAdminTestJSON-2087913951 tempest-FloatingIPAdminTestJSON-2087913951-project] Network d4204770-67f1-4c64-8726-e0f9d3aa65d6 is already hosted by enough agents. {{(pid=111059) _get_dhcp_agents_hosting_network /opt/stack/neutron/neutron/scheduler/dhcp_agent_scheduler.py:275}}
Mar 30 13:49:00.190058 dv-neutron-832834-3-hyperv neutron-server[111059]: INFO neutron.wsgi [req-69561b9e-46d2-4ca0-9856-04b126a00da2 req-91eecc44-1ae5-4b20-bd40-3bdd97fa4510 tempest-ServersTestJSON-520917953 tempest-ServersTestJSON-520917953-project] 10.222.0.16 "GET /v2.0/ports?device_id=192c119b-d1a5-4d58-9f80-98aed0baab5c HTTP/1.1" status: 200 len: 210 time: 0.1582737
Mar 30 13:49:00.201471 dv-neutron-832834-3-hyperv neutron-server[111060]: DEBUG neutron.plugins.ml2.drivers.type_vlan [None req-468bdcf5-a062-43f4-a82d-7c861d6224eb tempest-ExternalNetworksTestJSON-528748029 tempest-ExternalNetworksTestJSON-528748029-project-admin] Releasing vlan 158 on physical network physnet1 to pool {{(pid=111060) release_segment /opt/stack/neutron/neutron/plugins/ml2/drivers/type_vlan.py:304}}
Mar 30 13:49:00.201990 dv-neutron-832834-3-hyperv neutron-server[111060]: DEBUG neutron_lib.callbacks.manager [None req-468bdcf5-a062-43f4-a82d-7c861d6224eb tempest-ExternalNetworksTestJSON-528748029 tempest-ExternalNetworksTestJSON-528748029-project-admin] Publish callbacks ['neutron.plugins.ml2.plugin.Ml2Plugin._handle_segment_change-3370737', 'neutron.services.segments.plugin.NovaSegmentNotifier._notify_segment_deleted-3130465'] for segment (1fb32ea0-06c6-4cb2-b55e-1704903153b5), after_delete {{(pid=111060) _notify_loop /usr/local/lib/python3.8/dist-packages/neutron_lib/callbacks/manager.py:176}}
Mar 30 13:49:00.205766 dv-neutron-832834-3-hyperv neutron-server[111060]: Traceback (most recent call last):
Mar 30 13:49:00.205766 dv-neutron-832834-3-hyperv neutron-server[111060]: File "/usr/local/lib/python3.8/dist-packages/eventlet/hubs/hub.py", line 476, in fire_timers
Mar 30 13:49:00.205766 dv-neutron-832834-3-hyperv neutron-server[111060]: timer()
Mar 30 13:49:00.205766 dv-neutron-832834-3-hyperv neutron-server[111060]: File "/usr/local/lib/python3.8/dist-packages/eventlet/hubs/timer.py", line 59, in __call__
Mar 30 13:49:00.205766 dv-neutron-832834-3-hyperv neutron-server[111060]: cb(*args, **kw)
Mar 30 13:49:00.205766 dv-neutron-832834-3-hyperv neutron-server[111060]: File "/opt/stack/neutron/neutron/common/utils.py", line 921, in wrapper
Mar 30 13:49:00.205766 dv-neutron-832834-3-hyperv neutron-server[111060]: return func(*args, **kwargs)
Mar 30 13:49:00.205766 dv-neutron-832834-3-hyperv neutron-server[111060]: File "/opt/stack/neutron/neutron/notifiers/batch_notifier.py", line 58, in synced_send
Mar 30 13:49:00.205766 dv-neutron-832834-3-hyperv neutron-server[111060]: self._notify()
Mar 30 13:49:00.205766 dv-neutron-832834-3-hyperv neutron-server[111060]: File "/opt/stack/neutron/neutron/notifiers/batch_notifier.py", line 69, in _notify
Mar 30 13:49:00.205766 dv-neutron-832834-3-hyperv neutron-server[111060]: self.callback(batched_events)
Mar 30 13:49:00.205766 dv-neutron-832834-3-hyperv neutron-server[111060]: File "/opt/stack/neutron/neutron/services/segments/plugin.py", line 211, in _send_notifications
Mar 30 13:49:00.205766 dv-neutron-832834-3-hyperv neutron-server[111060]: event.method(event)
Mar 30 13:49:00.205766 dv-neutron-832834-3-hyperv neutron-server[111060]: File "/opt/stack/neutron/neutron/services/segments/plugin.py", line 383, in _delete_nova_inventory
Mar 30 13:49:00.205766 dv-neutron-832834-3-hyperv neutron-server[111060]: aggregate_id = self._get_aggregate_id(event.segment_id)
Mar 30 13:49:00.205766 dv-neutron-832834-3-hyperv neutron-server[111060]: File "/opt/stack/neutron/neutron/services/segments/plugin.py", line 370, in _get_aggregate_id
Mar 30 13:49:00.205766 dv-neutron-832834-3-hyperv neutron-server[111060]: aggregate_uuid = self.p_client.list_aggregates(
Mar 30 13:49:00.205766 dv-neutron-832834-3-hyperv neutron-server[111060]: File "/usr/local/lib/python3.8/dist-packages/neutron_lib/placement/client.py", line 58, in wrapper
Mar 30 13:49:00.205766 dv-neutron-832834-3-hyperv neutron-server[111060]: return f(self, *a, **k)
Mar 30 13:49:00.205766 dv-neutron-832834-3-hyperv neutron-server[111060]: File "/usr/local/lib/python3.8/dist-packages/neutron_lib/placement/client.py", line 554, in list_aggregates
Mar 30 13:49:00.205766 dv-neutron-832834-3-hyperv neutron-server[111060]: return self._get(url).json()
Mar 30 13:49:00.205766 dv-neutron-832834-3-hyperv neutron-server[111060]: File "/usr/local/lib/python3.8/dist-packages/neutron_lib/placement/client.py", line 190, in _get
Mar 30 13:49:00.205766 dv-neutron-832834-3-hyperv neutron-server[111060]: return self._client.get(url, endpoint_filter=self._ks_filter,
Mar 30 13:49:00.205766 dv-neutron-832834-3-hyperv neutron-server[111060]: File "/usr/local/lib/python3.8/dist-packages/keystoneauth1/session.py", line 1141, in get
Mar 30 13:49:00.205766 dv-neutron-832834-3-hyperv neutron-server[111060]: return self.request(url, 'GET', **kwargs)
Mar 30 13:49:00.205766 dv-neutron-832834-3-hyperv neutron-server[111060]: File "/usr/local/lib/python3.8/dist-packages/keystoneauth1/session.py", line 811, in request
Mar 30 13:49:00.205766 dv-neutron-832834-3-hyperv neutron-server[111060]: base_url = self.get_endpoint(auth, allow=allow,
Mar 30 13:49:00.205766 dv-neutron-832834-3-hyperv neutron-server[111060]: File "/usr/local/lib/python3.8/dist-packages/keystoneauth1/session.py", line 1241, in get_endpoint
Mar 30 13:49:00.205766 dv-neutron-832834-3-hyperv neutron-server[111060]: auth = self._auth_required(auth, 'determine endpoint URL')
Mar 30 13:49:00.205766 dv-neutron-832834-3-hyperv neutron-server[111060]: File "/usr/local/lib/python3.8/dist-packages/keystoneauth1/session.py", line 1181, in _auth_required
Mar 30 13:49:00.205766 dv-neutron-832834-3-hyperv neutron-server[111060]: raise exceptions.MissingAuthPlugin(msg_fmt % msg)
Mar 30 13:49:00.205766 dv-neutron-832834-3-hyperv neutron-server[111060]: keystoneauth1.exceptions.auth_plugins.MissingAuthPlugin: An auth plugin is required to determine endpoint URL
Mar 30 13:49:00.240895 dv-neutron-832834-3-hyperv neutron-server[111059]: DEBUG neutron.db.db_base_plugin_common [None req-a218012d-76eb-403d-ab14-ec4cbd6e64f4 tempest-FloatingIPTestJSON-1434719039 tempest-FloatingIPTestJSON-1434719039-project] Allocated IP 172.26.7.71 (d4204770-67f1-4c64-8726-e0f9d3aa65d6/a5d7f008-81c5-428d-be90-9906e2023008/2076582f-44a9-42ea-9ed9-2adebf170342) {{(pid=111059) _store_ip_allocation /opt/stack/neutron/neutron/db/db_base_plugin_common.py:131}}
Mar 30 13:49:00.282195 dv-neutron-832834-3-hyperv neutron-server[111059]: DEBUG neutron.scheduler.base_scheduler [None req-2fb642a6-f349-4b14-8c42-6b7ea7b2eee7 tempest-FloatingIPAdminTestJSON-2087913951 tempest-FloatingIPAdminTestJSON-2087913951-project] Resources bound (agent type, host, resource id): {{(pid=111059) schedule /opt/stack/neutron/neutron/scheduler/base_scheduler.py:57}}
Mar 30 13:49:00.313688 dv-neutron-832834-3-hyperv neutron-server[111061]: DEBUG neutron.plugins.ml2.rpc [None req-504b028f-bf52-4356-893d-3ca52fa65b1e None None] Device a4767772-1504-420f-86d0-4023147ddbbc up at agent ovs-agent-dv-neutron-832834-3-hyperv {{(pid=111061) update_device_up /opt/stack/neutron/neutron/plugins/ml2/rpc.py:296}}
Mar 30 13:49:00.314392 dv-neutron-832834-3-hyperv neutron-server[111059]: DEBUG neutron.db.l3_dvrscheduler_db [None req-2fb642a6-f349-4b14-8c42-6b7ea7b2eee7 tempest-FloatingIPAdminTestJSON-2087913951 tempest-FloatingIPAdminTestJSON-2087913951-project] Received port after_create {{(pid=111059) _notify_l3_agent_new_port /opt/stack/neutron/neutron/db/l3_dvrscheduler_db.py:536}}
Mar 30 13:49:00.320202 dv-neutron-832834-3-hyperv neutron-server[111059]: DEBUG neutron.api.rpc.handlers.resources_rpc [None req-2fb642a6-f349-4b14-8c42-6b7ea7b2eee7 tempest-FloatingIPAdminTestJSON-2087913951 tempest-FloatingIPAdminTestJSON-2087913951-project] Pushing event updated for resources: {'Port': ['ID=f1309087-04bc-4d00-82b0-85666b432588,revision_number=1']} {{(pid=111059) push /opt/stack/neutron/neutron/api/rpc/handlers/resources_rpc.py:237}}
Mar 30 13:49:00.397083 dv-neutron-832834-3-hyperv neutron-server[111060]: INFO neutron.wsgi [req-33ab333c-aee6-420e-ad50-2ea60e9963d9 req-612dd621-d30c-4196-a6f4-58b140d26bde tempest-ServerActionsTestJSON-1655069351 tempest-ServerActionsTestJSON-1655069351-project] 10.222.0.10 "POST /v2.0/ports HTTP/1.1" status: 201 len: 933 time: 2.6357362
Mar 30 13:49:00.403566 dv-neutron-832834-3-hyperv neutron-server[111060]: DEBUG neutron_lib.callbacks.manager [None req-2f8a04e3-cb1a-4edf-9a69-a3904ac84d08 admin admin] Publish callbacks ['neutron.plugins.ml2.ovo_rpc._ObjectChangeHandler.handle_event-1596899'] for security_group (dd4267e3-95be-48c5-ae68-d5847c93464a), after_delete {{(pid=111060) _notify_loop /usr/local/lib/python3.8/dist-packages/neutron_lib/callbacks/manager.py:176}}
