Mar 15 12:28:31.581771 dv-neutron-832662-2-hyperv neutron-server[103830]: DEBUG neutron.db.db_base_plugin_common [None req-1673d4e9-619a-4700-897b-d8ceaa7ac928 None None] Allocated IP 172.20.0.2 (da96acdc-d16b-469c-a530-5cad3ce78344/dfc3be1c-74e0-44ab-8269-1cdeaabe7d5f/48b2447a-8f76-47ad-aa19-93001dce8f29) {{(pid=103830) _store_ip_allocation /opt/stack/neutron/neutron/db/db_base_plugin_common.py:131}}
Mar 15 12:28:31.724752 dv-neutron-832662-2-hyperv neutron-server[103828]: DEBUG neutron.wsgi [-] (103828) accepted ('10.222.0.32', 37210) {{(pid=103828) server /usr/local/lib/python3.8/dist-packages/eventlet/wsgi.py:1004}}
Mar 15 12:28:31.755408 dv-neutron-832662-2-hyperv neutron-server[103830]: DEBUG neutron_lib.callbacks.manager [None req-1673d4e9-619a-4700-897b-d8ceaa7ac928 None None] Publish callbacks [] for port (48b2447a-8f76-47ad-aa19-93001dce8f29), precommit_create {{(pid=103830) _notify_loop /usr/local/lib/python3.8/dist-packages/neutron_lib/callbacks/manager.py:176}}
Mar 15 12:28:31.763435 dv-neutron-832662-2-hyperv neutron-server[103830]: DEBUG neutron_lib.callbacks.manager [None req-1673d4e9-619a-4700-897b-d8ceaa7ac928 None None] Publish callbacks ['neutron.plugins.ml2.plugin.SecurityGroupServerNotifierRpcMixin._notify_sg_on_port_change-615201', 'neutron.plugins.ml2.ovo_rpc._ObjectChangeHandler.handle_event-8329122', 'neutron.api.rpc.agentnotifiers.dhcp_rpc_agent_api.DhcpAgentNotifyAPI._native_event_send_dhcp_notification-7878923', 'neutron.db.l3_dvrscheduler_db._notify_l3_agent_new_port-8761502183518'] for port (48b2447a-8f76-47ad-aa19-93001dce8f29), after_create {{(pid=103830) _notify_loop /usr/local/lib/python3.8/dist-packages/neutron_lib/callbacks/manager.py:176}}
Mar 15 12:28:31.804827 dv-neutron-832662-2-hyperv neutron-server[103829]: DEBUG neutron_lib.callbacks.manager [None req-975fc30c-a227-4376-9aab-608dec36f76d admin admin] Publish callbacks [] for router_gateway (44b6a9ff-bffe-47c8-b1c5-1a08dea92a61), before_create {{(pid=103829) _notify_loop /usr/local/lib/python3.8/dist-packages/neutron_lib/callbacks/manager.py:176}}
Mar 15 12:28:31.815939 dv-neutron-832662-2-hyperv neutron-server[103830]: DEBUG neutron.api.rpc.handlers.resources_rpc [None req-1673d4e9-619a-4700-897b-d8ceaa7ac928 None None] Pushing event updated for resources: {'Port': ['ID=48b2447a-8f76-47ad-aa19-93001dce8f29,revision_number=1']} {{(pid=103830) push /opt/stack/neutron/neutron/api/rpc/handlers/resources_rpc.py:237}}
Mar 15 12:28:31.824061 dv-neutron-832662-2-hyperv neutron-server[103830]: DEBUG neutron.api.rpc.callbacks.version_manager [None req-1673d4e9-619a-4700-897b-d8ceaa7ac928 None None] Version for resource type AddressGroup changed None to 1.2 on consumer Open vSwitch agent@dv-neutron-832662-2-hyperv {{(pid=103830) _set_version /opt/stack/neutron/neutron/api/rpc/callbacks/version_manager.py:113}}
Mar 15 12:28:31.824653 dv-neutron-832662-2-hyperv neutron-server[103830]: DEBUG neutron.api.rpc.callbacks.version_manager [None req-1673d4e9-619a-4700-897b-d8ceaa7ac928 None None] Version for resource type Agent changed None to 1.1 on consumer Open vSwitch agent@dv-neutron-832662-2-hyperv {{(pid=103830) _set_version /opt/stack/neutron/neutron/api/rpc/callbacks/version_manager.py:113}}
Mar 15 12:28:31.825206 dv-neutron-832662-2-hyperv neutron-server[103830]: DEBUG neutron.api.rpc.callbacks.version_manager [None req-1673d4e9-619a-4700-897b-d8ceaa7ac928 None None] Version for resource type ConntrackHelper changed None to 1.0 on consumer Open vSwitch agent@dv-neutron-832662-2-hyperv {{(pid=103830) _set_version /opt/stack/neutron/neutron/api/rpc/callbacks/version_manager.py:113}}
Mar 15 12:28:31.825696 dv-neutron-832662-2-hyperv neutron-server[103830]: DEBUG neutron.api.rpc.callbacks.version_manager [None req-1673d4e9-619a-4700-897b-d8ceaa7ac928 None None] Version for resource type LocalIPAssociation changed None to 1.0 on consumer Open vSwitch agent@dv-neutron-832662-2-hyperv {{(pid=103830) _set_version /opt/stack/neutron/neutron/api/rpc/callbacks/version_manager.py:113}}
Mar 15 12:28:31.826177 dv-neutron-832662-2-hyperv neutron-server[103830]: DEBUG neutron.api.rpc.callbacks.version_manager [None req-1673d4e9-619a-4700-897b-d8ceaa7ac928 None None] Version for resource type Log changed None to 1.0 on consumer Open vSwitch agent@dv-neutron-832662-2-hyperv {{(pid=103830) _set_version /opt/stack/neutron/neutron/api/rpc/callbacks/version_manager.py:113}}
Mar 15 12:28:31.826668 dv-neutron-832662-2-hyperv neutron-server[103830]: DEBUG neutron.api.rpc.callbacks.version_manager [None req-1673d4e9-619a-4700-897b-d8ceaa7ac928 None None] Version for resource type NDPProxy changed None to 1.0 on consumer Open vSwitch agent@dv-neutron-832662-2-hyperv {{(pid=103830) _set_version /opt/stack/neutron/neutron/api/rpc/callbacks/version_manager.py:113}}
Mar 15 12:28:31.827000 dv-neutron-832662-2-hyperv neutron-server[103830]: DEBUG neutron.api.rpc.callbacks.version_manager [None req-1673d4e9-619a-4700-897b-d8ceaa7ac928 None None] Version for resource type Network changed None to 1.1 on consumer Open vSwitch agent@dv-neutron-832662-2-hyperv {{(pid=103830) _set_version /opt/stack/neutron/neutron/api/rpc/callbacks/version_manager.py:113}}
Mar 15 12:28:31.827580 dv-neutron-832662-2-hyperv neutron-server[103830]: DEBUG neutron.api.rpc.callbacks.version_manager [None req-1673d4e9-619a-4700-897b-d8ceaa7ac928 None None] Version for resource type Port changed None to 1.7 on consumer Open vSwitch agent@dv-neutron-832662-2-hyperv {{(pid=103830) _set_version /opt/stack/neutron/neutron/api/rpc/callbacks/version_manager.py:113}}
Mar 15 12:28:31.827924 dv-neutron-832662-2-hyperv neutron-server[103830]: DEBUG neutron.api.rpc.callbacks.version_manager [None req-1673d4e9-619a-4700-897b-d8ceaa7ac928 None None] Version for resource type PortForwarding changed None to 1.2 on consumer Open vSwitch agent@dv-neutron-832662-2-hyperv {{(pid=103830) _set_version /opt/stack/neutron/neutron/api/rpc/callbacks/version_manager.py:113}}
Mar 15 12:28:31.828290 dv-neutron-832662-2-hyperv neutron-server[103830]: DEBUG neutron.api.rpc.callbacks.version_manager [None req-1673d4e9-619a-4700-897b-d8ceaa7ac928 None None] Version for resource type QosPolicy changed None to 1.10 on consumer Open vSwitch agent@dv-neutron-832662-2-hyperv {{(pid=103830) _set_version /opt/stack/neutron/neutron/api/rpc/callbacks/version_manager.py:113}}
Mar 15 12:28:31.828618 dv-neutron-832662-2-hyperv neutron-server[103830]: DEBUG neutron.api.rpc.callbacks.version_manager [None req-1673d4e9-619a-4700-897b-d8ceaa7ac928 None None] Version for resource type SecurityGroup changed None to 1.5 on consumer Open vSwitch agent@dv-neutron-832662-2-hyperv {{(pid=103830) _set_version /opt/stack/neutron/neutron/api/rpc/callbacks/version_manager.py:113}}
Mar 15 12:28:31.828979 dv-neutron-832662-2-hyperv neutron-server[103830]: DEBUG neutron.api.rpc.callbacks.version_manager [None req-1673d4e9-619a-4700-897b-d8ceaa7ac928 None None] Version for resource type SecurityGroupRule changed None to 1.2 on consumer Open vSwitch agent@dv-neutron-832662-2-hyperv {{(pid=103830) _set_version /opt/stack/neutron/neutron/api/rpc/callbacks/version_manager.py:113}}
Mar 15 12:28:31.829303 dv-neutron-832662-2-hyperv neutron-server[103830]: DEBUG neutron.api.rpc.callbacks.version_manager [None req-1673d4e9-619a-4700-897b-d8ceaa7ac928 None None] Version for resource type SubPort changed None to 1.0 on consumer Open vSwitch agent@dv-neutron-832662-2-hyperv {{(pid=103830) _set_version /opt/stack/neutron/neutron/api/rpc/callbacks/version_manager.py:113}}
Mar 15 12:28:31.829621 dv-neutron-832662-2-hyperv neutron-server[103830]: DEBUG neutron.api.rpc.callbacks.version_manager [None req-1673d4e9-619a-4700-897b-d8ceaa7ac928 None None] Version for resource type Subnet changed None to 1.1 on consumer Open vSwitch agent@dv-neutron-832662-2-hyperv {{(pid=103830) _set_version /opt/stack/neutron/neutron/api/rpc/callbacks/version_manager.py:113}}
Mar 15 12:28:31.829943 dv-neutron-832662-2-hyperv neutron-server[103830]: DEBUG neutron.api.rpc.callbacks.version_manager [None req-1673d4e9-619a-4700-897b-d8ceaa7ac928 None None] Version for resource type Trunk changed None to 1.1 on consumer Open vSwitch agent@dv-neutron-832662-2-hyperv {{(pid=103830) _set_version /opt/stack/neutron/neutron/api/rpc/callbacks/version_manager.py:113}}
Mar 15 12:28:31.831772 dv-neutron-832662-2-hyperv neutron-server[103830]: DEBUG neutron.api.rpc.callbacks.version_manager [None req-1673d4e9-619a-4700-897b-d8ceaa7ac928 None None] Tracked resource versions report:
Mar 15 12:28:31.831772 dv-neutron-832662-2-hyperv neutron-server[103830]: pushed versions:
Mar 15 12:28:31.831772 dv-neutron-832662-2-hyperv neutron-server[103830]: { 'AddressGroup': {'1.2'},
Mar 15 12:28:31.831772 dv-neutron-832662-2-hyperv neutron-server[103830]: 'Agent': {'1.1'},
Mar 15 12:28:31.831772 dv-neutron-832662-2-hyperv neutron-server[103830]: 'ConntrackHelper': {'1.0'},
Mar 15 12:28:31.831772 dv-neutron-832662-2-hyperv neutron-server[103830]: 'LocalIPAssociation': {'1.0'},
Mar 15 12:28:31.831772 dv-neutron-832662-2-hyperv neutron-server[103830]: 'Log': {'1.0'},
Mar 15 12:28:31.831772 dv-neutron-832662-2-hyperv neutron-server[103830]: 'NDPProxy': {'1.0'},
Mar 15 12:28:31.831772 dv-neutron-832662-2-hyperv neutron-server[103830]: 'Network': {'1.1'},
Mar 15 12:28:31.831772 dv-neutron-832662-2-hyperv neutron-server[103830]: 'Port': {'1.7'},
Mar 15 12:28:31.831772 dv-neutron-832662-2-hyperv neutron-server[103830]: 'PortForwarding': {'1.2'},
Mar 15 12:28:31.831772 dv-neutron-832662-2-hyperv neutron-server[103830]: 'QosPolicy': {'1.10'},
Mar 15 12:28:31.831772 dv-neutron-832662-2-hyperv neutron-server[103830]: 'SecurityGroup': {'1.5'},
Mar 15 12:28:31.831772 dv-neutron-832662-2-hyperv neutron-server[103830]: 'SecurityGroupRule': {'1.2'},
Mar 15 12:28:31.831772 dv-neutron-832662-2-hyperv neutron-server[103830]: 'SubPort': {'1.0'},
Mar 15 12:28:31.831772 dv-neutron-832662-2-hyperv neutron-server[103830]: 'Subnet': {'1.1'},
Mar 15 12:28:31.831772 dv-neutron-832662-2-hyperv neutron-server[103830]: 'Trunk': {'1.1'}}
Mar 15 12:28:31.831772 dv-neutron-832662-2-hyperv neutron-server[103830]: consumer versions:
Mar 15 12:28:31.831772 dv-neutron-832662-2-hyperv neutron-server[103830]: { DHCP agent@dv-neutron-832662-2-hyperv: {},
Mar 15 12:28:31.831772 dv-neutron-832662-2-hyperv neutron-server[103830]: HyperV agent@hv-neutron-8326: {},
Mar 15 12:28:31.831772 dv-neutron-832662-2-hyperv neutron-server[103830]: L3 agent@dv-neutron-832662-2-hyperv: {},
Mar 15 12:28:31.831772 dv-neutron-832662-2-hyperv neutron-server[103830]: Metadata agent@dv-neutron-832662-2-hyperv: {},
Mar 15 12:28:31.831772 dv-neutron-832662-2-hyperv neutron-server[103830]: Metering agent@dv-neutron-832662-2-hyperv: {},
Mar 15 12:28:31.831772 dv-neutron-832662-2-hyperv neutron-server[103830]: Open vSwitch agent@dv-neutron-832662-2-hyperv: { 'AddressGroup': '1.2',
Mar 15 12:28:31.831772 dv-neutron-832662-2-hyperv neutron-server[103830]: 'Agent': '1.1',
Mar 15 12:28:31.831772 dv-neutron-832662-2-hyperv neutron-server[103830]: 'ConntrackHelper': '1.0',
Mar 15 12:28:31.831772 dv-neutron-832662-2-hyperv neutron-server[103830]: 'LocalIPAssociation': '1.0',
Mar 15 12:28:31.831772 dv-neutron-832662-2-hyperv neutron-server[103830]: 'Log': '1.0',
Mar 15 12:28:31.831772 dv-neutron-832662-2-hyperv neutron-server[103830]: 'NDPProxy': '1.0',
Mar 15 12:28:31.831772 dv-neutron-832662-2-hyperv neutron-server[103830]: 'Network': '1.1',
Mar 15 12:28:31.831772 dv-neutron-832662-2-hyperv neutron-server[103830]: 'Port': '1.7',
Mar 15 12:28:31.831772 dv-neutron-832662-2-hyperv neutron-server[103830]: 'PortForwarding': '1.2',
Mar 15 12:28:31.831772 dv-neutron-832662-2-hyperv neutron-server[103830]: 'QosPolicy': '1.10',
Mar 15 12:28:31.831772 dv-neutron-832662-2-hyperv neutron-server[103830]: 'SecurityGroup': '1.5',
Mar 15 12:28:31.831772 dv-neutron-832662-2-hyperv neutron-server[103830]: 'SecurityGroupRule': '1.2',
Mar 15 12:28:31.831772 dv-neutron-832662-2-hyperv neutron-server[103830]: 'SubPort': '1.0',
Mar 15 12:28:31.831772 dv-neutron-832662-2-hyperv neutron-server[103830]: 'Subnet': '1.1',
Mar 15 12:28:31.831772 dv-neutron-832662-2-hyperv neutron-server[103830]: 'Trunk': '1.1'}}
Mar 15 12:28:31.831772 dv-neutron-832662-2-hyperv neutron-server[103830]: {{(pid=103830) report /opt/stack/neutron/neutron/api/rpc/callbacks/version_manager.py:175}}
Mar 15 12:28:31.836488 dv-neutron-832662-2-hyperv neutron-server[103829]: DEBUG neutron_lib.callbacks.manager [None req-975fc30c-a227-4376-9aab-608dec36f76d admin admin] Publish callbacks ['neutron.plugins.ml2.plugin.SecurityGroupDbMixin._ensure_default_security_group_handler-615253'] for port (None), before_create {{(pid=103829) _notify_loop /usr/local/lib/python3.8/dist-packages/neutron_lib/callbacks/manager.py:176}}
Mar 15 12:28:31.849107 dv-neutron-832662-2-hyperv neutron-server[103830]: DEBUG neutron.scheduler.dhcp_agent_scheduler [None req-1673d4e9-619a-4700-897b-d8ceaa7ac928 None None] Network da96acdc-d16b-469c-a530-5cad3ce78344 is already hosted by enough agents. {{(pid=103830) _get_dhcp_agents_hosting_network /opt/stack/neutron/neutron/scheduler/dhcp_agent_scheduler.py:275}}
Mar 15 12:28:31.850609 dv-neutron-832662-2-hyperv neutron-server[103830]: DEBUG neutron.scheduler.base_scheduler [None req-1673d4e9-619a-4700-897b-d8ceaa7ac928 None None] Resources bound (agent type, host, resource id): {{(pid=103830) schedule /opt/stack/neutron/neutron/scheduler/base_scheduler.py:57}}
Mar 15 12:28:31.854201 dv-neutron-832662-2-hyperv neutron-server[103830]: DEBUG neutron.db.l3_dvrscheduler_db [None req-1673d4e9-619a-4700-897b-d8ceaa7ac928 None None] Received port after_create {{(pid=103830) _notify_l3_agent_new_port /opt/stack/neutron/neutron/db/l3_dvrscheduler_db.py:536}}
Mar 15 12:28:31.924055 dv-neutron-832662-2-hyperv neutron-server[103828]: DEBUG neutron.wsgi [-] (103828) accepted ('10.222.0.32', 37218) {{(pid=103828) server /usr/local/lib/python3.8/dist-packages/eventlet/wsgi.py:1004}}
Mar 15 12:28:31.925479 dv-neutron-832662-2-hyperv neutron-server[103830]: DEBUG neutron.plugins.ml2.managers [None req-1673d4e9-619a-4700-897b-d8ceaa7ac928 None None] Attempting to bind port 48b2447a-8f76-47ad-aa19-93001dce8f29 on host dv-neutron-832662-2-hyperv for vnic_type normal with profile {{(pid=103830) bind_port /opt/stack/neutron/neutron/plugins/ml2/managers.py:795}}
Mar 15 12:28:31.926035 dv-neutron-832662-2-hyperv neutron-server[103830]: DEBUG neutron.plugins.ml2.managers [None req-1673d4e9-619a-4700-897b-d8ceaa7ac928 None None] Attempting to bind port 48b2447a-8f76-47ad-aa19-93001dce8f29 by drivers openvswitch,hyperv on host dv-neutron-832662-2-hyperv at level 0 using segments [{'id': '714c31db-59ab-4387-aa85-0bd72700b0af', 'network_type': 'vlan', 'physical_network': 'physnet1', 'segmentation_id': 56, 'network_id': 'da96acdc-d16b-469c-a530-5cad3ce78344'}] {{(pid=103830) _bind_port_level /opt/stack/neutron/neutron/plugins/ml2/managers.py:820}}
Mar 15 12:28:31.926582 dv-neutron-832662-2-hyperv neutron-server[103830]: DEBUG neutron.plugins.ml2.drivers.mech_agent [None req-1673d4e9-619a-4700-897b-d8ceaa7ac928 None None] Attempting to bind port 48b2447a-8f76-47ad-aa19-93001dce8f29 on network da96acdc-d16b-469c-a530-5cad3ce78344 {{(pid=103830) bind_port /opt/stack/neutron/neutron/plugins/ml2/drivers/mech_agent.py:91}}
Mar 15 12:28:31.934299 dv-neutron-832662-2-hyperv neutron-server[103830]: DEBUG neutron.plugins.ml2.drivers.mech_agent [None req-1673d4e9-619a-4700-897b-d8ceaa7ac928 None None] Checking agent: {'id': 'd7d779df-c335-4a73-8bcf-531e9664eb69', 'agent_type': 'Open vSwitch agent', 'binary': 'neutron-openvswitch-agent', 'topic': 'N/A', 'host': 'dv-neutron-832662-2-hyperv', 'admin_state_up': True, 'created_at': datetime.datetime(2022, 3, 15, 12, 21, 11), 'started_at': datetime.datetime(2022, 3, 15, 12, 21, 41), 'heartbeat_timestamp': datetime.datetime(2022, 3, 15, 12, 28, 11), 'description': None, 'resources_synced': None, 'availability_zone': None, 'alive': True, 'configurations': {'arp_responder_enabled': False, 'baremetal_smartnic': False, 'bridge_mappings': {'physnet1': 'br-data'}, 'datapath_type': 'system', 'devices': 0, 'enable_distributed_routing': False, 'extensions': [], 'in_distributed_mode': False, 'integration_bridge': 'br-int', 'l2_population': False, 'log_agent_heartbeats': False, 'ovs_capabilities': {'datapath_types': ['netdev', 'system'], 'iface_types': ['erspan', 'geneve', 'gre', 'internal', 'ip6erspan', 'ip6gre', 'lisp', 'patch', 'stt', 'system', 'tap', 'vxlan']}, 'ovs_hybrid_plug': False, 'resource_provider_bandwidths': {}, 'resource_provider_hypervisors': {'br-data': 'dv-neutron-832662-2-hyperv'}, 'resource_provider_inventory_defaults': {'allocation_ratio': 1.0, 'min_unit': 1, 'step_size': 1, 'reserved': 0}, 'resource_provider_packet_processing_inventory_defaults': {'allocation_ratio': 1.0, 'min_unit': 1, 'step_size': 1, 'reserved': 0}, 'resource_provider_packet_processing_with_direction': {}, 'resource_provider_packet_processing_without_direction': {}, 'tunnel_types': [], 'tunneling_ip': None, 'vhostuser_socket_dir': '/var/run/openvswitch'}, 'resource_versions': {'AddressGroup': '1.2', 'Agent': '1.1', 'ConntrackHelper': '1.0', 'LocalIPAssociation': '1.0', 'Log': '1.0', 'NDPProxy': '1.0', 'Network': '1.1', 'Port': '1.7', 'PortForwarding': '1.2', 'QosPolicy': '1.10', 'SecurityGroup': '1.5', 'SecurityGroupRule': '1.2', 'SubPort': '1.0', 'Subnet': '1.1', 'Trunk': '1.1'}} {{(pid=103830) bind_port /opt/stack/neutron/neutron/plugins/ml2/drivers/mech_agent.py:110}}
Mar 15 12:28:31.934961 dv-neutron-832662-2-hyperv neutron-server[103830]: DEBUG neutron.plugins.ml2.drivers.mech_agent [None req-1673d4e9-619a-4700-897b-d8ceaa7ac928 None None] Checking segment: {'id': '714c31db-59ab-4387-aa85-0bd72700b0af', 'network_type': 'vlan', 'physical_network': 'physnet1', 'segmentation_id': 56, 'network_id': 'da96acdc-d16b-469c-a530-5cad3ce78344'} for mappings: {'physnet1': 'br-data'} with network types: ['local', 'flat', 'vlan'] {{(pid=103830) check_segment_for_agent /opt/stack/neutron/neutron/plugins/ml2/drivers/mech_agent.py:373}}
Mar 15 12:28:31.935451 dv-neutron-832662-2-hyperv neutron-server[103830]: DEBUG neutron_lib.callbacks.manager [None req-1673d4e9-619a-4700-897b-d8ceaa7ac928 None None] Publish callbacks [] for ovs_bridge_name (None), before_read {{(pid=103830) _notify_loop /usr/local/lib/python3.8/dist-packages/neutron_lib/callbacks/manager.py:176}}
Mar 15 12:28:31.935857 dv-neutron-832662-2-hyperv neutron-server[103830]: DEBUG neutron.plugins.ml2.drivers.mech_agent [None req-1673d4e9-619a-4700-897b-d8ceaa7ac928 None None] Bound using segment: {'id': '714c31db-59ab-4387-aa85-0bd72700b0af', 'network_type': 'vlan', 'physical_network': 'physnet1', 'segmentation_id': 56, 'network_id': 'da96acdc-d16b-469c-a530-5cad3ce78344'} {{(pid=103830) bind_port /opt/stack/neutron/neutron/plugins/ml2/drivers/mech_agent.py:120}}
Mar 15 12:28:31.936935 dv-neutron-832662-2-hyperv neutron-server[103830]: DEBUG neutron.plugins.ml2.managers [None req-1673d4e9-619a-4700-897b-d8ceaa7ac928 None None] Bound port: 48b2447a-8f76-47ad-aa19-93001dce8f29, host: dv-neutron-832662-2-hyperv, vif_type: ovs, vif_details: {"connectivity": "l2", "port_filter": true, "ovs_hybrid_plug": false, "datapath_type": "system", "bridge_name": "br-int"}, binding_levels: [{'bound_driver': 'openvswitch', 'bound_segment': {'id': '714c31db-59ab-4387-aa85-0bd72700b0af', 'network_type': 'vlan', 'physical_network': 'physnet1', 'segmentation_id': 56, 'network_id': 'da96acdc-d16b-469c-a530-5cad3ce78344'}}] {{(pid=103830) _bind_port_level /opt/stack/neutron/neutron/plugins/ml2/managers.py:932}}
Mar 15 12:28:31.937324 dv-neutron-832662-2-hyperv neutron-server[103830]: DEBUG neutron_lib.callbacks.manager [None req-1673d4e9-619a-4700-897b-d8ceaa7ac928 None None] Publish callbacks ['neutron.plugins.ml2.plugin.SecurityGroupDbMixin._ensure_default_security_group_handler-615253'] for port (48b2447a-8f76-47ad-aa19-93001dce8f29), before_update {{(pid=103830) _notify_loop /usr/local/lib/python3.8/dist-packages/neutron_lib/callbacks/manager.py:176}}
Mar 15 12:28:31.967608 dv-neutron-832662-2-hyperv neutron-server[103829]: DEBUG neutron.db.db_base_plugin_common [None req-975fc30c-a227-4376-9aab-608dec36f76d admin admin] Allocated IP 172.26.2.216 (1c547297-53ec-4074-b486-3092b431a1d7/55ee22b9-600c-4a4c-af80-f4282ea0dffc/ebcd88e9-4f75-418f-a394-989acc659465) {{(pid=103829) _store_ip_allocation /opt/stack/neutron/neutron/db/db_base_plugin_common.py:131}}
Mar 15 12:28:32.024888 dv-neutron-832662-2-hyperv neutron-server[103830]: DEBUG neutron.plugins.ml2.db [None req-1673d4e9-619a-4700-897b-d8ceaa7ac928 None None] For port 48b2447a-8f76-47ad-aa19-93001dce8f29, host dv-neutron-832662-2-hyperv, cleared binding levels {{(pid=103830) clear_binding_levels /opt/stack/neutron/neutron/plugins/ml2/db.py:87}}
Mar 15 12:28:32.034276 dv-neutron-832662-2-hyperv neutron-server[103830]: DEBUG neutron.plugins.ml2.db [None req-1673d4e9-619a-4700-897b-d8ceaa7ac928 None None] For port 48b2447a-8f76-47ad-aa19-93001dce8f29, host dv-neutron-832662-2-hyperv, set binding levels [PortBindingLevel(driver='openvswitch',host='dv-neutron-832662-2-hyperv',level=0,port_id=48b2447a-8f76-47ad-aa19-93001dce8f29,segment=NetworkSegment(714c31db-59ab-4387-aa85-0bd72700b0af),segment_id=714c31db-59ab-4387-aa85-0bd72700b0af)] {{(pid=103830) set_binding_levels /opt/stack/neutron/neutron/plugins/ml2/db.py:59}}
Mar 15 12:28:32.043909 dv-neutron-832662-2-hyperv neutron-server[103830]: DEBUG neutron_lib.callbacks.manager [None req-1673d4e9-619a-4700-897b-d8ceaa7ac928 None None] Publish callbacks ['neutron.plugins.ml2.plugin.SecurityGroupServerNotifierRpcMixin._notify_sg_on_port_change-615201', 'neutron.plugins.ml2.ovo_rpc._ObjectChangeHandler.handle_event-8329122', 'neutron.api.rpc.agentnotifiers.dhcp_rpc_agent_api.DhcpAgentNotifyAPI._native_event_send_dhcp_notification-7878923', 'neutron.db.l3_db.L3RpcNotifierMixin._notify_gateway_port_ip_changed-8761502707734', 'neutron.db.l3_dvrscheduler_db._notify_l3_agent_port_update-8761502183536', 'neutron.db.l3_hascheduler_db._notify_l3_agent_ha_port_update-8761502183554'] for port (48b2447a-8f76-47ad-aa19-93001dce8f29), after_update {{(pid=103830) _notify_loop /usr/local/lib/python3.8/dist-packages/neutron_lib/callbacks/manager.py:176}}
Mar 15 12:28:32.096381 dv-neutron-832662-2-hyperv neutron-server[103829]: DEBUG neutron_lib.callbacks.manager [None req-975fc30c-a227-4376-9aab-608dec36f76d admin admin] Publish callbacks [] for port (ebcd88e9-4f75-418f-a394-989acc659465), precommit_create {{(pid=103829) _notify_loop /usr/local/lib/python3.8/dist-packages/neutron_lib/callbacks/manager.py:176}}
Mar 15 12:28:32.131392 dv-neutron-832662-2-hyperv neutron-server[103830]: DEBUG neutron.api.rpc.handlers.resources_rpc [None req-1673d4e9-619a-4700-897b-d8ceaa7ac928 None None] Pushing event updated for resources: {'Port': ['ID=48b2447a-8f76-47ad-aa19-93001dce8f29,revision_number=2']} {{(pid=103830) push /opt/stack/neutron/neutron/api/rpc/handlers/resources_rpc.py:237}}
Mar 15 12:28:32.149360 dv-neutron-832662-2-hyperv neutron-server[103829]: DEBUG neutron_lib.callbacks.manager [None req-975fc30c-a227-4376-9aab-608dec36f76d admin admin] Publish callbacks ['neutron.plugins.ml2.plugin.SecurityGroupServerNotifierRpcMixin._notify_sg_on_port_change-615201', 'neutron.plugins.ml2.ovo_rpc._ObjectChangeHandler.handle_event-8329122', 'neutron.api.rpc.agentnotifiers.dhcp_rpc_agent_api.DhcpAgentNotifyAPI._native_event_send_dhcp_notification-7878923', 'neutron.db.l3_dvrscheduler_db._notify_l3_agent_new_port-8761502183518'] for port (ebcd88e9-4f75-418f-a394-989acc659465), after_create {{(pid=103829) _notify_loop /usr/local/lib/python3.8/dist-packages/neutron_lib/callbacks/manager.py:176}}
Mar 15 12:28:32.185085 dv-neutron-832662-2-hyperv neutron-server[103829]: DEBUG neutron.scheduler.dhcp_agent_scheduler [None req-975fc30c-a227-4376-9aab-608dec36f76d admin admin] Network 1c547297-53ec-4074-b486-3092b431a1d7 is already hosted by enough agents. {{(pid=103829) _get_dhcp_agents_hosting_network /opt/stack/neutron/neutron/scheduler/dhcp_agent_scheduler.py:275}}
Mar 15 12:28:32.187878 dv-neutron-832662-2-hyperv neutron-server[103829]: DEBUG neutron.scheduler.base_scheduler [None req-975fc30c-a227-4376-9aab-608dec36f76d admin admin] Resources bound (agent type, host, resource id): {{(pid=103829) schedule /opt/stack/neutron/neutron/scheduler/base_scheduler.py:57}}
Mar 15 12:28:32.194215 dv-neutron-832662-2-hyperv neutron-server[103829]: DEBUG neutron.db.l3_dvrscheduler_db [None req-975fc30c-a227-4376-9aab-608dec36f76d admin admin] Received port after_create {{(pid=103829) _notify_l3_agent_new_port /opt/stack/neutron/neutron/db/l3_dvrscheduler_db.py:536}}
Mar 15 12:28:32.259448 dv-neutron-832662-2-hyperv neutron-server[103828]: DEBUG neutron.api.v2.base [None req-de857b91-5b87-480c-99cf-6fcec1fe83cf admin admin] Request body: {'network': {'name': 'tempest-ServersTestJSON-1068078511-network', 'tenant_id': 'c98efec00f73442488620459ab536e70'}} {{(pid=103828) prepare_request_body /opt/stack/neutron/neutron/api/v2/base.py:729}}
Mar 15 12:28:32.268489 dv-neutron-832662-2-hyperv neutron-server[103829]: DEBUG neutron.api.rpc.handlers.resources_rpc [None req-975fc30c-a227-4376-9aab-608dec36f76d admin admin] Pushing event updated for resources: {'Port': ['ID=ebcd88e9-4f75-418f-a394-989acc659465,revision_number=1']} {{(pid=103829) push /opt/stack/neutron/neutron/api/rpc/handlers/resources_rpc.py:237}}
Mar 15 12:28:32.301044 dv-neutron-832662-2-hyperv neutron-server[103828]: DEBUG neutron.pecan_wsgi.hooks.quota_enforcement [None req-de857b91-5b87-480c-99cf-6fcec1fe83cf admin admin] Made reservation on behalf of c98efec00f73442488620459ab536e70 for: {'network': 1} {{(pid=103828) before /opt/stack/neutron/neutron/pecan_wsgi/hooks/quota_enforcement.py:53}}
Mar 15 12:28:32.305356 dv-neutron-832662-2-hyperv neutron-server[103828]: DEBUG neutron_lib.callbacks.manager [None req-de857b91-5b87-480c-99cf-6fcec1fe83cf admin admin] Publish callbacks ['neutron.plugins.ml2.plugin.SecurityGroupDbMixin._ensure_default_security_group_handler-615253'] for network (None), before_create {{(pid=103828) _notify_loop /usr/local/lib/python3.8/dist-packages/neutron_lib/callbacks/manager.py:176}}
Mar 15 12:28:32.349577 dv-neutron-832662-2-hyperv neutron-server[103828]: DEBUG neutron.api.v2.base [None req-993fceed-cf8e-406d-b998-75153137e3ed admin admin] Request body: {'network': {'name': 'tempest-ServerActionsTestJSON-1335958046-network', 'tenant_id': 'f5aafdb0d71b484ca2d9396597a511b4'}} {{(pid=103828) prepare_request_body /opt/stack/neutron/neutron/api/v2/base.py:729}}
Mar 15 12:28:32.353996 dv-neutron-832662-2-hyperv neutron-server[103828]: DEBUG neutron_lib.callbacks.manager [None req-de857b91-5b87-480c-99cf-6fcec1fe83cf admin admin] Publish callbacks [] for security_group (None), before_create {{(pid=103828) _notify_loop /usr/local/lib/python3.8/dist-packages/neutron_lib/callbacks/manager.py:176}}
Mar 15 12:28:32.476111 dv-neutron-832662-2-hyperv neutron-server[103828]: DEBUG neutron.pecan_wsgi.hooks.quota_enforcement [None req-993fceed-cf8e-406d-b998-75153137e3ed admin admin] Made reservation on behalf of f5aafdb0d71b484ca2d9396597a511b4 for: {'network': 1} {{(pid=103828) before /opt/stack/neutron/neutron/pecan_wsgi/hooks/quota_enforcement.py:53}}
Mar 15 12:28:32.479415 dv-neutron-832662-2-hyperv neutron-server[103828]: DEBUG neutron_lib.callbacks.manager [None req-993fceed-cf8e-406d-b998-75153137e3ed admin admin] Publish callbacks ['neutron.plugins.ml2.plugin.SecurityGroupDbMixin._ensure_default_security_group_handler-615253'] for network (None), before_create {{(pid=103828) _notify_loop /usr/local/lib/python3.8/dist-packages/neutron_lib/callbacks/manager.py:176}}
Mar 15 12:28:32.510601 dv-neutron-832662-2-hyperv neutron-server[103829]: DEBUG neutron_lib.callbacks.manager [None req-975fc30c-a227-4376-9aab-608dec36f76d admin admin] Publish callbacks [] for router_gateway (44b6a9ff-bffe-47c8-b1c5-1a08dea92a61), after_create {{(pid=103829) _notify_loop /usr/local/lib/python3.8/dist-packages/neutron_lib/callbacks/manager.py:176}}
Mar 15 12:28:32.516192 dv-neutron-832662-2-hyperv neutron-server[103828]: DEBUG neutron_lib.callbacks.manager [None req-993fceed-cf8e-406d-b998-75153137e3ed admin admin] Publish callbacks [] for security_group (None), before_create {{(pid=103828) _notify_loop /usr/local/lib/python3.8/dist-packages/neutron_lib/callbacks/manager.py:176}}
Mar 15 12:28:32.656963 dv-neutron-832662-2-hyperv neutron-server[103828]: DEBUG neutron_lib.callbacks.manager [None req-de857b91-5b87-480c-99cf-6fcec1fe83cf admin admin] Publish callbacks [] for security_group (ea5442ab-1c74-4a63-ad99-71ba263ec1da), precommit_create {{(pid=103828) _notify_loop /usr/local/lib/python3.8/dist-packages/neutron_lib/callbacks/manager.py:176}}
Mar 15 12:28:32.665510 dv-neutron-832662-2-hyperv neutron-server[103828]: DEBUG neutron_lib.callbacks.manager [None req-de857b91-5b87-480c-99cf-6fcec1fe83cf admin admin] Publish callbacks ['neutron.plugins.ml2.ovo_rpc._ObjectChangeHandler.handle_event-8028738'] for security_group (ea5442ab-1c74-4a63-ad99-71ba263ec1da), after_create {{(pid=103828) _notify_loop /usr/local/lib/python3.8/dist-packages/neutron_lib/callbacks/manager.py:176}}
Mar 15 12:28:32.713150 dv-neutron-832662-2-hyperv neutron-server[103828]: DEBUG neutron.api.rpc.handlers.resources_rpc [None req-de857b91-5b87-480c-99cf-6fcec1fe83cf admin admin] Pushing event updated for resources: {'SecurityGroup': ['ID=ea5442ab-1c74-4a63-ad99-71ba263ec1da,revision_number=1']} {{(pid=103828) push /opt/stack/neutron/neutron/api/rpc/handlers/resources_rpc.py:237}}
Mar 15 12:28:32.715857 dv-neutron-832662-2-hyperv neutron-server[103828]: DEBUG neutron.plugins.ml2.drivers.helpers [None req-de857b91-5b87-480c-99cf-6fcec1fe83cf admin admin] vlan segment allocate from pool success with {'physical_network': 'physnet1', 'vlan_id': 69} {{(pid=103828) allocate_partially_specified_segment /opt/stack/neutron/neutron/plugins/ml2/drivers/helpers.py:153}}
Mar 15 12:28:32.744523 dv-neutron-832662-2-hyperv neutron-server[103828]: DEBUG neutron_lib.callbacks.manager [None req-de857b91-5b87-480c-99cf-6fcec1fe83cf admin admin] Publish callbacks ['neutron.services.segments.db._add_segment_host_mapping_for_segment-8761502774712', 'neutron.plugins.ml2.plugin.Ml2Plugin._handle_segment_change-7663718'] for segment (8eb87a50-e45b-4116-95a7-fc609e18d091), precommit_create {{(pid=103828) _notify_loop /usr/local/lib/python3.8/dist-packages/neutron_lib/callbacks/manager.py:176}}
Mar 15 12:28:32.748472 dv-neutron-832662-2-hyperv neutron-server[103828]: DEBUG neutron_lib.callbacks.manager [None req-de857b91-5b87-480c-99cf-6fcec1fe83cf admin admin] Unsubscribe: segment precommit_create {{(pid=103828) unsubscribe /usr/local/lib/python3.8/dist-packages/neutron_lib/callbacks/manager.py:83}}
Mar 15 12:28:32.751181 dv-neutron-832662-2-hyperv neutron-server[103828]: INFO neutron.db.segments_db [None req-de857b91-5b87-480c-99cf-6fcec1fe83cf admin admin] Added segment 8eb87a50-e45b-4116-95a7-fc609e18d091 of type vlan for network 2a225125-87ae-48f7-b1a1-1fed3c28e849
Mar 15 12:28:32.765794 dv-neutron-832662-2-hyperv neutron-server[103828]: DEBUG neutron_lib.callbacks.manager [None req-993fceed-cf8e-406d-b998-75153137e3ed admin admin] Publish callbacks [] for security_group (75d131b5-5f5a-44a4-bd08-ebdfe2fa45fd), precommit_create {{(pid=103828) _notify_loop /usr/local/lib/python3.8/dist-packages/neutron_lib/callbacks/manager.py:176}}
Mar 15 12:28:32.792908 dv-neutron-832662-2-hyperv neutron-server[103828]: DEBUG neutron_lib.callbacks.manager [None req-993fceed-cf8e-406d-b998-75153137e3ed admin admin] Publish callbacks ['neutron.plugins.ml2.ovo_rpc._ObjectChangeHandler.handle_event-8028738'] for security_group (75d131b5-5f5a-44a4-bd08-ebdfe2fa45fd), after_create {{(pid=103828) _notify_loop /usr/local/lib/python3.8/dist-packages/neutron_lib/callbacks/manager.py:176}}
Mar 15 12:28:32.815696 dv-neutron-832662-2-hyperv neutron-server[103828]: DEBUG neutron.plugins.ml2.drivers.helpers [None req-993fceed-cf8e-406d-b998-75153137e3ed admin admin] vlan segment allocate from pool success with {'physical_network': 'physnet1', 'vlan_id': 58} {{(pid=103828) allocate_partially_specified_segment /opt/stack/neutron/neutron/plugins/ml2/drivers/helpers.py:153}}
Mar 15 12:28:32.836186 dv-neutron-832662-2-hyperv neutron-server[103828]: DEBUG neutron_lib.callbacks.manager [None req-de857b91-5b87-480c-99cf-6fcec1fe83cf admin admin] Publish callbacks ['neutron.services.auto_allocate.db._ensure_external_network_default_value_callback-8761502204600'] for network (2a225125-87ae-48f7-b1a1-1fed3c28e849), precommit_create {{(pid=103828) _notify_loop /usr/local/lib/python3.8/dist-packages/neutron_lib/callbacks/manager.py:176}}
Mar 15 12:28:32.854509 dv-neutron-832662-2-hyperv neutron-server[103828]: DEBUG neutron_lib.callbacks.manager [None req-993fceed-cf8e-406d-b998-75153137e3ed admin admin] Publish callbacks ['neutron.plugins.ml2.plugin.Ml2Plugin._handle_segment_change-7663718'] for segment (4ce96798-497e-4389-b184-3a41ae0b9b30), precommit_create {{(pid=103828) _notify_loop /usr/local/lib/python3.8/dist-packages/neutron_lib/callbacks/manager.py:176}}
Mar 15 12:28:32.855116 dv-neutron-832662-2-hyperv neutron-server[103828]: INFO neutron.db.segments_db [None req-993fceed-cf8e-406d-b998-75153137e3ed admin admin] Added segment 4ce96798-497e-4389-b184-3a41ae0b9b30 of type vlan for network d3c59080-c684-47d8-8481-4e149b249f51
Mar 15 12:28:32.890483 dv-neutron-832662-2-hyperv neutron-server[103828]: DEBUG neutron.api.rpc.handlers.resources_rpc [None req-993fceed-cf8e-406d-b998-75153137e3ed admin admin] Pushing event updated for resources: {'SecurityGroup': ['ID=75d131b5-5f5a-44a4-bd08-ebdfe2fa45fd,revision_number=1']} {{(pid=103828) push /opt/stack/neutron/neutron/api/rpc/handlers/resources_rpc.py:237}}
Mar 15 12:28:32.931718 dv-neutron-832662-2-hyperv neutron-server[103829]: DEBUG neutron_lib.callbacks.manager [None req-975fc30c-a227-4376-9aab-608dec36f76d admin admin] Publish callbacks ['neutron.services.l3_router.l3_router_plugin.L3_HA_NAT_db_mixin._after_router_create-8096230', 'neutron.services.l3_router.l3_router_plugin.DVRResourceOperationHandler._create_snat_interfaces_after_change-8100960'] for router (44b6a9ff-bffe-47c8-b1c5-1a08dea92a61), after_create {{(pid=103829) _notify_loop /usr/local/lib/python3.8/dist-packages/neutron_lib/callbacks/manager.py:176}}
Mar 15 12:28:32.938958 dv-neutron-832662-2-hyperv neutron-server[103828]: DEBUG neutron_lib.callbacks.manager [None req-993fceed-cf8e-406d-b998-75153137e3ed admin admin] Publish callbacks ['neutron.services.auto_allocate.db._ensure_external_network_default_value_callback-8761502204600'] for network (d3c59080-c684-47d8-8481-4e149b249f51), precommit_create {{(pid=103828) _notify_loop /usr/local/lib/python3.8/dist-packages/neutron_lib/callbacks/manager.py:176}}
Mar 15 12:28:32.956021 dv-neutron-832662-2-hyperv neutron-server[103828]: DEBUG neutron_lib.callbacks.manager [None req-de857b91-5b87-480c-99cf-6fcec1fe83cf admin admin] Publish callbacks ['neutron.plugins.ml2.ovo_rpc._ObjectChangeHandler.handle_event-8043774', 'neutron.api.rpc.agentnotifiers.dhcp_rpc_agent_api.DhcpAgentNotifyAPI._native_event_send_dhcp_notification-7878923'] for network (2a225125-87ae-48f7-b1a1-1fed3c28e849), after_create {{(pid=103828) _notify_loop /usr/local/lib/python3.8/dist-packages/neutron_lib/callbacks/manager.py:176}}
Mar 15 12:28:32.957364 dv-neutron-832662-2-hyperv neutron-server[103828]: DEBUG neutron.pecan_wsgi.hooks.policy_enforcement [None req-de857b91-5b87-480c-99cf-6fcec1fe83cf admin admin] Attributes excluded by policy engine: ['standard_attr_id', 'vlan_transparent'] {{(pid=103828) _exclude_attributes_by_policy /opt/stack/neutron/neutron/pecan_wsgi/hooks/policy_enforcement.py:255}}
Mar 15 12:28:32.958184 dv-neutron-832662-2-hyperv neutron-server[103828]: DEBUG neutron_lib.callbacks.manager [None req-de857b91-5b87-480c-99cf-6fcec1fe83cf admin admin] Publish callbacks ['neutron.api.rpc.agentnotifiers.dhcp_rpc_agent_api.DhcpAgentNotifyAPI._send_dhcp_notification-7878969'] for network (None), before_response {{(pid=103828) _notify_loop /usr/local/lib/python3.8/dist-packages/neutron_lib/callbacks/manager.py:176}}
Mar 15 12:28:33.045135 dv-neutron-832662-2-hyperv neutron-server[103828]: INFO neutron.wsgi [None req-de857b91-5b87-480c-99cf-6fcec1fe83cf admin admin] 10.222.0.32 "POST /v2.0/networks HTTP/1.1" status: 201 len: 878 time: 1.3186386
Mar 15 12:28:33.050288 dv-neutron-832662-2-hyperv neutron-server[103828]: DEBUG neutron.wsgi [-] (103828) accepted ('10.222.0.32', 37254) {{(pid=103828) server /usr/local/lib/python3.8/dist-packages/eventlet/wsgi.py:1004}}
Mar 15 12:28:33.067351 dv-neutron-832662-2-hyperv neutron-server[103828]: DEBUG neutron.api.v2.base [None req-50c5aab4-74b5-4050-a52d-40a56cc399ed admin admin] Request body: {'subnet': {'network_id': '2a225125-87ae-48f7-b1a1-1fed3c28e849', 'cidr': '172.20.0.0/28', 'name': 'tempest-ServersTestJSON-1068078511-subnet', 'tenant_id': 'c98efec00f73442488620459ab536e70', 'enable_dhcp': True, 'ip_version': 4}} {{(pid=103828) prepare_request_body /opt/stack/neutron/neutron/api/v2/base.py:729}}
Mar 15 12:28:33.094600 dv-neutron-832662-2-hyperv neutron-server[103829]: DEBUG neutron.scheduler.l3_agent_scheduler [None req-975fc30c-a227-4376-9aab-608dec36f76d admin admin] Router 44b6a9ff-bffe-47c8-b1c5-1a08dea92a61 is scheduled to L3 agent ba1814e5-c84e-40f5-8753-c9d6adbde137 with binding_index 1 {{(pid=103829) bind_router /opt/stack/neutron/neutron/scheduler/l3_agent_scheduler.py:209}}
Mar 15 12:28:33.097042 dv-neutron-832662-2-hyperv neutron-server[103828]: DEBUG neutron_lib.callbacks.manager [None req-993fceed-cf8e-406d-b998-75153137e3ed admin admin] Publish callbacks ['neutron.plugins.ml2.ovo_rpc._ObjectChangeHandler.handle_event-8043774', 'neutron.api.rpc.agentnotifiers.dhcp_rpc_agent_api.DhcpAgentNotifyAPI._native_event_send_dhcp_notification-7878923'] for network (d3c59080-c684-47d8-8481-4e149b249f51), after_create {{(pid=103828) _notify_loop /usr/local/lib/python3.8/dist-packages/neutron_lib/callbacks/manager.py:176}}
Mar 15 12:28:33.098371 dv-neutron-832662-2-hyperv neutron-server[103828]: DEBUG neutron.pecan_wsgi.hooks.policy_enforcement [None req-993fceed-cf8e-406d-b998-75153137e3ed admin admin] Attributes excluded by policy engine: ['standard_attr_id', 'vlan_transparent'] {{(pid=103828) _exclude_attributes_by_policy /opt/stack/neutron/neutron/pecan_wsgi/hooks/policy_enforcement.py:255}}
Mar 15 12:28:33.099064 dv-neutron-832662-2-hyperv neutron-server[103828]: DEBUG neutron_lib.callbacks.manager [None req-993fceed-cf8e-406d-b998-75153137e3ed admin admin] Publish callbacks ['neutron.api.rpc.agentnotifiers.dhcp_rpc_agent_api.DhcpAgentNotifyAPI._send_dhcp_notification-7878969'] for network (None), before_response {{(pid=103828) _notify_loop /usr/local/lib/python3.8/dist-packages/neutron_lib/callbacks/manager.py:176}}
Mar 15 12:28:33.113415 dv-neutron-832662-2-hyperv neutron-server[103828]: DEBUG neutron.pecan_wsgi.hooks.quota_enforcement [None req-50c5aab4-74b5-4050-a52d-40a56cc399ed admin admin] Made reservation on behalf of c98efec00f73442488620459ab536e70 for: {'subnet': 1} {{(pid=103828) before /opt/stack/neutron/neutron/pecan_wsgi/hooks/quota_enforcement.py:53}}
Mar 15 12:28:33.116907 dv-neutron-832662-2-hyperv neutron-server[103828]: DEBUG neutron_lib.callbacks.manager [None req-50c5aab4-74b5-4050-a52d-40a56cc399ed admin admin] Publish callbacks [] for subnet (None), before_create {{(pid=103828) _notify_loop /usr/local/lib/python3.8/dist-packages/neutron_lib/callbacks/manager.py:176}}
Mar 15 12:28:33.198569 dv-neutron-832662-2-hyperv neutron-server[103828]: DEBUG neutron.api.rpc.handlers.resources_rpc [None req-de857b91-5b87-480c-99cf-6fcec1fe83cf admin admin] Pushing event updated for resources: {'Network': ['ID=2a225125-87ae-48f7-b1a1-1fed3c28e849,revision_number=1']} {{(pid=103828) push /opt/stack/neutron/neutron/api/rpc/handlers/resources_rpc.py:237}}
Mar 15 12:28:33.231625 dv-neutron-832662-2-hyperv neutron-server[103830]: DEBUG neutron.plugins.ml2.rpc [None req-b8b51dab-ee49-4694-9019-4893c7241dfa None None] Network 2a225125-87ae-48f7-b1a1-1fed3c28e849 details requested by agent ovs-agent-dv-neutron-832662-2-hyperv with host dv-neutron-832662-2-hyperv {{(pid=103830) get_network_details /opt/stack/neutron/neutron/plugins/ml2/rpc.py:248}}
Mar 15 12:28:33.238159 dv-neutron-832662-2-hyperv neutron-server[103828]: INFO neutron.wsgi [None req-993fceed-cf8e-406d-b998-75153137e3ed admin admin] 10.222.0.32 "POST /v2.0/networks HTTP/1.1" status: 201 len: 884 time: 1.3128631
Mar 15 12:28:33.260955 dv-neutron-832662-2-hyperv neutron-server[103829]: DEBUG neutron.api.rpc.agentnotifiers.l3_rpc_agent_api [None req-975fc30c-a227-4376-9aab-608dec36f76d admin admin] Notify agent at l3_agent.dv-neutron-832662-2-hyperv the message routers_updated {{(pid=103829) _agent_notification /opt/stack/neutron/neutron/api/rpc/agentnotifiers/l3_rpc_agent_api.py:65}}
Mar 15 12:28:33.263127 dv-neutron-832662-2-hyperv neutron-server[103829]: DEBUG neutron.wsgi [-] (103829) accepted ('10.222.0.32', 37260) {{(pid=103829) server /usr/local/lib/python3.8/dist-packages/eventlet/wsgi.py:1004}}
Mar 15 12:28:33.276140 dv-neutron-832662-2-hyperv neutron-server[103831]: DEBUG neutron.api.rpc.handlers.l3_rpc [None req-1471f1cf-2ee7-472f-a833-ff8b7f1e92b3 None None] Sync routers for ids ['44b6a9ff-bffe-47c8-b1c5-1a08dea92a61'] in dv-neutron-832662-2-hyperv {{(pid=103831) sync_routers /opt/stack/neutron/neutron/api/rpc/handlers/l3_rpc.py:125}}
Mar 15 12:28:33.282402 dv-neutron-832662-2-hyperv neutron-server[103829]: DEBUG neutron.api.v2.base [None req-9d2ae488-ed7e-4394-89f8-7366f869ca81 admin admin] Request body: {'subnet': {'network_id': 'd3c59080-c684-47d8-8481-4e149b249f51', 'cidr': '172.20.0.0/28', 'name': 'tempest-ServerActionsTestJSON-1335958046-subnet', 'tenant_id': 'f5aafdb0d71b484ca2d9396597a511b4', 'enable_dhcp': True, 'ip_version': 4}} {{(pid=103829) prepare_request_body /opt/stack/neutron/neutron/api/v2/base.py:729}}
Mar 15 12:28:33.300718 dv-neutron-832662-2-hyperv neutron-server[103831]: DEBUG neutron.db.l3_dvrscheduler_db [None req-1471f1cf-2ee7-472f-a833-ff8b7f1e92b3 None None] Routers {'44b6a9ff-bffe-47c8-b1c5-1a08dea92a61'} bound to L3 agent in host dv-neutron-832662-2-hyperv {{(pid=103831) _get_router_ids_for_agent /opt/stack/neutron/neutron/db/l3_dvrscheduler_db.py:421}}
Mar 15 12:28:33.301389 dv-neutron-832662-2-hyperv neutron-server[103831]: DEBUG neutron.db.l3_hamode_db [None req-1471f1cf-2ee7-472f-a833-ff8b7f1e92b3 None None] neutron.services.l3_router.l3_router_plugin.L3RouterPlugin method get_ha_sync_data_for_host called with arguments (, 'dv-neutron-832662-2-hyperv', Agent(admin_state_up=True,agent_type='L3 agent',availability_zone='nova',binary='neutron-l3-agent',configurations={"agent_mode": "legacy", "ex_gw_ports": 1, "extensions": [], "floating_ips": 0, "handle_internal_only_routers": true, "interface_driver": "openvswitch", "interfaces": 1, "log_agent_heartbeats": false, "routers": 1},created_at=2022-03-15T12:21:07Z,description=,heartbeat_timestamp=2022-03-15T12:28:07Z,host='dv-neutron-832662-2-hyperv',id=ba1814e5-c84e-40f5-8753-c9d6adbde137,load=0,resource_versions=,resources_synced=,started_at=2022-03-15T12:21:07Z,topic='l3_agent')) {'router_ids': ['44b6a9ff-bffe-47c8-b1c5-1a08dea92a61'], 'active': True} {{(pid=103831) wrapper /usr/local/lib/python3.8/dist-packages/oslo_log/helpers.py:65}}
Mar 15 12:28:33.321339 dv-neutron-832662-2-hyperv neutron-server[103829]: DEBUG neutron.pecan_wsgi.hooks.quota_enforcement [None req-9d2ae488-ed7e-4394-89f8-7366f869ca81 admin admin] Made reservation on behalf of f5aafdb0d71b484ca2d9396597a511b4 for: {'subnet': 1} {{(pid=103829) before /opt/stack/neutron/neutron/pecan_wsgi/hooks/quota_enforcement.py:53}}
Mar 15 12:28:33.323949 dv-neutron-832662-2-hyperv neutron-server[103829]: DEBUG neutron_lib.callbacks.manager [None req-9d2ae488-ed7e-4394-89f8-7366f869ca81 admin admin] Publish callbacks [] for subnet (None), before_create {{(pid=103829) _notify_loop /usr/local/lib/python3.8/dist-packages/neutron_lib/callbacks/manager.py:176}}
Mar 15 12:28:33.395153 dv-neutron-832662-2-hyperv neutron-server[103829]: DEBUG neutron_lib.callbacks.manager [None req-975fc30c-a227-4376-9aab-608dec36f76d admin admin] Publish callbacks [] for router (None), before_response {{(pid=103829) _notify_loop /usr/local/lib/python3.8/dist-packages/neutron_lib/callbacks/manager.py:176}}
Mar 15 12:28:33.400370 dv-neutron-832662-2-hyperv neutron-server[103829]: INFO neutron.wsgi [None req-975fc30c-a227-4376-9aab-608dec36f76d admin admin] 10.222.0.32 "POST /v2.0/routers HTTP/1.1" status: 201 len: 924 time: 2.1104836
Mar 15 12:28:33.401674 dv-neutron-832662-2-hyperv neutron-server[103829]: DEBUG neutron.wsgi [-] (103829) accepted ('10.222.0.32', 37268) {{(pid=103829) server /usr/local/lib/python3.8/dist-packages/eventlet/wsgi.py:1004}}
Mar 15 12:28:33.426349 dv-neutron-832662-2-hyperv neutron-server[103828]: DEBUG neutron_lib.callbacks.manager [None req-50c5aab4-74b5-4050-a52d-40a56cc399ed admin admin] Publish callbacks ['neutron.plugins.ml2.ovo_rpc._ObjectChangeHandler.handle_event-8059893', 'neutron.api.rpc.agentnotifiers.dhcp_rpc_agent_api.DhcpAgentNotifyAPI._native_event_send_dhcp_notification-7878923'] for subnet (ec066a9c-44d6-4a9a-bcb4-a6bc642af1c3), after_create {{(pid=103828) _notify_loop /usr/local/lib/python3.8/dist-packages/neutron_lib/callbacks/manager.py:176}}
Mar 15 12:28:33.497246 dv-neutron-832662-2-hyperv neutron-server[103828]: DEBUG neutron.api.rpc.handlers.resources_rpc [None req-993fceed-cf8e-406d-b998-75153137e3ed admin admin] Pushing event updated for resources: {'Network': ['ID=d3c59080-c684-47d8-8481-4e149b249f51,revision_number=1']} {{(pid=103828) push /opt/stack/neutron/neutron/api/rpc/handlers/resources_rpc.py:237}}
Mar 15 12:28:33.508528 dv-neutron-832662-2-hyperv neutron-server[103830]: DEBUG neutron.plugins.ml2.rpc [None req-b8b51dab-ee49-4694-9019-4893c7241dfa None None] Network d3c59080-c684-47d8-8481-4e149b249f51 details requested by agent ovs-agent-dv-neutron-832662-2-hyperv with host dv-neutron-832662-2-hyperv {{(pid=103830) get_network_details /opt/stack/neutron/neutron/plugins/ml2/rpc.py:248}}
Mar 15 12:28:33.549405 dv-neutron-832662-2-hyperv neutron-server[103828]: DEBUG neutron.api.rpc.handlers.resources_rpc [None req-50c5aab4-74b5-4050-a52d-40a56cc399ed admin admin] Pushing event updated for resources: {'Subnet': ['ID=ec066a9c-44d6-4a9a-bcb4-a6bc642af1c3,revision_number=0']} {{(pid=103828) push /opt/stack/neutron/neutron/api/rpc/handlers/resources_rpc.py:237}}
Mar 15 12:28:33.561289 dv-neutron-832662-2-hyperv neutron-server[103828]: DEBUG neutron.plugins.ml2.drivers.mech_agent [None req-50c5aab4-74b5-4050-a52d-40a56cc399ed admin admin] Checking segment: {'id': '8eb87a50-e45b-4116-95a7-fc609e18d091', 'network_type': 'vlan', 'physical_network': 'physnet1', 'segmentation_id': 69, 'network_id': '2a225125-87ae-48f7-b1a1-1fed3c28e849'} for mappings: {'physnet1': 'br-data'} with network types: ['local', 'flat', 'vlan'] {{(pid=103828) check_segment_for_agent /opt/stack/neutron/neutron/plugins/ml2/drivers/mech_agent.py:373}}
Mar 15 12:28:33.562078 dv-neutron-832662-2-hyperv neutron-server[103828]: DEBUG neutron.scheduler.dhcp_agent_scheduler [None req-50c5aab4-74b5-4050-a52d-40a56cc399ed admin admin] Network hostable DHCP agents. Network: 2a225125-87ae-48f7-b1a1-1fed3c28e849, hostable agents: ['59b34cb1-3fce-4329-be53-477ab618aac3'], hosted agents: [] {{(pid=103828) _get_network_hostable_dhcp_agents /opt/stack/neutron/neutron/scheduler/dhcp_agent_scheduler.py:329}}
Mar 15 12:28:33.586173 dv-neutron-832662-2-hyperv neutron-server[103828]: DEBUG neutron.scheduler.dhcp_agent_scheduler [None req-50c5aab4-74b5-4050-a52d-40a56cc399ed admin admin] Network 2a225125-87ae-48f7-b1a1-1fed3c28e849 is scheduled to be hosted by DHCP agent 59b34cb1-3fce-4329-be53-477ab618aac3 with binding_index 1 {{(pid=103828) bind /opt/stack/neutron/neutron/scheduler/dhcp_agent_scheduler.py:227}}
Mar 15 12:28:33.622396 dv-neutron-832662-2-hyperv neutron-server[103828]: DEBUG neutron.scheduler.base_scheduler [None req-50c5aab4-74b5-4050-a52d-40a56cc399ed admin admin] Resources bound (agent type, host, resource id): (DHCP agent, dv-neutron-832662-2-hyperv, 2a225125-87ae-48f7-b1a1-1fed3c28e849) {{(pid=103828) schedule /opt/stack/neutron/neutron/scheduler/base_scheduler.py:57}}
Mar 15 12:28:33.632619 dv-neutron-832662-2-hyperv neutron-server[103828]: DEBUG neutron.pecan_wsgi.hooks.policy_enforcement [None req-50c5aab4-74b5-4050-a52d-40a56cc399ed admin admin] Attributes excluded by policy engine: ['standard_attr_id', 'shared', 'network'] {{(pid=103828) _exclude_attributes_by_policy /opt/stack/neutron/neutron/pecan_wsgi/hooks/policy_enforcement.py:255}}
Mar 15 12:28:33.635719 dv-neutron-832662-2-hyperv neutron-server[103828]: DEBUG neutron_lib.callbacks.manager [None req-50c5aab4-74b5-4050-a52d-40a56cc399ed admin admin] Publish callbacks ['neutron.api.rpc.agentnotifiers.dhcp_rpc_agent_api.DhcpAgentNotifyAPI._send_dhcp_notification-7878969'] for subnet (None), before_response {{(pid=103828) _notify_loop /usr/local/lib/python3.8/dist-packages/neutron_lib/callbacks/manager.py:176}}
Mar 15 12:28:33.648777 dv-neutron-832662-2-hyperv neutron-server[103830]: DEBUG neutron.api.rpc.handlers.dhcp_rpc [None req-1ecde912-a0b6-467b-813b-7b8a374001bb None None] Network 2a225125-87ae-48f7-b1a1-1fed3c28e849 requested from dv-neutron-832662-2-hyperv {{(pid=103830) get_network_info /opt/stack/neutron/neutron/api/rpc/handlers/dhcp_rpc.py:191}}
