Mar 09 10:02:59.810770 dv-neutron-832594-2-hyperv neutron-server[104083]: DEBUG neutron.plugins.ml2.drivers.mech_agent [None req-66254ec3-5270-4b7d-ada1-bfb698db3d01 tempest-PortsAdminExtendedAttrsIpV6TestJSON-152683809 tempest-PortsAdminExtendedAttrsIpV6TestJSON-152683809-project-admin] Port 75762f02-895d-428f-9468-4a7b71aaf6a9 on network 0ea020ed-f5df-4aed-b696-669343e4970d not bound, no agent of type Open vSwitch agent registered on host hv-neutron-8325 {{(pid=104083) bind_port /opt/stack/neutron/neutron/plugins/ml2/drivers/mech_agent.py:103}}
Mar 09 10:02:59.811381 dv-neutron-832594-2-hyperv neutron-server[104083]: ERROR neutron.plugins.ml2.managers [None req-66254ec3-5270-4b7d-ada1-bfb698db3d01 tempest-PortsAdminExtendedAttrsIpV6TestJSON-152683809 tempest-PortsAdminExtendedAttrsIpV6TestJSON-152683809-project-admin] Failed to bind port 75762f02-895d-428f-9468-4a7b71aaf6a9 on host hv-neutron-8325 for vnic_type normal using segments [{'id': 'de8c186a-58aa-428c-be60-a46168bff847', 'network_type': 'vlan', 'physical_network': 'physnet1', 'segmentation_id': 106, 'network_id': '0ea020ed-f5df-4aed-b696-669343e4970d'}]
Mar 09 10:02:59.812377 dv-neutron-832594-2-hyperv neutron-server[104084]: DEBUG neutron_lib.callbacks.manager [None req-355fe8f0-7907-474b-907e-353df4cfbe19 tempest-ExternalNetworksTestJSON-928504758 tempest-ExternalNetworksTestJSON-928504758-project-admin] Publish callbacks ['neutron.plugins.ml2.plugin.Ml2Plugin._network_delete_precommit_handler-32968762', 'neutron.services.segments.db._delete_segments_for_network-8757420668263'] for network (394d7b62-3483-4efd-8091-945d752ff8a3), precommit_delete {{(pid=104084) _notify_loop /usr/local/lib/python3.8/dist-packages/neutron_lib/callbacks/manager.py:176}}
Mar 09 10:02:59.814471 dv-neutron-832594-2-hyperv neutron-server[104083]: INFO neutron.plugins.ml2.plugin [None req-66254ec3-5270-4b7d-ada1-bfb698db3d01 tempest-PortsAdminExtendedAttrsIpV6TestJSON-152683809 tempest-PortsAdminExtendedAttrsIpV6TestJSON-152683809-project-admin] Attempt 9 to bind port 75762f02-895d-428f-9468-4a7b71aaf6a9
Mar 09 10:02:59.822563 dv-neutron-832594-2-hyperv neutron-server[104083]: INFO neutron.wsgi [None req-f305d0bc-3a97-413b-aa4f-72ea038fff74 tempest-AllowedAddressPairTestJSON-1317237263 tempest-AllowedAddressPairTestJSON-1317237263-project] 10.222.0.18 "POST /v2.0/subnets HTTP/1.1" status: 201 len: 801 time: 2.1434231
Mar 09 10:02:59.825717 dv-neutron-832594-2-hyperv neutron-server[104083]: DEBUG neutron.wsgi [-] (104083) accepted ('10.222.0.18', 51272) {{(pid=104083) server /usr/local/lib/python3.8/dist-packages/eventlet/wsgi.py:1004}}
Mar 09 10:02:59.831039 dv-neutron-832594-2-hyperv neutron-server[104083]: DEBUG neutron.api.v2.base [None req-69f7f519-c47e-445a-b118-bc7c3b394cdc tempest-AllowedAddressPairTestJSON-1317237263 tempest-AllowedAddressPairTestJSON-1317237263-project] Request body: {'port': {'network_id': '2eaba3a4-9353-4554-b77f-86fa33b09f6c', 'name': 'tempest-AllowedAddressPairTestJSON-1371589102'}} {{(pid=104083) prepare_request_body /opt/stack/neutron/neutron/api/v2/base.py:729}}
Mar 09 10:02:59.857470 dv-neutron-832594-2-hyperv neutron-server[104084]: DEBUG neutron_lib.callbacks.manager [None req-ae45d929-2c59-4a61-abb8-1dc52868617b tempest-QuotasNegativeTest-322478864 tempest-QuotasNegativeTest-322478864-project-admin] Publish callbacks ['neutron.plugins.ml2.plugin.Ml2Plugin._network_delete_after_delete_handler-32968755', 'neutron.plugins.ml2.ovo_rpc._ObjectChangeHandler.handle_event-1890220', 'neutron.api.rpc.agentnotifiers.dhcp_rpc_agent_api.DhcpAgentNotifyAPI._native_event_send_dhcp_notification-1611583', 'neutron.services.l3_router.l3_router_plugin.DVRResourceOperationHandler.delete_fip_namespaces_for_ext_net-1817717'] for network (f8d1db68-8e7f-4324-a30b-d68b2d8b6cb8), after_delete {{(pid=104084) _notify_loop /usr/local/lib/python3.8/dist-packages/neutron_lib/callbacks/manager.py:176}}
Mar 09 10:02:59.860558 dv-neutron-832594-2-hyperv neutron-server[104084]: DEBUG neutron.services.segments.db [None req-355fe8f0-7907-474b-907e-353df4cfbe19 tempest-ExternalNetworksTestJSON-928504758 tempest-ExternalNetworksTestJSON-928504758-project-admin] neutron.services.segments.plugin.Plugin method get_segments called with arguments (,) {'filters': {'network_id': ['394d7b62-3483-4efd-8091-945d752ff8a3']}} {{(pid=104084) wrapper /usr/local/lib/python3.8/dist-packages/oslo_log/helpers.py:65}}
Mar 09 10:02:59.876485 dv-neutron-832594-2-hyperv neutron-server[104083]: INFO neutron.wsgi [None req-3fb2a775-8409-4fa2-b427-eb88c40a1ff3 tempest-RoutersAdminTest-22936427 tempest-RoutersAdminTest-22936427-project-admin] 10.222.0.18 "POST /v2.0/subnets HTTP/1.1" status: 201 len: 802 time: 3.4108150
Mar 09 10:02:59.877299 dv-neutron-832594-2-hyperv neutron-server[104084]: DEBUG neutron_lib.callbacks.manager [None req-ae45d929-2c59-4a61-abb8-1dc52868617b tempest-QuotasNegativeTest-322478864 tempest-QuotasNegativeTest-322478864-project-admin] Publish callbacks ['neutron.api.rpc.agentnotifiers.dhcp_rpc_agent_api.DhcpAgentNotifyAPI._send_dhcp_notification-1611565'] for network (None), before_response {{(pid=104084) _notify_loop /usr/local/lib/python3.8/dist-packages/neutron_lib/callbacks/manager.py:176}}
Mar 09 10:02:59.879953 dv-neutron-832594-2-hyperv neutron-server[104085]: DEBUG neutron.db.l3_dvrscheduler_db [None req-604b48ad-9a8f-49be-a479-326ba3e7aa85 None None] Routers {'da7d51d1-99cf-4945-a37f-29cd6b359202'} bound to L3 agent in host dv-neutron-832594-2-hyperv {{(pid=104085) _get_router_ids_for_agent /opt/stack/neutron/neutron/db/l3_dvrscheduler_db.py:421}}
Mar 09 10:02:59.880597 dv-neutron-832594-2-hyperv neutron-server[104085]: DEBUG neutron.db.l3_hamode_db [None req-604b48ad-9a8f-49be-a479-326ba3e7aa85 None None] neutron.services.l3_router.l3_router_plugin.L3RouterPlugin method get_ha_sync_data_for_host called with arguments (, 'dv-neutron-832594-2-hyperv', Agent(admin_state_up=True,agent_type='L3 agent',availability_zone='nova',binary='neutron-l3-agent',configurations={"agent_mode": "legacy", "ex_gw_ports": 1, "extensions": [], "floating_ips": 0, "handle_internal_only_routers": true, "interface_driver": "openvswitch", "interfaces": 1, "log_agent_heartbeats": false, "routers": 1},created_at=2022-03-09T09:55:13Z,description=,heartbeat_timestamp=2022-03-09T10:02:43Z,host='dv-neutron-832594-2-hyperv',id=7356bc1e-4fff-41da-bcb2-8486872a8ae8,load=0,resource_versions=,resources_synced=,started_at=2022-03-09T09:55:14Z,topic='l3_agent')) {'router_ids': ['da7d51d1-99cf-4945-a37f-29cd6b359202'], 'active': True} {{(pid=104085) wrapper /usr/local/lib/python3.8/dist-packages/oslo_log/helpers.py:65}}
Mar 09 10:02:59.881293 dv-neutron-832594-2-hyperv neutron-server[104084]: INFO neutron.wsgi [None req-ae45d929-2c59-4a61-abb8-1dc52868617b tempest-QuotasNegativeTest-322478864 tempest-QuotasNegativeTest-322478864-project-admin] 10.222.0.18 "DELETE /v2.0/networks/f8d1db68-8e7f-4324-a30b-d68b2d8b6cb8 HTTP/1.1" status: 204 len: 168 time: 1.0916138
Mar 09 10:02:59.892019 dv-neutron-832594-2-hyperv neutron-server[104083]: DEBUG neutron.wsgi [-] (104083) accepted ('10.222.0.18', 51274) {{(pid=104083) server /usr/local/lib/python3.8/dist-packages/eventlet/wsgi.py:1004}}
Mar 09 10:02:59.892464 dv-neutron-832594-2-hyperv neutron-server[104083]: DEBUG neutron.wsgi [-] (104083) accepted ('10.222.0.18', 51276) {{(pid=104083) server /usr/local/lib/python3.8/dist-packages/eventlet/wsgi.py:1004}}
Mar 09 10:02:59.893197 dv-neutron-832594-2-hyperv neutron-server[104084]: DEBUG neutron.services.segments.db [None req-355fe8f0-7907-474b-907e-353df4cfbe19 tempest-ExternalNetworksTestJSON-928504758 tempest-ExternalNetworksTestJSON-928504758-project-admin] neutron.services.segments.plugin.Plugin method delete_segment called with arguments (, '13af4e01-25b4-4f35-bc1d-0c656e230f52') {'for_net_delete': True} {{(pid=104084) wrapper /usr/local/lib/python3.8/dist-packages/oslo_log/helpers.py:65}}
Mar 09 10:02:59.893498 dv-neutron-832594-2-hyperv neutron-server[104084]: DEBUG neutron.services.segments.db [None req-355fe8f0-7907-474b-907e-353df4cfbe19 tempest-ExternalNetworksTestJSON-928504758 tempest-ExternalNetworksTestJSON-928504758-project-admin] neutron.services.segments.plugin.Plugin method get_segment called with arguments (, '13af4e01-25b4-4f35-bc1d-0c656e230f52') {} {{(pid=104084) wrapper /usr/local/lib/python3.8/dist-packages/oslo_log/helpers.py:65}}
Mar 09 10:02:59.895747 dv-neutron-832594-2-hyperv neutron-server[104084]: DEBUG neutron.api.rpc.handlers.resources_rpc [None req-ae45d929-2c59-4a61-abb8-1dc52868617b tempest-QuotasNegativeTest-322478864 tempest-QuotasNegativeTest-322478864-project-admin] Pushing event deleted for resources: {'Network': ['ID=f8d1db68-8e7f-4324-a30b-d68b2d8b6cb8,revision_number=None']} {{(pid=104084) push /opt/stack/neutron/neutron/api/rpc/handlers/resources_rpc.py:237}}
Mar 09 10:02:59.903911 dv-neutron-832594-2-hyperv neutron-server[104084]: DEBUG neutron_lib.callbacks.manager [None req-e00afe02-ff1d-40a8-b2d1-52d8928727b3 admin admin] Publish callbacks ['neutron.plugins.ml2.plugin.SecurityGroupServerNotifierRpcMixin._notify_sg_on_port_change-32995551', 'neutron.plugins.ml2.ovo_rpc._ObjectChangeHandler.handle_event-98146', 'neutron.api.rpc.agentnotifiers.dhcp_rpc_agent_api.DhcpAgentNotifyAPI._native_event_send_dhcp_notification-1611583', 'neutron.db.l3_dvrscheduler_db._notify_l3_agent_new_port-8757420336038', 'neutron.services.segments.plugin.NovaSegmentNotifier._notify_port_created_or_deleted-4153357'] for port (ef26295a-3c5d-4ca6-9704-c23684107b37), after_create {{(pid=104084) _notify_loop /usr/local/lib/python3.8/dist-packages/neutron_lib/callbacks/manager.py:176}}
Mar 09 10:02:59.907726 dv-neutron-832594-2-hyperv neutron-server[104083]: DEBUG neutron.plugins.ml2.managers [None req-66254ec3-5270-4b7d-ada1-bfb698db3d01 tempest-PortsAdminExtendedAttrsIpV6TestJSON-152683809 tempest-PortsAdminExtendedAttrsIpV6TestJSON-152683809-project-admin] Attempting to bind port 75762f02-895d-428f-9468-4a7b71aaf6a9 on host hv-neutron-8325 for vnic_type normal with profile {{(pid=104083) bind_port /opt/stack/neutron/neutron/plugins/ml2/managers.py:795}}
Mar 09 10:02:59.907726 dv-neutron-832594-2-hyperv neutron-server[104083]: DEBUG neutron.plugins.ml2.managers [None req-66254ec3-5270-4b7d-ada1-bfb698db3d01 tempest-PortsAdminExtendedAttrsIpV6TestJSON-152683809 tempest-PortsAdminExtendedAttrsIpV6TestJSON-152683809-project-admin] Attempting to bind port 75762f02-895d-428f-9468-4a7b71aaf6a9 by drivers openvswitch,hyperv on host hv-neutron-8325 at level 0 using segments [{'id': 'de8c186a-58aa-428c-be60-a46168bff847', 'network_type': 'vlan', 'physical_network': 'physnet1', 'segmentation_id': 106, 'network_id': '0ea020ed-f5df-4aed-b696-669343e4970d'}] {{(pid=104083) _bind_port_level /opt/stack/neutron/neutron/plugins/ml2/managers.py:820}}
Mar 09 10:02:59.907726 dv-neutron-832594-2-hyperv neutron-server[104083]: DEBUG neutron.plugins.ml2.drivers.mech_agent [None req-66254ec3-5270-4b7d-ada1-bfb698db3d01 tempest-PortsAdminExtendedAttrsIpV6TestJSON-152683809 tempest-PortsAdminExtendedAttrsIpV6TestJSON-152683809-project-admin] Attempting to bind port 75762f02-895d-428f-9468-4a7b71aaf6a9 on network 0ea020ed-f5df-4aed-b696-669343e4970d {{(pid=104083) bind_port /opt/stack/neutron/neutron/plugins/ml2/drivers/mech_agent.py:91}}
Mar 09 10:02:59.911467 dv-neutron-832594-2-hyperv neutron-server[104084]: DEBUG neutron_lib.callbacks.manager [None req-355fe8f0-7907-474b-907e-353df4cfbe19 tempest-ExternalNetworksTestJSON-928504758 tempest-ExternalNetworksTestJSON-928504758-project-admin] Publish callbacks ['neutron.plugins.ml2.db._prevent_segment_delete_with_port_bound-8757420668528', 'neutron.services.segments.plugin.Plugin._prevent_segment_delete_with_subnet_associated-3832040'] for segment (13af4e01-25b4-4f35-bc1d-0c656e230f52), before_delete {{(pid=104084) _notify_loop /usr/local/lib/python3.8/dist-packages/neutron_lib/callbacks/manager.py:176}}
Mar 09 10:02:59.913034 dv-neutron-832594-2-hyperv neutron-server[104083]: DEBUG neutron.api.v2.base [None req-d6362054-ca2c-4fef-a9bf-050b1edcf40c tempest-RoutersAdminTest-22936427 tempest-RoutersAdminTest-22936427-project-admin] Request body: {'port': {'name': 'tempest-RoutersAdminTest-1644179082', 'network_id': 'df2c5996-9ffa-4c2a-9dea-70446e02d17b'}} {{(pid=104083) prepare_request_body /opt/stack/neutron/neutron/api/v2/base.py:729}}
Mar 09 10:02:59.951614 dv-neutron-832594-2-hyperv neutron-server[104084]: DEBUG neutron_lib.callbacks.manager [None req-355fe8f0-7907-474b-907e-353df4cfbe19 tempest-ExternalNetworksTestJSON-928504758 tempest-ExternalNetworksTestJSON-928504758-project-admin] Publish callbacks ['neutron.plugins.ml2.plugin.Ml2Plugin._handle_segment_change-32908062'] for segment (13af4e01-25b4-4f35-bc1d-0c656e230f52), precommit_delete {{(pid=104084) _notify_loop /usr/local/lib/python3.8/dist-packages/neutron_lib/callbacks/manager.py:176}}
Mar 09 10:02:59.966922 dv-neutron-832594-2-hyperv neutron-server[104084]: DEBUG neutron.plugins.ml2.drivers.type_vlan [None req-355fe8f0-7907-474b-907e-353df4cfbe19 tempest-ExternalNetworksTestJSON-928504758 tempest-ExternalNetworksTestJSON-928504758-project-admin] Releasing vlan 116 on physical network physnet1 to pool {{(pid=104084) release_segment /opt/stack/neutron/neutron/plugins/ml2/drivers/type_vlan.py:304}}
Mar 09 10:02:59.967312 dv-neutron-832594-2-hyperv neutron-server[104084]: DEBUG neutron_lib.callbacks.manager [None req-355fe8f0-7907-474b-907e-353df4cfbe19 tempest-ExternalNetworksTestJSON-928504758 tempest-ExternalNetworksTestJSON-928504758-project-admin] Publish callbacks ['neutron.plugins.ml2.plugin.Ml2Plugin._handle_segment_change-32908062', 'neutron.services.segments.plugin.NovaSegmentNotifier._notify_segment_deleted-4153424'] for segment (13af4e01-25b4-4f35-bc1d-0c656e230f52), after_delete {{(pid=104084) _notify_loop /usr/local/lib/python3.8/dist-packages/neutron_lib/callbacks/manager.py:176}}
Mar 09 10:02:59.970066 dv-neutron-832594-2-hyperv neutron-server[104084]: DEBUG neutron.scheduler.dhcp_agent_scheduler [None req-e00afe02-ff1d-40a8-b2d1-52d8928727b3 admin admin] Network 63b662e3-a36b-4b8f-9938-d4f93e2e1fbd is already hosted by enough agents. {{(pid=104084) _get_dhcp_agents_hosting_network /opt/stack/neutron/neutron/scheduler/dhcp_agent_scheduler.py:275}}
Mar 09 10:02:59.970967 dv-neutron-832594-2-hyperv neutron-server[104084]: Traceback (most recent call last):
Mar 09 10:02:59.970967 dv-neutron-832594-2-hyperv neutron-server[104084]: File "/usr/local/lib/python3.8/dist-packages/eventlet/hubs/hub.py", line 476, in fire_timers
Mar 09 10:02:59.970967 dv-neutron-832594-2-hyperv neutron-server[104084]: timer()
Mar 09 10:02:59.970967 dv-neutron-832594-2-hyperv neutron-server[104084]: File "/usr/local/lib/python3.8/dist-packages/eventlet/hubs/timer.py", line 59, in __call__
Mar 09 10:02:59.970967 dv-neutron-832594-2-hyperv neutron-server[104084]: cb(*args, **kw)
Mar 09 10:02:59.970967 dv-neutron-832594-2-hyperv neutron-server[104084]: File "/opt/stack/neutron/neutron/common/utils.py", line 921, in wrapper
Mar 09 10:02:59.970967 dv-neutron-832594-2-hyperv neutron-server[104084]: return func(*args, **kwargs)
Mar 09 10:02:59.970967 dv-neutron-832594-2-hyperv neutron-server[104084]: File "/opt/stack/neutron/neutron/notifiers/batch_notifier.py", line 58, in synced_send
Mar 09 10:02:59.970967 dv-neutron-832594-2-hyperv neutron-server[104084]: self._notify()
Mar 09 10:02:59.970967 dv-neutron-832594-2-hyperv neutron-server[104084]: File "/opt/stack/neutron/neutron/notifiers/batch_notifier.py", line 69, in _notify
Mar 09 10:02:59.970967 dv-neutron-832594-2-hyperv neutron-server[104084]: self.callback(batched_events)
Mar 09 10:02:59.970967 dv-neutron-832594-2-hyperv neutron-server[104084]: File "/opt/stack/neutron/neutron/services/segments/plugin.py", line 211, in _send_notifications
Mar 09 10:02:59.970967 dv-neutron-832594-2-hyperv neutron-server[104084]: event.method(event)
Mar 09 10:02:59.970967 dv-neutron-832594-2-hyperv neutron-server[104084]: File "/opt/stack/neutron/neutron/services/segments/plugin.py", line 383, in _delete_nova_inventory
Mar 09 10:02:59.970967 dv-neutron-832594-2-hyperv neutron-server[104084]: aggregate_id = self._get_aggregate_id(event.segment_id)
Mar 09 10:02:59.970967 dv-neutron-832594-2-hyperv neutron-server[104084]: File "/opt/stack/neutron/neutron/services/segments/plugin.py", line 370, in _get_aggregate_id
Mar 09 10:02:59.970967 dv-neutron-832594-2-hyperv neutron-server[104084]: aggregate_uuid = self.p_client.list_aggregates(
Mar 09 10:02:59.970967 dv-neutron-832594-2-hyperv neutron-server[104084]: File "/usr/local/lib/python3.8/dist-packages/neutron_lib/placement/client.py", line 58, in wrapper
Mar 09 10:02:59.970967 dv-neutron-832594-2-hyperv neutron-server[104084]: return f(self, *a, **k)
Mar 09 10:02:59.970967 dv-neutron-832594-2-hyperv neutron-server[104084]: File "/usr/local/lib/python3.8/dist-packages/neutron_lib/placement/client.py", line 554, in list_aggregates
Mar 09 10:02:59.970967 dv-neutron-832594-2-hyperv neutron-server[104084]: return self._get(url).json()
Mar 09 10:02:59.970967 dv-neutron-832594-2-hyperv neutron-server[104084]: File "/usr/local/lib/python3.8/dist-packages/neutron_lib/placement/client.py", line 190, in _get
Mar 09 10:02:59.970967 dv-neutron-832594-2-hyperv neutron-server[104084]: return self._client.get(url, endpoint_filter=self._ks_filter,
Mar 09 10:02:59.970967 dv-neutron-832594-2-hyperv neutron-server[104084]: File "/usr/local/lib/python3.8/dist-packages/keystoneauth1/session.py", line 1141, in get
Mar 09 10:02:59.970967 dv-neutron-832594-2-hyperv neutron-server[104084]: return self.request(url, 'GET', **kwargs)
Mar 09 10:02:59.970967 dv-neutron-832594-2-hyperv neutron-server[104084]: File "/usr/local/lib/python3.8/dist-packages/keystoneauth1/session.py", line 811, in request
Mar 09 10:02:59.970967 dv-neutron-832594-2-hyperv neutron-server[104084]: base_url = self.get_endpoint(auth, allow=allow,
Mar 09 10:02:59.970967 dv-neutron-832594-2-hyperv neutron-server[104084]: File "/usr/local/lib/python3.8/dist-packages/keystoneauth1/session.py", line 1241, in get_endpoint
Mar 09 10:02:59.970967 dv-neutron-832594-2-hyperv neutron-server[104084]: auth = self._auth_required(auth, 'determine endpoint URL')
Mar 09 10:02:59.970967 dv-neutron-832594-2-hyperv neutron-server[104084]: File "/usr/local/lib/python3.8/dist-packages/keystoneauth1/session.py", line 1181, in _auth_required
Mar 09 10:02:59.970967 dv-neutron-832594-2-hyperv neutron-server[104084]: raise exceptions.MissingAuthPlugin(msg_fmt % msg)
Mar 09 10:02:59.970967 dv-neutron-832594-2-hyperv neutron-server[104084]: keystoneauth1.exceptions.auth_plugins.MissingAuthPlugin: An auth plugin is required to determine endpoint URL
Mar 09 10:02:59.985793 dv-neutron-832594-2-hyperv neutron-server[104084]: DEBUG neutron.scheduler.base_scheduler [None req-e00afe02-ff1d-40a8-b2d1-52d8928727b3 admin admin] Resources bound (agent type, host, resource id): {{(pid=104084) schedule /opt/stack/neutron/neutron/scheduler/base_scheduler.py:57}}
Mar 09 10:02:59.992240 dv-neutron-832594-2-hyperv neutron-server[104084]: DEBUG neutron.db.l3_dvrscheduler_db [None req-e00afe02-ff1d-40a8-b2d1-52d8928727b3 admin admin] Received port after_create {{(pid=104084) _notify_l3_agent_new_port /opt/stack/neutron/neutron/db/l3_dvrscheduler_db.py:536}}
Mar 09 10:02:59.996460 dv-neutron-832594-2-hyperv neutron-server[104083]: DEBUG neutron_lib.callbacks.manager [None req-e5fb2c5e-afdc-4c65-bfbc-2bfac02b37f9 admin admin] Publish callbacks [] for router (None), before_response {{(pid=104083) _notify_loop /usr/local/lib/python3.8/dist-packages/neutron_lib/callbacks/manager.py:176}}
Mar 09 10:03:00.002799 dv-neutron-832594-2-hyperv neutron-server[104084]: DEBUG neutron.api.rpc.handlers.resources_rpc [None req-e00afe02-ff1d-40a8-b2d1-52d8928727b3 admin admin] Pushing event updated for resources: {'Port': ['ID=ef26295a-3c5d-4ca6-9704-c23684107b37,revision_number=1']} {{(pid=104084) push /opt/stack/neutron/neutron/api/rpc/handlers/resources_rpc.py:237}}
Mar 09 10:03:00.004424 dv-neutron-832594-2-hyperv neutron-server[104083]: INFO neutron.wsgi [None req-e5fb2c5e-afdc-4c65-bfbc-2bfac02b37f9 admin admin] 10.222.0.18 "POST /v2.0/routers HTTP/1.1" status: 201 len: 916 time: 6.2615478
Mar 09 10:03:00.005850 dv-neutron-832594-2-hyperv neutron-server[104083]: DEBUG neutron.plugins.ml2.drivers.mech_agent [None req-66254ec3-5270-4b7d-ada1-bfb698db3d01 tempest-PortsAdminExtendedAttrsIpV6TestJSON-152683809 tempest-PortsAdminExtendedAttrsIpV6TestJSON-152683809-project-admin] Port 75762f02-895d-428f-9468-4a7b71aaf6a9 on network 0ea020ed-f5df-4aed-b696-669343e4970d not bound, no agent of type Open vSwitch agent registered on host hv-neutron-8325 {{(pid=104083) bind_port /opt/stack/neutron/neutron/plugins/ml2/drivers/mech_agent.py:103}}
Mar 09 10:03:00.006524 dv-neutron-832594-2-hyperv neutron-server[104083]: ERROR neutron.plugins.ml2.managers [None req-66254ec3-5270-4b7d-ada1-bfb698db3d01 tempest-PortsAdminExtendedAttrsIpV6TestJSON-152683809 tempest-PortsAdminExtendedAttrsIpV6TestJSON-152683809-project-admin] Failed to bind port 75762f02-895d-428f-9468-4a7b71aaf6a9 on host hv-neutron-8325 for vnic_type normal using segments [{'id': 'de8c186a-58aa-428c-be60-a46168bff847', 'network_type': 'vlan', 'physical_network': 'physnet1', 'segmentation_id': 106, 'network_id': '0ea020ed-f5df-4aed-b696-669343e4970d'}]
Mar 09 10:03:00.008901 dv-neutron-832594-2-hyperv neutron-server[104083]: DEBUG neutron.wsgi [-] (104083) accepted ('10.222.0.18', 51280) {{(pid=104083) server /usr/local/lib/python3.8/dist-packages/eventlet/wsgi.py:1004}}
Mar 09 10:03:00.014920 dv-neutron-832594-2-hyperv neutron-server[104083]: INFO neutron.plugins.ml2.plugin [None req-66254ec3-5270-4b7d-ada1-bfb698db3d01 tempest-PortsAdminExtendedAttrsIpV6TestJSON-152683809 tempest-PortsAdminExtendedAttrsIpV6TestJSON-152683809-project-admin] Attempt 10 to bind port 75762f02-895d-428f-9468-4a7b71aaf6a9
Mar 09 10:03:00.030339 dv-neutron-832594-2-hyperv neutron-server[104085]: DEBUG neutron.api.rpc.handlers.dhcp_rpc [None req-4301825b-96dc-41dc-9ee4-d77c791b05e7 None None] Create dhcp port {'port': {'name': '', 'admin_state_up': True, 'device_id': 'dhcp131a68d7-250d-5fcf-996d-76d6c1e3bf26-2eaba3a4-9353-4554-b77f-86fa33b09f6c', 'network_id': '2eaba3a4-9353-4554-b77f-86fa33b09f6c', 'project_id': 'decdda6986e74e2782fa5d08fb972a56', 'fixed_ips': [{'subnet_id': 'bec596be-d86f-45bf-85f7-25a7ca937a94'}]}} from dv-neutron-832594-2-hyperv. {{(pid=104085) create_dhcp_port /opt/stack/neutron/neutron/api/rpc/handlers/dhcp_rpc.py:268}}
Mar 09 10:03:00.031194 dv-neutron-832594-2-hyperv neutron-server[104085]: DEBUG neutron_lib.callbacks.manager [None req-4301825b-96dc-41dc-9ee4-d77c791b05e7 None None] Publish callbacks ['neutron.plugins.ml2.plugin.SecurityGroupDbMixin._ensure_default_security_group_handler-32995472'] for port (None), before_create {{(pid=104085) _notify_loop /usr/local/lib/python3.8/dist-packages/neutron_lib/callbacks/manager.py:176}}
Mar 09 10:03:00.057745 dv-neutron-832594-2-hyperv neutron-server[104085]: DEBUG neutron.api.rpc.handlers.dhcp_rpc [None req-2530d385-7e98-4e83-be5b-1d17543357a4 None None] Network df2c5996-9ffa-4c2a-9dea-70446e02d17b requested from dv-neutron-832594-2-hyperv {{(pid=104085) get_network_info /opt/stack/neutron/neutron/api/rpc/handlers/dhcp_rpc.py:191}}
Mar 09 10:03:00.104951 dv-neutron-832594-2-hyperv neutron-server[104085]: DEBUG neutron.db.l3_dvr_db [None req-604b48ad-9a8f-49be-a479-326ba3e7aa85 None None] Set router da7d51d1-99cf-4945-a37f-29cd6b359202 gateway port host: dv-neutron-832594-2-hyperv {{(pid=104085) _build_routers_list /opt/stack/neutron/neutron/db/l3_dvr_db.py:906}}
Mar 09 10:03:00.122280 dv-neutron-832594-2-hyperv neutron-server[104084]: DEBUG neutron_lib.callbacks.manager [None req-e00afe02-ff1d-40a8-b2d1-52d8928727b3 admin admin] Publish callbacks ['neutron.services.l3_router.l3_router_plugin.DVRResourceOperationHandler._add_csnat_on_interface_create-1818368'] for router_interface (d9c7436c-005c-4d9c-840a-7221da75931c), before_create {{(pid=104084) _notify_loop /usr/local/lib/python3.8/dist-packages/neutron_lib/callbacks/manager.py:176}}
Mar 09 10:03:00.255544 dv-neutron-832594-2-hyperv neutron-server[104084]: DEBUG neutron_lib.callbacks.manager [None req-355fe8f0-7907-474b-907e-353df4cfbe19 tempest-ExternalNetworksTestJSON-928504758 tempest-ExternalNetworksTestJSON-928504758-project-admin] Publish callbacks ['neutron.plugins.ml2.plugin.Ml2Plugin._network_delete_after_delete_handler-32968755', 'neutron.plugins.ml2.ovo_rpc._ObjectChangeHandler.handle_event-1890220', 'neutron.api.rpc.agentnotifiers.dhcp_rpc_agent_api.DhcpAgentNotifyAPI._native_event_send_dhcp_notification-1611583', 'neutron.services.l3_router.l3_router_plugin.DVRResourceOperationHandler.delete_fip_namespaces_for_ext_net-1817717'] for network (394d7b62-3483-4efd-8091-945d752ff8a3), after_delete {{(pid=104084) _notify_loop /usr/local/lib/python3.8/dist-packages/neutron_lib/callbacks/manager.py:176}}
Mar 09 10:03:00.410698 dv-neutron-832594-2-hyperv neutron-server[104084]: DEBUG neutron.api.rpc.agentnotifiers.l3_rpc_agent_api [None req-355fe8f0-7907-474b-907e-353df4cfbe19 tempest-ExternalNetworksTestJSON-928504758 tempest-ExternalNetworksTestJSON-928504758-project-admin] Fanout notify agent at l3_agent the message fipnamespace_delete_on_ext_net for external_network 394d7b62-3483-4efd-8091-945d752ff8a3 {{(pid=104084) _notification_fanout /opt/stack/neutron/neutron/api/rpc/agentnotifiers/l3_rpc_agent_api.py:120}}
Mar 09 10:03:00.417321 dv-neutron-832594-2-hyperv neutron-server[104084]: DEBUG neutron.api.rpc.handlers.resources_rpc [None req-355fe8f0-7907-474b-907e-353df4cfbe19 tempest-ExternalNetworksTestJSON-928504758 tempest-ExternalNetworksTestJSON-928504758-project-admin] Pushing event deleted for resources: {'Network': ['ID=394d7b62-3483-4efd-8091-945d752ff8a3,revision_number=None']} {{(pid=104084) push /opt/stack/neutron/neutron/api/rpc/handlers/resources_rpc.py:237}}
Mar 09 10:03:00.421504 dv-neutron-832594-2-hyperv neutron-server[104084]: DEBUG neutron_lib.callbacks.manager [None req-355fe8f0-7907-474b-907e-353df4cfbe19 tempest-ExternalNetworksTestJSON-928504758 tempest-ExternalNetworksTestJSON-928504758-project-admin] Publish callbacks ['neutron.api.rpc.agentnotifiers.dhcp_rpc_agent_api.DhcpAgentNotifyAPI._send_dhcp_notification-1611565'] for network (None), before_response {{(pid=104084) _notify_loop /usr/local/lib/python3.8/dist-packages/neutron_lib/callbacks/manager.py:176}}
Mar 09 10:03:00.424881 dv-neutron-832594-2-hyperv neutron-server[104084]: INFO neutron.wsgi [None req-355fe8f0-7907-474b-907e-353df4cfbe19 tempest-ExternalNetworksTestJSON-928504758 tempest-ExternalNetworksTestJSON-928504758-project-admin] 10.222.0.18 "DELETE /v2.0/networks/394d7b62-3483-4efd-8091-945d752ff8a3 HTTP/1.1" status: 204 len: 168 time: 1.4082499
Mar 09 10:03:00.435982 dv-neutron-832594-2-hyperv neutron-server[104084]: DEBUG neutron.wsgi [-] (104084) accepted ('10.222.0.18', 51284) {{(pid=104084) server /usr/local/lib/python3.8/dist-packages/eventlet/wsgi.py:1004}}
Mar 09 10:03:00.451469 dv-neutron-832594-2-hyperv neutron-server[104084]: DEBUG neutron.api.v2.base [None req-d0b629bc-df26-4e0e-a717-44417b74c9da tempest-ExternalNetworksTestJSON-928504758 tempest-ExternalNetworksTestJSON-928504758-project-admin] Request body: {'network': {'router:external': True}} {{(pid=104084) prepare_request_body /opt/stack/neutron/neutron/api/v2/base.py:729}}
Mar 09 10:03:00.460981 dv-neutron-832594-2-hyperv neutron-server[104083]: DEBUG neutron.plugins.ml2.managers [None req-66254ec3-5270-4b7d-ada1-bfb698db3d01 tempest-PortsAdminExtendedAttrsIpV6TestJSON-152683809 tempest-PortsAdminExtendedAttrsIpV6TestJSON-152683809-project-admin] Attempting to bind port 75762f02-895d-428f-9468-4a7b71aaf6a9 on host hv-neutron-8325 for vnic_type normal with profile {{(pid=104083) bind_port /opt/stack/neutron/neutron/plugins/ml2/managers.py:795}}
Mar 09 10:03:00.461402 dv-neutron-832594-2-hyperv neutron-server[104083]: DEBUG neutron.plugins.ml2.managers [None req-66254ec3-5270-4b7d-ada1-bfb698db3d01 tempest-PortsAdminExtendedAttrsIpV6TestJSON-152683809 tempest-PortsAdminExtendedAttrsIpV6TestJSON-152683809-project-admin] Attempting to bind port 75762f02-895d-428f-9468-4a7b71aaf6a9 by drivers openvswitch,hyperv on host hv-neutron-8325 at level 0 using segments [{'id': 'de8c186a-58aa-428c-be60-a46168bff847', 'network_type': 'vlan', 'physical_network': 'physnet1', 'segmentation_id': 106, 'network_id': '0ea020ed-f5df-4aed-b696-669343e4970d'}] {{(pid=104083) _bind_port_level /opt/stack/neutron/neutron/plugins/ml2/managers.py:820}}
Mar 09 10:03:00.461819 dv-neutron-832594-2-hyperv neutron-server[104083]: DEBUG neutron.plugins.ml2.drivers.mech_agent [None req-66254ec3-5270-4b7d-ada1-bfb698db3d01 tempest-PortsAdminExtendedAttrsIpV6TestJSON-152683809 tempest-PortsAdminExtendedAttrsIpV6TestJSON-152683809-project-admin] Attempting to bind port 75762f02-895d-428f-9468-4a7b71aaf6a9 on network 0ea020ed-f5df-4aed-b696-669343e4970d {{(pid=104083) bind_port /opt/stack/neutron/neutron/plugins/ml2/drivers/mech_agent.py:91}}
Mar 09 10:03:00.475560 dv-neutron-832594-2-hyperv neutron-server[104085]: DEBUG neutron.db.db_base_plugin_common [None req-4301825b-96dc-41dc-9ee4-d77c791b05e7 None None] Allocated IP 172.20.0.2 (2eaba3a4-9353-4554-b77f-86fa33b09f6c/bec596be-d86f-45bf-85f7-25a7ca937a94/e4b0b103-4abf-4144-82b8-6a078c2cfda9) {{(pid=104085) _store_ip_allocation /opt/stack/neutron/neutron/db/db_base_plugin_common.py:131}}
Mar 09 10:03:00.539961 dv-neutron-832594-2-hyperv neutron-server[104083]: DEBUG neutron.plugins.ml2.drivers.mech_agent [None req-66254ec3-5270-4b7d-ada1-bfb698db3d01 tempest-PortsAdminExtendedAttrsIpV6TestJSON-152683809 tempest-PortsAdminExtendedAttrsIpV6TestJSON-152683809-project-admin] Port 75762f02-895d-428f-9468-4a7b71aaf6a9 on network 0ea020ed-f5df-4aed-b696-669343e4970d not bound, no agent of type Open vSwitch agent registered on host hv-neutron-8325 {{(pid=104083) bind_port /opt/stack/neutron/neutron/plugins/ml2/drivers/mech_agent.py:103}}
Mar 09 10:03:00.540295 dv-neutron-832594-2-hyperv neutron-server[104083]: ERROR neutron.plugins.ml2.managers [None req-66254ec3-5270-4b7d-ada1-bfb698db3d01 tempest-PortsAdminExtendedAttrsIpV6TestJSON-152683809 tempest-PortsAdminExtendedAttrsIpV6TestJSON-152683809-project-admin] Failed to bind port 75762f02-895d-428f-9468-4a7b71aaf6a9 on host hv-neutron-8325 for vnic_type normal using segments [{'id': 'de8c186a-58aa-428c-be60-a46168bff847', 'network_type': 'vlan', 'physical_network': 'physnet1', 'segmentation_id': 106, 'network_id': '0ea020ed-f5df-4aed-b696-669343e4970d'}]
Mar 09 10:03:00.540661 dv-neutron-832594-2-hyperv neutron-server[104083]: DEBUG neutron_lib.callbacks.manager [None req-66254ec3-5270-4b7d-ada1-bfb698db3d01 tempest-PortsAdminExtendedAttrsIpV6TestJSON-152683809 tempest-PortsAdminExtendedAttrsIpV6TestJSON-152683809-project-admin] Publish callbacks ['neutron.plugins.ml2.plugin.SecurityGroupDbMixin._ensure_default_security_group_handler-32995472'] for port (75762f02-895d-428f-9468-4a7b71aaf6a9), before_update {{(pid=104083) _notify_loop /usr/local/lib/python3.8/dist-packages/neutron_lib/callbacks/manager.py:176}}
Mar 09 10:03:00.544326 dv-neutron-832594-2-hyperv neutron-server[104083]: DEBUG neutron_lib.callbacks.manager [None req-58d4261e-617b-47db-aef4-27a86a30a1ad tempest-QuotasNegativeTest-322478864 tempest-QuotasNegativeTest-322478864-project-admin] Publish callbacks ['neutron.plugins.ml2.plugin.External_net_db_mixin._before_network_delete_handler-32963130'] for network (9c8bf414-6f68-415c-8019-fee1df2ca1f5), before_delete {{(pid=104083) _notify_loop /usr/local/lib/python3.8/dist-packages/neutron_lib/callbacks/manager.py:176}}
Mar 09 10:03:00.568339 dv-neutron-832594-2-hyperv neutron-server[104085]: DEBUG neutron.db.provisioning_blocks [None req-9cfb9408-67e1-4dac-9b12-23960f918a22 None None] Provisioning complete for port ef26295a-3c5d-4ca6-9704-c23684107b37 triggered by entity DHCP. {{(pid=104085) provisioning_complete /opt/stack/neutron/neutron/db/provisioning_blocks.py:140}}
Mar 09 10:03:00.568713 dv-neutron-832594-2-hyperv neutron-server[104085]: DEBUG neutron_lib.callbacks.manager [None req-9cfb9408-67e1-4dac-9b12-23960f918a22 None None] Publish callbacks ['neutron.plugins.ml2.plugin.Ml2Plugin._port_provisioned-32967335'] for port (ef26295a-3c5d-4ca6-9704-c23684107b37), provisioning_complete {{(pid=104085) _notify_loop /usr/local/lib/python3.8/dist-packages/neutron_lib/callbacks/manager.py:176}}
Mar 09 10:03:00.589208 dv-neutron-832594-2-hyperv neutron-server[104083]: DEBUG neutron_lib.callbacks.manager [None req-d9227f5f-d021-4b23-bd0d-323043d1fb75 tempest-RoutersTestDVR-1633057751 tempest-RoutersTestDVR-1633057751-project-admin] Publish callbacks ['neutron.services.l3_router.l3_router_plugin.DVRResourceOperationHandler._handle_distributed_migration-1817622', 'neutron.services.l3_router.l3_router_plugin.L3_HA_NAT_db_mixin._validate_migration-1815489', 'neutron.services.l3_router.service_providers.driver_controller.DriverController._update_router_provider-26692'] for router (98b9068a-edb9-44ba-ab3c-8141606e8bb4), precommit_update {{(pid=104083) _notify_loop /usr/local/lib/python3.8/dist-packages/neutron_lib/callbacks/manager.py:176}}
Mar 09 10:03:00.589603 dv-neutron-832594-2-hyperv neutron-server[104083]: DEBUG neutron_lib.callbacks.manager [None req-d9227f5f-d021-4b23-bd0d-323043d1fb75 tempest-RoutersTestDVR-1633057751 tempest-RoutersTestDVR-1633057751-project-admin] Publish callbacks [] for router (98b9068a-edb9-44ba-ab3c-8141606e8bb4), before_update {{(pid=104083) _notify_loop /usr/local/lib/python3.8/dist-packages/neutron_lib/callbacks/manager.py:176}}
Mar 09 10:03:00.598039 dv-neutron-832594-2-hyperv neutron-server[104083]: DEBUG neutron.pecan_wsgi.hooks.quota_enforcement [None req-d6362054-ca2c-4fef-a9bf-050b1edcf40c tempest-RoutersAdminTest-22936427 tempest-RoutersAdminTest-22936427-project-admin] Made reservation on behalf of 942235047c9047afbb8ce8d257755f5a for: {'port': 1} {{(pid=104083) before /opt/stack/neutron/neutron/pecan_wsgi/hooks/quota_enforcement.py:53}}
Mar 09 10:03:00.600378 dv-neutron-832594-2-hyperv neutron-server[104083]: DEBUG neutron_lib.callbacks.manager [None req-d6362054-ca2c-4fef-a9bf-050b1edcf40c tempest-RoutersAdminTest-22936427 tempest-RoutersAdminTest-22936427-project-admin] Publish callbacks ['neutron.plugins.ml2.plugin.SecurityGroupDbMixin._ensure_default_security_group_handler-32995472'] for port (None), before_create {{(pid=104083) _notify_loop /usr/local/lib/python3.8/dist-packages/neutron_lib/callbacks/manager.py:176}}
Mar 09 10:03:00.672868 dv-neutron-832594-2-hyperv neutron-server[104085]: DEBUG neutron.plugins.ml2.plugin [None req-9cfb9408-67e1-4dac-9b12-23960f918a22 None None] Port ef26295a-3c5d-4ca6-9704-c23684107b37 cannot update to ACTIVE because it is not bound. {{(pid=104085) _port_provisioned /opt/stack/neutron/neutron/plugins/ml2/plugin.py:343}}
Mar 09 10:03:00.679369 dv-neutron-832594-2-hyperv neutron-server[104084]: DEBUG neutron_lib.callbacks.manager [None req-e00afe02-ff1d-40a8-b2d1-52d8928727b3 admin admin] Publish callbacks ['neutron.plugins.ml2.plugin.SecurityGroupDbMixin._ensure_default_security_group_handler-32995472'] for port (ef26295a-3c5d-4ca6-9704-c23684107b37), before_update {{(pid=104084) _notify_loop /usr/local/lib/python3.8/dist-packages/neutron_lib/callbacks/manager.py:176}}
Mar 09 10:03:00.701754 dv-neutron-832594-2-hyperv neutron-server[104084]: DEBUG neutron.pecan_wsgi.hooks.quota_enforcement [None req-d0b629bc-df26-4e0e-a717-44417b74c9da tempest-ExternalNetworksTestJSON-928504758 tempest-ExternalNetworksTestJSON-928504758-project-admin] Made reservation on behalf of aeaa3d2888a641789ec70efe0d2e63f3 for: {'network': 1} {{(pid=104084) before /opt/stack/neutron/neutron/pecan_wsgi/hooks/quota_enforcement.py:53}}
Mar 09 10:03:00.707602 dv-neutron-832594-2-hyperv neutron-server[104084]: DEBUG neutron_lib.callbacks.manager [None req-d0b629bc-df26-4e0e-a717-44417b74c9da tempest-ExternalNetworksTestJSON-928504758 tempest-ExternalNetworksTestJSON-928504758-project-admin] Publish callbacks ['neutron.plugins.ml2.plugin.SecurityGroupDbMixin._ensure_default_security_group_handler-32995472'] for network (None), before_create {{(pid=104084) _notify_loop /usr/local/lib/python3.8/dist-packages/neutron_lib/callbacks/manager.py:176}}
Mar 09 10:03:00.754534 dv-neutron-832594-2-hyperv neutron-server[104085]: DEBUG neutron_lib.callbacks.manager [None req-4301825b-96dc-41dc-9ee4-d77c791b05e7 None None] Publish callbacks [] for port (e4b0b103-4abf-4144-82b8-6a078c2cfda9), precommit_create {{(pid=104085) _notify_loop /usr/local/lib/python3.8/dist-packages/neutron_lib/callbacks/manager.py:176}}
Mar 09 10:03:00.767097 dv-neutron-832594-2-hyperv neutron-server[104085]: DEBUG neutron.db.l3_hamode_db [None req-604b48ad-9a8f-49be-a479-326ba3e7aa85 None None] neutron.services.l3_router.l3_router_plugin.L3RouterPlugin method _process_sync_ha_data called with arguments (, [{'id': 'da7d51d1-99cf-4945-a37f-29cd6b359202', 'name': 'tempest-ServersTestJSON-603121669-router', 'tenant_id': '0b46185ec13e49d892f0c2bba960b3c9', 'admin_state_up': True, 'status': 'ACTIVE', 'external_gateway_info': {'network_id': 'c0a97618-91ff-4241-af28-3c89b208f669', 'external_fixed_ips': [{'subnet_id': '7d787688-c1ff-4169-8cfe-ea9034c67af3', 'ip_address': '172.26.4.17'}], 'enable_snat': True}, 'gw_port_id': '5b289667-5489-4919-b160-ccb2355e130a', 'description': '', 'availability_zones': ['nova'], 'distributed': False, 'ha': False, 'ha_vr_id': 0, 'availability_zone_hints': [], 'routes': [], 'flavor_id': None, 'tags': [], 'created_at': '2022-03-09T10:02:53Z', 'updated_at': '2022-03-09T10:02:56Z', 'revision_number': 3, 'project_id': '0b46185ec13e49d892f0c2bba960b3c9', 'gw_port': {'id': '5b289667-5489-4919-b160-ccb2355e130a', 'name': '', 'network_id': 'c0a97618-91ff-4241-af28-3c89b208f669', 'tenant_id': '', 'mac_address': 'fa:16:3e:0d:30:ac', 'admin_state_up': True, 'status': 'DOWN', 'device_id': 'da7d51d1-99cf-4945-a37f-29cd6b359202', 'device_owner': 'network:router_gateway', 'standard_attr_id': 69, 'fixed_ips': [{'subnet_id': '7d787688-c1ff-4169-8cfe-ea9034c67af3', 'ip_address': '172.26.4.17', 'prefixlen': 24}], 'allowed_address_pairs': [], 'extra_dhcp_opts': [], 'security_groups': [], 'description': '', 'binding:vnic_type': 'normal', 'binding:profile': {}, 'binding:host_id': '', 'binding:vif_type': 'unbound', 'binding:vif_details': {}, 'port_security_enabled': False, 'tags': [], 'created_at': '2022-03-09T10:02:55Z', 'updated_at': '2022-03-09T10:02:55Z', 'revision_number': 1, 'project_id': '', 'subnets': [{'id': '7d787688-c1ff-4169-8cfe-ea9034c67af3', 'cidr': '172.26.4.0/24', 'gateway_ip': '172.26.4.1', 'dns_nameservers': [], 'ipv6_ra_mode': None, 'subnetpool_id': None}], 'extra_subnets': [], 'address_scopes': {4: None, 6: None}, 'mtu': 1500}, 'enable_snat': True, 'gw_port_host': 'dv-neutron-832594-2-hyperv'}], 'dv-neutron-832594-2-hyperv', False) {} {{(pid=104085) wrapper /usr/local/lib/python3.8/dist-packages/oslo_log/helpers.py:65}}
Mar 09 10:03:00.769682 dv-neutron-832594-2-hyperv neutron-server[104083]: DEBUG neutron.notifiers.nova [None req-d6362054-ca2c-4fef-a9bf-050b1edcf40c tempest-RoutersAdminTest-22936427 tempest-RoutersAdminTest-22936427-project-admin] device_id is not set on port 964a6483-59fa-4db2-a33f-e81ea462360e yet. {{(pid=104083) _can_notify /opt/stack/neutron/neutron/notifiers/nova.py:199}}
Mar 09 10:03:00.782141 dv-neutron-832594-2-hyperv neutron-server[104084]: DEBUG neutron.plugins.ml2.drivers.helpers [None req-d0b629bc-df26-4e0e-a717-44417b74c9da tempest-ExternalNetworksTestJSON-928504758 tempest-ExternalNetworksTestJSON-928504758-project-admin] vlan segment allocate from pool success with {'physical_network': 'physnet1', 'vlan_id': 143} {{(pid=104084) allocate_partially_specified_segment /opt/stack/neutron/neutron/plugins/ml2/drivers/helpers.py:153}}
Mar 09 10:03:00.806952 dv-neutron-832594-2-hyperv neutron-server[104084]: DEBUG neutron_lib.callbacks.manager [None req-d0b629bc-df26-4e0e-a717-44417b74c9da tempest-ExternalNetworksTestJSON-928504758 tempest-ExternalNetworksTestJSON-928504758-project-admin] Publish callbacks ['neutron.plugins.ml2.plugin.Ml2Plugin._handle_segment_change-32908062'] for segment (8ff7d5d2-91f4-4ae6-8ab8-5c6fda918aed), precommit_create {{(pid=104084) _notify_loop /usr/local/lib/python3.8/dist-packages/neutron_lib/callbacks/manager.py:176}}
Mar 09 10:03:00.807283 dv-neutron-832594-2-hyperv neutron-server[104084]: INFO neutron.db.segments_db [None req-d0b629bc-df26-4e0e-a717-44417b74c9da tempest-ExternalNetworksTestJSON-928504758 tempest-ExternalNetworksTestJSON-928504758-project-admin] Added segment 8ff7d5d2-91f4-4ae6-8ab8-5c6fda918aed of type vlan for network fc99beb4-9d70-4f25-aa72-c76775e219ba
Mar 09 10:03:00.826368 dv-neutron-832594-2-hyperv neutron-server[104085]: DEBUG neutron.api.rpc.handlers.l3_rpc [None req-604b48ad-9a8f-49be-a479-326ba3e7aa85 None None] Checking router: da7d51d1-99cf-4945-a37f-29cd6b359202 for host: dv-neutron-832594-2-hyperv {{(pid=104085) _ensure_host_set_on_ports /opt/stack/neutron/neutron/api/rpc/handlers/l3_rpc.py:155}}
Mar 09 10:03:00.827625 dv-neutron-832594-2-hyperv neutron-server[104085]: DEBUG neutron.api.rpc.handlers.l3_rpc [None req-604b48ad-9a8f-49be-a479-326ba3e7aa85 None None] Updating router da7d51d1-99cf-4945-a37f-29cd6b359202 port 5b289667-5489-4919-b160-ccb2355e130a binding host dv-neutron-832594-2-hyperv {{(pid=104085) _ensure_host_set_on_port /opt/stack/neutron/neutron/api/rpc/handlers/l3_rpc.py:205}}
Mar 09 10:03:00.845644 dv-neutron-832594-2-hyperv neutron-server[104083]: DEBUG neutron.services.l3_router.service_providers.driver_controller [None req-d9227f5f-d021-4b23-bd0d-323043d1fb75 tempest-RoutersTestDVR-1633057751 tempest-RoutersTestDVR-1633057751-project-admin] Get a provider driver handle based on the ha flag: False and distributed flag: True {{(pid=104083) _update_router_provider /opt/stack/neutron/neutron/services/l3_router/service_providers/driver_controller.py:160}}
Mar 09 10:03:00.846205 dv-neutron-832594-2-hyperv neutron-server[104083]: DEBUG neutron.services.l3_router.service_providers.driver_controller [None req-d9227f5f-d021-4b23-bd0d-323043d1fb75 tempest-RoutersTestDVR-1633057751 tempest-RoutersTestDVR-1633057751-project-admin] Router 98b9068a-edb9-44ba-ab3c-8141606e8bb4 migrating from provider to provider. {{(pid=104083) _update_router_provider /opt/stack/neutron/neutron/services/l3_router/service_providers/driver_controller.py:167}}
Mar 09 10:03:00.846745 dv-neutron-832594-2-hyperv neutron-server[104083]: DEBUG neutron_lib.callbacks.manager [None req-d9227f5f-d021-4b23-bd0d-323043d1fb75 tempest-RoutersTestDVR-1633057751 tempest-RoutersTestDVR-1633057751-project-admin] Publish callbacks [] for router_controller (98b9068a-edb9-44ba-ab3c-8141606e8bb4), precommit_delete_associations {{(pid=104083) _notify_loop /usr/local/lib/python3.8/dist-packages/neutron_lib/callbacks/manager.py:176}}
Mar 09 10:03:00.878305 dv-neutron-832594-2-hyperv neutron-server[104083]: DEBUG neutron_lib.callbacks.manager [None req-d9227f5f-d021-4b23-bd0d-323043d1fb75 tempest-RoutersTestDVR-1633057751 tempest-RoutersTestDVR-1633057751-project-admin] Publish callbacks [] for router_controller (98b9068a-edb9-44ba-ab3c-8141606e8bb4), precommit_add_association {{(pid=104083) _notify_loop /usr/local/lib/python3.8/dist-packages/neutron_lib/callbacks/manager.py:176}}
Mar 09 10:03:00.878550 dv-neutron-832594-2-hyperv neutron-server[104085]: DEBUG neutron_lib.callbacks.manager [None req-4301825b-96dc-41dc-9ee4-d77c791b05e7 None None] Publish callbacks ['neutron.plugins.ml2.plugin.SecurityGroupServerNotifierRpcMixin._notify_sg_on_port_change-32995551', 'neutron.plugins.ml2.ovo_rpc._ObjectChangeHandler.handle_event-98146', 'neutron.api.rpc.agentnotifiers.dhcp_rpc_agent_api.DhcpAgentNotifyAPI._native_event_send_dhcp_notification-1611583', 'neutron.db.l3_dvrscheduler_db._notify_l3_agent_new_port-8757420336038'] for port (e4b0b103-4abf-4144-82b8-6a078c2cfda9), after_create {{(pid=104085) _notify_loop /usr/local/lib/python3.8/dist-packages/neutron_lib/callbacks/manager.py:176}}
Mar 09 10:03:00.894402 dv-neutron-832594-2-hyperv neutron-server[104085]: DEBUG neutron_lib.callbacks.manager [None req-604b48ad-9a8f-49be-a479-326ba3e7aa85 None None] Publish callbacks ['neutron.plugins.ml2.plugin.SecurityGroupDbMixin._ensure_default_security_group_handler-32995472'] for port (5b289667-5489-4919-b160-ccb2355e130a), before_update {{(pid=104085) _notify_loop /usr/local/lib/python3.8/dist-packages/neutron_lib/callbacks/manager.py:176}}
Mar 09 10:03:00.902984 dv-neutron-832594-2-hyperv neutron-server[104084]: DEBUG neutron_lib.callbacks.manager [None req-d0b629bc-df26-4e0e-a717-44417b74c9da tempest-ExternalNetworksTestJSON-928504758 tempest-ExternalNetworksTestJSON-928504758-project-admin] Publish callbacks ['neutron.services.auto_allocate.db._ensure_external_network_default_value_callback-8757420343044'] for network (fc99beb4-9d70-4f25-aa72-c76775e219ba), precommit_create {{(pid=104084) _notify_loop /usr/local/lib/python3.8/dist-packages/neutron_lib/callbacks/manager.py:176}}
Mar 09 10:03:00.933192 dv-neutron-832594-2-hyperv neutron-server[104083]: DEBUG neutron.pecan_wsgi.hooks.quota_enforcement [None req-69f7f519-c47e-445a-b118-bc7c3b394cdc tempest-AllowedAddressPairTestJSON-1317237263 tempest-AllowedAddressPairTestJSON-1317237263-project] Made reservation on behalf of decdda6986e74e2782fa5d08fb972a56 for: {'port': 1} {{(pid=104083) before /opt/stack/neutron/neutron/pecan_wsgi/hooks/quota_enforcement.py:53}}
Mar 09 10:03:00.936649 dv-neutron-832594-2-hyperv neutron-server[104083]: DEBUG neutron_lib.callbacks.manager [None req-69f7f519-c47e-445a-b118-bc7c3b394cdc tempest-AllowedAddressPairTestJSON-1317237263 tempest-AllowedAddressPairTestJSON-1317237263-project] Publish callbacks ['neutron.plugins.ml2.plugin.SecurityGroupDbMixin._ensure_default_security_group_handler-32995472'] for port (None), before_create {{(pid=104083) _notify_loop /usr/local/lib/python3.8/dist-packages/neutron_lib/callbacks/manager.py:176}}
Mar 09 10:03:00.968295 dv-neutron-832594-2-hyperv neutron-server[104083]: DEBUG neutron_lib.callbacks.manager [None req-d9227f5f-d021-4b23-bd0d-323043d1fb75 tempest-RoutersTestDVR-1633057751 tempest-RoutersTestDVR-1633057751-project-admin] Publish callbacks ['neutron.services.l3_router.l3_router_plugin.DVRResourceOperationHandler._create_snat_interfaces_after_change-1817645', 'neutron.services.l3_router.l3_router_plugin.DVRResourceOperationHandler._delete_distributed_port_bindings_after_change-1817631', 'neutron.services.l3_router.l3_router_plugin.DVRResourceOperationHandler._delete_snat_interfaces_after_change-1817636', 'neutron.services.l3_router.l3_router_plugin.L3_HA_NAT_db_mixin._reconfigure_ha_resources-1815502'] for router (98b9068a-edb9-44ba-ab3c-8141606e8bb4), after_update {{(pid=104083) _notify_loop /usr/local/lib/python3.8/dist-packages/neutron_lib/callbacks/manager.py:176}}
Mar 09 10:03:00.971656 dv-neutron-832594-2-hyperv neutron-server[104083]: DEBUG neutron.plugins.ml2.db [None req-66254ec3-5270-4b7d-ada1-bfb698db3d01 tempest-PortsAdminExtendedAttrsIpV6TestJSON-152683809 tempest-PortsAdminExtendedAttrsIpV6TestJSON-152683809-project-admin] For port 75762f02-895d-428f-9468-4a7b71aaf6a9, host hv-neutron-8325, cleared binding levels {{(pid=104083) clear_binding_levels /opt/stack/neutron/neutron/plugins/ml2/db.py:87}}
Mar 09 10:03:00.972028 dv-neutron-832594-2-hyperv neutron-server[104083]: DEBUG neutron.plugins.ml2.db [None req-66254ec3-5270-4b7d-ada1-bfb698db3d01 tempest-PortsAdminExtendedAttrsIpV6TestJSON-152683809 tempest-PortsAdminExtendedAttrsIpV6TestJSON-152683809-project-admin] Attempted to set empty binding levels {{(pid=104083) set_binding_levels /opt/stack/neutron/neutron/plugins/ml2/db.py:65}}
Mar 09 10:03:00.984631 dv-neutron-832594-2-hyperv neutron-server[104085]: DEBUG neutron.scheduler.dhcp_agent_scheduler [None req-4301825b-96dc-41dc-9ee4-d77c791b05e7 None None] Network 2eaba3a4-9353-4554-b77f-86fa33b09f6c is already hosted by enough agents. {{(pid=104085) _get_dhcp_agents_hosting_network /opt/stack/neutron/neutron/scheduler/dhcp_agent_scheduler.py:275}}
Mar 09 10:03:00.986896 dv-neutron-832594-2-hyperv neutron-server[104085]: DEBUG neutron.scheduler.base_scheduler [None req-4301825b-96dc-41dc-9ee4-d77c791b05e7 None None] Resources bound (agent type, host, resource id): {{(pid=104085) schedule /opt/stack/neutron/neutron/scheduler/base_scheduler.py:57}}
Mar 09 10:03:00.998655 dv-neutron-832594-2-hyperv neutron-server[104084]: DEBUG neutron_lib.callbacks.manager [None req-e00afe02-ff1d-40a8-b2d1-52d8928727b3 admin admin] Publish callbacks [] for port (ef26295a-3c5d-4ca6-9704-c23684107b37), precommit_update {{(pid=104084) _notify_loop /usr/local/lib/python3.8/dist-packages/neutron_lib/callbacks/manager.py:176}}
Mar 09 10:03:00.999264 dv-neutron-832594-2-hyperv neutron-server[104083]: DEBUG neutron_lib.callbacks.manager [None req-58d4261e-617b-47db-aef4-27a86a30a1ad tempest-QuotasNegativeTest-322478864 tempest-QuotasNegativeTest-322478864-project-admin] Publish callbacks ['neutron.plugins.ml2.plugin.Ml2Plugin._network_delete_precommit_handler-32968762', 'neutron.services.segments.db._delete_segments_for_network-8757420668263'] for network (9c8bf414-6f68-415c-8019-fee1df2ca1f5), precommit_delete {{(pid=104083) _notify_loop /usr/local/lib/python3.8/dist-packages/neutron_lib/callbacks/manager.py:176}}
Mar 09 10:03:01.058118 dv-neutron-832594-2-hyperv neutron-server[104085]: DEBUG neutron.db.l3_dvrscheduler_db [None req-4301825b-96dc-41dc-9ee4-d77c791b05e7 None None] Received port after_create {{(pid=104085) _notify_l3_agent_new_port /opt/stack/neutron/neutron/db/l3_dvrscheduler_db.py:536}}
