Mar 17 21:21:14.870299 dv-neutron-831730-7-hyperv devstack@n-api.service[103305]: DEBUG oslo_concurrency.lockutils [None req-cb3e596b-3d1c-49a1-90a2-894d33531213 tempest-ServersTestJSON-1669815019 tempest-ServersTestJSON-1669815019-project] Lock "f827727e-58c0-4331-b50e-784217d23e4b" released by "nova.context.set_target_cell..get_or_set_cached_cell_and_set_connections" :: held 0.002s {{(pid=103305) inner /usr/local/lib/python3.8/dist-packages/oslo_concurrency/lockutils.py:367}}
Mar 17 21:21:15.218427 dv-neutron-831730-7-hyperv devstack@n-api.service[103306]: DEBUG nova.policy [None req-fdb202ba-87c4-42d3-bb93-e5b362a2c366 tempest-ServerActionsTestJSON-797709582 tempest-ServerActionsTestJSON-797709582-project] Policy check for os_compute_api:os-extended-server-attributes failed with credentials {'is_admin': False, 'user_id': '616e60354acf49a383a8ccf1d898e693', 'user_domain_id': 'default', 'system_scope': None, 'domain_id': None, 'project_id': '70fc555f300e4231a409370ad233ff9f', 'project_domain_id': 'default', 'roles': ['reader', 'member'], 'is_admin_project': True, 'service_user_id': None, 'service_user_domain_id': None, 'service_project_id': None, 'service_project_domain_id': None, 'service_roles': []} {{(pid=103306) authorize /opt/stack/nova/nova/policy.py:199}}
Mar 17 21:21:15.232888 dv-neutron-831730-7-hyperv devstack@n-api.service[103306]: INFO nova.api.openstack.requestlog [None req-fdb202ba-87c4-42d3-bb93-e5b362a2c366 tempest-ServerActionsTestJSON-797709582 tempest-ServerActionsTestJSON-797709582-project] 10.222.0.32 "GET /compute/v2.1/servers/55ecc635-c23b-4ca7-a557-1ba7b12a684e" status: 200 len: 1364 microversion: 2.1 time: 1.006142
Mar 17 21:21:15.242614 dv-neutron-831730-7-hyperv devstack@n-api.service[103306]: [pid: 103306|app: 0|req: 20/39] 10.222.0.32 () {58 vars in 1235 bytes} [Thu Mar 17 21:21:14 2022] GET /compute/v2.1/servers/55ecc635-c23b-4ca7-a557-1ba7b12a684e => generated 1364 bytes in 1009 msecs (HTTP/1.1 200) 9 headers in 358 bytes (1 switches on core 0)
Mar 17 21:21:16.028631 dv-neutron-831730-7-hyperv devstack@n-api.service[103306]: DEBUG nova.api.openstack.wsgi [req-359513e7-7ff4-4d76-a3e9-1f808fa8555d req-8185d013-1ebc-401d-b29f-e2048c470fa8 service nova] Action: 'create', calling method: >, body: {"events": [{"server_uuid": "55ecc635-c23b-4ca7-a557-1ba7b12a684e", "name": "network-vif-plugged", "status": "completed", "tag": "5619b764-d7b6-45c1-bdf9-7aa385aa3a7d"}]} {{(pid=103306) _process_stack /opt/stack/nova/nova/api/openstack/wsgi.py:511}}
Mar 17 21:21:16.032538 dv-neutron-831730-7-hyperv devstack@n-api.service[103306]: /usr/local/lib/python3.8/dist-packages/oslo_policy/policy.py:1065: UserWarning: Policy os_compute_api:os-server-external-events:create failed scope check. The token used to make the request was project scoped but the policy requires ['system'] scope. This behavior may change in the future where using the intended scope is required
Mar 17 21:21:16.032538 dv-neutron-831730-7-hyperv devstack@n-api.service[103306]: warnings.warn(msg)
Mar 17 21:21:16.053057 dv-neutron-831730-7-hyperv devstack@n-api.service[103306]: DEBUG oslo_concurrency.lockutils [req-359513e7-7ff4-4d76-a3e9-1f808fa8555d req-8185d013-1ebc-401d-b29f-e2048c470fa8 service nova] Lock "f827727e-58c0-4331-b50e-784217d23e4b" acquired by "nova.context.set_target_cell..get_or_set_cached_cell_and_set_connections" :: waited 0.000s {{(pid=103306) inner /usr/local/lib/python3.8/dist-packages/oslo_concurrency/lockutils.py:355}}
Mar 17 21:21:16.053527 dv-neutron-831730-7-hyperv devstack@n-api.service[103306]: DEBUG oslo_concurrency.lockutils [req-359513e7-7ff4-4d76-a3e9-1f808fa8555d req-8185d013-1ebc-401d-b29f-e2048c470fa8 service nova] Lock "f827727e-58c0-4331-b50e-784217d23e4b" released by "nova.context.set_target_cell..get_or_set_cached_cell_and_set_connections" :: held 0.004s {{(pid=103306) inner /usr/local/lib/python3.8/dist-packages/oslo_concurrency/lockutils.py:367}}
Mar 17 21:21:16.062254 dv-neutron-831730-7-hyperv devstack@n-api.service[103305]: DEBUG nova.policy [None req-cb3e596b-3d1c-49a1-90a2-894d33531213 tempest-ServersTestJSON-1669815019 tempest-ServersTestJSON-1669815019-project] Policy check for os_compute_api:os-extended-server-attributes failed with credentials {'is_admin': False, 'user_id': 'b69d16d917c94e81815711ac86c3211e', 'user_domain_id': 'default', 'system_scope': None, 'domain_id': None, 'project_id': '2b92fec6279240ab9d285dc51009c6e2', 'project_domain_id': 'default', 'roles': ['reader', 'member'], 'is_admin_project': True, 'service_user_id': None, 'service_user_domain_id': None, 'service_project_id': None, 'service_project_domain_id': None, 'service_roles': []} {{(pid=103305) authorize /opt/stack/nova/nova/policy.py:199}}
Mar 17 21:21:16.070926 dv-neutron-831730-7-hyperv devstack@n-api.service[103305]: INFO nova.api.openstack.requestlog [None req-cb3e596b-3d1c-49a1-90a2-894d33531213 tempest-ServersTestJSON-1669815019 tempest-ServersTestJSON-1669815019-project] 10.222.0.32 "GET /compute/v2.1/servers/26e2dc7b-a20d-4b2a-81b9-44328d25a876" status: 200 len: 1394 microversion: 2.1 time: 1.228145
Mar 17 21:21:16.071466 dv-neutron-831730-7-hyperv devstack@n-api.service[103305]: [pid: 103305|app: 0|req: 20/40] 10.222.0.32 () {58 vars in 1235 bytes} [Thu Mar 17 21:21:14 2022] GET /compute/v2.1/servers/26e2dc7b-a20d-4b2a-81b9-44328d25a876 => generated 1394 bytes in 1230 msecs (HTTP/1.1 200) 9 headers in 358 bytes (2 switches on core 0)
Mar 17 21:21:16.095465 dv-neutron-831730-7-hyperv devstack@n-api.service[103306]: INFO nova.api.openstack.compute.server_external_events [req-359513e7-7ff4-4d76-a3e9-1f808fa8555d req-8185d013-1ebc-401d-b29f-e2048c470fa8 service nova] Creating event network-vif-plugged:5619b764-d7b6-45c1-bdf9-7aa385aa3a7d for instance 55ecc635-c23b-4ca7-a557-1ba7b12a684e on hv-neutron-8317
Mar 17 21:21:16.101106 dv-neutron-831730-7-hyperv devstack@n-api.service[103306]: INFO nova.api.openstack.requestlog [req-359513e7-7ff4-4d76-a3e9-1f808fa8555d req-8185d013-1ebc-401d-b29f-e2048c470fa8 service nova] 10.222.0.32 "POST /compute/v2.1/os-server-external-events" status: 200 len: 183 microversion: 2.1 time: 0.076911
Mar 17 21:21:16.102251 dv-neutron-831730-7-hyperv devstack@n-api.service[103306]: [pid: 103306|app: 0|req: 21/41] 10.222.0.32 () {64 vars in 1317 bytes} [Thu Mar 17 21:21:16 2022] POST /compute/v2.1/os-server-external-events => generated 183 bytes in 79 msecs (HTTP/1.1 200) 9 headers in 357 bytes (2 switches on core 0)
Mar 17 21:21:16.249912 dv-neutron-831730-7-hyperv devstack@n-api.service[103305]: DEBUG nova.api.openstack.wsgi [None req-d330e085-017c-422b-9458-e89c543e991c tempest-ServerActionsTestJSON-797709582 tempest-ServerActionsTestJSON-797709582-project] Calling method '>' {{(pid=103305) _process_stack /opt/stack/nova/nova/api/openstack/wsgi.py:513}}
Mar 17 21:21:16.250768 dv-neutron-831730-7-hyperv devstack@n-api.service[103305]: DEBUG nova.compute.api [None req-d330e085-017c-422b-9458-e89c543e991c tempest-ServerActionsTestJSON-797709582 tempest-ServerActionsTestJSON-797709582-project] [instance: 55ecc635-c23b-4ca7-a557-1ba7b12a684e] Fetching instance by UUID {{(pid=103305) get /opt/stack/nova/nova/compute/api.py:2813}}
Mar 17 21:21:16.258983 dv-neutron-831730-7-hyperv devstack@n-api.service[103305]: DEBUG oslo_concurrency.lockutils [None req-d330e085-017c-422b-9458-e89c543e991c tempest-ServerActionsTestJSON-797709582 tempest-ServerActionsTestJSON-797709582-project] Lock "f827727e-58c0-4331-b50e-784217d23e4b" acquired by "nova.context.set_target_cell..get_or_set_cached_cell_and_set_connections" :: waited 0.000s {{(pid=103305) inner /usr/local/lib/python3.8/dist-packages/oslo_concurrency/lockutils.py:355}}
Mar 17 21:21:16.259678 dv-neutron-831730-7-hyperv devstack@n-api.service[103305]: DEBUG oslo_concurrency.lockutils [None req-d330e085-017c-422b-9458-e89c543e991c tempest-ServerActionsTestJSON-797709582 tempest-ServerActionsTestJSON-797709582-project] Lock "f827727e-58c0-4331-b50e-784217d23e4b" released by "nova.context.set_target_cell..get_or_set_cached_cell_and_set_connections" :: held 0.001s {{(pid=103305) inner /usr/local/lib/python3.8/dist-packages/oslo_concurrency/lockutils.py:367}}
Mar 17 21:21:16.260709 dv-neutron-831730-7-hyperv devstack@n-api.service[103305]: DEBUG oslo_concurrency.lockutils [None req-d330e085-017c-422b-9458-e89c543e991c tempest-ServerActionsTestJSON-797709582 tempest-ServerActionsTestJSON-797709582-project] Lock "f827727e-58c0-4331-b50e-784217d23e4b" acquired by "nova.context.set_target_cell..get_or_set_cached_cell_and_set_connections" :: waited 0.000s {{(pid=103305) inner /usr/local/lib/python3.8/dist-packages/oslo_concurrency/lockutils.py:355}}
Mar 17 21:21:16.261348 dv-neutron-831730-7-hyperv devstack@n-api.service[103305]: DEBUG oslo_concurrency.lockutils [None req-d330e085-017c-422b-9458-e89c543e991c tempest-ServerActionsTestJSON-797709582 tempest-ServerActionsTestJSON-797709582-project] Lock "f827727e-58c0-4331-b50e-784217d23e4b" released by "nova.context.set_target_cell..get_or_set_cached_cell_and_set_connections" :: held 0.001s {{(pid=103305) inner /usr/local/lib/python3.8/dist-packages/oslo_concurrency/lockutils.py:367}}
Mar 17 21:21:16.749315 dv-neutron-831730-7-hyperv devstack@n-api.service[103305]: DEBUG nova.policy [None req-d330e085-017c-422b-9458-e89c543e991c tempest-ServerActionsTestJSON-797709582 tempest-ServerActionsTestJSON-797709582-project] Policy check for os_compute_api:os-extended-server-attributes failed with credentials {'is_admin': False, 'user_id': '616e60354acf49a383a8ccf1d898e693', 'user_domain_id': 'default', 'system_scope': None, 'domain_id': None, 'project_id': '70fc555f300e4231a409370ad233ff9f', 'project_domain_id': 'default', 'roles': ['reader', 'member'], 'is_admin_project': True, 'service_user_id': None, 'service_user_domain_id': None, 'service_project_id': None, 'service_project_domain_id': None, 'service_roles': []} {{(pid=103305) authorize /opt/stack/nova/nova/policy.py:199}}
Mar 17 21:21:16.757247 dv-neutron-831730-7-hyperv devstack@n-api.service[103305]: INFO nova.api.openstack.requestlog [None req-d330e085-017c-422b-9458-e89c543e991c tempest-ServerActionsTestJSON-797709582 tempest-ServerActionsTestJSON-797709582-project] 10.222.0.32 "GET /compute/v2.1/servers/55ecc635-c23b-4ca7-a557-1ba7b12a684e" status: 200 len: 1364 microversion: 2.1 time: 0.510864
Mar 17 21:21:16.758656 dv-neutron-831730-7-hyperv devstack@n-api.service[103305]: [pid: 103305|app: 0|req: 21/42] 10.222.0.32 () {58 vars in 1235 bytes} [Thu Mar 17 21:21:16 2022] GET /compute/v2.1/servers/55ecc635-c23b-4ca7-a557-1ba7b12a684e => generated 1364 bytes in 513 msecs (HTTP/1.1 200) 9 headers in 358 bytes (2 switches on core 0)
Mar 17 21:21:17.087536 dv-neutron-831730-7-hyperv devstack@n-api.service[103306]: DEBUG nova.api.openstack.wsgi [None req-fe6e74df-3758-4c9d-9609-175450de5e27 tempest-ServersTestJSON-1669815019 tempest-ServersTestJSON-1669815019-project] Calling method '>' {{(pid=103306) _process_stack /opt/stack/nova/nova/api/openstack/wsgi.py:513}}
Mar 17 21:21:17.088240 dv-neutron-831730-7-hyperv devstack@n-api.service[103306]: DEBUG nova.compute.api [None req-fe6e74df-3758-4c9d-9609-175450de5e27 tempest-ServersTestJSON-1669815019 tempest-ServersTestJSON-1669815019-project] [instance: 26e2dc7b-a20d-4b2a-81b9-44328d25a876] Fetching instance by UUID {{(pid=103306) get /opt/stack/nova/nova/compute/api.py:2813}}
Mar 17 21:21:17.101240 dv-neutron-831730-7-hyperv devstack@n-api.service[103306]: DEBUG oslo_concurrency.lockutils [None req-fe6e74df-3758-4c9d-9609-175450de5e27 tempest-ServersTestJSON-1669815019 tempest-ServersTestJSON-1669815019-project] Lock "f827727e-58c0-4331-b50e-784217d23e4b" acquired by "nova.context.set_target_cell..get_or_set_cached_cell_and_set_connections" :: waited 0.000s {{(pid=103306) inner /usr/local/lib/python3.8/dist-packages/oslo_concurrency/lockutils.py:355}}
Mar 17 21:21:17.104068 dv-neutron-831730-7-hyperv devstack@n-api.service[103306]: DEBUG oslo_concurrency.lockutils [None req-fe6e74df-3758-4c9d-9609-175450de5e27 tempest-ServersTestJSON-1669815019 tempest-ServersTestJSON-1669815019-project] Lock "f827727e-58c0-4331-b50e-784217d23e4b" released by "nova.context.set_target_cell..get_or_set_cached_cell_and_set_connections" :: held 0.003s {{(pid=103306) inner /usr/local/lib/python3.8/dist-packages/oslo_concurrency/lockutils.py:367}}
Mar 17 21:21:17.105084 dv-neutron-831730-7-hyperv devstack@n-api.service[103306]: DEBUG oslo_concurrency.lockutils [None req-fe6e74df-3758-4c9d-9609-175450de5e27 tempest-ServersTestJSON-1669815019 tempest-ServersTestJSON-1669815019-project] Lock "f827727e-58c0-4331-b50e-784217d23e4b" acquired by "nova.context.set_target_cell..get_or_set_cached_cell_and_set_connections" :: waited 0.000s {{(pid=103306) inner /usr/local/lib/python3.8/dist-packages/oslo_concurrency/lockutils.py:355}}
Mar 17 21:21:17.108437 dv-neutron-831730-7-hyperv devstack@n-api.service[103306]: DEBUG oslo_concurrency.lockutils [None req-fe6e74df-3758-4c9d-9609-175450de5e27 tempest-ServersTestJSON-1669815019 tempest-ServersTestJSON-1669815019-project] Lock "f827727e-58c0-4331-b50e-784217d23e4b" released by "nova.context.set_target_cell..get_or_set_cached_cell_and_set_connections" :: held 0.003s {{(pid=103306) inner /usr/local/lib/python3.8/dist-packages/oslo_concurrency/lockutils.py:367}}
Mar 17 21:21:17.777397 dv-neutron-831730-7-hyperv devstack@n-api.service[103305]: DEBUG nova.api.openstack.wsgi [None req-14d43d3c-4d1d-46e6-a05d-9e85b43ceee0 tempest-ServerActionsTestJSON-797709582 tempest-ServerActionsTestJSON-797709582-project] Calling method '>' {{(pid=103305) _process_stack /opt/stack/nova/nova/api/openstack/wsgi.py:513}}
Mar 17 21:21:17.781712 dv-neutron-831730-7-hyperv devstack@n-api.service[103305]: DEBUG nova.compute.api [None req-14d43d3c-4d1d-46e6-a05d-9e85b43ceee0 tempest-ServerActionsTestJSON-797709582 tempest-ServerActionsTestJSON-797709582-project] [instance: 55ecc635-c23b-4ca7-a557-1ba7b12a684e] Fetching instance by UUID {{(pid=103305) get /opt/stack/nova/nova/compute/api.py:2813}}
Mar 17 21:21:17.850956 dv-neutron-831730-7-hyperv devstack@n-api.service[103305]: DEBUG oslo_concurrency.lockutils [None req-14d43d3c-4d1d-46e6-a05d-9e85b43ceee0 tempest-ServerActionsTestJSON-797709582 tempest-ServerActionsTestJSON-797709582-project] Lock "f827727e-58c0-4331-b50e-784217d23e4b" acquired by "nova.context.set_target_cell..get_or_set_cached_cell_and_set_connections" :: waited 0.001s {{(pid=103305) inner /usr/local/lib/python3.8/dist-packages/oslo_concurrency/lockutils.py:355}}
Mar 17 21:21:17.863796 dv-neutron-831730-7-hyperv devstack@n-api.service[103305]: DEBUG oslo_concurrency.lockutils [None req-14d43d3c-4d1d-46e6-a05d-9e85b43ceee0 tempest-ServerActionsTestJSON-797709582 tempest-ServerActionsTestJSON-797709582-project] Lock "f827727e-58c0-4331-b50e-784217d23e4b" released by "nova.context.set_target_cell..get_or_set_cached_cell_and_set_connections" :: held 0.005s {{(pid=103305) inner /usr/local/lib/python3.8/dist-packages/oslo_concurrency/lockutils.py:367}}
Mar 17 21:21:17.870349 dv-neutron-831730-7-hyperv devstack@n-api.service[103305]: DEBUG oslo_concurrency.lockutils [None req-14d43d3c-4d1d-46e6-a05d-9e85b43ceee0 tempest-ServerActionsTestJSON-797709582 tempest-ServerActionsTestJSON-797709582-project] Lock "f827727e-58c0-4331-b50e-784217d23e4b" acquired by "nova.context.set_target_cell..get_or_set_cached_cell_and_set_connections" :: waited 0.000s {{(pid=103305) inner /usr/local/lib/python3.8/dist-packages/oslo_concurrency/lockutils.py:355}}
Mar 17 21:21:17.872906 dv-neutron-831730-7-hyperv devstack@n-api.service[103305]: DEBUG oslo_concurrency.lockutils [None req-14d43d3c-4d1d-46e6-a05d-9e85b43ceee0 tempest-ServerActionsTestJSON-797709582 tempest-ServerActionsTestJSON-797709582-project] Lock "f827727e-58c0-4331-b50e-784217d23e4b" released by "nova.context.set_target_cell..get_or_set_cached_cell_and_set_connections" :: held 0.007s {{(pid=103305) inner /usr/local/lib/python3.8/dist-packages/oslo_concurrency/lockutils.py:367}}
Mar 17 21:21:17.890053 dv-neutron-831730-7-hyperv devstack@n-api.service[103306]: DEBUG nova.policy [None req-fe6e74df-3758-4c9d-9609-175450de5e27 tempest-ServersTestJSON-1669815019 tempest-ServersTestJSON-1669815019-project] Policy check for os_compute_api:os-extended-server-attributes failed with credentials {'is_admin': False, 'user_id': 'b69d16d917c94e81815711ac86c3211e', 'user_domain_id': 'default', 'system_scope': None, 'domain_id': None, 'project_id': '2b92fec6279240ab9d285dc51009c6e2', 'project_domain_id': 'default', 'roles': ['reader', 'member'], 'is_admin_project': True, 'service_user_id': None, 'service_user_domain_id': None, 'service_project_id': None, 'service_project_domain_id': None, 'service_roles': []} {{(pid=103306) authorize /opt/stack/nova/nova/policy.py:199}}
Mar 17 21:21:17.905063 dv-neutron-831730-7-hyperv devstack@n-api.service[103306]: INFO nova.api.openstack.requestlog [None req-fe6e74df-3758-4c9d-9609-175450de5e27 tempest-ServersTestJSON-1669815019 tempest-ServersTestJSON-1669815019-project] 10.222.0.32 "GET /compute/v2.1/servers/26e2dc7b-a20d-4b2a-81b9-44328d25a876" status: 200 len: 1394 microversion: 2.1 time: 0.821786
Mar 17 21:21:17.906047 dv-neutron-831730-7-hyperv devstack@n-api.service[103306]: [pid: 103306|app: 0|req: 22/43] 10.222.0.32 () {58 vars in 1235 bytes} [Thu Mar 17 21:21:17 2022] GET /compute/v2.1/servers/26e2dc7b-a20d-4b2a-81b9-44328d25a876 => generated 1394 bytes in 824 msecs (HTTP/1.1 200) 9 headers in 358 bytes (1 switches on core 0)
Mar 17 21:21:18.923135 dv-neutron-831730-7-hyperv devstack@n-api.service[103306]: DEBUG nova.api.openstack.wsgi [None req-4c1057c8-75b0-4332-bb86-aa06b5fde434 tempest-ServersTestJSON-1669815019 tempest-ServersTestJSON-1669815019-project] Calling method '>' {{(pid=103306) _process_stack /opt/stack/nova/nova/api/openstack/wsgi.py:513}}
Mar 17 21:21:18.924430 dv-neutron-831730-7-hyperv devstack@n-api.service[103306]: DEBUG nova.compute.api [None req-4c1057c8-75b0-4332-bb86-aa06b5fde434 tempest-ServersTestJSON-1669815019 tempest-ServersTestJSON-1669815019-project] [instance: 26e2dc7b-a20d-4b2a-81b9-44328d25a876] Fetching instance by UUID {{(pid=103306) get /opt/stack/nova/nova/compute/api.py:2813}}
Mar 17 21:21:18.935997 dv-neutron-831730-7-hyperv devstack@n-api.service[103306]: DEBUG oslo_concurrency.lockutils [None req-4c1057c8-75b0-4332-bb86-aa06b5fde434 tempest-ServersTestJSON-1669815019 tempest-ServersTestJSON-1669815019-project] Lock "f827727e-58c0-4331-b50e-784217d23e4b" acquired by "nova.context.set_target_cell..get_or_set_cached_cell_and_set_connections" :: waited 0.000s {{(pid=103306) inner /usr/local/lib/python3.8/dist-packages/oslo_concurrency/lockutils.py:355}}
Mar 17 21:21:18.938216 dv-neutron-831730-7-hyperv devstack@n-api.service[103306]: DEBUG oslo_concurrency.lockutils [None req-4c1057c8-75b0-4332-bb86-aa06b5fde434 tempest-ServersTestJSON-1669815019 tempest-ServersTestJSON-1669815019-project] Lock "f827727e-58c0-4331-b50e-784217d23e4b" released by "nova.context.set_target_cell..get_or_set_cached_cell_and_set_connections" :: held 0.002s {{(pid=103306) inner /usr/local/lib/python3.8/dist-packages/oslo_concurrency/lockutils.py:367}}
Mar 17 21:21:18.939184 dv-neutron-831730-7-hyperv devstack@n-api.service[103306]: DEBUG oslo_concurrency.lockutils [None req-4c1057c8-75b0-4332-bb86-aa06b5fde434 tempest-ServersTestJSON-1669815019 tempest-ServersTestJSON-1669815019-project] Lock "f827727e-58c0-4331-b50e-784217d23e4b" acquired by "nova.context.set_target_cell..get_or_set_cached_cell_and_set_connections" :: waited 0.000s {{(pid=103306) inner /usr/local/lib/python3.8/dist-packages/oslo_concurrency/lockutils.py:355}}
Mar 17 21:21:18.939772 dv-neutron-831730-7-hyperv devstack@n-api.service[103306]: DEBUG oslo_concurrency.lockutils [None req-4c1057c8-75b0-4332-bb86-aa06b5fde434 tempest-ServersTestJSON-1669815019 tempest-ServersTestJSON-1669815019-project] Lock "f827727e-58c0-4331-b50e-784217d23e4b" released by "nova.context.set_target_cell..get_or_set_cached_cell_and_set_connections" :: held 0.001s {{(pid=103306) inner /usr/local/lib/python3.8/dist-packages/oslo_concurrency/lockutils.py:367}}
Mar 17 21:21:19.133379 dv-neutron-831730-7-hyperv devstack@n-api.service[103305]: DEBUG nova.policy [None req-14d43d3c-4d1d-46e6-a05d-9e85b43ceee0 tempest-ServerActionsTestJSON-797709582 tempest-ServerActionsTestJSON-797709582-project] Policy check for os_compute_api:os-extended-server-attributes failed with credentials {'is_admin': False, 'user_id': '616e60354acf49a383a8ccf1d898e693', 'user_domain_id': 'default', 'system_scope': None, 'domain_id': None, 'project_id': '70fc555f300e4231a409370ad233ff9f', 'project_domain_id': 'default', 'roles': ['reader', 'member'], 'is_admin_project': True, 'service_user_id': None, 'service_user_domain_id': None, 'service_project_id': None, 'service_project_domain_id': None, 'service_roles': []} {{(pid=103305) authorize /opt/stack/nova/nova/policy.py:199}}
Mar 17 21:21:19.150172 dv-neutron-831730-7-hyperv devstack@n-api.service[103305]: INFO nova.api.openstack.requestlog [None req-14d43d3c-4d1d-46e6-a05d-9e85b43ceee0 tempest-ServerActionsTestJSON-797709582 tempest-ServerActionsTestJSON-797709582-project] 10.222.0.32 "GET /compute/v2.1/servers/55ecc635-c23b-4ca7-a557-1ba7b12a684e" status: 200 len: 1364 microversion: 2.1 time: 1.378685
Mar 17 21:21:19.152179 dv-neutron-831730-7-hyperv devstack@n-api.service[103305]: [pid: 103305|app: 0|req: 22/44] 10.222.0.32 () {58 vars in 1235 bytes} [Thu Mar 17 21:21:17 2022] GET /compute/v2.1/servers/55ecc635-c23b-4ca7-a557-1ba7b12a684e => generated 1364 bytes in 1382 msecs (HTTP/1.1 200) 9 headers in 358 bytes (2 switches on core 0)
Mar 17 21:21:19.825910 dv-neutron-831730-7-hyperv devstack@n-api.service[103306]: DEBUG nova.policy [None req-4c1057c8-75b0-4332-bb86-aa06b5fde434 tempest-ServersTestJSON-1669815019 tempest-ServersTestJSON-1669815019-project] Policy check for os_compute_api:os-extended-server-attributes failed with credentials {'is_admin': False, 'user_id': 'b69d16d917c94e81815711ac86c3211e', 'user_domain_id': 'default', 'system_scope': None, 'domain_id': None, 'project_id': '2b92fec6279240ab9d285dc51009c6e2', 'project_domain_id': 'default', 'roles': ['reader', 'member'], 'is_admin_project': True, 'service_user_id': None, 'service_user_domain_id': None, 'service_project_id': None, 'service_project_domain_id': None, 'service_roles': []} {{(pid=103306) authorize /opt/stack/nova/nova/policy.py:199}}
Mar 17 21:21:19.834070 dv-neutron-831730-7-hyperv devstack@n-api.service[103306]: INFO nova.api.openstack.requestlog [None req-4c1057c8-75b0-4332-bb86-aa06b5fde434 tempest-ServersTestJSON-1669815019 tempest-ServersTestJSON-1669815019-project] 10.222.0.32 "GET /compute/v2.1/servers/26e2dc7b-a20d-4b2a-81b9-44328d25a876" status: 200 len: 1575 microversion: 2.1 time: 0.915006
Mar 17 21:21:19.834770 dv-neutron-831730-7-hyperv devstack@n-api.service[103306]: [pid: 103306|app: 0|req: 23/45] 10.222.0.32 () {58 vars in 1235 bytes} [Thu Mar 17 21:21:18 2022] GET /compute/v2.1/servers/26e2dc7b-a20d-4b2a-81b9-44328d25a876 => generated 1575 bytes in 916 msecs (HTTP/1.1 200) 9 headers in 358 bytes (2 switches on core 0)
Mar 17 21:21:19.860969 dv-neutron-831730-7-hyperv devstack@n-api.service[103305]: DEBUG nova.api.openstack.wsgi [None req-2b9a9831-4941-4da1-b613-77fe659fab10 tempest-ServersTestJSON-1669815019 tempest-ServersTestJSON-1669815019-project] Calling method '>' {{(pid=103305) _process_stack /opt/stack/nova/nova/api/openstack/wsgi.py:513}}
Mar 17 21:21:19.861502 dv-neutron-831730-7-hyperv devstack@n-api.service[103305]: DEBUG nova.compute.api [None req-2b9a9831-4941-4da1-b613-77fe659fab10 tempest-ServersTestJSON-1669815019 tempest-ServersTestJSON-1669815019-project] [instance: 26e2dc7b-a20d-4b2a-81b9-44328d25a876] Fetching instance by UUID {{(pid=103305) get /opt/stack/nova/nova/compute/api.py:2813}}
Mar 17 21:21:19.869118 dv-neutron-831730-7-hyperv devstack@n-api.service[103305]: DEBUG oslo_concurrency.lockutils [None req-2b9a9831-4941-4da1-b613-77fe659fab10 tempest-ServersTestJSON-1669815019 tempest-ServersTestJSON-1669815019-project] Lock "f827727e-58c0-4331-b50e-784217d23e4b" acquired by "nova.context.set_target_cell..get_or_set_cached_cell_and_set_connections" :: waited 0.000s {{(pid=103305) inner /usr/local/lib/python3.8/dist-packages/oslo_concurrency/lockutils.py:355}}
Mar 17 21:21:19.869576 dv-neutron-831730-7-hyperv devstack@n-api.service[103305]: DEBUG oslo_concurrency.lockutils [None req-2b9a9831-4941-4da1-b613-77fe659fab10 tempest-ServersTestJSON-1669815019 tempest-ServersTestJSON-1669815019-project] Lock "f827727e-58c0-4331-b50e-784217d23e4b" released by "nova.context.set_target_cell..get_or_set_cached_cell_and_set_connections" :: held 0.001s {{(pid=103305) inner /usr/local/lib/python3.8/dist-packages/oslo_concurrency/lockutils.py:367}}
Mar 17 21:21:19.870368 dv-neutron-831730-7-hyperv devstack@n-api.service[103305]: DEBUG oslo_concurrency.lockutils [None req-2b9a9831-4941-4da1-b613-77fe659fab10 tempest-ServersTestJSON-1669815019 tempest-ServersTestJSON-1669815019-project] Lock "f827727e-58c0-4331-b50e-784217d23e4b" acquired by "nova.context.set_target_cell..get_or_set_cached_cell_and_set_connections" :: waited 0.000s {{(pid=103305) inner /usr/local/lib/python3.8/dist-packages/oslo_concurrency/lockutils.py:355}}
Mar 17 21:21:19.870807 dv-neutron-831730-7-hyperv devstack@n-api.service[103305]: DEBUG oslo_concurrency.lockutils [None req-2b9a9831-4941-4da1-b613-77fe659fab10 tempest-ServersTestJSON-1669815019 tempest-ServersTestJSON-1669815019-project] Lock "f827727e-58c0-4331-b50e-784217d23e4b" released by "nova.context.set_target_cell..get_or_set_cached_cell_and_set_connections" :: held 0.000s {{(pid=103305) inner /usr/local/lib/python3.8/dist-packages/oslo_concurrency/lockutils.py:367}}
Mar 17 21:21:20.170918 dv-neutron-831730-7-hyperv devstack@n-api.service[103306]: DEBUG nova.api.openstack.wsgi [None req-15086966-cc94-46e1-98a1-5d8de77bb329 tempest-ServerActionsTestJSON-797709582 tempest-ServerActionsTestJSON-797709582-project] Calling method '>' {{(pid=103306) _process_stack /opt/stack/nova/nova/api/openstack/wsgi.py:513}}
Mar 17 21:21:20.171511 dv-neutron-831730-7-hyperv devstack@n-api.service[103306]: DEBUG nova.compute.api [None req-15086966-cc94-46e1-98a1-5d8de77bb329 tempest-ServerActionsTestJSON-797709582 tempest-ServerActionsTestJSON-797709582-project] [instance: 55ecc635-c23b-4ca7-a557-1ba7b12a684e] Fetching instance by UUID {{(pid=103306) get /opt/stack/nova/nova/compute/api.py:2813}}
Mar 17 21:21:20.179591 dv-neutron-831730-7-hyperv devstack@n-api.service[103306]: DEBUG oslo_concurrency.lockutils [None req-15086966-cc94-46e1-98a1-5d8de77bb329 tempest-ServerActionsTestJSON-797709582 tempest-ServerActionsTestJSON-797709582-project] Lock "f827727e-58c0-4331-b50e-784217d23e4b" acquired by "nova.context.set_target_cell..get_or_set_cached_cell_and_set_connections" :: waited 0.000s {{(pid=103306) inner /usr/local/lib/python3.8/dist-packages/oslo_concurrency/lockutils.py:355}}
Mar 17 21:21:20.180156 dv-neutron-831730-7-hyperv devstack@n-api.service[103306]: DEBUG oslo_concurrency.lockutils [None req-15086966-cc94-46e1-98a1-5d8de77bb329 tempest-ServerActionsTestJSON-797709582 tempest-ServerActionsTestJSON-797709582-project] Lock "f827727e-58c0-4331-b50e-784217d23e4b" released by "nova.context.set_target_cell..get_or_set_cached_cell_and_set_connections" :: held 0.001s {{(pid=103306) inner /usr/local/lib/python3.8/dist-packages/oslo_concurrency/lockutils.py:367}}
Mar 17 21:21:20.181791 dv-neutron-831730-7-hyperv devstack@n-api.service[103306]: DEBUG oslo_concurrency.lockutils [None req-15086966-cc94-46e1-98a1-5d8de77bb329 tempest-ServerActionsTestJSON-797709582 tempest-ServerActionsTestJSON-797709582-project] Lock "f827727e-58c0-4331-b50e-784217d23e4b" acquired by "nova.context.set_target_cell..get_or_set_cached_cell_and_set_connections" :: waited 0.000s {{(pid=103306) inner /usr/local/lib/python3.8/dist-packages/oslo_concurrency/lockutils.py:355}}
Mar 17 21:21:20.182584 dv-neutron-831730-7-hyperv devstack@n-api.service[103306]: DEBUG oslo_concurrency.lockutils [None req-15086966-cc94-46e1-98a1-5d8de77bb329 tempest-ServerActionsTestJSON-797709582 tempest-ServerActionsTestJSON-797709582-project] Lock "f827727e-58c0-4331-b50e-784217d23e4b" released by "nova.context.set_target_cell..get_or_set_cached_cell_and_set_connections" :: held 0.002s {{(pid=103306) inner /usr/local/lib/python3.8/dist-packages/oslo_concurrency/lockutils.py:367}}
Mar 17 21:21:20.567259 dv-neutron-831730-7-hyperv devstack@n-api.service[103305]: INFO nova.api.openstack.requestlog [None req-2b9a9831-4941-4da1-b613-77fe659fab10 tempest-ServersTestJSON-1669815019 tempest-ServersTestJSON-1669815019-project] 10.222.0.32 "GET /compute/v2.1/servers/26e2dc7b-a20d-4b2a-81b9-44328d25a876/os-interface" status: 200 len: 284 microversion: 2.1 time: 0.709928
Mar 17 21:21:20.569004 dv-neutron-831730-7-hyperv devstack@n-api.service[103305]: [pid: 103305|app: 0|req: 23/46] 10.222.0.32 () {58 vars in 1274 bytes} [Thu Mar 17 21:21:19 2022] GET /compute/v2.1/servers/26e2dc7b-a20d-4b2a-81b9-44328d25a876/os-interface => generated 284 bytes in 712 msecs (HTTP/1.1 200) 9 headers in 357 bytes (1 switches on core 0)
Mar 17 21:21:21.150109 dv-neutron-831730-7-hyperv devstack@n-api.service[103306]: DEBUG nova.policy [None req-15086966-cc94-46e1-98a1-5d8de77bb329 tempest-ServerActionsTestJSON-797709582 tempest-ServerActionsTestJSON-797709582-project] Policy check for os_compute_api:os-extended-server-attributes failed with credentials {'is_admin': False, 'user_id': '616e60354acf49a383a8ccf1d898e693', 'user_domain_id': 'default', 'system_scope': None, 'domain_id': None, 'project_id': '70fc555f300e4231a409370ad233ff9f', 'project_domain_id': 'default', 'roles': ['reader', 'member'], 'is_admin_project': True, 'service_user_id': None, 'service_user_domain_id': None, 'service_project_id': None, 'service_project_domain_id': None, 'service_roles': []} {{(pid=103306) authorize /opt/stack/nova/nova/policy.py:199}}
Mar 17 21:21:21.161802 dv-neutron-831730-7-hyperv devstack@n-api.service[103306]: INFO nova.api.openstack.requestlog [None req-15086966-cc94-46e1-98a1-5d8de77bb329 tempest-ServerActionsTestJSON-797709582 tempest-ServerActionsTestJSON-797709582-project] 10.222.0.32 "GET /compute/v2.1/servers/55ecc635-c23b-4ca7-a557-1ba7b12a684e" status: 200 len: 1550 microversion: 2.1 time: 0.994514
Mar 17 21:21:21.162937 dv-neutron-831730-7-hyperv devstack@n-api.service[103306]: [pid: 103306|app: 0|req: 24/47] 10.222.0.32 () {58 vars in 1235 bytes} [Thu Mar 17 21:21:20 2022] GET /compute/v2.1/servers/55ecc635-c23b-4ca7-a557-1ba7b12a684e => generated 1550 bytes in 997 msecs (HTTP/1.1 200) 9 headers in 358 bytes (1 switches on core 0)
Mar 17 21:21:21.179573 dv-neutron-831730-7-hyperv devstack@n-api.service[103305]: DEBUG nova.api.openstack.wsgi [None req-889a8570-aa06-4544-ae07-282e34fc9e88 tempest-ServerActionsTestJSON-797709582 tempest-ServerActionsTestJSON-797709582-project] Calling method '>' {{(pid=103305) _process_stack /opt/stack/nova/nova/api/openstack/wsgi.py:513}}
Mar 17 21:21:21.180472 dv-neutron-831730-7-hyperv devstack@n-api.service[103305]: DEBUG nova.compute.api [None req-889a8570-aa06-4544-ae07-282e34fc9e88 tempest-ServerActionsTestJSON-797709582 tempest-ServerActionsTestJSON-797709582-project] [instance: 55ecc635-c23b-4ca7-a557-1ba7b12a684e] Fetching instance by UUID {{(pid=103305) get /opt/stack/nova/nova/compute/api.py:2813}}
Mar 17 21:21:21.191818 dv-neutron-831730-7-hyperv devstack@n-api.service[103305]: DEBUG oslo_concurrency.lockutils [None req-889a8570-aa06-4544-ae07-282e34fc9e88 tempest-ServerActionsTestJSON-797709582 tempest-ServerActionsTestJSON-797709582-project] Lock "f827727e-58c0-4331-b50e-784217d23e4b" acquired by "nova.context.set_target_cell..get_or_set_cached_cell_and_set_connections" :: waited 0.000s {{(pid=103305) inner /usr/local/lib/python3.8/dist-packages/oslo_concurrency/lockutils.py:355}}
Mar 17 21:21:21.192795 dv-neutron-831730-7-hyperv devstack@n-api.service[103305]: DEBUG oslo_concurrency.lockutils [None req-889a8570-aa06-4544-ae07-282e34fc9e88 tempest-ServerActionsTestJSON-797709582 tempest-ServerActionsTestJSON-797709582-project] Lock "f827727e-58c0-4331-b50e-784217d23e4b" released by "nova.context.set_target_cell..get_or_set_cached_cell_and_set_connections" :: held 0.001s {{(pid=103305) inner /usr/local/lib/python3.8/dist-packages/oslo_concurrency/lockutils.py:367}}
Mar 17 21:21:21.193976 dv-neutron-831730-7-hyperv devstack@n-api.service[103305]: DEBUG oslo_concurrency.lockutils [None req-889a8570-aa06-4544-ae07-282e34fc9e88 tempest-ServerActionsTestJSON-797709582 tempest-ServerActionsTestJSON-797709582-project] Lock "f827727e-58c0-4331-b50e-784217d23e4b" acquired by "nova.context.set_target_cell..get_or_set_cached_cell_and_set_connections" :: waited 0.000s {{(pid=103305) inner /usr/local/lib/python3.8/dist-packages/oslo_concurrency/lockutils.py:355}}
Mar 17 21:21:21.195061 dv-neutron-831730-7-hyperv devstack@n-api.service[103305]: DEBUG oslo_concurrency.lockutils [None req-889a8570-aa06-4544-ae07-282e34fc9e88 tempest-ServerActionsTestJSON-797709582 tempest-ServerActionsTestJSON-797709582-project] Lock "f827727e-58c0-4331-b50e-784217d23e4b" released by "nova.context.set_target_cell..get_or_set_cached_cell_and_set_connections" :: held 0.001s {{(pid=103305) inner /usr/local/lib/python3.8/dist-packages/oslo_concurrency/lockutils.py:367}}
Mar 17 21:21:21.879632 dv-neutron-831730-7-hyperv devstack@n-api.service[103305]: INFO nova.api.openstack.requestlog [None req-889a8570-aa06-4544-ae07-282e34fc9e88 tempest-ServerActionsTestJSON-797709582 tempest-ServerActionsTestJSON-797709582-project] 10.222.0.32 "GET /compute/v2.1/servers/55ecc635-c23b-4ca7-a557-1ba7b12a684e/os-interface" status: 200 len: 284 microversion: 2.1 time: 0.704455
Mar 17 21:21:21.880293 dv-neutron-831730-7-hyperv devstack@n-api.service[103305]: [pid: 103305|app: 0|req: 24/48] 10.222.0.32 () {58 vars in 1274 bytes} [Thu Mar 17 21:21:21 2022] GET /compute/v2.1/servers/55ecc635-c23b-4ca7-a557-1ba7b12a684e/os-interface => generated 284 bytes in 706 msecs (HTTP/1.1 200) 9 headers in 357 bytes (1 switches on core 0)
Mar 17 21:21:23.403450 dv-neutron-831730-7-hyperv devstack@n-api.service[103306]: DEBUG nova.api.openstack.wsgi [req-f086736d-558a-4a85-8577-d56bebf1f834 req-19d576a2-bbff-4a15-a935-6242ebdbe5a7 service nova] Action: 'create', calling method: >, body: {"events": [{"name": "network-changed", "server_uuid": "26e2dc7b-a20d-4b2a-81b9-44328d25a876", "tag": "5abf5891-986b-4160-bb61-a288d667a318"}]} {{(pid=103306) _process_stack /opt/stack/nova/nova/api/openstack/wsgi.py:511}}
Mar 17 21:21:23.403450 dv-neutron-831730-7-hyperv devstack@n-api.service[103306]: /usr/local/lib/python3.8/dist-packages/oslo_policy/policy.py:1065: UserWarning: Policy os_compute_api:os-server-external-events:create failed scope check. The token used to make the request was project scoped but the policy requires ['system'] scope. This behavior may change in the future where using the intended scope is required
Mar 17 21:21:23.403450 dv-neutron-831730-7-hyperv devstack@n-api.service[103306]: warnings.warn(msg)
Mar 17 21:21:23.403450 dv-neutron-831730-7-hyperv devstack@n-api.service[103306]: DEBUG oslo_concurrency.lockutils [req-f086736d-558a-4a85-8577-d56bebf1f834 req-19d576a2-bbff-4a15-a935-6242ebdbe5a7 service nova] Lock "f827727e-58c0-4331-b50e-784217d23e4b" acquired by "nova.context.set_target_cell..get_or_set_cached_cell_and_set_connections" :: waited 0.000s {{(pid=103306) inner /usr/local/lib/python3.8/dist-packages/oslo_concurrency/lockutils.py:355}}
Mar 17 21:21:23.403450 dv-neutron-831730-7-hyperv devstack@n-api.service[103306]: DEBUG oslo_concurrency.lockutils [req-f086736d-558a-4a85-8577-d56bebf1f834 req-19d576a2-bbff-4a15-a935-6242ebdbe5a7 service nova] Lock "f827727e-58c0-4331-b50e-784217d23e4b" released by "nova.context.set_target_cell..get_or_set_cached_cell_and_set_connections" :: held 0.001s {{(pid=103306) inner /usr/local/lib/python3.8/dist-packages/oslo_concurrency/lockutils.py:367}}
Mar 17 21:21:23.406244 dv-neutron-831730-7-hyperv devstack@n-api.service[103305]: DEBUG nova.api.openstack.wsgi [None req-9e46ce90-48be-485b-bb70-84f28385f110 tempest-ServersTestJSON-1669815019 tempest-ServersTestJSON-1669815019-project] Calling method '>' {{(pid=103305) _process_stack /opt/stack/nova/nova/api/openstack/wsgi.py:513}}
Mar 17 21:21:23.406244 dv-neutron-831730-7-hyperv devstack@n-api.service[103305]: DEBUG nova.compute.api [None req-9e46ce90-48be-485b-bb70-84f28385f110 tempest-ServersTestJSON-1669815019 tempest-ServersTestJSON-1669815019-project] [instance: 26e2dc7b-a20d-4b2a-81b9-44328d25a876] Fetching instance by UUID {{(pid=103305) get /opt/stack/nova/nova/compute/api.py:2813}}
Mar 17 21:21:23.406244 dv-neutron-831730-7-hyperv devstack@n-api.service[103305]: DEBUG oslo_concurrency.lockutils [None req-9e46ce90-48be-485b-bb70-84f28385f110 tempest-ServersTestJSON-1669815019 tempest-ServersTestJSON-1669815019-project] Lock "f827727e-58c0-4331-b50e-784217d23e4b" acquired by "nova.context.set_target_cell..get_or_set_cached_cell_and_set_connections" :: waited 0.000s {{(pid=103305) inner /usr/local/lib/python3.8/dist-packages/oslo_concurrency/lockutils.py:355}}
Mar 17 21:21:23.406244 dv-neutron-831730-7-hyperv devstack@n-api.service[103305]: DEBUG oslo_concurrency.lockutils [None req-9e46ce90-48be-485b-bb70-84f28385f110 tempest-ServersTestJSON-1669815019 tempest-ServersTestJSON-1669815019-project] Lock "f827727e-58c0-4331-b50e-784217d23e4b" released by "nova.context.set_target_cell..get_or_set_cached_cell_and_set_connections" :: held 0.001s {{(pid=103305) inner /usr/local/lib/python3.8/dist-packages/oslo_concurrency/lockutils.py:367}}
Mar 17 21:21:23.407054 dv-neutron-831730-7-hyperv devstack@n-api.service[103305]: DEBUG oslo_concurrency.lockutils [None req-9e46ce90-48be-485b-bb70-84f28385f110 tempest-ServersTestJSON-1669815019 tempest-ServersTestJSON-1669815019-project] Lock "f827727e-58c0-4331-b50e-784217d23e4b" acquired by "nova.context.set_target_cell..get_or_set_cached_cell_and_set_connections" :: waited 0.000s {{(pid=103305) inner /usr/local/lib/python3.8/dist-packages/oslo_concurrency/lockutils.py:355}}
Mar 17 21:21:23.407054 dv-neutron-831730-7-hyperv devstack@n-api.service[103305]: DEBUG oslo_concurrency.lockutils [None req-9e46ce90-48be-485b-bb70-84f28385f110 tempest-ServersTestJSON-1669815019 tempest-ServersTestJSON-1669815019-project] Lock "f827727e-58c0-4331-b50e-784217d23e4b" released by "nova.context.set_target_cell..get_or_set_cached_cell_and_set_connections" :: held 0.000s {{(pid=103305) inner /usr/local/lib/python3.8/dist-packages/oslo_concurrency/lockutils.py:367}}
Mar 17 21:21:23.407353 dv-neutron-831730-7-hyperv devstack@n-api.service[103306]: INFO nova.api.openstack.compute.server_external_events [req-f086736d-558a-4a85-8577-d56bebf1f834 req-19d576a2-bbff-4a15-a935-6242ebdbe5a7 service nova] Creating event network-changed:5abf5891-986b-4160-bb61-a288d667a318 for instance 26e2dc7b-a20d-4b2a-81b9-44328d25a876 on hv-neutron-8317
Mar 17 21:21:23.407353 dv-neutron-831730-7-hyperv devstack@n-api.service[103306]: INFO nova.api.openstack.requestlog [req-f086736d-558a-4a85-8577-d56bebf1f834 req-19d576a2-bbff-4a15-a935-6242ebdbe5a7 service nova] 10.222.0.32 "POST /compute/v2.1/os-server-external-events" status: 200 len: 179 microversion: 2.1 time: 0.085777
Mar 17 21:21:23.407353 dv-neutron-831730-7-hyperv devstack@n-api.service[103306]: [pid: 103306|app: 0|req: 25/49] 10.222.0.32 () {64 vars in 1317 bytes} [Thu Mar 17 21:21:23 2022] POST /compute/v2.1/os-server-external-events => generated 179 bytes in 89 msecs (HTTP/1.1 200) 9 headers in 357 bytes (1 switches on core 0)
Mar 17 21:21:24.484765 dv-neutron-831730-7-hyperv devstack@n-api.service[103305]: DEBUG nova.policy [None req-9e46ce90-48be-485b-bb70-84f28385f110 tempest-ServersTestJSON-1669815019 tempest-ServersTestJSON-1669815019-project] Policy check for os_compute_api:os-extended-server-attributes failed with credentials {'is_admin': False, 'user_id': 'b69d16d917c94e81815711ac86c3211e', 'user_domain_id': 'default', 'system_scope': None, 'domain_id': None, 'project_id': '2b92fec6279240ab9d285dc51009c6e2', 'project_domain_id': 'default', 'roles': ['reader', 'member'], 'is_admin_project': True, 'service_user_id': None, 'service_user_domain_id': None, 'service_project_id': None, 'service_project_domain_id': None, 'service_roles': []} {{(pid=103305) authorize /opt/stack/nova/nova/policy.py:199}}
Mar 17 21:21:24.498073 dv-neutron-831730-7-hyperv devstack@n-api.service[103305]: INFO nova.api.openstack.requestlog [None req-9e46ce90-48be-485b-bb70-84f28385f110 tempest-ServersTestJSON-1669815019 tempest-ServersTestJSON-1669815019-project] 10.222.0.32 "GET /compute/v2.1/servers/26e2dc7b-a20d-4b2a-81b9-44328d25a876" status: 200 len: 1575 microversion: 2.1 time: 1.231486
Mar 17 21:21:24.499290 dv-neutron-831730-7-hyperv devstack@n-api.service[103305]: [pid: 103305|app: 0|req: 25/50] 10.222.0.32 () {58 vars in 1235 bytes} [Thu Mar 17 21:21:23 2022] GET /compute/v2.1/servers/26e2dc7b-a20d-4b2a-81b9-44328d25a876 => generated 1575 bytes in 1235 msecs (HTTP/1.1 200) 9 headers in 358 bytes (1 switches on core 0)
Mar 17 21:21:24.515355 dv-neutron-831730-7-hyperv devstack@n-api.service[103306]: DEBUG nova.api.openstack.wsgi [None req-38b3d962-37f4-4b62-bc84-716997f87b59 tempest-ServersTestJSON-1669815019 tempest-ServersTestJSON-1669815019-project] Calling method '>' {{(pid=103306) _process_stack /opt/stack/nova/nova/api/openstack/wsgi.py:513}}
Mar 17 21:21:24.537005 dv-neutron-831730-7-hyperv devstack@n-api.service[103306]: INFO nova.api.openstack.requestlog [None req-38b3d962-37f4-4b62-bc84-716997f87b59 tempest-ServersTestJSON-1669815019 tempest-ServersTestJSON-1669815019-project] 10.222.0.32 "GET /compute/v2.1/flavors/452" status: 200 len: 370 microversion: 2.1 time: 0.025682
Mar 17 21:21:24.537921 dv-neutron-831730-7-hyperv devstack@n-api.service[103306]: [pid: 103306|app: 0|req: 26/51] 10.222.0.32 () {58 vars in 1136 bytes} [Thu Mar 17 21:21:24 2022] GET /compute/v2.1/flavors/452 => generated 370 bytes in 28 msecs (HTTP/1.1 200) 9 headers in 357 bytes (1 switches on core 0)
Mar 17 21:21:26.713848 dv-neutron-831730-7-hyperv devstack@n-api.service[103305]: DEBUG nova.api.openstack.wsgi [None req-d0e8f213-a737-4fe8-805b-459ea847e861 tempest-ServerActionsTestJSON-797709582 tempest-ServerActionsTestJSON-797709582-project] Calling method '>' {{(pid=103305) _process_stack /opt/stack/nova/nova/api/openstack/wsgi.py:513}}
Mar 17 21:21:26.714468 dv-neutron-831730-7-hyperv devstack@n-api.service[103305]: DEBUG nova.compute.api [None req-d0e8f213-a737-4fe8-805b-459ea847e861 tempest-ServerActionsTestJSON-797709582 tempest-ServerActionsTestJSON-797709582-project] [instance: 55ecc635-c23b-4ca7-a557-1ba7b12a684e] Fetching instance by UUID {{(pid=103305) get /opt/stack/nova/nova/compute/api.py:2813}}
Mar 17 21:21:26.721952 dv-neutron-831730-7-hyperv devstack@n-api.service[103305]: DEBUG oslo_concurrency.lockutils [None req-d0e8f213-a737-4fe8-805b-459ea847e861 tempest-ServerActionsTestJSON-797709582 tempest-ServerActionsTestJSON-797709582-project] Lock "f827727e-58c0-4331-b50e-784217d23e4b" acquired by "nova.context.set_target_cell..get_or_set_cached_cell_and_set_connections" :: waited 0.000s {{(pid=103305) inner /usr/local/lib/python3.8/dist-packages/oslo_concurrency/lockutils.py:355}}
Mar 17 21:21:26.722632 dv-neutron-831730-7-hyperv devstack@n-api.service[103305]: DEBUG oslo_concurrency.lockutils [None req-d0e8f213-a737-4fe8-805b-459ea847e861 tempest-ServerActionsTestJSON-797709582 tempest-ServerActionsTestJSON-797709582-project] Lock "f827727e-58c0-4331-b50e-784217d23e4b" released by "nova.context.set_target_cell..get_or_set_cached_cell_and_set_connections" :: held 0.001s {{(pid=103305) inner /usr/local/lib/python3.8/dist-packages/oslo_concurrency/lockutils.py:367}}
Mar 17 21:21:26.723572 dv-neutron-831730-7-hyperv devstack@n-api.service[103305]: DEBUG oslo_concurrency.lockutils [None req-d0e8f213-a737-4fe8-805b-459ea847e861 tempest-ServerActionsTestJSON-797709582 tempest-ServerActionsTestJSON-797709582-project] Lock "f827727e-58c0-4331-b50e-784217d23e4b" acquired by "nova.context.set_target_cell..get_or_set_cached_cell_and_set_connections" :: waited 0.000s {{(pid=103305) inner /usr/local/lib/python3.8/dist-packages/oslo_concurrency/lockutils.py:355}}
Mar 17 21:21:26.724164 dv-neutron-831730-7-hyperv devstack@n-api.service[103305]: DEBUG oslo_concurrency.lockutils [None req-d0e8f213-a737-4fe8-805b-459ea847e861 tempest-ServerActionsTestJSON-797709582 tempest-ServerActionsTestJSON-797709582-project] Lock "f827727e-58c0-4331-b50e-784217d23e4b" released by "nova.context.set_target_cell..get_or_set_cached_cell_and_set_connections" :: held 0.001s {{(pid=103305) inner /usr/local/lib/python3.8/dist-packages/oslo_concurrency/lockutils.py:367}}
Mar 17 21:21:27.060043 dv-neutron-831730-7-hyperv devstack@n-api.service[103306]: DEBUG nova.api.openstack.wsgi [req-e4435f55-286b-469c-b4d5-fba4362316df req-0721213e-10ff-413f-99b7-a243bee62099 service nova] Action: 'create', calling method: >, body: {"events": [{"name": "network-changed", "server_uuid": "55ecc635-c23b-4ca7-a557-1ba7b12a684e", "tag": "5619b764-d7b6-45c1-bdf9-7aa385aa3a7d"}]} {{(pid=103306) _process_stack /opt/stack/nova/nova/api/openstack/wsgi.py:511}}
Mar 17 21:21:27.062941 dv-neutron-831730-7-hyperv devstack@n-api.service[103306]: /usr/local/lib/python3.8/dist-packages/oslo_policy/policy.py:1065: UserWarning: Policy os_compute_api:os-server-external-events:create failed scope check. The token used to make the request was project scoped but the policy requires ['system'] scope. This behavior may change in the future where using the intended scope is required
Mar 17 21:21:27.062941 dv-neutron-831730-7-hyperv devstack@n-api.service[103306]: warnings.warn(msg)
Mar 17 21:21:27.074706 dv-neutron-831730-7-hyperv devstack@n-api.service[103306]: DEBUG oslo_concurrency.lockutils [req-e4435f55-286b-469c-b4d5-fba4362316df req-0721213e-10ff-413f-99b7-a243bee62099 service nova] Lock "f827727e-58c0-4331-b50e-784217d23e4b" acquired by "nova.context.set_target_cell..get_or_set_cached_cell_and_set_connections" :: waited 0.000s {{(pid=103306) inner /usr/local/lib/python3.8/dist-packages/oslo_concurrency/lockutils.py:355}}
Mar 17 21:21:27.075456 dv-neutron-831730-7-hyperv devstack@n-api.service[103306]: DEBUG oslo_concurrency.lockutils [req-e4435f55-286b-469c-b4d5-fba4362316df req-0721213e-10ff-413f-99b7-a243bee62099 service nova] Lock "f827727e-58c0-4331-b50e-784217d23e4b" released by "nova.context.set_target_cell..get_or_set_cached_cell_and_set_connections" :: held 0.001s {{(pid=103306) inner /usr/local/lib/python3.8/dist-packages/oslo_concurrency/lockutils.py:367}}
Mar 17 21:21:27.097904 dv-neutron-831730-7-hyperv devstack@n-api.service[103306]: INFO nova.api.openstack.compute.server_external_events [req-e4435f55-286b-469c-b4d5-fba4362316df req-0721213e-10ff-413f-99b7-a243bee62099 service nova] Creating event network-changed:5619b764-d7b6-45c1-bdf9-7aa385aa3a7d for instance 55ecc635-c23b-4ca7-a557-1ba7b12a684e on hv-neutron-8317
Mar 17 21:21:27.104207 dv-neutron-831730-7-hyperv devstack@n-api.service[103306]: INFO nova.api.openstack.requestlog [req-e4435f55-286b-469c-b4d5-fba4362316df req-0721213e-10ff-413f-99b7-a243bee62099 service nova] 10.222.0.32 "POST /compute/v2.1/os-server-external-events" status: 200 len: 179 microversion: 2.1 time: 0.151616
Mar 17 21:21:27.105779 dv-neutron-831730-7-hyperv devstack@n-api.service[103306]: [pid: 103306|app: 0|req: 27/52] 10.222.0.32 () {64 vars in 1317 bytes} [Thu Mar 17 21:21:26 2022] POST /compute/v2.1/os-server-external-events => generated 179 bytes in 154 msecs (HTTP/1.1 200) 9 headers in 357 bytes (2 switches on core 0)
Mar 17 21:21:27.578317 dv-neutron-831730-7-hyperv devstack@n-api.service[103305]: DEBUG nova.policy [None req-d0e8f213-a737-4fe8-805b-459ea847e861 tempest-ServerActionsTestJSON-797709582 tempest-ServerActionsTestJSON-797709582-project] Policy check for os_compute_api:os-extended-server-attributes failed with credentials {'is_admin': False, 'user_id': '616e60354acf49a383a8ccf1d898e693', 'user_domain_id': 'default', 'system_scope': None, 'domain_id': None, 'project_id': '70fc555f300e4231a409370ad233ff9f', 'project_domain_id': 'default', 'roles': ['reader', 'member'], 'is_admin_project': True, 'service_user_id': None, 'service_user_domain_id': None, 'service_project_id': None, 'service_project_domain_id': None, 'service_roles': []} {{(pid=103305) authorize /opt/stack/nova/nova/policy.py:199}}
Mar 17 21:21:27.592024 dv-neutron-831730-7-hyperv devstack@n-api.service[103305]: INFO nova.api.openstack.requestlog [None req-d0e8f213-a737-4fe8-805b-459ea847e861 tempest-ServerActionsTestJSON-797709582 tempest-ServerActionsTestJSON-797709582-project] 10.222.0.32 "GET /compute/v2.1/servers/55ecc635-c23b-4ca7-a557-1ba7b12a684e" status: 200 len: 1550 microversion: 2.1 time: 0.881795
Mar 17 21:21:27.594133 dv-neutron-831730-7-hyperv devstack@n-api.service[103305]: [pid: 103305|app: 0|req: 26/53] 10.222.0.32 () {58 vars in 1235 bytes} [Thu Mar 17 21:21:26 2022] GET /compute/v2.1/servers/55ecc635-c23b-4ca7-a557-1ba7b12a684e => generated 1550 bytes in 885 msecs (HTTP/1.1 200) 9 headers in 358 bytes (1 switches on core 0)
Mar 17 21:21:27.611641 dv-neutron-831730-7-hyperv devstack@n-api.service[103306]: DEBUG nova.api.openstack.wsgi [None req-6e9c5698-81d7-40b1-af64-0399427e077d tempest-ServerActionsTestJSON-797709582 tempest-ServerActionsTestJSON-797709582-project] Calling method '>' {{(pid=103306) _process_stack /opt/stack/nova/nova/api/openstack/wsgi.py:513}}
