Mar 03 05:40:47.108267 dv-neutron-831581-1-hyperv neutron-server[109134]: DEBUG neutron_lib.callbacks.manager [None req-cc79d1ad-1cdf-404f-9053-027c3b33f32c tempest-AllowedAddressPairIpV6TestJSON-140224186 tempest-AllowedAddressPairIpV6TestJSON-140224186-project] Notify callbacks ['neutron.plugins.ml2.plugin.SecurityGroupServerNotifierRpcMixin._notify_sg_on_port_change-550374', 'neutron.plugins.ml2.ovo_rpc._ObjectChangeHandler.handle_event-79301', 'neutron.api.rpc.agentnotifiers.dhcp_rpc_agent_api.DhcpAgentNotifyAPI._native_event_send_dhcp_notification-1599535', 'neutron.db.l3_db.L3RpcNotifierMixin._notify_gateway_port_ip_changed-8733141721784', 'neutron.db.l3_dvrscheduler_db._notify_l3_agent_port_update-8733141246895', 'neutron.db.l3_hascheduler_db._notify_l3_agent_ha_port_update-8733141256021', 'neutron.services.segments.plugin.NovaSegmentNotifier._notify_port_updated-7148208'] for port, after_update {{(pid=109134) _notify_loop /usr/local/lib/python3.8/dist-packages/neutron_lib/callbacks/manager.py:192}}
Mar 03 05:40:47.115868 dv-neutron-831581-1-hyperv neutron-server[109134]: DEBUG neutron_lib.callbacks.manager [None req-417fcf86-b435-4796-bb48-dc57f1a41434 tempest-NetworksIpV6TestAttrs-832405304 tempest-NetworksIpV6TestAttrs-832405304-project] Notify callbacks [] for port, precommit_create {{(pid=109134) _notify_loop /usr/local/lib/python3.8/dist-packages/neutron_lib/callbacks/manager.py:192}}
Mar 03 05:40:47.175285 dv-neutron-831581-1-hyperv neutron-server[109134]: DEBUG neutron.plugins.ml2.plugin [None req-cc79d1ad-1cdf-404f-9053-027c3b33f32c tempest-AllowedAddressPairIpV6TestJSON-140224186 tempest-AllowedAddressPairIpV6TestJSON-140224186-project] In _notify_port_updated(), no bound segment for port edd57f26-5e8c-42a7-8be9-c39ff191bb6a on network 1bec756e-d5dd-4bbb-8f08-e07e11f6a587 {{(pid=109134) _notify_port_updated /opt/stack/neutron/neutron/plugins/ml2/plugin.py:879}}
Mar 03 05:40:47.180681 dv-neutron-831581-1-hyperv neutron-server[109134]: DEBUG neutron.pecan_wsgi.hooks.policy_enforcement [None req-cc79d1ad-1cdf-404f-9053-027c3b33f32c tempest-AllowedAddressPairIpV6TestJSON-140224186 tempest-AllowedAddressPairIpV6TestJSON-140224186-project] Attributes excluded by policy engine: ['standard_attr_id', 'binding:profile', 'binding:host_id', 'binding:vif_type', 'binding:vif_details'] {{(pid=109134) _exclude_attributes_by_policy /opt/stack/neutron/neutron/pecan_wsgi/hooks/policy_enforcement.py:255}}
Mar 03 05:40:47.181331 dv-neutron-831581-1-hyperv neutron-server[109134]: DEBUG neutron_lib.callbacks.manager [None req-cc79d1ad-1cdf-404f-9053-027c3b33f32c tempest-AllowedAddressPairIpV6TestJSON-140224186 tempest-AllowedAddressPairIpV6TestJSON-140224186-project] Notify callbacks ['neutron.notifiers.nova.Notifier._send_nova_notification-84554'] for port, before_response {{(pid=109134) _notify_loop /usr/local/lib/python3.8/dist-packages/neutron_lib/callbacks/manager.py:192}}
Mar 03 05:40:47.182631 dv-neutron-831581-1-hyperv neutron-server[109134]: INFO neutron.wsgi [None req-cc79d1ad-1cdf-404f-9053-027c3b33f32c tempest-AllowedAddressPairIpV6TestJSON-140224186 tempest-AllowedAddressPairIpV6TestJSON-140224186-project] 10.222.0.10 "PUT /v2.0/ports/edd57f26-5e8c-42a7-8be9-c39ff191bb6a HTTP/1.1" status: 200 len: 1066 time: 1.2714286
Mar 03 05:40:47.198588 dv-neutron-831581-1-hyperv neutron-server[109135]: DEBUG neutron_lib.callbacks.manager [None req-a66bd452-c38e-425a-ab48-762a1a33c3ad tempest-RoutersTestDVR-981033624 tempest-RoutersTestDVR-981033624-project-admin] Notify callbacks ['neutron.services.l3_router.l3_router_plugin.L3_HA_NAT_db_mixin._cleanup_ha_network_handler-508855'] for router, after_delete {{(pid=109135) _notify_loop /usr/local/lib/python3.8/dist-packages/neutron_lib/callbacks/manager.py:192}}
Mar 03 05:40:47.199133 dv-neutron-831581-1-hyperv neutron-server[109135]: DEBUG neutron.api.rpc.agentnotifiers.l3_rpc_agent_api [None req-a66bd452-c38e-425a-ab48-762a1a33c3ad tempest-RoutersTestDVR-981033624 tempest-RoutersTestDVR-981033624-project-admin] Fanout notify agent at l3_agent the message router_deleted on router e2e19884-a5db-4e10-8bfd-7147dcc2cb83 {{(pid=109135) _notification_fanout /opt/stack/neutron/neutron/api/rpc/agentnotifiers/l3_rpc_agent_api.py:114}}
Mar 03 05:40:47.202001 dv-neutron-831581-1-hyperv neutron-server[109135]: DEBUG neutron.wsgi [-] (109135) accepted ('10.222.0.10', 58058) {{(pid=109135) server /usr/local/lib/python3.8/dist-packages/eventlet/wsgi.py:982}}
Mar 03 05:40:47.221367 dv-neutron-831581-1-hyperv neutron-server[109135]: DEBUG neutron_lib.callbacks.manager [None req-a66bd452-c38e-425a-ab48-762a1a33c3ad tempest-RoutersTestDVR-981033624 tempest-RoutersTestDVR-981033624-project-admin] Notify callbacks [] for router, before_response {{(pid=109135) _notify_loop /usr/local/lib/python3.8/dist-packages/neutron_lib/callbacks/manager.py:192}}
Mar 03 05:40:47.222498 dv-neutron-831581-1-hyperv neutron-server[109135]: INFO neutron.wsgi [None req-a66bd452-c38e-425a-ab48-762a1a33c3ad tempest-RoutersTestDVR-981033624 tempest-RoutersTestDVR-981033624-project-admin] 10.222.0.10 "DELETE /v2.0/routers/e2e19884-a5db-4e10-8bfd-7147dcc2cb83 HTTP/1.1" status: 204 len: 168 time: 1.1336896
Mar 03 05:40:47.234246 dv-neutron-831581-1-hyperv neutron-server[109134]: DEBUG neutron.wsgi [-] (109134) accepted ('10.222.0.10', 58060) {{(pid=109134) server /usr/local/lib/python3.8/dist-packages/eventlet/wsgi.py:982}}
Mar 03 05:40:47.246313 dv-neutron-831581-1-hyperv neutron-server[109134]: DEBUG neutron.api.v2.base [None req-68f54e78-967f-4335-9447-406efa82cee8 tempest-RoutersTestDVR-981033624 tempest-RoutersTestDVR-981033624-project-admin] Request body: {'router': {'name': 'tempest-router-1933149808', 'distributed': False}} {{(pid=109134) prepare_request_body /opt/stack/neutron/neutron/api/v2/base.py:729}}
Mar 03 05:40:47.258698 dv-neutron-831581-1-hyperv neutron-server[109134]: DEBUG neutron.api.rpc.handlers.resources_rpc [None req-cc79d1ad-1cdf-404f-9053-027c3b33f32c tempest-AllowedAddressPairIpV6TestJSON-140224186 tempest-AllowedAddressPairIpV6TestJSON-140224186-project] Pushing event updated for resources: {'Port': ['ID=edd57f26-5e8c-42a7-8be9-c39ff191bb6a,revision_number=2']} {{(pid=109134) push /opt/stack/neutron/neutron/api/rpc/handlers/resources_rpc.py:237}}
Mar 03 05:40:47.302761 dv-neutron-831581-1-hyperv neutron-server[109135]: DEBUG neutron.pecan_wsgi.hooks.policy_enforcement [req-093538a6-49b5-4e20-8b4f-87038317f716 req-2967d308-4024-4384-b6e4-0aa1b258a60f service neutron] Attributes excluded by policy engine: ['standard_attr_id'] {{(pid=109135) _exclude_attributes_by_policy /opt/stack/neutron/neutron/pecan_wsgi/hooks/policy_enforcement.py:255}}
Mar 03 05:40:47.304987 dv-neutron-831581-1-hyperv neutron-server[109135]: INFO neutron.wsgi [req-093538a6-49b5-4e20-8b4f-87038317f716 req-2967d308-4024-4384-b6e4-0aa1b258a60f service neutron] 10.222.0.11 "GET /v2.0/ports?tenant_id=7cfa5bfaea4441d2b122dcab32c9d20b&device_id=eadd9f4f-d216-42fd-8919-f140773da0a0 HTTP/1.1" status: 200 len: 1096 time: 0.4182589
Mar 03 05:40:47.311442 dv-neutron-831581-1-hyperv neutron-server[109135]: DEBUG neutron.pecan_wsgi.hooks.policy_enforcement [req-87afa280-2d82-49bb-ab1d-e83d7acbb088 req-d86fe943-8dc7-43b4-ae01-5ac054fe842a tempest-ServersTestJSON-1546437204 tempest-ServersTestJSON-1546437204-project] Attributes excluded by policy engine: ['standard_attr_id', 'binding:profile', 'binding:host_id', 'binding:vif_type', 'binding:vif_details'] {{(pid=109135) _exclude_attributes_by_policy /opt/stack/neutron/neutron/pecan_wsgi/hooks/policy_enforcement.py:255}}
Mar 03 05:40:47.313831 dv-neutron-831581-1-hyperv neutron-server[109135]: INFO neutron.wsgi [req-87afa280-2d82-49bb-ab1d-e83d7acbb088 req-d86fe943-8dc7-43b4-ae01-5ac054fe842a tempest-ServersTestJSON-1546437204 tempest-ServersTestJSON-1546437204-project] 10.222.0.10 "GET /v2.0/ports?device_id=eadd9f4f-d216-42fd-8919-f140773da0a0 HTTP/1.1" status: 200 len: 943 time: 0.2890148
Mar 03 05:40:47.330917 dv-neutron-831581-1-hyperv neutron-server[109134]: DEBUG neutron_lib.callbacks.manager [None req-68f54e78-967f-4335-9447-406efa82cee8 tempest-RoutersTestDVR-981033624 tempest-RoutersTestDVR-981033624-project-admin] Notify callbacks ['neutron.services.l3_router.l3_router_plugin.L3_HA_NAT_db_mixin._before_router_create_handler-510824', 'neutron.services.l3_router.service_providers.driver_controller.DriverController._check_router_request-10249'] for router, before_create {{(pid=109134) _notify_loop /usr/local/lib/python3.8/dist-packages/neutron_lib/callbacks/manager.py:192}}
Mar 03 05:40:47.331872 dv-neutron-831581-1-hyperv neutron-server[109134]: DEBUG neutron_lib.callbacks.manager [None req-68f54e78-967f-4335-9447-406efa82cee8 tempest-RoutersTestDVR-981033624 tempest-RoutersTestDVR-981033624-project-admin] Notify callbacks ['neutron.services.l3_router.l3_router_plugin.L3_HA_NAT_db_mixin._precommit_router_create-508920', 'neutron.services.l3_router.l3_router_plugin.DVRResourceOperationHandler._set_distributed_flag-513362', 'neutron.services.l3_router.l3_router_plugin.RouterAvailabilityZoneMixin._process_az_request-437161', 'neutron.services.l3_router.service_providers.driver_controller.DriverController._set_router_provider-10240'] for router, precommit_create {{(pid=109134) _notify_loop /usr/local/lib/python3.8/dist-packages/neutron_lib/callbacks/manager.py:192}}
Mar 03 05:40:47.361992 dv-neutron-831581-1-hyperv neutron-server[109134]: DEBUG neutron_lib.callbacks.manager [None req-417fcf86-b435-4796-bb48-dc57f1a41434 tempest-NetworksIpV6TestAttrs-832405304 tempest-NetworksIpV6TestAttrs-832405304-project] Notify callbacks ['neutron.plugins.ml2.plugin.SecurityGroupServerNotifierRpcMixin._notify_sg_on_port_change-550374', 'neutron.plugins.ml2.ovo_rpc._ObjectChangeHandler.handle_event-79301', 'neutron.api.rpc.agentnotifiers.dhcp_rpc_agent_api.DhcpAgentNotifyAPI._native_event_send_dhcp_notification-1599535', 'neutron.db.l3_dvrscheduler_db._notify_l3_agent_new_port-8733141246922', 'neutron.services.segments.plugin.NovaSegmentNotifier._notify_port_created_or_deleted-7148217'] for port, after_create {{(pid=109134) _notify_loop /usr/local/lib/python3.8/dist-packages/neutron_lib/callbacks/manager.py:192}}
Mar 03 05:40:47.510579 dv-neutron-831581-1-hyperv neutron-server[109134]: DEBUG neutron.scheduler.dhcp_agent_scheduler [None req-417fcf86-b435-4796-bb48-dc57f1a41434 tempest-NetworksIpV6TestAttrs-832405304 tempest-NetworksIpV6TestAttrs-832405304-project] Network 05e078d7-39f0-440b-b993-099efc41ef2c is already hosted by enough agents. {{(pid=109134) _get_dhcp_agents_hosting_network /opt/stack/neutron/neutron/scheduler/dhcp_agent_scheduler.py:275}}
Mar 03 05:40:47.525502 dv-neutron-831581-1-hyperv neutron-server[109134]: DEBUG neutron.scheduler.base_scheduler [None req-417fcf86-b435-4796-bb48-dc57f1a41434 tempest-NetworksIpV6TestAttrs-832405304 tempest-NetworksIpV6TestAttrs-832405304-project] Resources bound (agent type, host, resource id): {{(pid=109134) schedule /opt/stack/neutron/neutron/scheduler/base_scheduler.py:57}}
Mar 03 05:40:47.531576 dv-neutron-831581-1-hyperv neutron-server[109136]: DEBUG neutron.db.provisioning_blocks [None req-3e09a1c3-b2d1-4430-8eb5-6ba0aec2f2c6 None None] Provisioning complete for port edd57f26-5e8c-42a7-8be9-c39ff191bb6a triggered by entity DHCP. {{(pid=109136) provisioning_complete /opt/stack/neutron/neutron/db/provisioning_blocks.py:139}}
Mar 03 05:40:47.532134 dv-neutron-831581-1-hyperv neutron-server[109136]: DEBUG neutron_lib.callbacks.manager [None req-3e09a1c3-b2d1-4430-8eb5-6ba0aec2f2c6 None None] Notify callbacks ['neutron.plugins.ml2.plugin.Ml2Plugin._port_provisioned-1446547'] for port, provisioning_complete {{(pid=109136) _notify_loop /usr/local/lib/python3.8/dist-packages/neutron_lib/callbacks/manager.py:192}}
Mar 03 05:40:47.568344 dv-neutron-831581-1-hyperv neutron-server[109134]: DEBUG neutron.db.l3_dvrscheduler_db [None req-417fcf86-b435-4796-bb48-dc57f1a41434 tempest-NetworksIpV6TestAttrs-832405304 tempest-NetworksIpV6TestAttrs-832405304-project] Received port after_create {{(pid=109134) _notify_l3_agent_new_port /opt/stack/neutron/neutron/db/l3_dvrscheduler_db.py:536}}
Mar 03 05:40:47.570237 dv-neutron-831581-1-hyperv neutron-server[109136]: DEBUG neutron.plugins.ml2.plugin [None req-3e09a1c3-b2d1-4430-8eb5-6ba0aec2f2c6 None None] Port edd57f26-5e8c-42a7-8be9-c39ff191bb6a cannot update to ACTIVE because it is not bound. {{(pid=109136) _port_provisioned /opt/stack/neutron/neutron/plugins/ml2/plugin.py:339}}
Mar 03 05:40:47.573825 dv-neutron-831581-1-hyperv neutron-server[109134]: DEBUG neutron.pecan_wsgi.hooks.policy_enforcement [None req-417fcf86-b435-4796-bb48-dc57f1a41434 tempest-NetworksIpV6TestAttrs-832405304 tempest-NetworksIpV6TestAttrs-832405304-project] Attributes excluded by policy engine: ['standard_attr_id', 'binding:profile', 'binding:host_id', 'binding:vif_type', 'binding:vif_details', 'network'] {{(pid=109134) _exclude_attributes_by_policy /opt/stack/neutron/neutron/pecan_wsgi/hooks/policy_enforcement.py:255}}
Mar 03 05:40:47.574435 dv-neutron-831581-1-hyperv neutron-server[109134]: DEBUG neutron_lib.callbacks.manager [None req-417fcf86-b435-4796-bb48-dc57f1a41434 tempest-NetworksIpV6TestAttrs-832405304 tempest-NetworksIpV6TestAttrs-832405304-project] Notify callbacks ['neutron.notifiers.nova.Notifier._send_nova_notification-84554'] for port, before_response {{(pid=109134) _notify_loop /usr/local/lib/python3.8/dist-packages/neutron_lib/callbacks/manager.py:192}}
Mar 03 05:40:47.578809 dv-neutron-831581-1-hyperv neutron-server[109134]: DEBUG neutron_lib.callbacks.manager [None req-68f54e78-967f-4335-9447-406efa82cee8 tempest-RoutersTestDVR-981033624 tempest-RoutersTestDVR-981033624-project-admin] Notify callbacks [] for router_controller, precommit_add_association {{(pid=109134) _notify_loop /usr/local/lib/python3.8/dist-packages/neutron_lib/callbacks/manager.py:192}}
Mar 03 05:40:47.589460 dv-neutron-831581-1-hyperv neutron-server[109134]: DEBUG neutron.api.rpc.handlers.resources_rpc [None req-417fcf86-b435-4796-bb48-dc57f1a41434 tempest-NetworksIpV6TestAttrs-832405304 tempest-NetworksIpV6TestAttrs-832405304-project] Pushing event updated for resources: {'Port': ['ID=fb57b902-e932-4942-87f6-18c3b261ad07,revision_number=1']} {{(pid=109134) push /opt/stack/neutron/neutron/api/rpc/handlers/resources_rpc.py:237}}
Mar 03 05:40:47.612505 dv-neutron-831581-1-hyperv neutron-server[109134]: DEBUG neutron_lib.callbacks.manager [None req-68f54e78-967f-4335-9447-406efa82cee8 tempest-RoutersTestDVR-981033624 tempest-RoutersTestDVR-981033624-project-admin] Notify callbacks ['neutron.services.l3_router.l3_router_plugin.L3_HA_NAT_db_mixin._after_router_create-508897', 'neutron.services.l3_router.l3_router_plugin.DVRResourceOperationHandler._create_snat_interfaces_after_change-513407'] for router, after_create {{(pid=109134) _notify_loop /usr/local/lib/python3.8/dist-packages/neutron_lib/callbacks/manager.py:192}}
Mar 03 05:40:47.619817 dv-neutron-831581-1-hyperv neutron-server[109135]: INFO neutron.wsgi [req-43bcd65f-9311-4898-85f1-204773faa5f7 req-8e9b5822-b780-4900-8b31-4e4fe7a5a114 tempest-ServerActionsTestJSON-1475994343 tempest-ServerActionsTestJSON-1475994343-project] 10.222.0.10 "GET /v2.0/ports?device_id=e7194d38-3db3-4759-bf92-3faf0f930e12 HTTP/1.1" status: 200 len: 210 time: 0.1420047
Mar 03 05:40:47.637829 dv-neutron-831581-1-hyperv neutron-server[109134]: INFO neutron.wsgi [None req-417fcf86-b435-4796-bb48-dc57f1a41434 tempest-NetworksIpV6TestAttrs-832405304 tempest-NetworksIpV6TestAttrs-832405304-project] 10.222.0.10 "POST /v2.0/ports HTTP/1.1" status: 201 len: 951 time: 2.4073305
Mar 03 05:40:47.643870 dv-neutron-831581-1-hyperv neutron-server[109135]: DEBUG neutron.wsgi [-] (109135) accepted ('10.222.0.10', 58064) {{(pid=109135) server /usr/local/lib/python3.8/dist-packages/eventlet/wsgi.py:982}}
Mar 03 05:40:47.689223 dv-neutron-831581-1-hyperv neutron-server[109135]: DEBUG neutron_lib.callbacks.manager [None req-0ef133cc-1a0f-4e8a-a199-6ab00bc5b5be tempest-RoutersAdminTest-1388493381 tempest-RoutersAdminTest-1388493381-project-admin] Notify callbacks ['neutron.services.l3_router.l3_router_plugin.L3_HA_NAT_db_mixin._after_router_create-508897', 'neutron.services.l3_router.l3_router_plugin.DVRResourceOperationHandler._create_snat_interfaces_after_change-513407'] for router, after_create {{(pid=109135) _notify_loop /usr/local/lib/python3.8/dist-packages/neutron_lib/callbacks/manager.py:192}}
Mar 03 05:40:47.704580 dv-neutron-831581-1-hyperv neutron-server[109134]: DEBUG neutron_lib.callbacks.manager [None req-68f54e78-967f-4335-9447-406efa82cee8 tempest-RoutersTestDVR-981033624 tempest-RoutersTestDVR-981033624-project-admin] Notify callbacks [] for router, before_response {{(pid=109134) _notify_loop /usr/local/lib/python3.8/dist-packages/neutron_lib/callbacks/manager.py:192}}
Mar 03 05:40:47.708220 dv-neutron-831581-1-hyperv neutron-server[109134]: INFO neutron.wsgi [None req-68f54e78-967f-4335-9447-406efa82cee8 tempest-RoutersTestDVR-981033624 tempest-RoutersTestDVR-981033624-project-admin] 10.222.0.10 "POST /v2.0/routers HTTP/1.1" status: 201 len: 722 time: 0.4649973
Mar 03 05:40:47.712135 dv-neutron-831581-1-hyperv neutron-server[109134]: DEBUG neutron.wsgi [-] (109134) accepted ('10.222.0.10', 58066) {{(pid=109134) server /usr/local/lib/python3.8/dist-packages/eventlet/wsgi.py:982}}
Mar 03 05:40:47.717270 dv-neutron-831581-1-hyperv neutron-server[109135]: DEBUG neutron.pecan_wsgi.hooks.quota_enforcement [req-a65757d0-8cca-4984-9608-a859a12453fc req-2ee4d8aa-fc52-4558-a47e-19c2f8d6b0af tempest-ServerActionsTestJSON-1475994343 tempest-ServerActionsTestJSON-1475994343-project] Made reservation on behalf of eccd7e66ca7b42d39c18c414615c5f1d for: {'port': 1} {{(pid=109135) before /opt/stack/neutron/neutron/pecan_wsgi/hooks/quota_enforcement.py:53}}
Mar 03 05:40:47.721677 dv-neutron-831581-1-hyperv neutron-server[109135]: DEBUG neutron_lib.callbacks.manager [req-a65757d0-8cca-4984-9608-a859a12453fc req-2ee4d8aa-fc52-4558-a47e-19c2f8d6b0af tempest-ServerActionsTestJSON-1475994343 tempest-ServerActionsTestJSON-1475994343-project] Notify callbacks ['neutron.plugins.ml2.plugin.SecurityGroupDbMixin._ensure_default_security_group_handler-550183'] for port, before_create {{(pid=109135) _notify_loop /usr/local/lib/python3.8/dist-packages/neutron_lib/callbacks/manager.py:192}}
Mar 03 05:40:47.740321 dv-neutron-831581-1-hyperv neutron-server[109135]: INFO neutron.wsgi [req-87afa280-2d82-49bb-ab1d-e83d7acbb088 req-a059c992-6d08-4c28-be15-9f70b938878b tempest-ServersTestJSON-1546437204 tempest-ServersTestJSON-1546437204-project] 10.222.0.10 "GET /v2.0/security-groups?id=2d319517-f678-4ad7-ac17-ec8d950d84a9&fields=id&fields=name HTTP/1.1" status: 200 len: 313 time: 0.3969870
Mar 03 05:40:47.882301 dv-neutron-831581-1-hyperv neutron-server[109135]: DEBUG neutron.pecan_wsgi.hooks.policy_enforcement [req-093538a6-49b5-4e20-8b4f-87038317f716 req-baeb6be8-b8cb-49ae-bd96-56bbdd03e853 service neutron] Attributes excluded by policy engine: ['standard_attr_id', 'vlan_transparent'] {{(pid=109135) _exclude_attributes_by_policy /opt/stack/neutron/neutron/pecan_wsgi/hooks/policy_enforcement.py:255}}
Mar 03 05:40:47.884084 dv-neutron-831581-1-hyperv neutron-server[109135]: INFO neutron.wsgi [req-093538a6-49b5-4e20-8b4f-87038317f716 req-baeb6be8-b8cb-49ae-bd96-56bbdd03e853 service neutron] 10.222.0.11 "GET /v2.0/networks?tenant_id=7cfa5bfaea4441d2b122dcab32c9d20b&shared=False HTTP/1.1" status: 200 len: 906 time: 0.5693512
Mar 03 05:40:47.893993 dv-neutron-831581-1-hyperv neutron-server[109135]: DEBUG neutron.db.db_base_plugin_v2 [None req-719ff8bb-844a-44ed-89e5-8cc0eabed085 tempest-NetworksIpV6TestAttrs-832405304 tempest-NetworksIpV6TestAttrs-832405304-project] Deleting subnet 95fc36b8-53e3-4a95-a733-e27ba2d93d3b {{(pid=109135) delete_subnet /opt/stack/neutron/neutron/db/db_base_plugin_v2.py:1059}}
Mar 03 05:40:47.897914 dv-neutron-831581-1-hyperv neutron-server[109135]: DEBUG neutron.plugins.ml2.plugin [None req-6ef5ccd0-192d-484c-a3cb-c8ad1e6036ab tempest-AllowedAddressPairIpV6TestJSON-140224186 tempest-AllowedAddressPairIpV6TestJSON-140224186-project] Deleting port edd57f26-5e8c-42a7-8be9-c39ff191bb6a {{(pid=109135) _pre_delete_port /opt/stack/neutron/neutron/plugins/ml2/plugin.py:1960}}
Mar 03 05:40:47.898266 dv-neutron-831581-1-hyperv neutron-server[109135]: DEBUG neutron_lib.callbacks.manager [None req-6ef5ccd0-192d-484c-a3cb-c8ad1e6036ab tempest-AllowedAddressPairIpV6TestJSON-140224186 tempest-AllowedAddressPairIpV6TestJSON-140224186-project] Notify callbacks ['neutron.db.l3_db.L3_NAT_dbonly_mixin._prevent_l3_port_delete_callback-8733141717836'] for port, before_delete {{(pid=109135) _notify_loop /usr/local/lib/python3.8/dist-packages/neutron_lib/callbacks/manager.py:192}}
Mar 03 05:40:47.937408 dv-neutron-831581-1-hyperv neutron-server[109135]: DEBUG neutron_lib.callbacks.manager [None req-719ff8bb-844a-44ed-89e5-8cc0eabed085 tempest-NetworksIpV6TestAttrs-832405304 tempest-NetworksIpV6TestAttrs-832405304-project] Notify callbacks [] for subnet, before_delete {{(pid=109135) _notify_loop /usr/local/lib/python3.8/dist-packages/neutron_lib/callbacks/manager.py:192}}
Mar 03 05:40:48.034602 dv-neutron-831581-1-hyperv neutron-server[109134]: DEBUG neutron_lib.callbacks.manager [None req-0ef1792a-ee7b-4cfa-9bac-661405b18bbb tempest-RoutersTestDVR-981033624 tempest-RoutersTestDVR-981033624-project-admin] Notify callbacks [] for router, before_delete {{(pid=109134) _notify_loop /usr/local/lib/python3.8/dist-packages/neutron_lib/callbacks/manager.py:192}}
Mar 03 05:40:48.040207 dv-neutron-831581-1-hyperv neutron-server[109134]: DEBUG neutron_lib.callbacks.manager [None req-c113b790-7c85-446a-a568-0c155381e469 tempest-FloatingIPAdminTestJSON-1167992731 tempest-FloatingIPAdminTestJSON-1167992731-project-admin] Notify callbacks [] for floatingip, precommit_create {{(pid=109134) _notify_loop /usr/local/lib/python3.8/dist-packages/neutron_lib/callbacks/manager.py:192}}
Mar 03 05:40:48.096507 dv-neutron-831581-1-hyperv neutron-server[109136]: DEBUG neutron.plugins.ml2.rpc [None req-52d7c347-c1fe-450b-babf-89ce70315868 None None] Device 78a72472-a3d3-4634-8e7d-56233560d573 up at agent ovs-agent-dv-neutron-831581-1-hyperv {{(pid=109136) update_device_up /opt/stack/neutron/neutron/plugins/ml2/rpc.py:296}}
Mar 03 05:40:48.115080 dv-neutron-831581-1-hyperv neutron-server[109135]: DEBUG neutron_lib.callbacks.manager [None req-33397043-becc-4545-91c3-57c5e597aea0 tempest-ExtraDHCPOptionsIpV6TestJSON-1422935742 tempest-ExtraDHCPOptionsIpV6TestJSON-1422935742-project] Notify callbacks ['neutron.plugins.ml2.plugin.SecurityGroupServerNotifierRpcMixin._notify_sg_on_port_change-550374', 'neutron.plugins.ml2.ovo_rpc._ObjectChangeHandler.handle_event-79301', 'neutron.api.rpc.agentnotifiers.dhcp_rpc_agent_api.DhcpAgentNotifyAPI._native_event_send_dhcp_notification-1599535', 'neutron.db.l3_db.L3RpcNotifierMixin._notify_routers_callback-8733141721766', 'neutron.db.l3_dvrscheduler_db._notify_port_delete-8733141246913', 'neutron.services.segments.plugin.NovaSegmentNotifier._notify_port_created_or_deleted-7049552'] for port, after_delete {{(pid=109135) _notify_loop /usr/local/lib/python3.8/dist-packages/neutron_lib/callbacks/manager.py:192}}
Mar 03 05:40:48.122902 dv-neutron-831581-1-hyperv neutron-server[109136]: DEBUG neutron.api.rpc.handlers.dhcp_rpc [None req-b10e218a-972f-4a71-8d9b-c59236b82fc8 None None] Network 05e078d7-39f0-440b-b993-099efc41ef2c requested from dv-neutron-831581-1-hyperv {{(pid=109136) get_network_info /opt/stack/neutron/neutron/api/rpc/handlers/dhcp_rpc.py:218}}
Mar 03 05:40:48.177851 dv-neutron-831581-1-hyperv neutron-server[109135]: DEBUG neutron_lib.callbacks.manager [None req-719ff8bb-844a-44ed-89e5-8cc0eabed085 tempest-NetworksIpV6TestAttrs-832405304 tempest-NetworksIpV6TestAttrs-832405304-project] Notify callbacks ['neutron.services.segments.plugin.Plugin._validate_auto_address_subnet_delete-920438'] for subnet, precommit_delete_associations {{(pid=109135) _notify_loop /usr/local/lib/python3.8/dist-packages/neutron_lib/callbacks/manager.py:192}}
Mar 03 05:40:48.241320 dv-neutron-831581-1-hyperv neutron-server[109136]: DEBUG neutron.db.provisioning_blocks [None req-81b3094b-27af-4946-80be-9a541d83be40 None None] Provisioning complete for port 78a72472-a3d3-4634-8e7d-56233560d573 triggered by entity DHCP. {{(pid=109136) provisioning_complete /opt/stack/neutron/neutron/db/provisioning_blocks.py:139}}
Mar 03 05:40:48.241861 dv-neutron-831581-1-hyperv neutron-server[109136]: DEBUG neutron_lib.callbacks.manager [None req-81b3094b-27af-4946-80be-9a541d83be40 None None] Notify callbacks ['neutron.plugins.ml2.plugin.Ml2Plugin._port_provisioned-1446547'] for port, provisioning_complete {{(pid=109136) _notify_loop /usr/local/lib/python3.8/dist-packages/neutron_lib/callbacks/manager.py:192}}
Mar 03 05:40:48.264238 dv-neutron-831581-1-hyperv neutron-server[109136]: DEBUG neutron.db.provisioning_blocks [None req-52d7c347-c1fe-450b-babf-89ce70315868 None None] Provisioning complete for port 78a72472-a3d3-4634-8e7d-56233560d573 triggered by entity L2. {{(pid=109136) provisioning_complete /opt/stack/neutron/neutron/db/provisioning_blocks.py:139}}
Mar 03 05:40:48.264608 dv-neutron-831581-1-hyperv neutron-server[109136]: DEBUG neutron_lib.callbacks.manager [None req-52d7c347-c1fe-450b-babf-89ce70315868 None None] Notify callbacks ['neutron.plugins.ml2.plugin.Ml2Plugin._port_provisioned-1446547'] for port, provisioning_complete {{(pid=109136) _notify_loop /usr/local/lib/python3.8/dist-packages/neutron_lib/callbacks/manager.py:192}}
Mar 03 05:40:48.283594 dv-neutron-831581-1-hyperv neutron-server[109134]: DEBUG neutron_lib.callbacks.manager [None req-0ef1792a-ee7b-4cfa-9bac-661405b18bbb tempest-RoutersTestDVR-981033624 tempest-RoutersTestDVR-981033624-project-admin] Notify callbacks ['neutron.services.l3_router.l3_router_plugin.L3_HA_NAT_db_mixin._release_router_vr_id-508814', 'neutron.services.l3_router.service_providers.driver_controller.DriverController._clear_router_provider-10271'] for router, precommit_delete {{(pid=109134) _notify_loop /usr/local/lib/python3.8/dist-packages/neutron_lib/callbacks/manager.py:192}}
Mar 03 05:40:48.292483 dv-neutron-831581-1-hyperv neutron-server[109135]: DEBUG neutron.api.rpc.handlers.resources_rpc [None req-33397043-becc-4545-91c3-57c5e597aea0 tempest-ExtraDHCPOptionsIpV6TestJSON-1422935742 tempest-ExtraDHCPOptionsIpV6TestJSON-1422935742-project] Pushing event deleted for resources: {'Port': ['ID=024c25b6-c1ba-4941-845c-c768ada93ee6,revision_number=None']} {{(pid=109135) push /opt/stack/neutron/neutron/api/rpc/handlers/resources_rpc.py:237}}
Mar 03 05:40:48.299671 dv-neutron-831581-1-hyperv neutron-server[109134]: DEBUG neutron_lib.callbacks.manager [None req-0ef1792a-ee7b-4cfa-9bac-661405b18bbb tempest-RoutersTestDVR-981033624 tempest-RoutersTestDVR-981033624-project-admin] Notify callbacks [] for router_controller, precommit_delete_associations {{(pid=109134) _notify_loop /usr/local/lib/python3.8/dist-packages/neutron_lib/callbacks/manager.py:192}}
Mar 03 05:40:48.347537 dv-neutron-831581-1-hyperv neutron-server[109134]: DEBUG neutron_lib.callbacks.manager [None req-c113b790-7c85-446a-a568-0c155381e469 tempest-FloatingIPAdminTestJSON-1167992731 tempest-FloatingIPAdminTestJSON-1167992731-project-admin] Notify callbacks ['neutron.plugins.ml2.plugin.SecurityGroupDbMixin._ensure_default_security_group_handler-550183'] for port, before_update {{(pid=109134) _notify_loop /usr/local/lib/python3.8/dist-packages/neutron_lib/callbacks/manager.py:192}}
Mar 03 05:40:48.408122 dv-neutron-831581-1-hyperv neutron-server[109134]: DEBUG neutron_lib.callbacks.manager [None req-0ef1792a-ee7b-4cfa-9bac-661405b18bbb tempest-RoutersTestDVR-981033624 tempest-RoutersTestDVR-981033624-project-admin] Notify callbacks ['neutron.services.l3_router.l3_router_plugin.L3_HA_NAT_db_mixin._cleanup_ha_network_handler-508855'] for router, after_delete {{(pid=109134) _notify_loop /usr/local/lib/python3.8/dist-packages/neutron_lib/callbacks/manager.py:192}}
Mar 03 05:40:48.408977 dv-neutron-831581-1-hyperv neutron-server[109134]: DEBUG neutron.api.rpc.agentnotifiers.l3_rpc_agent_api [None req-0ef1792a-ee7b-4cfa-9bac-661405b18bbb tempest-RoutersTestDVR-981033624 tempest-RoutersTestDVR-981033624-project-admin] Fanout notify agent at l3_agent the message router_deleted on router dc33dd01-ef72-447b-ae87-70bc16e89778 {{(pid=109134) _notification_fanout /opt/stack/neutron/neutron/api/rpc/agentnotifiers/l3_rpc_agent_api.py:114}}
Mar 03 05:40:48.416973 dv-neutron-831581-1-hyperv neutron-server[109134]: DEBUG neutron_lib.callbacks.manager [None req-0ef1792a-ee7b-4cfa-9bac-661405b18bbb tempest-RoutersTestDVR-981033624 tempest-RoutersTestDVR-981033624-project-admin] Notify callbacks [] for router, before_response {{(pid=109134) _notify_loop /usr/local/lib/python3.8/dist-packages/neutron_lib/callbacks/manager.py:192}}
Mar 03 05:40:48.422540 dv-neutron-831581-1-hyperv neutron-server[109134]: INFO neutron.wsgi [None req-0ef1792a-ee7b-4cfa-9bac-661405b18bbb tempest-RoutersTestDVR-981033624 tempest-RoutersTestDVR-981033624-project-admin] 10.222.0.10 "DELETE /v2.0/routers/dc33dd01-ef72-447b-ae87-70bc16e89778 HTTP/1.1" status: 204 len: 168 time: 0.7054956
Mar 03 05:40:48.434765 dv-neutron-831581-1-hyperv neutron-server[109134]: DEBUG neutron.wsgi [-] (109134) accepted ('10.222.0.10', 58068) {{(pid=109134) server /usr/local/lib/python3.8/dist-packages/eventlet/wsgi.py:982}}
Mar 03 05:40:48.470199 dv-neutron-831581-1-hyperv neutron-server[109134]: DEBUG neutron.api.v2.base [None req-3a394d56-6520-462c-b0e2-b58b1cf1dac7 tempest-RoutersTestDVR-981033624 tempest-RoutersTestDVR-981033624-project-admin] Request body: {'router': {'name': 'tempest-router-274762042', 'distributed': False, 'admin_state_up': False, 'ha': False, 'project_id': '441c4aa43ed848b7a760d636964b7de6'}} {{(pid=109134) prepare_request_body /opt/stack/neutron/neutron/api/v2/base.py:729}}
Mar 03 05:40:48.504528 dv-neutron-831581-1-hyperv neutron-server[109136]: DEBUG neutron_lib.callbacks.manager [None req-52d7c347-c1fe-450b-babf-89ce70315868 None None] Notify callbacks ['neutron.plugins.ml2.plugin.SecurityGroupDbMixin._ensure_default_security_group_handler-550183'] for port, before_update {{(pid=109136) _notify_loop /usr/local/lib/python3.8/dist-packages/neutron_lib/callbacks/manager.py:192}}
Mar 03 05:40:48.528674 dv-neutron-831581-1-hyperv neutron-server[109136]: DEBUG neutron_lib.callbacks.manager [None req-81b3094b-27af-4946-80be-9a541d83be40 None None] Notify callbacks ['neutron.plugins.ml2.plugin.SecurityGroupDbMixin._ensure_default_security_group_handler-550183'] for port, before_update {{(pid=109136) _notify_loop /usr/local/lib/python3.8/dist-packages/neutron_lib/callbacks/manager.py:192}}
Mar 03 05:40:48.569014 dv-neutron-831581-1-hyperv neutron-server[109134]: DEBUG neutron_lib.callbacks.manager [None req-3a394d56-6520-462c-b0e2-b58b1cf1dac7 tempest-RoutersTestDVR-981033624 tempest-RoutersTestDVR-981033624-project-admin] Notify callbacks ['neutron.services.l3_router.l3_router_plugin.L3_HA_NAT_db_mixin._before_router_create_handler-510824', 'neutron.services.l3_router.service_providers.driver_controller.DriverController._check_router_request-10249'] for router, before_create {{(pid=109134) _notify_loop /usr/local/lib/python3.8/dist-packages/neutron_lib/callbacks/manager.py:192}}
Mar 03 05:40:48.570765 dv-neutron-831581-1-hyperv neutron-server[109134]: DEBUG neutron_lib.callbacks.manager [None req-3a394d56-6520-462c-b0e2-b58b1cf1dac7 tempest-RoutersTestDVR-981033624 tempest-RoutersTestDVR-981033624-project-admin] Notify callbacks ['neutron.services.l3_router.l3_router_plugin.L3_HA_NAT_db_mixin._precommit_router_create-508920', 'neutron.services.l3_router.l3_router_plugin.DVRResourceOperationHandler._set_distributed_flag-513362', 'neutron.services.l3_router.l3_router_plugin.RouterAvailabilityZoneMixin._process_az_request-437161', 'neutron.services.l3_router.service_providers.driver_controller.DriverController._set_router_provider-10240'] for router, precommit_create {{(pid=109134) _notify_loop /usr/local/lib/python3.8/dist-packages/neutron_lib/callbacks/manager.py:192}}
Mar 03 05:40:48.605237 dv-neutron-831581-1-hyperv neutron-server[109136]: DEBUG neutron.plugins.ml2.db [None req-81b3094b-27af-4946-80be-9a541d83be40 None None] For port 78a72472-a3d3-4634-8e7d-56233560d573, host dv-neutron-831581-1-hyperv, got binding levels [PortBindingLevel(driver='openvswitch',host='dv-neutron-831581-1-hyperv',level=0,port_id=78a72472-a3d3-4634-8e7d-56233560d573,segment=NetworkSegment(5b84990e-4696-479a-8072-1ccacfc8003b),segment_id=5b84990e-4696-479a-8072-1ccacfc8003b)] {{(pid=109136) get_binding_level_objs /opt/stack/neutron/neutron/plugins/ml2/db.py:74}}
Mar 03 05:40:48.622306 dv-neutron-831581-1-hyperv neutron-server[109136]: DEBUG neutron_lib.callbacks.manager [None req-81b3094b-27af-4946-80be-9a541d83be40 None None] Notify callbacks ['neutron.plugins.ml2.plugin.SecurityGroupServerNotifierRpcMixin._notify_sg_on_port_change-550374', 'neutron.plugins.ml2.ovo_rpc._ObjectChangeHandler.handle_event-79301', 'neutron.api.rpc.agentnotifiers.dhcp_rpc_agent_api.DhcpAgentNotifyAPI._native_event_send_dhcp_notification-1599535', 'neutron.db.l3_db.L3RpcNotifierMixin._notify_gateway_port_ip_changed-8733141721784', 'neutron.db.l3_dvrscheduler_db._notify_l3_agent_port_update-8733141246895', 'neutron.db.l3_hascheduler_db._notify_l3_agent_ha_port_update-8733141256021'] for port, after_update {{(pid=109136) _notify_loop /usr/local/lib/python3.8/dist-packages/neutron_lib/callbacks/manager.py:192}}
Mar 03 05:40:48.676908 dv-neutron-831581-1-hyperv neutron-server[109134]: DEBUG neutron_lib.callbacks.manager [None req-3a394d56-6520-462c-b0e2-b58b1cf1dac7 tempest-RoutersTestDVR-981033624 tempest-RoutersTestDVR-981033624-project-admin] Notify callbacks [] for router_controller, precommit_add_association {{(pid=109134) _notify_loop /usr/local/lib/python3.8/dist-packages/neutron_lib/callbacks/manager.py:192}}
Mar 03 05:40:48.702450 dv-neutron-831581-1-hyperv neutron-server[109134]: DEBUG neutron_lib.callbacks.manager [None req-3a394d56-6520-462c-b0e2-b58b1cf1dac7 tempest-RoutersTestDVR-981033624 tempest-RoutersTestDVR-981033624-project-admin] Notify callbacks ['neutron.services.l3_router.l3_router_plugin.L3_HA_NAT_db_mixin._after_router_create-508897', 'neutron.services.l3_router.l3_router_plugin.DVRResourceOperationHandler._create_snat_interfaces_after_change-513407'] for router, after_create {{(pid=109134) _notify_loop /usr/local/lib/python3.8/dist-packages/neutron_lib/callbacks/manager.py:192}}
Mar 03 05:40:48.724895 dv-neutron-831581-1-hyperv neutron-server[109134]: DEBUG neutron_lib.callbacks.manager [None req-3a394d56-6520-462c-b0e2-b58b1cf1dac7 tempest-RoutersTestDVR-981033624 tempest-RoutersTestDVR-981033624-project-admin] Notify callbacks [] for router, before_response {{(pid=109134) _notify_loop /usr/local/lib/python3.8/dist-packages/neutron_lib/callbacks/manager.py:192}}
Mar 03 05:40:48.726238 dv-neutron-831581-1-hyperv neutron-server[109134]: INFO neutron.wsgi [None req-3a394d56-6520-462c-b0e2-b58b1cf1dac7 tempest-RoutersTestDVR-981033624 tempest-RoutersTestDVR-981033624-project-admin] 10.222.0.10 "POST /v2.0/routers HTTP/1.1" status: 201 len: 722 time: 0.2872598
Mar 03 05:40:48.728153 dv-neutron-831581-1-hyperv neutron-server[109135]: DEBUG neutron_lib.callbacks.manager [None req-33397043-becc-4545-91c3-57c5e597aea0 tempest-ExtraDHCPOptionsIpV6TestJSON-1422935742 tempest-ExtraDHCPOptionsIpV6TestJSON-1422935742-project] Notify callbacks ['neutron.notifiers.nova.Notifier._send_nova_notification-84554'] for port, before_response {{(pid=109135) _notify_loop /usr/local/lib/python3.8/dist-packages/neutron_lib/callbacks/manager.py:192}}
Mar 03 05:40:48.734106 dv-neutron-831581-1-hyperv neutron-server[109135]: INFO neutron.wsgi [None req-33397043-becc-4545-91c3-57c5e597aea0 tempest-ExtraDHCPOptionsIpV6TestJSON-1422935742 tempest-ExtraDHCPOptionsIpV6TestJSON-1422935742-project] 10.222.0.10 "DELETE /v2.0/ports/024c25b6-c1ba-4941-845c-c768ada93ee6 HTTP/1.1" status: 204 len: 168 time: 3.5280678
Mar 03 05:40:48.741273 dv-neutron-831581-1-hyperv neutron-server[109134]: DEBUG neutron.wsgi [-] (109134) accepted ('10.222.0.10', 58072) {{(pid=109134) server /usr/local/lib/python3.8/dist-packages/eventlet/wsgi.py:982}}
Mar 03 05:40:48.741713 dv-neutron-831581-1-hyperv neutron-server[109134]: DEBUG neutron.wsgi [-] (109134) accepted ('10.222.0.10', 58074) {{(pid=109134) server /usr/local/lib/python3.8/dist-packages/eventlet/wsgi.py:982}}
Mar 03 05:40:48.746625 dv-neutron-831581-1-hyperv neutron-server[109134]: DEBUG neutron_lib.callbacks.manager [None req-c113b790-7c85-446a-a568-0c155381e469 tempest-FloatingIPAdminTestJSON-1167992731 tempest-FloatingIPAdminTestJSON-1167992731-project-admin] Notify callbacks [] for port, precommit_update {{(pid=109134) _notify_loop /usr/local/lib/python3.8/dist-packages/neutron_lib/callbacks/manager.py:192}}
Mar 03 05:40:48.753289 dv-neutron-831581-1-hyperv neutron-server[109134]: DEBUG neutron.api.v2.base [None req-2b00255b-febd-4cef-b12a-0d77fe619f42 tempest-RoutersTestDVR-981033624 tempest-RoutersTestDVR-981033624-project-admin] Request body: {'router': {'distributed': True}} {{(pid=109134) prepare_request_body /opt/stack/neutron/neutron/api/v2/base.py:729}}
Mar 03 05:40:48.760313 dv-neutron-831581-1-hyperv neutron-server[109134]: DEBUG neutron.api.v2.base [None req-e2b81b53-f9ae-499c-ae84-fcade92e288e tempest-ExtraDHCPOptionsIpV6TestJSON-1422935742 tempest-ExtraDHCPOptionsIpV6TestJSON-1422935742-project] Request body: {'port': {'name': 'tempest-new-port-name-1904437921', 'extra_dhcp_opts': [{'opt_value': 'pxelinux.0', 'opt_name': 'bootfile-name'}, {'opt_value': '2015::dead', 'opt_name': 'tftp-server'}, {'opt_value': '2015::badd', 'opt_name': 'server-ip-address'}]}} {{(pid=109134) prepare_request_body /opt/stack/neutron/neutron/api/v2/base.py:729}}
Mar 03 05:40:48.760650 dv-neutron-831581-1-hyperv neutron-server[109134]: DEBUG neutron_lib.api.validators [None req-e2b81b53-f9ae-499c-ae84-fcade92e288e tempest-ExtraDHCPOptionsIpV6TestJSON-1422935742 tempest-ExtraDHCPOptionsIpV6TestJSON-1422935742-project] bootfile-name is not in valid_values {{(pid=109134) validate_values /usr/local/lib/python3.8/dist-packages/neutron_lib/api/validators/__init__.py:164}}
Mar 03 05:40:48.762223 dv-neutron-831581-1-hyperv neutron-server[109134]: DEBUG neutron_lib.api.validators [None req-e2b81b53-f9ae-499c-ae84-fcade92e288e tempest-ExtraDHCPOptionsIpV6TestJSON-1422935742 tempest-ExtraDHCPOptionsIpV6TestJSON-1422935742-project] tftp-server is not in valid_values {{(pid=109134) validate_values /usr/local/lib/python3.8/dist-packages/neutron_lib/api/validators/__init__.py:164}}
Mar 03 05:40:48.762223 dv-neutron-831581-1-hyperv neutron-server[109134]: DEBUG neutron_lib.api.validators [None req-e2b81b53-f9ae-499c-ae84-fcade92e288e tempest-ExtraDHCPOptionsIpV6TestJSON-1422935742 tempest-ExtraDHCPOptionsIpV6TestJSON-1422935742-project] server-ip-address is not in valid_values {{(pid=109134) validate_values /usr/local/lib/python3.8/dist-packages/neutron_lib/api/validators/__init__.py:164}}
Mar 03 05:40:48.769192 dv-neutron-831581-1-hyperv neutron-server[109134]: DEBUG neutron_lib.callbacks.manager [None req-c113b790-7c85-446a-a568-0c155381e469 tempest-FloatingIPAdminTestJSON-1167992731 tempest-FloatingIPAdminTestJSON-1167992731-project-admin] Notify callbacks ['neutron.plugins.ml2.plugin.SecurityGroupServerNotifierRpcMixin._notify_sg_on_port_change-550374', 'neutron.plugins.ml2.ovo_rpc._ObjectChangeHandler.handle_event-79301', 'neutron.api.rpc.agentnotifiers.dhcp_rpc_agent_api.DhcpAgentNotifyAPI._native_event_send_dhcp_notification-1599535', 'neutron.db.l3_db.L3RpcNotifierMixin._notify_gateway_port_ip_changed-8733141721784', 'neutron.db.l3_dvrscheduler_db._notify_l3_agent_port_update-8733141246895', 'neutron.db.l3_hascheduler_db._notify_l3_agent_ha_port_update-8733141256021', 'neutron.services.segments.plugin.NovaSegmentNotifier._notify_port_updated-7148208'] for port, after_update {{(pid=109134) _notify_loop /usr/local/lib/python3.8/dist-packages/neutron_lib/callbacks/manager.py:192}}
Mar 03 05:40:48.792085 dv-neutron-831581-1-hyperv neutron-server[109136]: DEBUG neutron.api.rpc.handlers.resources_rpc [None req-81b3094b-27af-4946-80be-9a541d83be40 None None] Pushing event updated for resources: {'Port': ['ID=78a72472-a3d3-4634-8e7d-56233560d573,revision_number=3']} {{(pid=109136) push /opt/stack/neutron/neutron/api/rpc/handlers/resources_rpc.py:237}}
Mar 03 05:40:48.809712 dv-neutron-831581-1-hyperv neutron-server[109136]: DEBUG neutron_lib.db.api [None req-52d7c347-c1fe-450b-babf-89ce70315868 None None] Retry wrapper got retriable exception: UPDATE statement on table 'standardattributes' expected to update 1 row(s); 0 were matched. {{(pid=109136) wrapped /usr/local/lib/python3.8/dist-packages/neutron_lib/db/api.py:183}}
Mar 03 05:40:48.810075 dv-neutron-831581-1-hyperv neutron-server[109136]: DEBUG oslo_db.api [None req-52d7c347-c1fe-450b-babf-89ce70315868 None None] Performing DB retry for function neutron.plugins.ml2.plugin.Ml2Plugin.update_port_statuses {{(pid=109136) wrapper /usr/local/lib/python3.8/dist-packages/oslo_db/api.py:155}}
Mar 03 05:40:48.850225 dv-neutron-831581-1-hyperv neutron-server[109135]: DEBUG neutron.db.db_base_plugin_common [req-a65757d0-8cca-4984-9608-a859a12453fc req-2ee4d8aa-fc52-4558-a47e-19c2f8d6b0af tempest-ServerActionsTestJSON-1475994343 tempest-ServerActionsTestJSON-1475994343-project] Allocated IP 172.20.0.5 (817fd598-3a88-424c-9d21-50b75ae8c766/f9628429-3587-47be-87c8-0b7e17dd8169/d1febd40-f861-4857-bc77-0699072d639e) {{(pid=109135) _store_ip_allocation /opt/stack/neutron/neutron/db/db_base_plugin_common.py:131}}
Mar 03 05:40:48.854672 dv-neutron-831581-1-hyperv neutron-server[109135]: DEBUG neutron_lib.callbacks.manager [None req-6ef5ccd0-192d-484c-a3cb-c8ad1e6036ab tempest-AllowedAddressPairIpV6TestJSON-140224186 tempest-AllowedAddressPairIpV6TestJSON-140224186-project] Notify callbacks ['neutron.services.l3_router.l3_router_plugin.L3_NAT_dbonly_mixin._precommit_delete_port_callback-514343'] for port, precommit_delete {{(pid=109135) _notify_loop /usr/local/lib/python3.8/dist-packages/neutron_lib/callbacks/manager.py:192}}
Mar 03 05:40:48.915135 dv-neutron-831581-1-hyperv neutron-server[109135]: DEBUG neutron.pecan_wsgi.hooks.policy_enforcement [req-093538a6-49b5-4e20-8b4f-87038317f716 req-6a894923-40ed-442f-8bc5-c769d21d25da service neutron] Attributes excluded by policy engine: ['standard_attr_id', 'vlan_transparent'] {{(pid=109135) _exclude_attributes_by_policy /opt/stack/neutron/neutron/pecan_wsgi/hooks/policy_enforcement.py:255}}
Mar 03 05:40:48.917230 dv-neutron-831581-1-hyperv neutron-server[109135]: INFO neutron.wsgi [req-093538a6-49b5-4e20-8b4f-87038317f716 req-6a894923-40ed-442f-8bc5-c769d21d25da service neutron] 10.222.0.11 "GET /v2.0/networks?shared=True HTTP/1.1" status: 200 len: 870 time: 1.0139511
Mar 03 05:40:48.965004 dv-neutron-831581-1-hyperv neutron-server[109135]: DEBUG neutron.plugins.ml2.plugin [None req-6ef5ccd0-192d-484c-a3cb-c8ad1e6036ab tempest-AllowedAddressPairIpV6TestJSON-140224186 tempest-AllowedAddressPairIpV6TestJSON-140224186-project] Calling delete_port for edd57f26-5e8c-42a7-8be9-c39ff191bb6a owned by {{(pid=109135) delete_port /opt/stack/neutron/neutron/plugins/ml2/plugin.py:2038}}
Mar 03 05:40:48.980935 dv-neutron-831581-1-hyperv neutron-server[109136]: DEBUG neutron.db.provisioning_blocks [None req-574b6849-413e-43e4-acac-f1550050b23c None None] Provisioning complete for port fb57b902-e932-4942-87f6-18c3b261ad07 triggered by entity DHCP. {{(pid=109136) provisioning_complete /opt/stack/neutron/neutron/db/provisioning_blocks.py:139}}
Mar 03 05:40:48.981484 dv-neutron-831581-1-hyperv neutron-server[109136]: DEBUG neutron_lib.callbacks.manager [None req-574b6849-413e-43e4-acac-f1550050b23c None None] Notify callbacks ['neutron.plugins.ml2.plugin.Ml2Plugin._port_provisioned-1446547'] for port, provisioning_complete {{(pid=109136) _notify_loop /usr/local/lib/python3.8/dist-packages/neutron_lib/callbacks/manager.py:192}}
Mar 03 05:40:49.025546 dv-neutron-831581-1-hyperv neutron-server[109136]: DEBUG neutron.plugins.ml2.plugin [None req-574b6849-413e-43e4-acac-f1550050b23c None None] Port fb57b902-e932-4942-87f6-18c3b261ad07 cannot update to ACTIVE because it is not bound. {{(pid=109136) _port_provisioned /opt/stack/neutron/neutron/plugins/ml2/plugin.py:339}}
Mar 03 05:40:49.035727 dv-neutron-831581-1-hyperv neutron-server[109134]: DEBUG neutron.api.rpc.handlers.resources_rpc [None req-c113b790-7c85-446a-a568-0c155381e469 tempest-FloatingIPAdminTestJSON-1167992731 tempest-FloatingIPAdminTestJSON-1167992731-project-admin] Pushing event updated for resources: {'Port': ['ID=f4b496ce-9920-4fe2-9982-9ae03f95d1d2,revision_number=2']} {{(pid=109134) push /opt/stack/neutron/neutron/api/rpc/handlers/resources_rpc.py:237}}
Mar 03 05:40:49.043409 dv-neutron-831581-1-hyperv neutron-server[109134]: DEBUG neutron_lib.callbacks.manager [None req-c113b790-7c85-446a-a568-0c155381e469 tempest-FloatingIPAdminTestJSON-1167992731 tempest-FloatingIPAdminTestJSON-1167992731-project-admin] Notify callbacks ['neutron.services.l3_router.l3_router_plugin.DVRResourceOperationHandler._create_dvr_floating_gw_port-514013'] for floatingip, after_create {{(pid=109134) _notify_loop /usr/local/lib/python3.8/dist-packages/neutron_lib/callbacks/manager.py:192}}
Mar 03 05:40:49.050559 dv-neutron-831581-1-hyperv neutron-server[109136]: DEBUG neutron.db.provisioning_blocks [None req-574b6849-413e-43e4-acac-f1550050b23c None None] Provisioning complete for port 78a72472-a3d3-4634-8e7d-56233560d573 triggered by entity DHCP. {{(pid=109136) provisioning_complete /opt/stack/neutron/neutron/db/provisioning_blocks.py:139}}
Mar 03 05:40:49.050938 dv-neutron-831581-1-hyperv neutron-server[109136]: DEBUG neutron_lib.callbacks.manager [None req-574b6849-413e-43e4-acac-f1550050b23c None None] Notify callbacks ['neutron.plugins.ml2.plugin.Ml2Plugin._port_provisioned-1446547'] for port, provisioning_complete {{(pid=109136) _notify_loop /usr/local/lib/python3.8/dist-packages/neutron_lib/callbacks/manager.py:192}}
Mar 03 05:40:49.093788 dv-neutron-831581-1-hyperv neutron-server[109135]: DEBUG neutron_lib.callbacks.manager [None req-719ff8bb-844a-44ed-89e5-8cc0eabed085 tempest-NetworksIpV6TestAttrs-832405304 tempest-NetworksIpV6TestAttrs-832405304-project] Notify callbacks ['neutron.plugins.ml2.plugin.Ml2Plugin._subnet_delete_precommit_handler-1443604'] for subnet, precommit_delete {{(pid=109135) _notify_loop /usr/local/lib/python3.8/dist-packages/neutron_lib/callbacks/manager.py:192}}
Mar 03 05:40:49.133677 dv-neutron-831581-1-hyperv neutron-server[109134]: DEBUG neutron_lib.callbacks.manager [None req-e2b81b53-f9ae-499c-ae84-fcade92e288e tempest-ExtraDHCPOptionsIpV6TestJSON-1422935742 tempest-ExtraDHCPOptionsIpV6TestJSON-1422935742-project] Notify callbacks ['neutron.plugins.ml2.plugin.SecurityGroupDbMixin._ensure_default_security_group_handler-550183'] for port, before_update {{(pid=109134) _notify_loop /usr/local/lib/python3.8/dist-packages/neutron_lib/callbacks/manager.py:192}}
Mar 03 05:40:49.147592 dv-neutron-831581-1-hyperv neutron-server[109135]: INFO neutron.wsgi [req-3842d7d6-3708-453a-8319-f66e239f634c req-72b1ed0a-ff08-4a9a-a43a-f6b2419f2404 tempest-ServerActionsTestJSON-1475994343 tempest-ServerActionsTestJSON-1475994343-project] 10.222.0.10 "GET /v2.0/ports?device_id=e7194d38-3db3-4759-bf92-3faf0f930e12 HTTP/1.1" status: 200 len: 210 time: 0.3220479
Mar 03 05:40:49.268589 dv-neutron-831581-1-hyperv neutron-server[109134]: DEBUG neutron_lib.callbacks.manager [None req-2b00255b-febd-4cef-b12a-0d77fe619f42 tempest-RoutersTestDVR-981033624 tempest-RoutersTestDVR-981033624-project-admin] Notify callbacks ['neutron.services.l3_router.l3_router_plugin.DVRResourceOperationHandler._handle_distributed_migration-513348', 'neutron.services.l3_router.l3_router_plugin.L3_HA_NAT_db_mixin._validate_migration-508906', 'neutron.services.l3_router.service_providers.driver_controller.DriverController._update_router_provider-10262'] for router, precommit_update {{(pid=109134) _notify_loop /usr/local/lib/python3.8/dist-packages/neutron_lib/callbacks/manager.py:192}}
Mar 03 05:40:49.268992 dv-neutron-831581-1-hyperv neutron-server[109134]: DEBUG neutron_lib.callbacks.manager [None req-2b00255b-febd-4cef-b12a-0d77fe619f42 tempest-RoutersTestDVR-981033624 tempest-RoutersTestDVR-981033624-project-admin] Notify callbacks [] for router, before_update {{(pid=109134) _notify_loop /usr/local/lib/python3.8/dist-packages/neutron_lib/callbacks/manager.py:192}}
Mar 03 05:40:49.306595 dv-neutron-831581-1-hyperv neutron-server[109135]: DEBUG neutron.pecan_wsgi.hooks.policy_enforcement [req-32d4c2b9-3ba3-47a7-ad91-d22e5f391913 req-36ac4340-23ec-4608-8bac-59e996b9fdff service neutron] Attributes excluded by policy engine: ['standard_attr_id'] {{(pid=109135) _exclude_attributes_by_policy /opt/stack/neutron/neutron/pecan_wsgi/hooks/policy_enforcement.py:255}}
Mar 03 05:40:49.308102 dv-neutron-831581-1-hyperv neutron-server[109135]: INFO neutron.wsgi [req-32d4c2b9-3ba3-47a7-ad91-d22e5f391913 req-36ac4340-23ec-4608-8bac-59e996b9fdff service neutron] 10.222.0.11 "GET /v2.0/ports?tenant_id=7cfa5bfaea4441d2b122dcab32c9d20b&device_id=eadd9f4f-d216-42fd-8919-f140773da0a0 HTTP/1.1" status: 200 len: 1096 time: 0.2045650
