Mar 03 05:40:11.118711 dv-neutron-831581-1-hyperv neutron-server[109136]: DEBUG neutron.plugins.ml2.rpc [None req-52d7c347-c1fe-450b-babf-89ce70315868 None None] Network 1bec756e-d5dd-4bbb-8f08-e07e11f6a587 details requested by agent ovs-agent-dv-neutron-831581-1-hyperv with host dv-neutron-831581-1-hyperv {{(pid=109136) get_network_details /opt/stack/neutron/neutron/plugins/ml2/rpc.py:248}}
Mar 03 05:40:11.129980 dv-neutron-831581-1-hyperv neutron-server[109137]: DEBUG neutron_lib.callbacks.manager [None req-b9e7ece8-8224-4b3a-865e-8ba8e2d43100 None None] Notify callbacks ['neutron.plugins.ml2.plugin.SecurityGroupDbMixin._ensure_default_security_group_handler-550183'] for port, before_update {{(pid=109137) _notify_loop /usr/local/lib/python3.8/dist-packages/neutron_lib/callbacks/manager.py:192}}
Mar 03 05:40:11.130954 dv-neutron-831581-1-hyperv neutron-server[109134]: DEBUG neutron.api.v2.base [None req-f4fbb1b9-e17a-4afc-8961-085ba5bae766 tempest-AllowedAddressPairIpV6TestJSON-140224186 tempest-AllowedAddressPairIpV6TestJSON-140224186-project] Request body: {'subnet': {'network_id': '1bec756e-d5dd-4bbb-8f08-e07e11f6a587', 'cidr': '2001:db8::/64', 'ip_version': 6, 'gateway_ip': '2001:db8::1'}} {{(pid=109134) prepare_request_body /opt/stack/neutron/neutron/api/v2/base.py:729}}
Mar 03 05:40:11.131449 dv-neutron-831581-1-hyperv neutron-server[109135]: DEBUG neutron_lib.callbacks.manager [None req-56379723-cb0d-4927-8772-eb2e06031838 admin admin] Notify callbacks ['neutron.services.auto_allocate.db._ensure_external_network_default_value_callback-8733141224870'] for network, precommit_create {{(pid=109135) _notify_loop /usr/local/lib/python3.8/dist-packages/neutron_lib/callbacks/manager.py:192}}
Mar 03 05:40:11.182201 dv-neutron-831581-1-hyperv neutron-server[109135]: DEBUG neutron_lib.callbacks.manager [None req-56379723-cb0d-4927-8772-eb2e06031838 admin admin] Notify callbacks ['neutron.plugins.ml2.ovo_rpc._ObjectChangeHandler.handle_event-479342', 'neutron.api.rpc.agentnotifiers.dhcp_rpc_agent_api.DhcpAgentNotifyAPI._native_event_send_dhcp_notification-1599535'] for network, after_create {{(pid=109135) _notify_loop /usr/local/lib/python3.8/dist-packages/neutron_lib/callbacks/manager.py:192}}
Mar 03 05:40:11.184303 dv-neutron-831581-1-hyperv neutron-server[109135]: DEBUG neutron.pecan_wsgi.hooks.policy_enforcement [None req-56379723-cb0d-4927-8772-eb2e06031838 admin admin] Attributes excluded by policy engine: ['standard_attr_id', 'vlan_transparent'] {{(pid=109135) _exclude_attributes_by_policy /opt/stack/neutron/neutron/pecan_wsgi/hooks/policy_enforcement.py:255}}
Mar 03 05:40:11.185159 dv-neutron-831581-1-hyperv neutron-server[109135]: DEBUG neutron_lib.callbacks.manager [None req-56379723-cb0d-4927-8772-eb2e06031838 admin admin] Notify callbacks ['neutron.api.rpc.agentnotifiers.dhcp_rpc_agent_api.DhcpAgentNotifyAPI._send_dhcp_notification-1599941'] for network, before_response {{(pid=109135) _notify_loop /usr/local/lib/python3.8/dist-packages/neutron_lib/callbacks/manager.py:192}}
Mar 03 05:40:11.216226 dv-neutron-831581-1-hyperv neutron-server[109135]: INFO neutron.wsgi [None req-56379723-cb0d-4927-8772-eb2e06031838 admin admin] 10.222.0.10 "POST /v2.0/networks HTTP/1.1" status: 201 len: 885 time: 1.8739355
Mar 03 05:40:11.232154 dv-neutron-831581-1-hyperv neutron-server[109135]: DEBUG neutron.wsgi [-] (109135) accepted ('10.222.0.10', 57370) {{(pid=109135) server /usr/local/lib/python3.8/dist-packages/eventlet/wsgi.py:982}}
Mar 03 05:40:11.248424 dv-neutron-831581-1-hyperv neutron-server[109135]: DEBUG neutron.api.v2.base [None req-e8502243-e38f-40d4-98d3-20d2dfa7b3b7 admin admin] Request body: {'subnet': {'network_id': '817fd598-3a88-424c-9d21-50b75ae8c766', 'cidr': '172.20.0.0/28', 'name': 'tempest-ServerActionsTestJSON-2102186685-subnet', 'tenant_id': 'eccd7e66ca7b42d39c18c414615c5f1d', 'enable_dhcp': True, 'ip_version': 4}} {{(pid=109135) prepare_request_body /opt/stack/neutron/neutron/api/v2/base.py:729}}
Mar 03 05:40:11.333966 dv-neutron-831581-1-hyperv neutron-server[109135]: DEBUG neutron.api.rpc.handlers.resources_rpc [None req-56379723-cb0d-4927-8772-eb2e06031838 admin admin] Pushing event updated for resources: {'Network': ['ID=817fd598-3a88-424c-9d21-50b75ae8c766,revision_number=1']} {{(pid=109135) push /opt/stack/neutron/neutron/api/rpc/handlers/resources_rpc.py:237}}
Mar 03 05:40:11.349979 dv-neutron-831581-1-hyperv neutron-server[109135]: DEBUG neutron.pecan_wsgi.hooks.quota_enforcement [None req-e8502243-e38f-40d4-98d3-20d2dfa7b3b7 admin admin] Made reservation on behalf of eccd7e66ca7b42d39c18c414615c5f1d for: {'subnet': 1} {{(pid=109135) before /opt/stack/neutron/neutron/pecan_wsgi/hooks/quota_enforcement.py:53}}
Mar 03 05:40:11.354254 dv-neutron-831581-1-hyperv neutron-server[109135]: DEBUG neutron_lib.callbacks.manager [None req-e8502243-e38f-40d4-98d3-20d2dfa7b3b7 admin admin] Notify callbacks [] for subnet, before_create {{(pid=109135) _notify_loop /usr/local/lib/python3.8/dist-packages/neutron_lib/callbacks/manager.py:192}}
Mar 03 05:40:11.390451 dv-neutron-831581-1-hyperv neutron-server[109136]: DEBUG neutron.plugins.ml2.rpc [None req-52d7c347-c1fe-450b-babf-89ce70315868 None None] Network 817fd598-3a88-424c-9d21-50b75ae8c766 details requested by agent ovs-agent-dv-neutron-831581-1-hyperv with host dv-neutron-831581-1-hyperv {{(pid=109136) get_network_details /opt/stack/neutron/neutron/plugins/ml2/rpc.py:248}}
Mar 03 05:40:11.395671 dv-neutron-831581-1-hyperv neutron-server[109134]: DEBUG neutron.pecan_wsgi.hooks.quota_enforcement [None req-f4fbb1b9-e17a-4afc-8961-085ba5bae766 tempest-AllowedAddressPairIpV6TestJSON-140224186 tempest-AllowedAddressPairIpV6TestJSON-140224186-project] Made reservation on behalf of 192e31ccdbc148d2b55291af8a81ab06 for: {'subnet': 1} {{(pid=109134) before /opt/stack/neutron/neutron/pecan_wsgi/hooks/quota_enforcement.py:53}}
Mar 03 05:40:11.401241 dv-neutron-831581-1-hyperv neutron-server[109134]: DEBUG neutron_lib.callbacks.manager [None req-f4fbb1b9-e17a-4afc-8961-085ba5bae766 tempest-AllowedAddressPairIpV6TestJSON-140224186 tempest-AllowedAddressPairIpV6TestJSON-140224186-project] Notify callbacks [] for subnet, before_create {{(pid=109134) _notify_loop /usr/local/lib/python3.8/dist-packages/neutron_lib/callbacks/manager.py:192}}
Mar 03 05:40:11.521048 dv-neutron-831581-1-hyperv neutron-server[109135]: DEBUG neutron.wsgi [-] (109135) accepted ('10.222.0.10', 57380) {{(pid=109135) server /usr/local/lib/python3.8/dist-packages/eventlet/wsgi.py:982}}
Mar 03 05:40:11.626577 dv-neutron-831581-1-hyperv neutron-server[109137]: DEBUG neutron_lib.callbacks.manager [None req-b9e7ece8-8224-4b3a-865e-8ba8e2d43100 None None] Notify callbacks [] for port, precommit_update {{(pid=109137) _notify_loop /usr/local/lib/python3.8/dist-packages/neutron_lib/callbacks/manager.py:192}}
Mar 03 05:40:11.634569 dv-neutron-831581-1-hyperv neutron-server[109137]: DEBUG neutron_lib.callbacks.manager [None req-b9e7ece8-8224-4b3a-865e-8ba8e2d43100 None None] Notify callbacks ['neutron.plugins.ml2.plugin.SecurityGroupServerNotifierRpcMixin._notify_sg_on_port_change-550374', 'neutron.plugins.ml2.ovo_rpc._ObjectChangeHandler.handle_event-79301', 'neutron.api.rpc.agentnotifiers.dhcp_rpc_agent_api.DhcpAgentNotifyAPI._native_event_send_dhcp_notification-1599535', 'neutron.db.l3_db.L3RpcNotifierMixin._notify_gateway_port_ip_changed-8733141721784', 'neutron.db.l3_dvrscheduler_db._notify_l3_agent_port_update-8733141246895', 'neutron.db.l3_hascheduler_db._notify_l3_agent_ha_port_update-8733141256021'] for port, after_update {{(pid=109137) _notify_loop /usr/local/lib/python3.8/dist-packages/neutron_lib/callbacks/manager.py:192}}
Mar 03 05:40:11.707057 dv-neutron-831581-1-hyperv neutron-server[109135]: DEBUG neutron_lib.callbacks.manager [None req-e8502243-e38f-40d4-98d3-20d2dfa7b3b7 admin admin] Notify callbacks ['neutron.plugins.ml2.ovo_rpc._ObjectChangeHandler.handle_event-479255', 'neutron.api.rpc.agentnotifiers.dhcp_rpc_agent_api.DhcpAgentNotifyAPI._native_event_send_dhcp_notification-1599535'] for subnet, after_create {{(pid=109135) _notify_loop /usr/local/lib/python3.8/dist-packages/neutron_lib/callbacks/manager.py:192}}
Mar 03 05:40:11.723781 dv-neutron-831581-1-hyperv neutron-server[109137]: DEBUG neutron.plugins.ml2.managers [None req-b9e7ece8-8224-4b3a-865e-8ba8e2d43100 None None] Attempting to bind port dcefc22e-efbb-46fc-82cb-c7bb2ab3e48a on host dv-neutron-831581-1-hyperv for vnic_type normal with profile {{(pid=109137) bind_port /opt/stack/neutron/neutron/plugins/ml2/managers.py:790}}
Mar 03 05:40:11.724150 dv-neutron-831581-1-hyperv neutron-server[109137]: DEBUG neutron.plugins.ml2.managers [None req-b9e7ece8-8224-4b3a-865e-8ba8e2d43100 None None] Attempting to bind port dcefc22e-efbb-46fc-82cb-c7bb2ab3e48a by drivers openvswitch,hyperv on host dv-neutron-831581-1-hyperv at level 0 using segments [{'id': '347baac0-44e3-46af-8406-ab0a66b5fefd', 'network_type': 'flat', 'physical_network': 'physnet1', 'segmentation_id': None, 'network_id': '1ad4c736-9ffa-4639-b05a-800f072c052a'}] {{(pid=109137) _bind_port_level /opt/stack/neutron/neutron/plugins/ml2/managers.py:815}}
Mar 03 05:40:11.724530 dv-neutron-831581-1-hyperv neutron-server[109137]: DEBUG neutron.plugins.ml2.drivers.mech_agent [None req-b9e7ece8-8224-4b3a-865e-8ba8e2d43100 None None] Attempting to bind port dcefc22e-efbb-46fc-82cb-c7bb2ab3e48a on network 1ad4c736-9ffa-4639-b05a-800f072c052a {{(pid=109137) bind_port /opt/stack/neutron/neutron/plugins/ml2/drivers/mech_agent.py:91}}
Mar 03 05:40:11.734366 dv-neutron-831581-1-hyperv neutron-server[109137]: DEBUG neutron.plugins.ml2.drivers.mech_agent [None req-b9e7ece8-8224-4b3a-865e-8ba8e2d43100 None None] Checking agent: {'id': 'e6752b80-2807-4cf0-8ae4-e855189de855', 'agent_type': 'Open vSwitch agent', 'binary': 'neutron-openvswitch-agent', 'topic': 'N/A', 'host': 'dv-neutron-831581-1-hyperv', 'admin_state_up': True, 'created_at': datetime.datetime(2022, 3, 3, 5, 32, 36), 'started_at': datetime.datetime(2022, 3, 3, 5, 33, 6), 'heartbeat_timestamp': datetime.datetime(2022, 3, 3, 5, 40, 6), 'description': None, 'resources_synced': None, 'availability_zone': None, 'alive': True, 'configurations': {'arp_responder_enabled': False, 'baremetal_smartnic': False, 'bridge_mappings': {'physnet1': 'br-data'}, 'datapath_type': 'system', 'devices': 0, 'enable_distributed_routing': False, 'extensions': [], 'in_distributed_mode': False, 'integration_bridge': 'br-int', 'l2_population': False, 'log_agent_heartbeats': False, 'ovs_capabilities': {'datapath_types': ['netdev', 'system'], 'iface_types': ['erspan', 'geneve', 'gre', 'internal', 'ip6erspan', 'ip6gre', 'lisp', 'patch', 'stt', 'system', 'tap', 'vxlan']}, 'ovs_hybrid_plug': False, 'resource_provider_bandwidths': {}, 'resource_provider_hypervisors': {'br-data': 'dv-neutron-831581-1-hyperv'}, 'resource_provider_inventory_defaults': {'allocation_ratio': 1.0, 'min_unit': 1, 'step_size': 1, 'reserved': 0}, 'tunnel_types': [], 'tunneling_ip': None, 'vhostuser_socket_dir': '/var/run/openvswitch'}, 'resource_versions': {'AddressGroup': '1.2', 'ConntrackHelper': '1.0', 'Log': '1.0', 'Network': '1.1', 'Port': '1.7', 'PortForwarding': '1.2', 'QosPolicy': '1.9', 'SecurityGroup': '1.4', 'SecurityGroupRule': '1.2', 'SubPort': '1.0', 'Subnet': '1.1', 'Trunk': '1.1'}} {{(pid=109137) bind_port /opt/stack/neutron/neutron/plugins/ml2/drivers/mech_agent.py:110}}
Mar 03 05:40:11.734736 dv-neutron-831581-1-hyperv neutron-server[109137]: DEBUG neutron.plugins.ml2.drivers.mech_agent [None req-b9e7ece8-8224-4b3a-865e-8ba8e2d43100 None None] Checking segment: {'id': '347baac0-44e3-46af-8406-ab0a66b5fefd', 'network_type': 'flat', 'physical_network': 'physnet1', 'segmentation_id': None, 'network_id': '1ad4c736-9ffa-4639-b05a-800f072c052a'} for mappings: {'physnet1': 'br-data'} with network types: ['local', 'flat', 'vlan'] {{(pid=109137) check_segment_for_agent /opt/stack/neutron/neutron/plugins/ml2/drivers/mech_agent.py:360}}
Mar 03 05:40:11.735128 dv-neutron-831581-1-hyperv neutron-server[109137]: DEBUG neutron_lib.callbacks.manager [None req-b9e7ece8-8224-4b3a-865e-8ba8e2d43100 None None] Notify callbacks [] for ovs_bridge_name, before_read {{(pid=109137) _notify_loop /usr/local/lib/python3.8/dist-packages/neutron_lib/callbacks/manager.py:192}}
Mar 03 05:40:11.736204 dv-neutron-831581-1-hyperv neutron-server[109137]: DEBUG neutron.plugins.ml2.drivers.mech_agent [None req-b9e7ece8-8224-4b3a-865e-8ba8e2d43100 None None] Bound using segment: {'id': '347baac0-44e3-46af-8406-ab0a66b5fefd', 'network_type': 'flat', 'physical_network': 'physnet1', 'segmentation_id': None, 'network_id': '1ad4c736-9ffa-4639-b05a-800f072c052a'} {{(pid=109137) bind_port /opt/stack/neutron/neutron/plugins/ml2/drivers/mech_agent.py:120}}
Mar 03 05:40:11.736657 dv-neutron-831581-1-hyperv neutron-server[109137]: DEBUG neutron.plugins.ml2.managers [None req-b9e7ece8-8224-4b3a-865e-8ba8e2d43100 None None] Bound port: dcefc22e-efbb-46fc-82cb-c7bb2ab3e48a, host: dv-neutron-831581-1-hyperv, vif_type: ovs, vif_details: {"connectivity": "l2", "port_filter": true, "ovs_hybrid_plug": false, "datapath_type": "system", "bridge_name": "br-int"}, binding_levels: [{'bound_driver': 'openvswitch', 'bound_segment': {'id': '347baac0-44e3-46af-8406-ab0a66b5fefd', 'network_type': 'flat', 'physical_network': 'physnet1', 'segmentation_id': None, 'network_id': '1ad4c736-9ffa-4639-b05a-800f072c052a'}}] {{(pid=109137) _bind_port_level /opt/stack/neutron/neutron/plugins/ml2/managers.py:928}}
Mar 03 05:40:11.737471 dv-neutron-831581-1-hyperv neutron-server[109137]: DEBUG neutron_lib.callbacks.manager [None req-b9e7ece8-8224-4b3a-865e-8ba8e2d43100 None None] Notify callbacks ['neutron.plugins.ml2.plugin.SecurityGroupDbMixin._ensure_default_security_group_handler-550183'] for port, before_update {{(pid=109137) _notify_loop /usr/local/lib/python3.8/dist-packages/neutron_lib/callbacks/manager.py:192}}
Mar 03 05:40:11.738640 dv-neutron-831581-1-hyperv neutron-server[109137]: DEBUG neutron.api.rpc.handlers.resources_rpc [None req-054545f8-eba8-4ffb-8235-984886e867cb None None] Pushing event updated for resources: {'Port': ['ID=dcefc22e-efbb-46fc-82cb-c7bb2ab3e48a,revision_number=2']} {{(pid=109137) push /opt/stack/neutron/neutron/api/rpc/handlers/resources_rpc.py:237}}
Mar 03 05:40:11.745952 dv-neutron-831581-1-hyperv neutron-server[109136]: DEBUG neutron.plugins.ml2.rpc [None req-52d7c347-c1fe-450b-babf-89ce70315868 None None] Device a4e8ee31-8b54-45d4-a0d0-ebc2ba842d78 up at agent ovs-agent-dv-neutron-831581-1-hyperv {{(pid=109136) update_device_up /opt/stack/neutron/neutron/plugins/ml2/rpc.py:296}}
Mar 03 05:40:11.764692 dv-neutron-831581-1-hyperv neutron-server[109137]: DEBUG neutron.api.rpc.callbacks.version_manager [None req-054545f8-eba8-4ffb-8235-984886e867cb None None] Version for resource type AddressGroup changed None to 1.2 on consumer Open vSwitch agent@dv-neutron-831581-1-hyperv {{(pid=109137) _set_version /opt/stack/neutron/neutron/api/rpc/callbacks/version_manager.py:113}}
Mar 03 05:40:11.764947 dv-neutron-831581-1-hyperv neutron-server[109137]: DEBUG neutron.api.rpc.callbacks.version_manager [None req-054545f8-eba8-4ffb-8235-984886e867cb None None] Version for resource type ConntrackHelper changed None to 1.0 on consumer Open vSwitch agent@dv-neutron-831581-1-hyperv {{(pid=109137) _set_version /opt/stack/neutron/neutron/api/rpc/callbacks/version_manager.py:113}}
Mar 03 05:40:11.765191 dv-neutron-831581-1-hyperv neutron-server[109137]: DEBUG neutron.api.rpc.callbacks.version_manager [None req-054545f8-eba8-4ffb-8235-984886e867cb None None] Version for resource type Log changed None to 1.0 on consumer Open vSwitch agent@dv-neutron-831581-1-hyperv {{(pid=109137) _set_version /opt/stack/neutron/neutron/api/rpc/callbacks/version_manager.py:113}}
Mar 03 05:40:11.765523 dv-neutron-831581-1-hyperv neutron-server[109137]: DEBUG neutron.api.rpc.callbacks.version_manager [None req-054545f8-eba8-4ffb-8235-984886e867cb None None] Version for resource type Network changed None to 1.1 on consumer Open vSwitch agent@dv-neutron-831581-1-hyperv {{(pid=109137) _set_version /opt/stack/neutron/neutron/api/rpc/callbacks/version_manager.py:113}}
Mar 03 05:40:11.765847 dv-neutron-831581-1-hyperv neutron-server[109137]: DEBUG neutron.api.rpc.callbacks.version_manager [None req-054545f8-eba8-4ffb-8235-984886e867cb None None] Version for resource type Port changed None to 1.7 on consumer Open vSwitch agent@dv-neutron-831581-1-hyperv {{(pid=109137) _set_version /opt/stack/neutron/neutron/api/rpc/callbacks/version_manager.py:113}}
Mar 03 05:40:11.766173 dv-neutron-831581-1-hyperv neutron-server[109137]: DEBUG neutron.api.rpc.callbacks.version_manager [None req-054545f8-eba8-4ffb-8235-984886e867cb None None] Version for resource type PortForwarding changed None to 1.2 on consumer Open vSwitch agent@dv-neutron-831581-1-hyperv {{(pid=109137) _set_version /opt/stack/neutron/neutron/api/rpc/callbacks/version_manager.py:113}}
Mar 03 05:40:11.767018 dv-neutron-831581-1-hyperv neutron-server[109137]: DEBUG neutron.api.rpc.callbacks.version_manager [None req-054545f8-eba8-4ffb-8235-984886e867cb None None] Version for resource type QosPolicy changed None to 1.9 on consumer Open vSwitch agent@dv-neutron-831581-1-hyperv {{(pid=109137) _set_version /opt/stack/neutron/neutron/api/rpc/callbacks/version_manager.py:113}}
Mar 03 05:40:11.767379 dv-neutron-831581-1-hyperv neutron-server[109137]: DEBUG neutron.api.rpc.callbacks.version_manager [None req-054545f8-eba8-4ffb-8235-984886e867cb None None] Version for resource type SecurityGroup changed None to 1.4 on consumer Open vSwitch agent@dv-neutron-831581-1-hyperv {{(pid=109137) _set_version /opt/stack/neutron/neutron/api/rpc/callbacks/version_manager.py:113}}
Mar 03 05:40:11.767704 dv-neutron-831581-1-hyperv neutron-server[109137]: DEBUG neutron.api.rpc.callbacks.version_manager [None req-054545f8-eba8-4ffb-8235-984886e867cb None None] Version for resource type SecurityGroupRule changed None to 1.2 on consumer Open vSwitch agent@dv-neutron-831581-1-hyperv {{(pid=109137) _set_version /opt/stack/neutron/neutron/api/rpc/callbacks/version_manager.py:113}}
Mar 03 05:40:11.768026 dv-neutron-831581-1-hyperv neutron-server[109137]: DEBUG neutron.api.rpc.callbacks.version_manager [None req-054545f8-eba8-4ffb-8235-984886e867cb None None] Version for resource type SubPort changed None to 1.0 on consumer Open vSwitch agent@dv-neutron-831581-1-hyperv {{(pid=109137) _set_version /opt/stack/neutron/neutron/api/rpc/callbacks/version_manager.py:113}}
Mar 03 05:40:11.768339 dv-neutron-831581-1-hyperv neutron-server[109137]: DEBUG neutron.api.rpc.callbacks.version_manager [None req-054545f8-eba8-4ffb-8235-984886e867cb None None] Version for resource type Subnet changed None to 1.1 on consumer Open vSwitch agent@dv-neutron-831581-1-hyperv {{(pid=109137) _set_version /opt/stack/neutron/neutron/api/rpc/callbacks/version_manager.py:113}}
Mar 03 05:40:11.768652 dv-neutron-831581-1-hyperv neutron-server[109137]: DEBUG neutron.api.rpc.callbacks.version_manager [None req-054545f8-eba8-4ffb-8235-984886e867cb None None] Version for resource type Trunk changed None to 1.1 on consumer Open vSwitch agent@dv-neutron-831581-1-hyperv {{(pid=109137) _set_version /opt/stack/neutron/neutron/api/rpc/callbacks/version_manager.py:113}}
Mar 03 05:40:11.769853 dv-neutron-831581-1-hyperv neutron-server[109137]: DEBUG neutron.api.rpc.callbacks.version_manager [None req-054545f8-eba8-4ffb-8235-984886e867cb None None] Tracked resource versions report:
Mar 03 05:40:11.769853 dv-neutron-831581-1-hyperv neutron-server[109137]: pushed versions:
Mar 03 05:40:11.769853 dv-neutron-831581-1-hyperv neutron-server[109137]: { 'AddressGroup': {'1.2'},
Mar 03 05:40:11.769853 dv-neutron-831581-1-hyperv neutron-server[109137]: 'ConntrackHelper': {'1.0'},
Mar 03 05:40:11.769853 dv-neutron-831581-1-hyperv neutron-server[109137]: 'Log': {'1.0'},
Mar 03 05:40:11.769853 dv-neutron-831581-1-hyperv neutron-server[109137]: 'Network': {'1.1'},
Mar 03 05:40:11.769853 dv-neutron-831581-1-hyperv neutron-server[109137]: 'Port': {'1.7'},
Mar 03 05:40:11.769853 dv-neutron-831581-1-hyperv neutron-server[109137]: 'PortForwarding': {'1.2'},
Mar 03 05:40:11.769853 dv-neutron-831581-1-hyperv neutron-server[109137]: 'QosPolicy': {'1.9'},
Mar 03 05:40:11.769853 dv-neutron-831581-1-hyperv neutron-server[109137]: 'SecurityGroup': {'1.4'},
Mar 03 05:40:11.769853 dv-neutron-831581-1-hyperv neutron-server[109137]: 'SecurityGroupRule': {'1.2'},
Mar 03 05:40:11.769853 dv-neutron-831581-1-hyperv neutron-server[109137]: 'SubPort': {'1.0'},
Mar 03 05:40:11.769853 dv-neutron-831581-1-hyperv neutron-server[109137]: 'Subnet': {'1.1'},
Mar 03 05:40:11.769853 dv-neutron-831581-1-hyperv neutron-server[109137]: 'Trunk': {'1.1'}}
Mar 03 05:40:11.769853 dv-neutron-831581-1-hyperv neutron-server[109137]: consumer versions:
Mar 03 05:40:11.769853 dv-neutron-831581-1-hyperv neutron-server[109137]: { DHCP agent@dv-neutron-831581-1-hyperv: {},
Mar 03 05:40:11.769853 dv-neutron-831581-1-hyperv neutron-server[109137]: HyperV agent@hv-neutron-8315: {},
Mar 03 05:40:11.769853 dv-neutron-831581-1-hyperv neutron-server[109137]: L3 agent@dv-neutron-831581-1-hyperv: {},
Mar 03 05:40:11.769853 dv-neutron-831581-1-hyperv neutron-server[109137]: Metadata agent@dv-neutron-831581-1-hyperv: {},
Mar 03 05:40:11.769853 dv-neutron-831581-1-hyperv neutron-server[109137]: Metering agent@dv-neutron-831581-1-hyperv: {},
Mar 03 05:40:11.769853 dv-neutron-831581-1-hyperv neutron-server[109137]: Open vSwitch agent@dv-neutron-831581-1-hyperv: { 'AddressGroup': '1.2',
Mar 03 05:40:11.769853 dv-neutron-831581-1-hyperv neutron-server[109137]: 'ConntrackHelper': '1.0',
Mar 03 05:40:11.769853 dv-neutron-831581-1-hyperv neutron-server[109137]: 'Log': '1.0',
Mar 03 05:40:11.769853 dv-neutron-831581-1-hyperv neutron-server[109137]: 'Network': '1.1',
Mar 03 05:40:11.769853 dv-neutron-831581-1-hyperv neutron-server[109137]: 'Port': '1.7',
Mar 03 05:40:11.769853 dv-neutron-831581-1-hyperv neutron-server[109137]: 'PortForwarding': '1.2',
Mar 03 05:40:11.769853 dv-neutron-831581-1-hyperv neutron-server[109137]: 'QosPolicy': '1.9',
Mar 03 05:40:11.769853 dv-neutron-831581-1-hyperv neutron-server[109137]: 'SecurityGroup': '1.4',
Mar 03 05:40:11.769853 dv-neutron-831581-1-hyperv neutron-server[109137]: 'SecurityGroupRule': '1.2',
Mar 03 05:40:11.769853 dv-neutron-831581-1-hyperv neutron-server[109137]: 'SubPort': '1.0',
Mar 03 05:40:11.769853 dv-neutron-831581-1-hyperv neutron-server[109137]: 'Subnet': '1.1',
Mar 03 05:40:11.769853 dv-neutron-831581-1-hyperv neutron-server[109137]: 'Trunk': '1.1'}}
Mar 03 05:40:11.769853 dv-neutron-831581-1-hyperv neutron-server[109137]: {{(pid=109137) report /opt/stack/neutron/neutron/api/rpc/callbacks/version_manager.py:175}}
Mar 03 05:40:11.813664 dv-neutron-831581-1-hyperv neutron-server[109137]: DEBUG neutron.plugins.ml2.db [None req-b9e7ece8-8224-4b3a-865e-8ba8e2d43100 None None] For port dcefc22e-efbb-46fc-82cb-c7bb2ab3e48a, host dv-neutron-831581-1-hyperv, cleared binding levels {{(pid=109137) clear_binding_levels /opt/stack/neutron/neutron/plugins/ml2/db.py:87}}
Mar 03 05:40:11.817819 dv-neutron-831581-1-hyperv neutron-server[109137]: DEBUG neutron.plugins.ml2.db [None req-b9e7ece8-8224-4b3a-865e-8ba8e2d43100 None None] For port dcefc22e-efbb-46fc-82cb-c7bb2ab3e48a, host dv-neutron-831581-1-hyperv, set binding levels [PortBindingLevel(driver='openvswitch',host='dv-neutron-831581-1-hyperv',level=0,port_id=dcefc22e-efbb-46fc-82cb-c7bb2ab3e48a,segment=NetworkSegment(347baac0-44e3-46af-8406-ab0a66b5fefd),segment_id=347baac0-44e3-46af-8406-ab0a66b5fefd)] {{(pid=109137) set_binding_levels /opt/stack/neutron/neutron/plugins/ml2/db.py:59}}
Mar 03 05:40:11.827319 dv-neutron-831581-1-hyperv neutron-server[109137]: DEBUG neutron_lib.callbacks.manager [None req-b9e7ece8-8224-4b3a-865e-8ba8e2d43100 None None] Notify callbacks ['neutron.plugins.ml2.plugin.SecurityGroupServerNotifierRpcMixin._notify_sg_on_port_change-550374', 'neutron.plugins.ml2.ovo_rpc._ObjectChangeHandler.handle_event-79301', 'neutron.api.rpc.agentnotifiers.dhcp_rpc_agent_api.DhcpAgentNotifyAPI._native_event_send_dhcp_notification-1599535', 'neutron.db.l3_db.L3RpcNotifierMixin._notify_gateway_port_ip_changed-8733141721784', 'neutron.db.l3_dvrscheduler_db._notify_l3_agent_port_update-8733141246895', 'neutron.db.l3_hascheduler_db._notify_l3_agent_ha_port_update-8733141256021'] for port, after_update {{(pid=109137) _notify_loop /usr/local/lib/python3.8/dist-packages/neutron_lib/callbacks/manager.py:192}}
Mar 03 05:40:11.843549 dv-neutron-831581-1-hyperv neutron-server[109135]: DEBUG neutron.api.rpc.handlers.resources_rpc [None req-e8502243-e38f-40d4-98d3-20d2dfa7b3b7 admin admin] Pushing event updated for resources: {'Subnet': ['ID=f9628429-3587-47be-87c8-0b7e17dd8169,revision_number=0']} {{(pid=109135) push /opt/stack/neutron/neutron/api/rpc/handlers/resources_rpc.py:237}}
Mar 03 05:40:11.860840 dv-neutron-831581-1-hyperv neutron-server[109135]: DEBUG neutron.plugins.ml2.drivers.mech_agent [None req-e8502243-e38f-40d4-98d3-20d2dfa7b3b7 admin admin] Checking segment: {'id': 'afee212a-8313-4cc7-9bb2-1dff83f27b24', 'network_type': 'vlan', 'physical_network': 'physnet1', 'segmentation_id': 131, 'network_id': '817fd598-3a88-424c-9d21-50b75ae8c766'} for mappings: {'physnet1': 'br-data'} with network types: ['local', 'flat', 'vlan'] {{(pid=109135) check_segment_for_agent /opt/stack/neutron/neutron/plugins/ml2/drivers/mech_agent.py:360}}
Mar 03 05:40:11.861728 dv-neutron-831581-1-hyperv neutron-server[109135]: DEBUG neutron.scheduler.dhcp_agent_scheduler [None req-e8502243-e38f-40d4-98d3-20d2dfa7b3b7 admin admin] Network hostable DHCP agents. Network: 817fd598-3a88-424c-9d21-50b75ae8c766, hostable agents: ['bfe461f8-a923-4244-bc92-9fe6956c0da0'], hosted agents: [] {{(pid=109135) _get_network_hostable_dhcp_agents /opt/stack/neutron/neutron/scheduler/dhcp_agent_scheduler.py:329}}
Mar 03 05:40:11.872137 dv-neutron-831581-1-hyperv neutron-server[109136]: DEBUG neutron.db.provisioning_blocks [None req-52d7c347-c1fe-450b-babf-89ce70315868 None None] Provisioning complete for port a4e8ee31-8b54-45d4-a0d0-ebc2ba842d78 triggered by entity L2. {{(pid=109136) provisioning_complete /opt/stack/neutron/neutron/db/provisioning_blocks.py:139}}
Mar 03 05:40:11.874500 dv-neutron-831581-1-hyperv neutron-server[109136]: DEBUG neutron_lib.callbacks.manager [None req-52d7c347-c1fe-450b-babf-89ce70315868 None None] Notify callbacks ['neutron.plugins.ml2.plugin.Ml2Plugin._port_provisioned-1446547'] for port, provisioning_complete {{(pid=109136) _notify_loop /usr/local/lib/python3.8/dist-packages/neutron_lib/callbacks/manager.py:192}}
Mar 03 05:40:11.906243 dv-neutron-831581-1-hyperv neutron-server[109135]: DEBUG neutron.api.v2.base [None req-cca7996a-278c-4283-aab2-f937209e5856 tempest-ExternalNetworksTestJSON-1776419839 tempest-ExternalNetworksTestJSON-1776419839-project] Request body: {'network': {'name': 'tempest-ExternalNetworksTestJSON-test-network-1561171378'}} {{(pid=109135) prepare_request_body /opt/stack/neutron/neutron/api/v2/base.py:729}}
Mar 03 05:40:11.917055 dv-neutron-831581-1-hyperv neutron-server[109135]: DEBUG neutron.scheduler.dhcp_agent_scheduler [None req-e8502243-e38f-40d4-98d3-20d2dfa7b3b7 admin admin] Network 817fd598-3a88-424c-9d21-50b75ae8c766 is scheduled to be hosted by DHCP agent bfe461f8-a923-4244-bc92-9fe6956c0da0 with binding_index 1 {{(pid=109135) bind /opt/stack/neutron/neutron/scheduler/dhcp_agent_scheduler.py:227}}
Mar 03 05:40:11.944251 dv-neutron-831581-1-hyperv neutron-server[109135]: DEBUG neutron.scheduler.base_scheduler [None req-e8502243-e38f-40d4-98d3-20d2dfa7b3b7 admin admin] Resources bound (agent type, host, resource id): (DHCP agent, dv-neutron-831581-1-hyperv, 817fd598-3a88-424c-9d21-50b75ae8c766) {{(pid=109135) schedule /opt/stack/neutron/neutron/scheduler/base_scheduler.py:57}}
Mar 03 05:40:11.953600 dv-neutron-831581-1-hyperv neutron-server[109135]: DEBUG neutron.pecan_wsgi.hooks.policy_enforcement [None req-e8502243-e38f-40d4-98d3-20d2dfa7b3b7 admin admin] Attributes excluded by policy engine: ['standard_attr_id', 'shared', 'network'] {{(pid=109135) _exclude_attributes_by_policy /opt/stack/neutron/neutron/pecan_wsgi/hooks/policy_enforcement.py:255}}
Mar 03 05:40:11.954835 dv-neutron-831581-1-hyperv neutron-server[109135]: DEBUG neutron_lib.callbacks.manager [None req-e8502243-e38f-40d4-98d3-20d2dfa7b3b7 admin admin] Notify callbacks ['neutron.api.rpc.agentnotifiers.dhcp_rpc_agent_api.DhcpAgentNotifyAPI._send_dhcp_notification-1599941'] for subnet, before_response {{(pid=109135) _notify_loop /usr/local/lib/python3.8/dist-packages/neutron_lib/callbacks/manager.py:192}}
Mar 03 05:40:11.955233 dv-neutron-831581-1-hyperv neutron-server[109137]: DEBUG neutron.db.l3_dvrscheduler_db [None req-b9e7ece8-8224-4b3a-865e-8ba8e2d43100 None None] Routers {'4a981a1b-abe7-49a3-b574-923884576850'} bound to L3 agent in host dv-neutron-831581-1-hyperv {{(pid=109137) _get_router_ids_for_agent /opt/stack/neutron/neutron/db/l3_dvrscheduler_db.py:421}}
Mar 03 05:40:11.958656 dv-neutron-831581-1-hyperv neutron-server[109137]: DEBUG neutron.db.l3_hamode_db [None req-b9e7ece8-8224-4b3a-865e-8ba8e2d43100 None None] neutron.services.l3_router.l3_router_plugin.L3RouterPlugin method get_ha_sync_data_for_host called with arguments (, 'dv-neutron-831581-1-hyperv', Agent(admin_state_up=True,agent_type='L3 agent',availability_zone='nova',binary='neutron-l3-agent',configurations={"agent_mode": "legacy", "ex_gw_ports": 1, "extensions": [], "floating_ips": 0, "handle_internal_only_routers": true, "interface_driver": "openvswitch", "interfaces": 1, "log_agent_heartbeats": false, "routers": 1},created_at=2022-03-03T05:32:33Z,description=,heartbeat_timestamp=2022-03-03T05:40:03Z,host='dv-neutron-831581-1-hyperv',id=05a15d17-ccfe-4f3c-b206-791283662776,load=0,resource_versions=,resources_synced=,started_at=2022-03-03T05:32:33Z,topic='l3_agent')) {'router_ids': ['4a981a1b-abe7-49a3-b574-923884576850'], 'active': True} {{(pid=109137) wrapper /usr/local/lib/python3.8/dist-packages/oslo_log/helpers.py:65}}
Mar 03 05:40:11.968315 dv-neutron-831581-1-hyperv neutron-server[109136]: DEBUG neutron.api.rpc.handlers.dhcp_rpc [None req-9e4fd29d-bdc1-4718-ba15-f0018dd741c9 None None] Network 817fd598-3a88-424c-9d21-50b75ae8c766 requested from dv-neutron-831581-1-hyperv {{(pid=109136) get_network_info /opt/stack/neutron/neutron/api/rpc/handlers/dhcp_rpc.py:218}}
Mar 03 05:40:12.005699 dv-neutron-831581-1-hyperv neutron-server[109135]: DEBUG neutron.pecan_wsgi.hooks.quota_enforcement [None req-cca7996a-278c-4283-aab2-f937209e5856 tempest-ExternalNetworksTestJSON-1776419839 tempest-ExternalNetworksTestJSON-1776419839-project] Made reservation on behalf of 565732bc7194451fb1168d87d4e1266b for: {'network': 1} {{(pid=109135) before /opt/stack/neutron/neutron/pecan_wsgi/hooks/quota_enforcement.py:53}}
Mar 03 05:40:12.009787 dv-neutron-831581-1-hyperv neutron-server[109134]: DEBUG neutron.db.db_base_plugin_common [None req-2a020651-9725-4155-976b-0bb8a877a948 admin admin] Allocated IP 172.20.0.1 (943044a5-b845-4ed6-a306-ea84e7838cbc/1411cb45-e7e9-4748-a010-abb93fd320d7/6f9cf78b-7863-4c3d-92a7-9b064706c399) {{(pid=109134) _store_ip_allocation /opt/stack/neutron/neutron/db/db_base_plugin_common.py:131}}
Mar 03 05:40:12.010917 dv-neutron-831581-1-hyperv neutron-server[109135]: DEBUG neutron_lib.callbacks.manager [None req-cca7996a-278c-4283-aab2-f937209e5856 tempest-ExternalNetworksTestJSON-1776419839 tempest-ExternalNetworksTestJSON-1776419839-project] Notify callbacks ['neutron.plugins.ml2.plugin.SecurityGroupDbMixin._ensure_default_security_group_handler-550183'] for network, before_create {{(pid=109135) _notify_loop /usr/local/lib/python3.8/dist-packages/neutron_lib/callbacks/manager.py:192}}
Mar 03 05:40:12.028276 dv-neutron-831581-1-hyperv neutron-server[109135]: INFO neutron.wsgi [None req-e8502243-e38f-40d4-98d3-20d2dfa7b3b7 admin admin] 10.222.0.10 "POST /v2.0/subnets HTTP/1.1" status: 201 len: 848 time: 0.7944813
Mar 03 05:40:12.034713 dv-neutron-831581-1-hyperv neutron-server[109134]: DEBUG neutron.wsgi [-] (109134) accepted ('10.222.0.10', 57392) {{(pid=109134) server /usr/local/lib/python3.8/dist-packages/eventlet/wsgi.py:982}}
Mar 03 05:40:12.039457 dv-neutron-831581-1-hyperv neutron-server[109134]: DEBUG neutron.api.v2.base [None req-2fd0f174-559e-4dcd-822a-beb590161d71 admin admin] Request body: {'router': {'name': 'tempest-ServerActionsTestJSON-2102186685-router', 'tenant_id': 'eccd7e66ca7b42d39c18c414615c5f1d', 'external_gateway_info': {'network_id': '1ad4c736-9ffa-4639-b05a-800f072c052a'}}} {{(pid=109134) prepare_request_body /opt/stack/neutron/neutron/api/v2/base.py:729}}
Mar 03 05:40:12.051612 dv-neutron-831581-1-hyperv neutron-server[109135]: DEBUG neutron_lib.callbacks.manager [None req-cca7996a-278c-4283-aab2-f937209e5856 tempest-ExternalNetworksTestJSON-1776419839 tempest-ExternalNetworksTestJSON-1776419839-project] Notify callbacks [] for security_group, before_create {{(pid=109135) _notify_loop /usr/local/lib/python3.8/dist-packages/neutron_lib/callbacks/manager.py:192}}
Mar 03 05:40:12.095361 dv-neutron-831581-1-hyperv neutron-server[109137]: DEBUG neutron.db.l3_dvr_db [None req-b9e7ece8-8224-4b3a-865e-8ba8e2d43100 None None] Set router 4a981a1b-abe7-49a3-b574-923884576850 gateway port host: dv-neutron-831581-1-hyperv {{(pid=109137) _build_routers_list /opt/stack/neutron/neutron/db/l3_dvr_db.py:906}}
Mar 03 05:40:12.097934 dv-neutron-831581-1-hyperv neutron-server[109134]: DEBUG neutron_lib.callbacks.manager [None req-2fd0f174-559e-4dcd-822a-beb590161d71 admin admin] Notify callbacks ['neutron.services.l3_router.l3_router_plugin.L3_HA_NAT_db_mixin._before_router_create_handler-510824', 'neutron.services.l3_router.service_providers.driver_controller.DriverController._check_router_request-10249'] for router, before_create {{(pid=109134) _notify_loop /usr/local/lib/python3.8/dist-packages/neutron_lib/callbacks/manager.py:192}}
Mar 03 05:40:12.100068 dv-neutron-831581-1-hyperv neutron-server[109134]: DEBUG neutron_lib.callbacks.manager [None req-2fd0f174-559e-4dcd-822a-beb590161d71 admin admin] Notify callbacks ['neutron.services.l3_router.l3_router_plugin.L3_HA_NAT_db_mixin._precommit_router_create-508920', 'neutron.services.l3_router.l3_router_plugin.DVRResourceOperationHandler._set_distributed_flag-513362', 'neutron.services.l3_router.l3_router_plugin.RouterAvailabilityZoneMixin._process_az_request-437161', 'neutron.services.l3_router.service_providers.driver_controller.DriverController._set_router_provider-10240'] for router, precommit_create {{(pid=109134) _notify_loop /usr/local/lib/python3.8/dist-packages/neutron_lib/callbacks/manager.py:192}}
Mar 03 05:40:12.164125 dv-neutron-831581-1-hyperv neutron-server[109134]: DEBUG neutron_lib.callbacks.manager [None req-2fd0f174-559e-4dcd-822a-beb590161d71 admin admin] Notify callbacks [] for router_controller, precommit_add_association {{(pid=109134) _notify_loop /usr/local/lib/python3.8/dist-packages/neutron_lib/callbacks/manager.py:192}}
Mar 03 05:40:12.179908 dv-neutron-831581-1-hyperv neutron-server[109134]: DEBUG neutron.wsgi [-] (109134) accepted ('10.222.0.10', 57396) {{(pid=109134) server /usr/local/lib/python3.8/dist-packages/eventlet/wsgi.py:982}}
Mar 03 05:40:12.243047 dv-neutron-831581-1-hyperv neutron-server[109135]: DEBUG neutron_lib.callbacks.manager [None req-cca7996a-278c-4283-aab2-f937209e5856 tempest-ExternalNetworksTestJSON-1776419839 tempest-ExternalNetworksTestJSON-1776419839-project] Notify callbacks [] for security_group, precommit_create {{(pid=109135) _notify_loop /usr/local/lib/python3.8/dist-packages/neutron_lib/callbacks/manager.py:192}}
Mar 03 05:40:12.258015 dv-neutron-831581-1-hyperv neutron-server[109135]: DEBUG neutron_lib.callbacks.manager [None req-cca7996a-278c-4283-aab2-f937209e5856 tempest-ExternalNetworksTestJSON-1776419839 tempest-ExternalNetworksTestJSON-1776419839-project] Notify callbacks ['neutron.plugins.ml2.ovo_rpc._ObjectChangeHandler.handle_event-479423'] for security_group, after_create {{(pid=109135) _notify_loop /usr/local/lib/python3.8/dist-packages/neutron_lib/callbacks/manager.py:192}}
Mar 03 05:40:12.293079 dv-neutron-831581-1-hyperv neutron-server[109135]: DEBUG neutron.plugins.ml2.drivers.helpers [None req-cca7996a-278c-4283-aab2-f937209e5856 tempest-ExternalNetworksTestJSON-1776419839 tempest-ExternalNetworksTestJSON-1776419839-project] vlan segment allocate from pool success with {'physical_network': 'physnet1', 'vlan_id': 124} {{(pid=109135) allocate_partially_specified_segment /opt/stack/neutron/neutron/plugins/ml2/drivers/helpers.py:153}}
Mar 03 05:40:12.312446 dv-neutron-831581-1-hyperv neutron-server[109137]: DEBUG neutron.api.rpc.handlers.resources_rpc [None req-054545f8-eba8-4ffb-8235-984886e867cb None None] Pushing event updated for resources: {'Port': ['ID=dcefc22e-efbb-46fc-82cb-c7bb2ab3e48a,revision_number=3']} {{(pid=109137) push /opt/stack/neutron/neutron/api/rpc/handlers/resources_rpc.py:237}}
Mar 03 05:40:12.335784 dv-neutron-831581-1-hyperv neutron-server[109137]: DEBUG neutron.db.l3_hamode_db [None req-b9e7ece8-8224-4b3a-865e-8ba8e2d43100 None None] neutron.services.l3_router.l3_router_plugin.L3RouterPlugin method _process_sync_ha_data called with arguments (, [{'id': '4a981a1b-abe7-49a3-b574-923884576850', 'name': 'tempest-ServersTestJSON-653088005-router', 'tenant_id': '7cfa5bfaea4441d2b122dcab32c9d20b', 'admin_state_up': True, 'status': 'ACTIVE', 'external_gateway_info': {'network_id': '1ad4c736-9ffa-4639-b05a-800f072c052a', 'external_fixed_ips': [{'subnet_id': 'e84ac31f-393c-4c9d-8ea0-ed346fad023c', 'ip_address': '172.26.7.42'}], 'enable_snat': True}, 'gw_port_id': 'dcefc22e-efbb-46fc-82cb-c7bb2ab3e48a', 'description': '', 'availability_zones': ['nova'], 'distributed': False, 'ha': False, 'ha_vr_id': 0, 'availability_zone_hints': [], 'routes': [], 'flavor_id': None, 'tags': [], 'created_at': '2022-03-03T05:40:08Z', 'updated_at': '2022-03-03T05:40:09Z', 'revision_number': 3, 'project_id': '7cfa5bfaea4441d2b122dcab32c9d20b', 'gw_port': {'id': 'dcefc22e-efbb-46fc-82cb-c7bb2ab3e48a', 'name': '', 'network_id': '1ad4c736-9ffa-4639-b05a-800f072c052a', 'tenant_id': '', 'mac_address': 'fa:16:3e:ca:6c:f5', 'admin_state_up': True, 'status': 'DOWN', 'device_id': '4a981a1b-abe7-49a3-b574-923884576850', 'device_owner': 'network:router_gateway', 'standard_attr_id': 41, 'fixed_ips': [{'subnet_id': 'e84ac31f-393c-4c9d-8ea0-ed346fad023c', 'ip_address': '172.26.7.42', 'prefixlen': 24}], 'allowed_address_pairs': [], 'extra_dhcp_opts': [], 'security_groups': [], 'description': '', 'binding:vnic_type': 'normal', 'binding:profile': {}, 'binding:host_id': 'dv-neutron-831581-1-hyperv', 'binding:vif_type': 'ovs', 'binding:vif_details': {'connectivity': 'l2', 'port_filter': True, 'ovs_hybrid_plug': False, 'datapath_type': 'system', 'bridge_name': 'br-int'}, 'port_security_enabled': False, 'tags': [], 'created_at': '2022-03-03T05:40:08Z', 'updated_at': '2022-03-03T05:40:11Z', 'revision_number': 3, 'project_id': '', 'subnets': [{'id': 'e84ac31f-393c-4c9d-8ea0-ed346fad023c', 'cidr': '172.26.7.0/24', 'gateway_ip': '172.26.7.1', 'dns_nameservers': [], 'ipv6_ra_mode': None, 'subnetpool_id': None}], 'extra_subnets': [], 'address_scopes': {4: None, 6: None}, 'mtu': 1500}, 'enable_snat': True, 'gw_port_host': 'dv-neutron-831581-1-hyperv'}], 'dv-neutron-831581-1-hyperv', False) {} {{(pid=109137) wrapper /usr/local/lib/python3.8/dist-packages/oslo_log/helpers.py:65}}
Mar 03 05:40:12.341447 dv-neutron-831581-1-hyperv neutron-server[109135]: DEBUG neutron_lib.callbacks.manager [None req-cca7996a-278c-4283-aab2-f937209e5856 tempest-ExternalNetworksTestJSON-1776419839 tempest-ExternalNetworksTestJSON-1776419839-project] Notify callbacks ['neutron.plugins.ml2.plugin.Ml2Plugin._handle_segment_change-1443749'] for segment, precommit_create {{(pid=109135) _notify_loop /usr/local/lib/python3.8/dist-packages/neutron_lib/callbacks/manager.py:192}}
Mar 03 05:40:12.341794 dv-neutron-831581-1-hyperv neutron-server[109135]: INFO neutron.db.segments_db [None req-cca7996a-278c-4283-aab2-f937209e5856 tempest-ExternalNetworksTestJSON-1776419839 tempest-ExternalNetworksTestJSON-1776419839-project] Added segment c9072456-a3ad-4cb5-bdd2-a9072e5fa5e3 of type vlan for network 325c98e5-b58f-4fd7-9be4-54d6e1947f3f
Mar 03 05:40:12.353197 dv-neutron-831581-1-hyperv neutron-server[109134]: DEBUG neutron_lib.callbacks.manager [None req-2fd0f174-559e-4dcd-822a-beb590161d71 admin admin] Notify callbacks [] for router_gateway, precommit_update {{(pid=109134) _notify_loop /usr/local/lib/python3.8/dist-packages/neutron_lib/callbacks/manager.py:192}}
Mar 03 05:40:12.359150 dv-neutron-831581-1-hyperv neutron-server[109135]: DEBUG neutron.api.rpc.handlers.resources_rpc [None req-cca7996a-278c-4283-aab2-f937209e5856 tempest-ExternalNetworksTestJSON-1776419839 tempest-ExternalNetworksTestJSON-1776419839-project] Pushing event updated for resources: {'SecurityGroup': ['ID=ef8a26b9-4e8c-43c8-88fb-18b519c0c66a,revision_number=1']} {{(pid=109135) push /opt/stack/neutron/neutron/api/rpc/handlers/resources_rpc.py:237}}
Mar 03 05:40:12.400013 dv-neutron-831581-1-hyperv neutron-server[109137]: DEBUG neutron.api.rpc.handlers.l3_rpc [None req-b9e7ece8-8224-4b3a-865e-8ba8e2d43100 None None] The sync data for ids ['4a981a1b-abe7-49a3-b574-923884576850'] in dv-neutron-831581-1-hyperv is: [{'id': '4a981a1b-abe7-49a3-b574-923884576850', 'name': 'tempest-ServersTestJSON-653088005-router', 'tenant_id': '7cfa5bfaea4441d2b122dcab32c9d20b', 'admin_state_up': True, 'status': 'ACTIVE', 'external_gateway_info': {'network_id': '1ad4c736-9ffa-4639-b05a-800f072c052a', 'external_fixed_ips': [{'subnet_id': 'e84ac31f-393c-4c9d-8ea0-ed346fad023c', 'ip_address': '172.26.7.42'}], 'enable_snat': True}, 'gw_port_id': 'dcefc22e-efbb-46fc-82cb-c7bb2ab3e48a', 'description': '', 'availability_zones': ['nova'], 'distributed': False, 'ha': False, 'ha_vr_id': 0, 'availability_zone_hints': [], 'routes': [], 'flavor_id': None, 'tags': [], 'created_at': '2022-03-03T05:40:08Z', 'updated_at': '2022-03-03T05:40:09Z', 'revision_number': 3, 'project_id': '7cfa5bfaea4441d2b122dcab32c9d20b', 'gw_port': {'id': 'dcefc22e-efbb-46fc-82cb-c7bb2ab3e48a', 'name': '', 'network_id': '1ad4c736-9ffa-4639-b05a-800f072c052a', 'tenant_id': '', 'mac_address': 'fa:16:3e:ca:6c:f5', 'admin_state_up': True, 'status': 'DOWN', 'device_id': '4a981a1b-abe7-49a3-b574-923884576850', 'device_owner': 'network:router_gateway', 'standard_attr_id': 41, 'fixed_ips': [{'subnet_id': 'e84ac31f-393c-4c9d-8ea0-ed346fad023c', 'ip_address': '172.26.7.42', 'prefixlen': 24}], 'allowed_address_pairs': [], 'extra_dhcp_opts': [], 'security_groups': [], 'description': '', 'binding:vnic_type': 'normal', 'binding:profile': {}, 'binding:host_id': 'dv-neutron-831581-1-hyperv', 'binding:vif_type': 'ovs', 'binding:vif_details': {'connectivity': 'l2', 'port_filter': True, 'ovs_hybrid_plug': False, 'datapath_type': 'system', 'bridge_name': 'br-int'}, 'port_security_enabled': False, 'tags': [], 'created_at': '2022-03-03T05:40:08Z', 'updated_at': '2022-03-03T05:40:11Z', 'revision_number': 3, 'project_id': '', 'subnets': [{'id': 'e84ac31f-393c-4c9d-8ea0-ed346fad023c', 'cidr': '172.26.7.0/24', 'gateway_ip': '172.26.7.1', 'dns_nameservers': [], 'ipv6_ra_mode': None, 'subnetpool_id': None}], 'extra_subnets': [], 'address_scopes': {4: None, 6: None}, 'mtu': 1500}, 'enable_snat': True, 'gw_port_host': 'dv-neutron-831581-1-hyperv'}] {{(pid=109137) sync_routers /opt/stack/neutron/neutron/api/rpc/handlers/l3_rpc.py:137}}
Mar 03 05:40:12.460276 dv-neutron-831581-1-hyperv neutron-server[109135]: DEBUG neutron_lib.callbacks.manager [None req-cca7996a-278c-4283-aab2-f937209e5856 tempest-ExternalNetworksTestJSON-1776419839 tempest-ExternalNetworksTestJSON-1776419839-project] Notify callbacks ['neutron.services.auto_allocate.db._ensure_external_network_default_value_callback-8733141224870'] for network, precommit_create {{(pid=109135) _notify_loop /usr/local/lib/python3.8/dist-packages/neutron_lib/callbacks/manager.py:192}}
Mar 03 05:40:12.478182 dv-neutron-831581-1-hyperv neutron-server[109134]: DEBUG neutron_lib.callbacks.manager [None req-f4fbb1b9-e17a-4afc-8961-085ba5bae766 tempest-AllowedAddressPairIpV6TestJSON-140224186 tempest-AllowedAddressPairIpV6TestJSON-140224186-project] Notify callbacks ['neutron.plugins.ml2.ovo_rpc._ObjectChangeHandler.handle_event-479255', 'neutron.api.rpc.agentnotifiers.dhcp_rpc_agent_api.DhcpAgentNotifyAPI._native_event_send_dhcp_notification-1599535'] for subnet, after_create {{(pid=109134) _notify_loop /usr/local/lib/python3.8/dist-packages/neutron_lib/callbacks/manager.py:192}}
Mar 03 05:40:12.543698 dv-neutron-831581-1-hyperv neutron-server[109135]: DEBUG neutron_lib.callbacks.manager [None req-cca7996a-278c-4283-aab2-f937209e5856 tempest-ExternalNetworksTestJSON-1776419839 tempest-ExternalNetworksTestJSON-1776419839-project] Notify callbacks ['neutron.plugins.ml2.ovo_rpc._ObjectChangeHandler.handle_event-479342', 'neutron.api.rpc.agentnotifiers.dhcp_rpc_agent_api.DhcpAgentNotifyAPI._native_event_send_dhcp_notification-1599535'] for network, after_create {{(pid=109135) _notify_loop /usr/local/lib/python3.8/dist-packages/neutron_lib/callbacks/manager.py:192}}
Mar 03 05:40:12.546212 dv-neutron-831581-1-hyperv neutron-server[109136]: DEBUG neutron.api.rpc.handlers.dhcp_rpc [None req-941b6c6e-7250-43e0-a8fa-6c8d53cb85c8 None None] Create dhcp port {'port': {'name': '', 'admin_state_up': True, 'device_id': 'dhcp979213f8-b993-5d43-be42-4a66cd659647-817fd598-3a88-424c-9d21-50b75ae8c766', 'network_id': '817fd598-3a88-424c-9d21-50b75ae8c766', 'tenant_id': 'eccd7e66ca7b42d39c18c414615c5f1d', 'fixed_ips': [{'subnet_id': 'f9628429-3587-47be-87c8-0b7e17dd8169'}]}} from dv-neutron-831581-1-hyperv. {{(pid=109136) create_dhcp_port /opt/stack/neutron/neutron/api/rpc/handlers/dhcp_rpc.py:285}}
Mar 03 05:40:12.548349 dv-neutron-831581-1-hyperv neutron-server[109136]: DEBUG neutron_lib.callbacks.manager [None req-941b6c6e-7250-43e0-a8fa-6c8d53cb85c8 None None] Notify callbacks ['neutron.plugins.ml2.plugin.SecurityGroupDbMixin._ensure_default_security_group_handler-550183'] for port, before_create {{(pid=109136) _notify_loop /usr/local/lib/python3.8/dist-packages/neutron_lib/callbacks/manager.py:192}}
Mar 03 05:40:12.552656 dv-neutron-831581-1-hyperv neutron-server[109135]: DEBUG neutron.pecan_wsgi.hooks.policy_enforcement [None req-cca7996a-278c-4283-aab2-f937209e5856 tempest-ExternalNetworksTestJSON-1776419839 tempest-ExternalNetworksTestJSON-1776419839-project] Attributes excluded by policy engine: ['standard_attr_id', 'provider:network_type', 'provider:physical_network', 'provider:segmentation_id', 'vlan_transparent'] {{(pid=109135) _exclude_attributes_by_policy /opt/stack/neutron/neutron/pecan_wsgi/hooks/policy_enforcement.py:255}}
Mar 03 05:40:12.553321 dv-neutron-831581-1-hyperv neutron-server[109135]: DEBUG neutron_lib.callbacks.manager [None req-cca7996a-278c-4283-aab2-f937209e5856 tempest-ExternalNetworksTestJSON-1776419839 tempest-ExternalNetworksTestJSON-1776419839-project] Notify callbacks ['neutron.api.rpc.agentnotifiers.dhcp_rpc_agent_api.DhcpAgentNotifyAPI._send_dhcp_notification-1599941'] for network, before_response {{(pid=109135) _notify_loop /usr/local/lib/python3.8/dist-packages/neutron_lib/callbacks/manager.py:192}}
Mar 03 05:40:12.603825 dv-neutron-831581-1-hyperv neutron-server[109134]: DEBUG neutron_lib.callbacks.manager [None req-2a020651-9725-4155-976b-0bb8a877a948 admin admin] Notify callbacks [] for port, precommit_create {{(pid=109134) _notify_loop /usr/local/lib/python3.8/dist-packages/neutron_lib/callbacks/manager.py:192}}
Mar 03 05:40:12.613261 dv-neutron-831581-1-hyperv neutron-server[109135]: INFO neutron.wsgi [None req-cca7996a-278c-4283-aab2-f937209e5856 tempest-ExternalNetworksTestJSON-1776419839 tempest-ExternalNetworksTestJSON-1776419839-project] 10.222.0.10 "POST /v2.0/networks HTTP/1.1" status: 201 len: 792 time: 1.0902641
Mar 03 05:40:12.619349 dv-neutron-831581-1-hyperv neutron-server[109134]: DEBUG neutron.api.rpc.handlers.resources_rpc [None req-f4fbb1b9-e17a-4afc-8961-085ba5bae766 tempest-AllowedAddressPairIpV6TestJSON-140224186 tempest-AllowedAddressPairIpV6TestJSON-140224186-project] Pushing event updated for resources: {'Subnet': ['ID=59d3475c-13f0-47e6-80be-83797626730b,revision_number=0']} {{(pid=109134) push /opt/stack/neutron/neutron/api/rpc/handlers/resources_rpc.py:237}}
Mar 03 05:40:12.623233 dv-neutron-831581-1-hyperv neutron-server[109134]: DEBUG neutron.wsgi [-] (109134) accepted ('10.222.0.10', 57408) {{(pid=109134) server /usr/local/lib/python3.8/dist-packages/eventlet/wsgi.py:982}}
Mar 03 05:40:12.656399 dv-neutron-831581-1-hyperv neutron-server[109134]: DEBUG neutron.plugins.ml2.drivers.mech_agent [None req-f4fbb1b9-e17a-4afc-8961-085ba5bae766 tempest-AllowedAddressPairIpV6TestJSON-140224186 tempest-AllowedAddressPairIpV6TestJSON-140224186-project] Checking segment: {'id': '1511ceb7-f469-4c6b-b01e-9d1591a15a27', 'network_type': 'vlan', 'physical_network': 'physnet1', 'segmentation_id': 130, 'network_id': '1bec756e-d5dd-4bbb-8f08-e07e11f6a587'} for mappings: {'physnet1': 'br-data'} with network types: ['local', 'flat', 'vlan'] {{(pid=109134) check_segment_for_agent /opt/stack/neutron/neutron/plugins/ml2/drivers/mech_agent.py:360}}
