Mar 02 08:57:44.492435 dv-neutron-831490-1-hyperv devstack@n-api.service[103047]: [pid: 103047|app: 0|req: 10/21] 10.222.0.45 () {54 vars in 930 bytes} [Wed Mar 2 08:57:44 2022] GET /compute/v2.1 => generated 388 bytes in 2 msecs (HTTP/1.1 200) 9 headers in 357 bytes (1 switches on core 0)
Mar 02 08:57:44.579328 dv-neutron-831490-1-hyperv devstack@n-api.service[103048]: DEBUG nova.api.openstack.wsgi [None req-8ccb880a-1c0d-474c-a8a7-5d92d867a097 admin admin] Action: 'create', calling method: >, body: {"flavor": {"swap": 0, "vcpus": 1, "id": "1", "rxtx_factor": 1.0, "os-flavor-access:is_public": true, "name": "m1.tiny", "disk": 1, "OS-FLV-EXT-DATA:ephemeral": 0, "ram": 512}} {{(pid=103048) _process_stack /opt/stack/nova/nova/api/openstack/wsgi.py:511}}
Mar 02 08:57:44.605155 dv-neutron-831490-1-hyperv devstack@n-api.service[103048]: INFO nova.api.openstack.requestlog [None req-8ccb880a-1c0d-474c-a8a7-5d92d867a097 admin admin] 10.222.0.45 "POST /compute/v2.1/flavors" status: 200 len: 402 microversion: 2.61 time: 0.106460
Mar 02 08:57:44.621697 dv-neutron-831490-1-hyperv devstack@n-api.service[103048]: [pid: 103048|app: 0|req: 12/22] 10.222.0.45 () {64 vars in 1282 bytes} [Wed Mar 2 08:57:44 2022] POST /compute/v2.1/flavors => generated 402 bytes in 118 msecs (HTTP/1.1 200) 9 headers in 359 bytes (2 switches on core 0)
Mar 02 08:57:44.622025 dv-neutron-831490-1-hyperv devstack@n-api.service[103047]: DEBUG nova.api.openstack.wsgi [None req-07ff374a-dd33-4b12-9bf0-1ded7a7ac715 admin admin] Action: 'create', calling method: >, body: {"extra_specs": {"hw_rng:allowed": "True"}} {{(pid=103047) _process_stack /opt/stack/nova/nova/api/openstack/wsgi.py:511}}
Mar 02 08:57:44.654511 dv-neutron-831490-1-hyperv devstack@n-api.service[103047]: INFO nova.api.openstack.requestlog [None req-07ff374a-dd33-4b12-9bf0-1ded7a7ac715 admin admin] 10.222.0.45 "POST /compute/v2.1/flavors/1/os-extra_specs" status: 200 len: 43 microversion: 2.61 time: 0.038544
Mar 02 08:57:44.656588 dv-neutron-831490-1-hyperv devstack@n-api.service[103047]: [pid: 103047|app: 0|req: 11/23] 10.222.0.45 () {64 vars in 1332 bytes} [Wed Mar 2 08:57:44 2022] POST /compute/v2.1/flavors/1/os-extra_specs => generated 43 bytes in 41 msecs (HTTP/1.1 200) 9 headers in 358 bytes (2 switches on core 0)
Mar 02 08:57:47.244870 dv-neutron-831490-1-hyperv devstack@n-api.service[103048]: DEBUG nova.api.openstack.wsgi [None req-8ccb880a-1c0d-474c-a8a7-5d92d867a097 admin admin] Calling method '>' {{(pid=103048) _process_stack /opt/stack/nova/nova/api/openstack/wsgi.py:513}}
Mar 02 08:57:47.246105 dv-neutron-831490-1-hyperv devstack@n-api.service[103048]: INFO nova.api.openstack.requestlog [None req-8ccb880a-1c0d-474c-a8a7-5d92d867a097 admin admin] 10.222.0.45 "GET /compute/v2.1" status: 200 len: 388 microversion: 2.1 time: 0.001849
Mar 02 08:57:47.246657 dv-neutron-831490-1-hyperv devstack@n-api.service[103048]: [pid: 103048|app: 0|req: 13/24] 10.222.0.45 () {54 vars in 930 bytes} [Wed Mar 2 08:57:47 2022] GET /compute/v2.1 => generated 388 bytes in 3 msecs (HTTP/1.1 200) 9 headers in 357 bytes (1 switches on core 0)
Mar 02 08:57:47.313116 dv-neutron-831490-1-hyperv devstack@n-api.service[103047]: DEBUG nova.api.openstack.wsgi [None req-cbae018b-b383-4c21-b147-2f125b44889b admin admin] Action: 'create', calling method: >, body: {"flavor": {"disk": 20, "ram": 2048, "os-flavor-access:is_public": true, "swap": 0, "rxtx_factor": 1.0, "vcpus": 1, "name": "m1.small", "OS-FLV-EXT-DATA:ephemeral": 0, "id": "2"}} {{(pid=103047) _process_stack /opt/stack/nova/nova/api/openstack/wsgi.py:511}}
Mar 02 08:57:47.336918 dv-neutron-831490-1-hyperv devstack@n-api.service[103047]: INFO nova.api.openstack.requestlog [None req-cbae018b-b383-4c21-b147-2f125b44889b admin admin] 10.222.0.45 "POST /compute/v2.1/flavors" status: 200 len: 405 microversion: 2.61 time: 0.082920
Mar 02 08:57:47.346226 dv-neutron-831490-1-hyperv devstack@n-api.service[103047]: [pid: 103047|app: 0|req: 12/25] 10.222.0.45 () {64 vars in 1282 bytes} [Wed Mar 2 08:57:47 2022] POST /compute/v2.1/flavors => generated 405 bytes in 85 msecs (HTTP/1.1 200) 9 headers in 359 bytes (1 switches on core 0)
Mar 02 08:57:47.351532 dv-neutron-831490-1-hyperv devstack@n-api.service[103048]: DEBUG nova.api.openstack.wsgi [None req-75e878c7-f928-4ccd-a3ee-e4121b96a086 admin admin] Action: 'create', calling method: >, body: {"extra_specs": {"hw_rng:allowed": "True"}} {{(pid=103048) _process_stack /opt/stack/nova/nova/api/openstack/wsgi.py:511}}
Mar 02 08:57:47.375367 dv-neutron-831490-1-hyperv devstack@n-api.service[103048]: INFO nova.api.openstack.requestlog [None req-75e878c7-f928-4ccd-a3ee-e4121b96a086 admin admin] 10.222.0.45 "POST /compute/v2.1/flavors/2/os-extra_specs" status: 200 len: 43 microversion: 2.61 time: 0.027645
Mar 02 08:57:47.376296 dv-neutron-831490-1-hyperv devstack@n-api.service[103048]: [pid: 103048|app: 0|req: 14/26] 10.222.0.45 () {64 vars in 1332 bytes} [Wed Mar 2 08:57:47 2022] POST /compute/v2.1/flavors/2/os-extra_specs => generated 43 bytes in 29 msecs (HTTP/1.1 200) 9 headers in 358 bytes (1 switches on core 0)
Mar 02 08:57:49.795278 dv-neutron-831490-1-hyperv devstack@n-api.service[103047]: DEBUG nova.api.openstack.wsgi [None req-cbae018b-b383-4c21-b147-2f125b44889b admin admin] Calling method '>' {{(pid=103047) _process_stack /opt/stack/nova/nova/api/openstack/wsgi.py:513}}
Mar 02 08:57:49.796291 dv-neutron-831490-1-hyperv devstack@n-api.service[103047]: INFO nova.api.openstack.requestlog [None req-cbae018b-b383-4c21-b147-2f125b44889b admin admin] 10.222.0.45 "GET /compute/v2.1" status: 200 len: 388 microversion: 2.1 time: 0.001437
Mar 02 08:57:49.797400 dv-neutron-831490-1-hyperv devstack@n-api.service[103047]: [pid: 103047|app: 0|req: 13/27] 10.222.0.45 () {54 vars in 930 bytes} [Wed Mar 2 08:57:49 2022] GET /compute/v2.1 => generated 388 bytes in 2 msecs (HTTP/1.1 200) 9 headers in 357 bytes (1 switches on core 0)
Mar 02 08:57:49.856399 dv-neutron-831490-1-hyperv devstack@n-api.service[103048]: DEBUG nova.api.openstack.wsgi [None req-02f927d9-1645-46e3-9dfa-31d0f8f36b9c admin admin] Action: 'create', calling method: >, body: {"flavor": {"vcpus": 2, "OS-FLV-EXT-DATA:ephemeral": 0, "os-flavor-access:is_public": true, "disk": 40, "id": "3", "ram": 4096, "swap": 0, "rxtx_factor": 1.0, "name": "m1.medium"}} {{(pid=103048) _process_stack /opt/stack/nova/nova/api/openstack/wsgi.py:511}}
Mar 02 08:57:49.875380 dv-neutron-831490-1-hyperv devstack@n-api.service[103048]: INFO nova.api.openstack.requestlog [None req-02f927d9-1645-46e3-9dfa-31d0f8f36b9c admin admin] 10.222.0.45 "POST /compute/v2.1/flavors" status: 200 len: 406 microversion: 2.61 time: 0.072172
Mar 02 08:57:49.876087 dv-neutron-831490-1-hyperv devstack@n-api.service[103048]: [pid: 103048|app: 0|req: 15/28] 10.222.0.45 () {64 vars in 1282 bytes} [Wed Mar 2 08:57:49 2022] POST /compute/v2.1/flavors => generated 406 bytes in 74 msecs (HTTP/1.1 200) 9 headers in 359 bytes (1 switches on core 0)
Mar 02 08:57:49.888128 dv-neutron-831490-1-hyperv devstack@n-api.service[103047]: DEBUG nova.api.openstack.wsgi [None req-d9cb30de-c30b-4678-a69f-32d7a4ca6d03 admin admin] Action: 'create', calling method: >, body: {"extra_specs": {"hw_rng:allowed": "True"}} {{(pid=103047) _process_stack /opt/stack/nova/nova/api/openstack/wsgi.py:511}}
Mar 02 08:57:49.911851 dv-neutron-831490-1-hyperv devstack@n-api.service[103047]: INFO nova.api.openstack.requestlog [None req-d9cb30de-c30b-4678-a69f-32d7a4ca6d03 admin admin] 10.222.0.45 "POST /compute/v2.1/flavors/3/os-extra_specs" status: 200 len: 43 microversion: 2.61 time: 0.027403
Mar 02 08:57:49.912420 dv-neutron-831490-1-hyperv devstack@n-api.service[103047]: [pid: 103047|app: 0|req: 14/29] 10.222.0.45 () {64 vars in 1332 bytes} [Wed Mar 2 08:57:49 2022] POST /compute/v2.1/flavors/3/os-extra_specs => generated 43 bytes in 29 msecs (HTTP/1.1 200) 9 headers in 358 bytes (1 switches on core 0)
Mar 02 08:57:52.301542 dv-neutron-831490-1-hyperv devstack@n-api.service[103048]: DEBUG nova.api.openstack.wsgi [None req-02f927d9-1645-46e3-9dfa-31d0f8f36b9c admin admin] Calling method '>' {{(pid=103048) _process_stack /opt/stack/nova/nova/api/openstack/wsgi.py:513}}
Mar 02 08:57:52.302544 dv-neutron-831490-1-hyperv devstack@n-api.service[103048]: INFO nova.api.openstack.requestlog [None req-02f927d9-1645-46e3-9dfa-31d0f8f36b9c admin admin] 10.222.0.45 "GET /compute/v2.1" status: 200 len: 388 microversion: 2.1 time: 0.001430
Mar 02 08:57:52.302952 dv-neutron-831490-1-hyperv devstack@n-api.service[103048]: [pid: 103048|app: 0|req: 16/30] 10.222.0.45 () {54 vars in 930 bytes} [Wed Mar 2 08:57:52 2022] GET /compute/v2.1 => generated 388 bytes in 2 msecs (HTTP/1.1 200) 9 headers in 357 bytes (1 switches on core 0)
Mar 02 08:57:52.368286 dv-neutron-831490-1-hyperv devstack@n-api.service[103047]: DEBUG nova.api.openstack.wsgi [None req-b5126312-b9eb-4a1b-a833-e8e55d8dc0b5 admin admin] Action: 'create', calling method: >, body: {"flavor": {"OS-FLV-EXT-DATA:ephemeral": 0, "ram": 8192, "os-flavor-access:is_public": true, "swap": 0, "name": "m1.large", "id": "4", "vcpus": 4, "disk": 80, "rxtx_factor": 1.0}} {{(pid=103047) _process_stack /opt/stack/nova/nova/api/openstack/wsgi.py:511}}
Mar 02 08:57:52.385321 dv-neutron-831490-1-hyperv devstack@n-api.service[103047]: INFO nova.api.openstack.requestlog [None req-b5126312-b9eb-4a1b-a833-e8e55d8dc0b5 admin admin] 10.222.0.45 "POST /compute/v2.1/flavors" status: 200 len: 405 microversion: 2.61 time: 0.076410
Mar 02 08:57:52.385867 dv-neutron-831490-1-hyperv devstack@n-api.service[103047]: [pid: 103047|app: 0|req: 15/31] 10.222.0.45 () {64 vars in 1282 bytes} [Wed Mar 2 08:57:52 2022] POST /compute/v2.1/flavors => generated 405 bytes in 77 msecs (HTTP/1.1 200) 9 headers in 359 bytes (1 switches on core 0)
Mar 02 08:57:52.397356 dv-neutron-831490-1-hyperv devstack@n-api.service[103048]: DEBUG nova.api.openstack.wsgi [None req-1ce6bc23-e6a9-4afa-ba4a-59013f5f3723 admin admin] Action: 'create', calling method: >, body: {"extra_specs": {"hw_rng:allowed": "True"}} {{(pid=103048) _process_stack /opt/stack/nova/nova/api/openstack/wsgi.py:511}}
Mar 02 08:57:52.418899 dv-neutron-831490-1-hyperv devstack@n-api.service[103048]: INFO nova.api.openstack.requestlog [None req-1ce6bc23-e6a9-4afa-ba4a-59013f5f3723 admin admin] 10.222.0.45 "POST /compute/v2.1/flavors/4/os-extra_specs" status: 200 len: 43 microversion: 2.61 time: 0.025164
Mar 02 08:57:52.419615 dv-neutron-831490-1-hyperv devstack@n-api.service[103048]: [pid: 103048|app: 0|req: 17/32] 10.222.0.45 () {64 vars in 1332 bytes} [Wed Mar 2 08:57:52 2022] POST /compute/v2.1/flavors/4/os-extra_specs => generated 43 bytes in 26 msecs (HTTP/1.1 200) 9 headers in 358 bytes (1 switches on core 0)
Mar 02 08:57:54.801242 dv-neutron-831490-1-hyperv devstack@n-api.service[103047]: DEBUG nova.api.openstack.wsgi [None req-b5126312-b9eb-4a1b-a833-e8e55d8dc0b5 admin admin] Calling method '>' {{(pid=103047) _process_stack /opt/stack/nova/nova/api/openstack/wsgi.py:513}}
Mar 02 08:57:54.802294 dv-neutron-831490-1-hyperv devstack@n-api.service[103047]: INFO nova.api.openstack.requestlog [None req-b5126312-b9eb-4a1b-a833-e8e55d8dc0b5 admin admin] 10.222.0.45 "GET /compute/v2.1" status: 200 len: 388 microversion: 2.1 time: 0.001512
Mar 02 08:57:54.802692 dv-neutron-831490-1-hyperv devstack@n-api.service[103047]: [pid: 103047|app: 0|req: 16/33] 10.222.0.45 () {54 vars in 930 bytes} [Wed Mar 2 08:57:54 2022] GET /compute/v2.1 => generated 388 bytes in 2 msecs (HTTP/1.1 200) 9 headers in 357 bytes (1 switches on core 0)
Mar 02 08:57:54.860633 dv-neutron-831490-1-hyperv devstack@n-api.service[103048]: DEBUG nova.api.openstack.wsgi [None req-15a3099b-891c-4bc1-a991-e1b89c1981ba admin admin] Action: 'create', calling method: >, body: {"flavor": {"ram": 16384, "rxtx_factor": 1.0, "swap": 0, "id": "5", "OS-FLV-EXT-DATA:ephemeral": 0, "disk": 160, "name": "m1.xlarge", "os-flavor-access:is_public": true, "vcpus": 8}} {{(pid=103048) _process_stack /opt/stack/nova/nova/api/openstack/wsgi.py:511}}
Mar 02 08:57:54.878209 dv-neutron-831490-1-hyperv devstack@n-api.service[103048]: INFO nova.api.openstack.requestlog [None req-15a3099b-891c-4bc1-a991-e1b89c1981ba admin admin] 10.222.0.45 "POST /compute/v2.1/flavors" status: 200 len: 408 microversion: 2.61 time: 0.069521
Mar 02 08:57:54.878769 dv-neutron-831490-1-hyperv devstack@n-api.service[103048]: [pid: 103048|app: 0|req: 18/34] 10.222.0.45 () {64 vars in 1282 bytes} [Wed Mar 2 08:57:54 2022] POST /compute/v2.1/flavors => generated 408 bytes in 71 msecs (HTTP/1.1 200) 9 headers in 359 bytes (2 switches on core 0)
Mar 02 08:57:54.891112 dv-neutron-831490-1-hyperv devstack@n-api.service[103047]: DEBUG nova.api.openstack.wsgi [None req-1d496f57-d536-4c5b-a739-edc2d218ecd7 admin admin] Action: 'create', calling method: >, body: {"extra_specs": {"hw_rng:allowed": "True"}} {{(pid=103047) _process_stack /opt/stack/nova/nova/api/openstack/wsgi.py:511}}
Mar 02 08:57:54.912536 dv-neutron-831490-1-hyperv devstack@n-api.service[103047]: INFO nova.api.openstack.requestlog [None req-1d496f57-d536-4c5b-a739-edc2d218ecd7 admin admin] 10.222.0.45 "POST /compute/v2.1/flavors/5/os-extra_specs" status: 200 len: 43 microversion: 2.61 time: 0.025684
Mar 02 08:57:54.913103 dv-neutron-831490-1-hyperv devstack@n-api.service[103047]: [pid: 103047|app: 0|req: 17/35] 10.222.0.45 () {64 vars in 1332 bytes} [Wed Mar 2 08:57:54 2022] POST /compute/v2.1/flavors/5/os-extra_specs => generated 43 bytes in 27 msecs (HTTP/1.1 200) 9 headers in 358 bytes (1 switches on core 0)
Mar 02 08:58:21.974828 dv-neutron-831490-1-hyperv devstack@n-api.service[103048]: DEBUG nova.api.openstack.wsgi [None req-15a3099b-891c-4bc1-a991-e1b89c1981ba admin admin] Calling method '>' {{(pid=103048) _process_stack /opt/stack/nova/nova/api/openstack/wsgi.py:513}}
Mar 02 08:58:21.975827 dv-neutron-831490-1-hyperv devstack@n-api.service[103048]: INFO nova.api.openstack.requestlog [None req-15a3099b-891c-4bc1-a991-e1b89c1981ba admin admin] 10.222.0.45 "GET /compute/v2.1" status: 200 len: 388 microversion: 2.1 time: 0.001427
Mar 02 08:58:21.976232 dv-neutron-831490-1-hyperv devstack@n-api.service[103048]: [pid: 103048|app: 0|req: 19/36] 10.222.0.45 () {54 vars in 930 bytes} [Wed Mar 2 08:58:21 2022] GET /compute/v2.1 => generated 388 bytes in 2 msecs (HTTP/1.1 200) 9 headers in 357 bytes (1 switches on core 0)
Mar 02 08:58:22.031646 dv-neutron-831490-1-hyperv devstack@n-api.service[103047]: DEBUG nova.api.openstack.wsgi [None req-7f34d613-616b-4bee-b926-14423e1d2ad5 admin admin] Calling method '>' {{(pid=103047) _process_stack /opt/stack/nova/nova/api/openstack/wsgi.py:513}}
Mar 02 08:58:22.048296 dv-neutron-831490-1-hyperv devstack@n-api.service[103047]: INFO nova.api.openstack.requestlog [None req-7f34d613-616b-4bee-b926-14423e1d2ad5 admin admin] 10.222.0.45 "GET /compute/v2.1/flavors/detail?is_public=True" status: 200 len: 4202 microversion: 2.61 time: 0.065904
Mar 02 08:58:22.048852 dv-neutron-831490-1-hyperv devstack@n-api.service[103047]: [pid: 103047|app: 0|req: 18/37] 10.222.0.45 () {60 vars in 1291 bytes} [Wed Mar 2 08:58:21 2022] GET /compute/v2.1/flavors/detail?is_public=True => generated 4202 bytes in 67 msecs (HTTP/1.1 200) 9 headers in 360 bytes (1 switches on core 0)
Mar 02 08:58:23.422199 dv-neutron-831490-1-hyperv devstack@n-api.service[103048]: DEBUG nova.api.openstack.wsgi [None req-15a3099b-891c-4bc1-a991-e1b89c1981ba admin admin] Calling method '>' {{(pid=103048) _process_stack /opt/stack/nova/nova/api/openstack/wsgi.py:513}}
Mar 02 08:58:23.423692 dv-neutron-831490-1-hyperv devstack@n-api.service[103048]: INFO nova.api.openstack.requestlog [None req-15a3099b-891c-4bc1-a991-e1b89c1981ba admin admin] 10.222.0.45 "GET /compute/v2.1" status: 200 len: 388 microversion: 2.1 time: 0.001925
Mar 02 08:58:23.424094 dv-neutron-831490-1-hyperv devstack@n-api.service[103048]: [pid: 103048|app: 0|req: 20/38] 10.222.0.45 () {56 vars in 1074 bytes} [Wed Mar 2 08:58:23 2022] GET /compute/v2.1 => generated 388 bytes in 3 msecs (HTTP/1.1 200) 9 headers in 357 bytes (1 switches on core 0)
Mar 02 08:58:23.629954 dv-neutron-831490-1-hyperv devstack@n-api.service[103047]: DEBUG nova.api.openstack.wsgi [None req-48c200d4-737f-4b0a-967c-4471e92ce09a admin admin] Calling method '>' {{(pid=103047) _process_stack /opt/stack/nova/nova/api/openstack/wsgi.py:513}}
Mar 02 08:58:23.635326 dv-neutron-831490-1-hyperv devstack@n-api.service[103047]: INFO nova.api.openstack.wsgi [None req-48c200d4-737f-4b0a-967c-4471e92ce09a admin admin] HTTP exception thrown: Flavor 42 could not be found.
Mar 02 08:58:23.635831 dv-neutron-831490-1-hyperv devstack@n-api.service[103047]: DEBUG nova.api.openstack.wsgi [None req-48c200d4-737f-4b0a-967c-4471e92ce09a admin admin] Returning 404 to user: Flavor 42 could not be found. {{(pid=103047) __call__ /opt/stack/nova/nova/api/openstack/wsgi.py:936}}
Mar 02 08:58:23.636651 dv-neutron-831490-1-hyperv devstack@n-api.service[103047]: INFO nova.api.openstack.requestlog [None req-48c200d4-737f-4b0a-967c-4471e92ce09a admin admin] 10.222.0.45 "GET /compute/v2.1/flavors/42" status: 404 len: 75 microversion: 2.90 time: 0.057864
Mar 02 08:58:23.637158 dv-neutron-831490-1-hyperv devstack@n-api.service[103047]: [pid: 103047|app: 0|req: 19/39] 10.222.0.45 () {60 vars in 1190 bytes} [Wed Mar 2 08:58:23 2022] GET /compute/v2.1/flavors/42 => generated 75 bytes in 59 msecs (HTTP/1.1 404) 9 headers in 380 bytes (1 switches on core 0)
Mar 02 08:58:23.646793 dv-neutron-831490-1-hyperv devstack@n-api.service[103048]: DEBUG nova.api.openstack.wsgi [None req-76b69c04-042a-4bd3-9b8f-2314f5e734e2 admin admin] Calling method '>' {{(pid=103048) _process_stack /opt/stack/nova/nova/api/openstack/wsgi.py:513}}
Mar 02 08:58:23.667120 dv-neutron-831490-1-hyperv devstack@n-api.service[103048]: INFO nova.api.openstack.requestlog [None req-76b69c04-042a-4bd3-9b8f-2314f5e734e2 admin admin] 10.222.0.45 "GET /compute/v2.1/flavors?is_public=None" status: 200 len: 2056 microversion: 2.90 time: 0.023880
Mar 02 08:58:23.667649 dv-neutron-831490-1-hyperv devstack@n-api.service[103048]: [pid: 103048|app: 0|req: 21/40] 10.222.0.45 () {60 vars in 1210 bytes} [Wed Mar 2 08:58:23 2022] GET /compute/v2.1/flavors?is_public=None => generated 2056 bytes in 25 msecs (HTTP/1.1 200) 9 headers in 360 bytes (1 switches on core 0)
Mar 02 08:58:23.682631 dv-neutron-831490-1-hyperv devstack@n-api.service[103047]: DEBUG nova.api.openstack.wsgi [None req-1c7787e9-49f7-4ee3-bf95-758480f9ed2f admin admin] Calling method '>' {{(pid=103047) _process_stack /opt/stack/nova/nova/api/openstack/wsgi.py:513}}
Mar 02 08:58:23.703328 dv-neutron-831490-1-hyperv devstack@n-api.service[103047]: INFO nova.api.openstack.requestlog [None req-1c7787e9-49f7-4ee3-bf95-758480f9ed2f admin admin] 10.222.0.45 "GET /compute/v2.1/flavors?is_public=None" status: 200 len: 2056 microversion: 2.90 time: 0.024513
Mar 02 08:58:23.703850 dv-neutron-831490-1-hyperv devstack@n-api.service[103047]: [pid: 103047|app: 0|req: 20/41] 10.222.0.45 () {60 vars in 1210 bytes} [Wed Mar 2 08:58:23 2022] GET /compute/v2.1/flavors?is_public=None => generated 2056 bytes in 26 msecs (HTTP/1.1 200) 9 headers in 360 bytes (1 switches on core 0)
Mar 02 08:58:23.713639 dv-neutron-831490-1-hyperv devstack@n-api.service[103048]: DEBUG nova.api.openstack.wsgi [None req-00099e8b-d3c4-4de7-8326-708daf07a934 admin admin] Calling method '>' {{(pid=103048) _process_stack /opt/stack/nova/nova/api/openstack/wsgi.py:513}}
Mar 02 08:58:23.718868 dv-neutron-831490-1-hyperv devstack@n-api.service[103048]: INFO nova.api.openstack.wsgi [None req-00099e8b-d3c4-4de7-8326-708daf07a934 admin admin] HTTP exception thrown: Flavor 42 could not be found.
Mar 02 08:58:23.719419 dv-neutron-831490-1-hyperv devstack@n-api.service[103048]: DEBUG nova.api.openstack.wsgi [None req-00099e8b-d3c4-4de7-8326-708daf07a934 admin admin] Returning 404 to user: Flavor 42 could not be found. {{(pid=103048) __call__ /opt/stack/nova/nova/api/openstack/wsgi.py:936}}
Mar 02 08:58:23.720368 dv-neutron-831490-1-hyperv devstack@n-api.service[103048]: INFO nova.api.openstack.requestlog [None req-00099e8b-d3c4-4de7-8326-708daf07a934 admin admin] 10.222.0.45 "GET /compute/v2.1/flavors/42" status: 404 len: 75 microversion: 2.90 time: 0.010295
Mar 02 08:58:23.720877 dv-neutron-831490-1-hyperv devstack@n-api.service[103048]: [pid: 103048|app: 0|req: 22/42] 10.222.0.45 () {60 vars in 1190 bytes} [Wed Mar 2 08:58:23 2022] GET /compute/v2.1/flavors/42 => generated 75 bytes in 11 msecs (HTTP/1.1 404) 9 headers in 380 bytes (1 switches on core 0)
Mar 02 08:58:24.971809 dv-neutron-831490-1-hyperv devstack@n-api.service[103047]: DEBUG nova.api.openstack.wsgi [None req-1c7787e9-49f7-4ee3-bf95-758480f9ed2f admin admin] Calling method '>' {{(pid=103047) _process_stack /opt/stack/nova/nova/api/openstack/wsgi.py:513}}
Mar 02 08:58:24.972857 dv-neutron-831490-1-hyperv devstack@n-api.service[103047]: INFO nova.api.openstack.requestlog [None req-1c7787e9-49f7-4ee3-bf95-758480f9ed2f admin admin] 10.222.0.45 "GET /compute/v2.1" status: 200 len: 388 microversion: 2.1 time: 0.001461
Mar 02 08:58:24.973250 dv-neutron-831490-1-hyperv devstack@n-api.service[103047]: [pid: 103047|app: 0|req: 21/43] 10.222.0.45 () {56 vars in 1074 bytes} [Wed Mar 2 08:58:24 2022] GET /compute/v2.1 => generated 388 bytes in 2 msecs (HTTP/1.1 200) 9 headers in 357 bytes (1 switches on core 0)
Mar 02 08:58:25.159032 dv-neutron-831490-1-hyperv devstack@n-api.service[103048]: DEBUG nova.api.openstack.wsgi [None req-cc127636-f410-4e02-b328-cc6a2a14e277 admin admin] Calling method '>' {{(pid=103048) _process_stack /opt/stack/nova/nova/api/openstack/wsgi.py:513}}
Mar 02 08:58:25.164159 dv-neutron-831490-1-hyperv devstack@n-api.service[103048]: INFO nova.api.openstack.wsgi [None req-cc127636-f410-4e02-b328-cc6a2a14e277 admin admin] HTTP exception thrown: Flavor 84 could not be found.
Mar 02 08:58:25.164744 dv-neutron-831490-1-hyperv devstack@n-api.service[103048]: DEBUG nova.api.openstack.wsgi [None req-cc127636-f410-4e02-b328-cc6a2a14e277 admin admin] Returning 404 to user: Flavor 84 could not be found. {{(pid=103048) __call__ /opt/stack/nova/nova/api/openstack/wsgi.py:936}}
Mar 02 08:58:25.165527 dv-neutron-831490-1-hyperv devstack@n-api.service[103048]: INFO nova.api.openstack.requestlog [None req-cc127636-f410-4e02-b328-cc6a2a14e277 admin admin] 10.222.0.45 "GET /compute/v2.1/flavors/84" status: 404 len: 75 microversion: 2.90 time: 0.057428
Mar 02 08:58:25.166030 dv-neutron-831490-1-hyperv devstack@n-api.service[103048]: [pid: 103048|app: 0|req: 23/44] 10.222.0.45 () {60 vars in 1190 bytes} [Wed Mar 2 08:58:25 2022] GET /compute/v2.1/flavors/84 => generated 75 bytes in 58 msecs (HTTP/1.1 404) 9 headers in 380 bytes (1 switches on core 0)
Mar 02 08:58:25.175796 dv-neutron-831490-1-hyperv devstack@n-api.service[103047]: DEBUG nova.api.openstack.wsgi [None req-018842f5-59a8-4e4f-bef0-b4ff650db5a5 admin admin] Calling method '>' {{(pid=103047) _process_stack /opt/stack/nova/nova/api/openstack/wsgi.py:513}}
Mar 02 08:58:25.189645 dv-neutron-831490-1-hyperv devstack@n-api.service[103047]: INFO nova.api.openstack.requestlog [None req-018842f5-59a8-4e4f-bef0-b4ff650db5a5 admin admin] 10.222.0.45 "GET /compute/v2.1/flavors?is_public=None" status: 200 len: 2056 microversion: 2.90 time: 0.018001
Mar 02 08:58:25.190095 dv-neutron-831490-1-hyperv devstack@n-api.service[103047]: [pid: 103047|app: 0|req: 22/45] 10.222.0.45 () {60 vars in 1210 bytes} [Wed Mar 2 08:58:25 2022] GET /compute/v2.1/flavors?is_public=None => generated 2056 bytes in 19 msecs (HTTP/1.1 200) 9 headers in 360 bytes (1 switches on core 0)
Mar 02 08:58:25.199047 dv-neutron-831490-1-hyperv devstack@n-api.service[103048]: DEBUG nova.api.openstack.wsgi [None req-7d220ce0-25f0-4909-a302-a9130c78b542 admin admin] Calling method '>' {{(pid=103048) _process_stack /opt/stack/nova/nova/api/openstack/wsgi.py:513}}
Mar 02 08:58:25.212190 dv-neutron-831490-1-hyperv devstack@n-api.service[103048]: INFO nova.api.openstack.requestlog [None req-7d220ce0-25f0-4909-a302-a9130c78b542 admin admin] 10.222.0.45 "GET /compute/v2.1/flavors?is_public=None" status: 200 len: 2056 microversion: 2.90 time: 0.016592
Mar 02 08:58:25.212740 dv-neutron-831490-1-hyperv devstack@n-api.service[103048]: [pid: 103048|app: 0|req: 24/46] 10.222.0.45 () {60 vars in 1210 bytes} [Wed Mar 2 08:58:25 2022] GET /compute/v2.1/flavors?is_public=None => generated 2056 bytes in 18 msecs (HTTP/1.1 200) 9 headers in 360 bytes (1 switches on core 0)
Mar 02 08:58:25.221854 dv-neutron-831490-1-hyperv devstack@n-api.service[103047]: DEBUG nova.api.openstack.wsgi [None req-45a58562-baf6-4699-b44c-6261f3aec97e admin admin] Calling method '>' {{(pid=103047) _process_stack /opt/stack/nova/nova/api/openstack/wsgi.py:513}}
Mar 02 08:58:25.226729 dv-neutron-831490-1-hyperv devstack@n-api.service[103047]: INFO nova.api.openstack.wsgi [None req-45a58562-baf6-4699-b44c-6261f3aec97e admin admin] HTTP exception thrown: Flavor 84 could not be found.
Mar 02 08:58:25.227272 dv-neutron-831490-1-hyperv devstack@n-api.service[103047]: DEBUG nova.api.openstack.wsgi [None req-45a58562-baf6-4699-b44c-6261f3aec97e admin admin] Returning 404 to user: Flavor 84 could not be found. {{(pid=103047) __call__ /opt/stack/nova/nova/api/openstack/wsgi.py:936}}
Mar 02 08:58:25.228025 dv-neutron-831490-1-hyperv devstack@n-api.service[103047]: INFO nova.api.openstack.requestlog [None req-45a58562-baf6-4699-b44c-6261f3aec97e admin admin] 10.222.0.45 "GET /compute/v2.1/flavors/84" status: 404 len: 75 microversion: 2.90 time: 0.010074
Mar 02 08:58:25.228522 dv-neutron-831490-1-hyperv devstack@n-api.service[103047]: [pid: 103047|app: 0|req: 23/47] 10.222.0.45 () {60 vars in 1190 bytes} [Wed Mar 2 08:58:25 2022] GET /compute/v2.1/flavors/84 => generated 75 bytes in 11 msecs (HTTP/1.1 404) 9 headers in 380 bytes (1 switches on core 0)
Mar 02 08:58:26.486715 dv-neutron-831490-1-hyperv devstack@n-api.service[103048]: DEBUG nova.api.openstack.wsgi [None req-7d220ce0-25f0-4909-a302-a9130c78b542 admin admin] Calling method '>' {{(pid=103048) _process_stack /opt/stack/nova/nova/api/openstack/wsgi.py:513}}
Mar 02 08:58:26.487729 dv-neutron-831490-1-hyperv devstack@n-api.service[103048]: INFO nova.api.openstack.requestlog [None req-7d220ce0-25f0-4909-a302-a9130c78b542 admin admin] 10.222.0.45 "GET /compute/v2.1" status: 200 len: 388 microversion: 2.1 time: 0.001412
Mar 02 08:58:26.488132 dv-neutron-831490-1-hyperv devstack@n-api.service[103048]: [pid: 103048|app: 0|req: 25/48] 10.222.0.45 () {56 vars in 1074 bytes} [Wed Mar 2 08:58:26 2022] GET /compute/v2.1 => generated 388 bytes in 3 msecs (HTTP/1.1 200) 9 headers in 357 bytes (1 switches on core 0)
Mar 02 08:58:26.677342 dv-neutron-831490-1-hyperv devstack@n-api.service[103047]: DEBUG nova.api.openstack.wsgi [None req-800cbf1a-be24-412a-8c02-a586aac9fe9c admin admin] Calling method '>' {{(pid=103047) _process_stack /opt/stack/nova/nova/api/openstack/wsgi.py:513}}
Mar 02 08:58:26.682729 dv-neutron-831490-1-hyperv devstack@n-api.service[103047]: INFO nova.api.openstack.wsgi [None req-800cbf1a-be24-412a-8c02-a586aac9fe9c admin admin] HTTP exception thrown: Flavor 451 could not be found.
Mar 02 08:58:26.683286 dv-neutron-831490-1-hyperv devstack@n-api.service[103047]: DEBUG nova.api.openstack.wsgi [None req-800cbf1a-be24-412a-8c02-a586aac9fe9c admin admin] Returning 404 to user: Flavor 451 could not be found. {{(pid=103047) __call__ /opt/stack/nova/nova/api/openstack/wsgi.py:936}}
Mar 02 08:58:26.684092 dv-neutron-831490-1-hyperv devstack@n-api.service[103047]: INFO nova.api.openstack.requestlog [None req-800cbf1a-be24-412a-8c02-a586aac9fe9c admin admin] 10.222.0.45 "GET /compute/v2.1/flavors/451" status: 404 len: 76 microversion: 2.90 time: 0.056973
Mar 02 08:58:26.684615 dv-neutron-831490-1-hyperv devstack@n-api.service[103047]: [pid: 103047|app: 0|req: 24/49] 10.222.0.45 () {60 vars in 1193 bytes} [Wed Mar 2 08:58:26 2022] GET /compute/v2.1/flavors/451 => generated 76 bytes in 58 msecs (HTTP/1.1 404) 9 headers in 380 bytes (2 switches on core 0)
Mar 02 08:58:26.694648 dv-neutron-831490-1-hyperv devstack@n-api.service[103048]: DEBUG nova.api.openstack.wsgi [None req-c49cabfe-f6ea-4a2d-82ae-b16a43352d7d admin admin] Calling method '>' {{(pid=103048) _process_stack /opt/stack/nova/nova/api/openstack/wsgi.py:513}}
Mar 02 08:58:26.707925 dv-neutron-831490-1-hyperv devstack@n-api.service[103048]: INFO nova.api.openstack.requestlog [None req-c49cabfe-f6ea-4a2d-82ae-b16a43352d7d admin admin] 10.222.0.45 "GET /compute/v2.1/flavors?is_public=None" status: 200 len: 2056 microversion: 2.90 time: 0.016779
Mar 02 08:58:26.708389 dv-neutron-831490-1-hyperv devstack@n-api.service[103048]: [pid: 103048|app: 0|req: 26/50] 10.222.0.45 () {60 vars in 1210 bytes} [Wed Mar 2 08:58:26 2022] GET /compute/v2.1/flavors?is_public=None => generated 2056 bytes in 18 msecs (HTTP/1.1 200) 9 headers in 360 bytes (2 switches on core 0)
Mar 02 08:58:26.717914 dv-neutron-831490-1-hyperv devstack@n-api.service[103047]: DEBUG nova.api.openstack.wsgi [None req-9f0b12e8-d5a8-4628-a483-5cb06484f26c admin admin] Calling method '>' {{(pid=103047) _process_stack /opt/stack/nova/nova/api/openstack/wsgi.py:513}}
Mar 02 08:58:26.731081 dv-neutron-831490-1-hyperv devstack@n-api.service[103047]: INFO nova.api.openstack.requestlog [None req-9f0b12e8-d5a8-4628-a483-5cb06484f26c admin admin] 10.222.0.45 "GET /compute/v2.1/flavors?is_public=None" status: 200 len: 2056 microversion: 2.90 time: 0.016972
Mar 02 08:58:26.731601 dv-neutron-831490-1-hyperv devstack@n-api.service[103047]: [pid: 103047|app: 0|req: 25/51] 10.222.0.45 () {60 vars in 1210 bytes} [Wed Mar 2 08:58:26 2022] GET /compute/v2.1/flavors?is_public=None => generated 2056 bytes in 18 msecs (HTTP/1.1 200) 9 headers in 360 bytes (2 switches on core 0)
Mar 02 08:58:26.740875 dv-neutron-831490-1-hyperv devstack@n-api.service[103048]: DEBUG nova.api.openstack.wsgi [None req-e8095b7f-5132-4a51-961d-2fc46c3f3822 admin admin] Calling method '>' {{(pid=103048) _process_stack /opt/stack/nova/nova/api/openstack/wsgi.py:513}}
Mar 02 08:58:26.745838 dv-neutron-831490-1-hyperv devstack@n-api.service[103048]: INFO nova.api.openstack.wsgi [None req-e8095b7f-5132-4a51-961d-2fc46c3f3822 admin admin] HTTP exception thrown: Flavor 451 could not be found.
Mar 02 08:58:26.746383 dv-neutron-831490-1-hyperv devstack@n-api.service[103048]: DEBUG nova.api.openstack.wsgi [None req-e8095b7f-5132-4a51-961d-2fc46c3f3822 admin admin] Returning 404 to user: Flavor 451 could not be found. {{(pid=103048) __call__ /opt/stack/nova/nova/api/openstack/wsgi.py:936}}
Mar 02 08:58:26.747141 dv-neutron-831490-1-hyperv devstack@n-api.service[103048]: INFO nova.api.openstack.requestlog [None req-e8095b7f-5132-4a51-961d-2fc46c3f3822 admin admin] 10.222.0.45 "GET /compute/v2.1/flavors/451" status: 404 len: 76 microversion: 2.90 time: 0.009732
Mar 02 08:58:26.747614 dv-neutron-831490-1-hyperv devstack@n-api.service[103048]: [pid: 103048|app: 0|req: 27/52] 10.222.0.45 () {60 vars in 1193 bytes} [Wed Mar 2 08:58:26 2022] GET /compute/v2.1/flavors/451 => generated 76 bytes in 11 msecs (HTTP/1.1 404) 9 headers in 380 bytes (1 switches on core 0)
Mar 02 08:58:28.001911 dv-neutron-831490-1-hyperv devstack@n-api.service[103047]: DEBUG nova.api.openstack.wsgi [None req-9f0b12e8-d5a8-4628-a483-5cb06484f26c admin admin] Calling method '>' {{(pid=103047) _process_stack /opt/stack/nova/nova/api/openstack/wsgi.py:513}}
Mar 02 08:58:28.002887 dv-neutron-831490-1-hyperv devstack@n-api.service[103047]: INFO nova.api.openstack.requestlog [None req-9f0b12e8-d5a8-4628-a483-5cb06484f26c admin admin] 10.222.0.45 "GET /compute/v2.1" status: 200 len: 388 microversion: 2.1 time: 0.001422
Mar 02 08:58:28.003278 dv-neutron-831490-1-hyperv devstack@n-api.service[103047]: [pid: 103047|app: 0|req: 26/53] 10.222.0.45 () {56 vars in 1074 bytes} [Wed Mar 2 08:58:28 2022] GET /compute/v2.1 => generated 388 bytes in 2 msecs (HTTP/1.1 200) 9 headers in 357 bytes (1 switches on core 0)
Mar 02 08:58:28.190174 dv-neutron-831490-1-hyperv devstack@n-api.service[103048]: DEBUG nova.api.openstack.wsgi [None req-8bb4463a-25c8-40b8-baac-16bb8f30ed5e admin admin] Action: 'create', calling method: >, body: {"flavor": {"name": "m1.nano", "ram": 256, "vcpus": 1, "disk": 1, "id": "42", "swap": 0, "OS-FLV-EXT-DATA:ephemeral": 0, "rxtx_factor": 1.0, "os-flavor-access:is_public": true}} {{(pid=103048) _process_stack /opt/stack/nova/nova/api/openstack/wsgi.py:511}}
Mar 02 08:58:28.208520 dv-neutron-831490-1-hyperv devstack@n-api.service[103048]: INFO nova.api.openstack.requestlog [None req-8bb4463a-25c8-40b8-baac-16bb8f30ed5e admin admin] 10.222.0.45 "POST /compute/v2.1/flavors" status: 200 len: 404 microversion: 2.90 time: 0.068826
Mar 02 08:58:28.209045 dv-neutron-831490-1-hyperv devstack@n-api.service[103048]: [pid: 103048|app: 0|req: 28/54] 10.222.0.45 () {64 vars in 1235 bytes} [Wed Mar 2 08:58:28 2022] POST /compute/v2.1/flavors => generated 404 bytes in 70 msecs (HTTP/1.1 200) 9 headers in 359 bytes (1 switches on core 0)
Mar 02 08:58:29.467396 dv-neutron-831490-1-hyperv devstack@n-api.service[103047]: DEBUG nova.api.openstack.wsgi [None req-9f0b12e8-d5a8-4628-a483-5cb06484f26c admin admin] Calling method '>' {{(pid=103047) _process_stack /opt/stack/nova/nova/api/openstack/wsgi.py:513}}
Mar 02 08:58:29.468380 dv-neutron-831490-1-hyperv devstack@n-api.service[103047]: INFO nova.api.openstack.requestlog [None req-9f0b12e8-d5a8-4628-a483-5cb06484f26c admin admin] 10.222.0.45 "GET /compute/v2.1" status: 200 len: 388 microversion: 2.1 time: 0.001420
Mar 02 08:58:29.468799 dv-neutron-831490-1-hyperv devstack@n-api.service[103047]: [pid: 103047|app: 0|req: 27/55] 10.222.0.45 () {56 vars in 1074 bytes} [Wed Mar 2 08:58:29 2022] GET /compute/v2.1 => generated 388 bytes in 2 msecs (HTTP/1.1 200) 9 headers in 357 bytes (1 switches on core 0)
Mar 02 08:58:29.656693 dv-neutron-831490-1-hyperv devstack@n-api.service[103048]: DEBUG nova.api.openstack.wsgi [None req-12dc77cb-dae1-4dd6-9d66-1f5cf2bef2b8 admin admin] Action: 'create', calling method: >, body: {"flavor": {"name": "m1.micro", "ram": 256, "vcpus": 1, "disk": 2, "id": "84", "swap": 0, "OS-FLV-EXT-DATA:ephemeral": 0, "rxtx_factor": 1.0, "os-flavor-access:is_public": true}} {{(pid=103048) _process_stack /opt/stack/nova/nova/api/openstack/wsgi.py:511}}
Mar 02 08:58:29.673662 dv-neutron-831490-1-hyperv devstack@n-api.service[103048]: INFO nova.api.openstack.requestlog [None req-12dc77cb-dae1-4dd6-9d66-1f5cf2bef2b8 admin admin] 10.222.0.45 "POST /compute/v2.1/flavors" status: 200 len: 405 microversion: 2.90 time: 0.067143
Mar 02 08:58:29.674199 dv-neutron-831490-1-hyperv devstack@n-api.service[103048]: [pid: 103048|app: 0|req: 29/56] 10.222.0.45 () {64 vars in 1235 bytes} [Wed Mar 2 08:58:29 2022] POST /compute/v2.1/flavors => generated 405 bytes in 69 msecs (HTTP/1.1 200) 9 headers in 359 bytes (1 switches on core 0)
Mar 02 08:58:30.949624 dv-neutron-831490-1-hyperv devstack@n-api.service[103047]: DEBUG nova.api.openstack.wsgi [None req-9f0b12e8-d5a8-4628-a483-5cb06484f26c admin admin] Calling method '>' {{(pid=103047) _process_stack /opt/stack/nova/nova/api/openstack/wsgi.py:513}}
Mar 02 08:58:30.950606 dv-neutron-831490-1-hyperv devstack@n-api.service[103047]: INFO nova.api.openstack.requestlog [None req-9f0b12e8-d5a8-4628-a483-5cb06484f26c admin admin] 10.222.0.45 "GET /compute/v2.1" status: 200 len: 388 microversion: 2.1 time: 0.001391
Mar 02 08:58:30.950997 dv-neutron-831490-1-hyperv devstack@n-api.service[103047]: [pid: 103047|app: 0|req: 28/57] 10.222.0.45 () {56 vars in 1074 bytes} [Wed Mar 2 08:58:30 2022] GET /compute/v2.1 => generated 388 bytes in 2 msecs (HTTP/1.1 200) 9 headers in 357 bytes (1 switches on core 0)
Mar 02 08:58:31.143506 dv-neutron-831490-1-hyperv devstack@n-api.service[103048]: DEBUG nova.api.openstack.wsgi [None req-870f2406-d7b6-47cc-aa8f-547d05c06585 admin admin] Action: 'create', calling method: >, body: {"flavor": {"name": "m1.heat", "ram": 512, "vcpus": 1, "disk": 1, "id": "451", "swap": 0, "OS-FLV-EXT-DATA:ephemeral": 0, "rxtx_factor": 1.0, "os-flavor-access:is_public": true}} {{(pid=103048) _process_stack /opt/stack/nova/nova/api/openstack/wsgi.py:511}}
Mar 02 08:58:31.160691 dv-neutron-831490-1-hyperv devstack@n-api.service[103048]: INFO nova.api.openstack.requestlog [None req-870f2406-d7b6-47cc-aa8f-547d05c06585 admin admin] 10.222.0.45 "POST /compute/v2.1/flavors" status: 200 len: 407 microversion: 2.90 time: 0.067731
Mar 02 08:58:31.161194 dv-neutron-831490-1-hyperv devstack@n-api.service[103048]: [pid: 103048|app: 0|req: 30/58] 10.222.0.45 () {64 vars in 1235 bytes} [Wed Mar 2 08:58:31 2022] POST /compute/v2.1/flavors => generated 407 bytes in 69 msecs (HTTP/1.1 200) 9 headers in 359 bytes (1 switches on core 0)
Mar 02 08:58:32.415691 dv-neutron-831490-1-hyperv devstack@n-api.service[103047]: DEBUG nova.api.openstack.wsgi [None req-9f0b12e8-d5a8-4628-a483-5cb06484f26c admin admin] Calling method '>' {{(pid=103047) _process_stack /opt/stack/nova/nova/api/openstack/wsgi.py:513}}
Mar 02 08:58:32.416708 dv-neutron-831490-1-hyperv devstack@n-api.service[103047]: INFO nova.api.openstack.requestlog [None req-9f0b12e8-d5a8-4628-a483-5cb06484f26c admin admin] 10.222.0.45 "GET /compute/v2.1" status: 200 len: 388 microversion: 2.1 time: 0.001386
Mar 02 08:58:32.417098 dv-neutron-831490-1-hyperv devstack@n-api.service[103047]: [pid: 103047|app: 0|req: 29/59] 10.222.0.45 () {56 vars in 1074 bytes} [Wed Mar 2 08:58:32 2022] GET /compute/v2.1 => generated 388 bytes in 2 msecs (HTTP/1.1 200) 9 headers in 357 bytes (1 switches on core 0)
Mar 02 08:58:32.603590 dv-neutron-831490-1-hyperv devstack@n-api.service[103048]: DEBUG nova.api.openstack.wsgi [None req-fb0a2889-6f19-455f-acea-8ae6b7bf0990 admin admin] Action: 'create', calling method: >, body: {"flavor": {"name": "m1.heat2", "ram": 1024, "vcpus": 1, "disk": 1, "id": "452", "swap": 0, "OS-FLV-EXT-DATA:ephemeral": 0, "rxtx_factor": 1.0, "os-flavor-access:is_public": true}} {{(pid=103048) _process_stack /opt/stack/nova/nova/api/openstack/wsgi.py:511}}
Mar 02 08:58:32.620136 dv-neutron-831490-1-hyperv devstack@n-api.service[103048]: INFO nova.api.openstack.requestlog [None req-fb0a2889-6f19-455f-acea-8ae6b7bf0990 admin admin] 10.222.0.45 "POST /compute/v2.1/flavors" status: 200 len: 409 microversion: 2.90 time: 0.067226
Mar 02 08:58:32.620690 dv-neutron-831490-1-hyperv devstack@n-api.service[103048]: [pid: 103048|app: 0|req: 31/60] 10.222.0.45 () {64 vars in 1235 bytes} [Wed Mar 2 08:58:32 2022] POST /compute/v2.1/flavors => generated 409 bytes in 68 msecs (HTTP/1.1 200) 9 headers in 359 bytes (1 switches on core 0)
Mar 02 08:58:33.890923 dv-neutron-831490-1-hyperv devstack@n-api.service[103047]: DEBUG nova.api.openstack.wsgi [None req-9f0b12e8-d5a8-4628-a483-5cb06484f26c admin admin] Calling method '>' {{(pid=103047) _process_stack /opt/stack/nova/nova/api/openstack/wsgi.py:513}}
Mar 02 08:58:33.891972 dv-neutron-831490-1-hyperv devstack@n-api.service[103047]: INFO nova.api.openstack.requestlog [None req-9f0b12e8-d5a8-4628-a483-5cb06484f26c admin admin] 10.222.0.45 "GET /compute/v2.1" status: 200 len: 388 microversion: 2.1 time: 0.001407
Mar 02 08:58:33.892387 dv-neutron-831490-1-hyperv devstack@n-api.service[103047]: [pid: 103047|app: 0|req: 30/61] 10.222.0.45 () {56 vars in 1074 bytes} [Wed Mar 2 08:58:33 2022] GET /compute/v2.1 => generated 388 bytes in 2 msecs (HTTP/1.1 200) 9 headers in 357 bytes (1 switches on core 0)
Mar 02 08:58:34.079948 dv-neutron-831490-1-hyperv devstack@n-api.service[103048]: DEBUG nova.api.openstack.wsgi [None req-2c511f05-5183-41ac-9ec7-c0128362858c admin admin] Calling method '>' {{(pid=103048) _process_stack /opt/stack/nova/nova/api/openstack/wsgi.py:513}}
Mar 02 08:58:34.098564 dv-neutron-831490-1-hyperv devstack@n-api.service[103048]: INFO nova.api.openstack.requestlog [None req-2c511f05-5183-41ac-9ec7-c0128362858c admin admin] 10.222.0.45 "GET /compute/v2.1/flavors/detail" status: 200 len: 5777 microversion: 2.90 time: 0.068658
Mar 02 08:58:34.099149 dv-neutron-831490-1-hyperv devstack@n-api.service[103048]: [pid: 103048|app: 0|req: 32/62] 10.222.0.45 () {60 vars in 1202 bytes} [Wed Mar 2 08:58:34 2022] GET /compute/v2.1/flavors/detail => generated 5777 bytes in 70 msecs (HTTP/1.1 200) 9 headers in 360 bytes (1 switches on core 0)
Mar 02 08:59:24.100132 dv-neutron-831490-1-hyperv devstack@n-api.service[103047]: DEBUG nova.api.openstack.wsgi [None req-9f0b12e8-d5a8-4628-a483-5cb06484f26c admin admin] Calling method '>' {{(pid=103047) _process_stack /opt/stack/nova/nova/api/openstack/wsgi.py:513}}
Mar 02 08:59:24.101180 dv-neutron-831490-1-hyperv devstack@n-api.service[103047]: INFO nova.api.openstack.requestlog [None req-9f0b12e8-d5a8-4628-a483-5cb06484f26c admin admin] 10.222.0.45 "GET /compute/v2.1" status: 200 len: 388 microversion: 2.1 time: 0.001485
Mar 02 08:59:24.101569 dv-neutron-831490-1-hyperv devstack@n-api.service[103047]: [pid: 103047|app: 0|req: 31/63] 10.222.0.45 () {54 vars in 930 bytes} [Wed Mar 2 08:59:24 2022] GET /compute/v2.1 => generated 388 bytes in 2 msecs (HTTP/1.1 200) 9 headers in 357 bytes (1 switches on core 0)
Mar 02 08:59:24.157307 dv-neutron-831490-1-hyperv devstack@n-api.service[103048]: DEBUG nova.api.openstack.wsgi [None req-f71eba00-8782-423a-9123-d59f35f04623 admin admin] Calling method '>' {{(pid=103048) _process_stack /opt/stack/nova/nova/api/openstack/wsgi.py:513}}
Mar 02 08:59:24.176465 dv-neutron-831490-1-hyperv devstack@n-api.service[103048]: INFO nova.api.openstack.requestlog [None req-f71eba00-8782-423a-9123-d59f35f04623 admin admin] 10.222.0.45 "GET /compute/v2.1/flavors/detail?is_public=True" status: 200 len: 5791 microversion: 2.61 time: 0.069125
Mar 02 08:59:24.176955 dv-neutron-831490-1-hyperv devstack@n-api.service[103048]: [pid: 103048|app: 0|req: 33/64] 10.222.0.45 () {60 vars in 1291 bytes} [Wed Mar 2 08:59:24 2022] GET /compute/v2.1/flavors/detail?is_public=True => generated 5791 bytes in 70 msecs (HTTP/1.1 200) 9 headers in 360 bytes (1 switches on core 0)
Mar 02 08:59:24.198441 dv-neutron-831490-1-hyperv devstack@n-api.service[103047]: DEBUG nova.api.openstack.wsgi [None req-83f0b2a9-fb2a-40fa-9f1c-317c98fb5222 admin admin] Calling method '>' {{(pid=103047) _process_stack /opt/stack/nova/nova/api/openstack/wsgi.py:513}}
Mar 02 08:59:24.205784 dv-neutron-831490-1-hyperv devstack@n-api.service[103047]: INFO nova.api.openstack.requestlog [None req-83f0b2a9-fb2a-40fa-9f1c-317c98fb5222 admin admin] 10.222.0.45 "GET /compute/v2.1/flavors/42/os-extra_specs" status: 200 len: 19 microversion: 2.61 time: 0.010944
Mar 02 08:59:24.206780 dv-neutron-831490-1-hyperv devstack@n-api.service[103047]: [pid: 103047|app: 0|req: 32/65] 10.222.0.45 () {60 vars in 1282 bytes} [Wed Mar 2 08:59:24 2022] GET /compute/v2.1/flavors/42/os-extra_specs => generated 19 bytes in 12 msecs (HTTP/1.1 200) 9 headers in 358 bytes (1 switches on core 0)
Mar 02 08:59:24.217651 dv-neutron-831490-1-hyperv devstack@n-api.service[103048]: DEBUG nova.api.openstack.wsgi [None req-245d571e-bb6d-4a9a-ab80-7608f1387842 admin admin] Calling method '>' {{(pid=103048) _process_stack /opt/stack/nova/nova/api/openstack/wsgi.py:513}}
Mar 02 08:59:24.225445 dv-neutron-831490-1-hyperv devstack@n-api.service[103048]: INFO nova.api.openstack.requestlog [None req-245d571e-bb6d-4a9a-ab80-7608f1387842 admin admin] 10.222.0.45 "GET /compute/v2.1/flavors/451/os-extra_specs" status: 200 len: 19 microversion: 2.61 time: 0.011243
Mar 02 08:59:24.225962 dv-neutron-831490-1-hyperv devstack@n-api.service[103048]: [pid: 103048|app: 0|req: 34/66] 10.222.0.45 () {60 vars in 1285 bytes} [Wed Mar 2 08:59:24 2022] GET /compute/v2.1/flavors/451/os-extra_specs => generated 19 bytes in 12 msecs (HTTP/1.1 200) 9 headers in 358 bytes (1 switches on core 0)
Mar 02 08:59:24.236562 dv-neutron-831490-1-hyperv devstack@n-api.service[103047]: DEBUG nova.api.openstack.wsgi [None req-2aa51b7f-2df5-44a2-b47b-34c9ef28f1c6 admin admin] Calling method '>' {{(pid=103047) _process_stack /opt/stack/nova/nova/api/openstack/wsgi.py:513}}
Mar 02 08:59:24.243608 dv-neutron-831490-1-hyperv devstack@n-api.service[103047]: INFO nova.api.openstack.requestlog [None req-2aa51b7f-2df5-44a2-b47b-34c9ef28f1c6 admin admin] 10.222.0.45 "GET /compute/v2.1/flavors/452/os-extra_specs" status: 200 len: 19 microversion: 2.61 time: 0.010424
Mar 02 08:59:24.244111 dv-neutron-831490-1-hyperv devstack@n-api.service[103047]: [pid: 103047|app: 0|req: 33/67] 10.222.0.45 () {60 vars in 1285 bytes} [Wed Mar 2 08:59:24 2022] GET /compute/v2.1/flavors/452/os-extra_specs => generated 19 bytes in 11 msecs (HTTP/1.1 200) 9 headers in 358 bytes (1 switches on core 0)
Mar 02 08:59:24.254681 dv-neutron-831490-1-hyperv devstack@n-api.service[103048]: DEBUG nova.api.openstack.wsgi [None req-97289432-b953-42a1-94f5-99ea4ad4f70d admin admin] Calling method '>' {{(pid=103048) _process_stack /opt/stack/nova/nova/api/openstack/wsgi.py:513}}
Mar 02 08:59:24.261799 dv-neutron-831490-1-hyperv devstack@n-api.service[103048]: INFO nova.api.openstack.requestlog [None req-97289432-b953-42a1-94f5-99ea4ad4f70d admin admin] 10.222.0.45 "GET /compute/v2.1/flavors/84/os-extra_specs" status: 200 len: 19 microversion: 2.61 time: 0.010520
Mar 02 08:59:24.262308 dv-neutron-831490-1-hyperv devstack@n-api.service[103048]: [pid: 103048|app: 0|req: 35/68] 10.222.0.45 () {60 vars in 1282 bytes} [Wed Mar 2 08:59:24 2022] GET /compute/v2.1/flavors/84/os-extra_specs => generated 19 bytes in 11 msecs (HTTP/1.1 200) 9 headers in 358 bytes (2 switches on core 0)
Mar 02 09:00:53.920693 dv-neutron-831490-1-hyperv devstack@n-api.service[103047]: DEBUG nova.api.openstack.wsgi [None req-6cd4bc78-25e8-4cd2-bd03-8cf15379d2e1 tempest-verify_tempest_config-2104308516 tempest-verify_tempest_config-2104308516-project] Calling method '>' {{(pid=103047) _process_stack /opt/stack/nova/nova/api/openstack/wsgi.py:513}}
Mar 02 09:00:53.922922 dv-neutron-831490-1-hyperv devstack@n-api.service[103047]: INFO nova.api.openstack.requestlog [None req-6cd4bc78-25e8-4cd2-bd03-8cf15379d2e1 tempest-verify_tempest_config-2104308516 tempest-verify_tempest_config-2104308516-project] 10.222.0.45 "GET /compute/v2.1/extensions" status: 200 len: 22700 microversion: 2.1 time: 0.104824
Mar 02 09:00:53.923572 dv-neutron-831490-1-hyperv devstack@n-api.service[103047]: [pid: 103047|app: 0|req: 34/69] 10.222.0.45 () {58 vars in 1133 bytes} [Wed Mar 2 09:00:53 2022] GET /compute/v2.1/extensions => generated 22700 bytes in 106 msecs (HTTP/1.1 200) 9 headers in 359 bytes (1 switches on core 0)
Mar 02 09:02:09.797863 dv-neutron-831490-1-hyperv devstack@n-api.service[103048]: DEBUG nova.api.openstack.wsgi [None req-97289432-b953-42a1-94f5-99ea4ad4f70d admin admin] Calling method '>' {{(pid=103048) _process_stack /opt/stack/nova/nova/api/openstack/wsgi.py:513}}
Mar 02 09:02:09.798851 dv-neutron-831490-1-hyperv devstack@n-api.service[103048]: INFO nova.api.openstack.requestlog [None req-97289432-b953-42a1-94f5-99ea4ad4f70d admin admin] 10.222.0.45 "GET /compute/v2.1" status: 200 len: 388 microversion: 2.1 time: 0.001407
Mar 02 09:02:09.799243 dv-neutron-831490-1-hyperv devstack@n-api.service[103048]: [pid: 103048|app: 0|req: 36/70] 10.222.0.45 () {56 vars in 1074 bytes} [Wed Mar 2 09:02:09 2022] GET /compute/v2.1 => generated 388 bytes in 2 msecs (HTTP/1.1 200) 9 headers in 357 bytes (1 switches on core 0)
Mar 02 09:02:10.047098 dv-neutron-831490-1-hyperv devstack@n-api.service[103047]: DEBUG nova.api.openstack.wsgi [None req-73569af4-b1f1-4add-a358-15106a94c7d6 admin admin] Calling method '>' {{(pid=103047) _process_stack /opt/stack/nova/nova/api/openstack/wsgi.py:513}}
Mar 02 09:02:10.048265 dv-neutron-831490-1-hyperv devstack@n-api.service[103047]: /usr/local/lib/python3.8/dist-packages/oslo_policy/policy.py:1119: UserWarning: Policy "os_compute_api:os-services:list": "rule:context_is_admin" failed scope check. The token used to make the request was project scoped but the policy requires ['system'] scope. This behavior may change in the future where using the intended scope is required
Mar 02 09:02:10.048265 dv-neutron-831490-1-hyperv devstack@n-api.service[103047]: warnings.warn(msg)
Mar 02 09:02:10.049632 dv-neutron-831490-1-hyperv devstack@n-api.service[103047]: DEBUG oslo_concurrency.lockutils [None req-73569af4-b1f1-4add-a358-15106a94c7d6 admin admin] Lock "00000000-0000-0000-0000-000000000000" acquired by "nova.context.set_target_cell..get_or_set_cached_cell_and_set_connections" :: waited 0.000s {{(pid=103047) inner /usr/local/lib/python3.8/dist-packages/oslo_concurrency/lockutils.py:386}}
Mar 02 09:02:10.050073 dv-neutron-831490-1-hyperv devstack@n-api.service[103047]: DEBUG oslo_concurrency.lockutils [None req-73569af4-b1f1-4add-a358-15106a94c7d6 admin admin] Lock "00000000-0000-0000-0000-000000000000" "released" by "nova.context.set_target_cell..get_or_set_cached_cell_and_set_connections" :: held 0.001s {{(pid=103047) inner /usr/local/lib/python3.8/dist-packages/oslo_concurrency/lockutils.py:400}}
Mar 02 09:02:10.050856 dv-neutron-831490-1-hyperv devstack@n-api.service[103047]: DEBUG oslo_concurrency.lockutils [None req-73569af4-b1f1-4add-a358-15106a94c7d6 admin admin] Lock "91b1ff88-c267-4a9f-adac-67e30fbba88c" acquired by "nova.context.set_target_cell..get_or_set_cached_cell_and_set_connections" :: waited 0.000s {{(pid=103047) inner /usr/local/lib/python3.8/dist-packages/oslo_concurrency/lockutils.py:386}}
Mar 02 09:02:10.051287 dv-neutron-831490-1-hyperv devstack@n-api.service[103047]: DEBUG oslo_concurrency.lockutils [None req-73569af4-b1f1-4add-a358-15106a94c7d6 admin admin] Lock "91b1ff88-c267-4a9f-adac-67e30fbba88c" "released" by "nova.context.set_target_cell..get_or_set_cached_cell_and_set_connections" :: held 0.000s {{(pid=103047) inner /usr/local/lib/python3.8/dist-packages/oslo_concurrency/lockutils.py:400}}
