Mar 02 09:09:37.388978 dv-neutron-831490-1-hyperv devstack@n-api.service[117895]: DEBUG nova.policy [None req-6e83ca9d-3082-4e69-be37-cb132c6d52a4 tempest-ServerActionsTestJSON-186086245 tempest-ServerActionsTestJSON-186086245-project] Policy check for os_compute_api:os-extended-server-attributes failed with credentials {'is_admin': False, 'user_id': 'da227f27a57945949ed1372134292427', 'user_domain_id': 'default', 'system_scope': None, 'domain_id': None, 'project_id': 'c000d22507564a7ab034836d90938dc9', 'project_domain_id': 'default', 'roles': ['reader', 'member'], 'is_admin_project': True, 'service_user_id': None, 'service_user_domain_id': None, 'service_project_id': None, 'service_project_domain_id': None, 'service_roles': []} {{(pid=117895) authorize /opt/stack/nova/nova/policy.py:199}}
Mar 02 09:09:37.401967 dv-neutron-831490-1-hyperv devstack@n-api.service[117895]: INFO nova.api.openstack.requestlog [None req-6e83ca9d-3082-4e69-be37-cb132c6d52a4 tempest-ServerActionsTestJSON-186086245 tempest-ServerActionsTestJSON-186086245-project] 10.222.0.45 "GET /compute/v2.1/servers/64d52c2d-f991-430c-82cf-d6045f60e240" status: 200 len: 1673 microversion: 2.1 time: 0.383767
Mar 02 09:09:37.413877 dv-neutron-831490-1-hyperv devstack@n-api.service[117895]: [pid: 117895|app: 0|req: 128/253] 10.222.0.45 () {58 vars in 1235 bytes} [Wed Mar 2 09:09:37 2022] GET /compute/v2.1/servers/64d52c2d-f991-430c-82cf-d6045f60e240 => generated 1673 bytes in 395 msecs (HTTP/1.1 200) 9 headers in 358 bytes (1 switches on core 0)
Mar 02 09:09:37.875563 dv-neutron-831490-1-hyperv devstack@n-api.service[117894]: DEBUG nova.api.openstack.wsgi [None req-b394d86e-d9f4-43a3-b7e7-f3d1a1b37442 tempest-TestNetworkBasicOps-852663306 tempest-TestNetworkBasicOps-852663306-project] Action: 'create', calling method: >, body: {"server": {"name": "tempest-TestNetworkBasicOps-server-35632013", "imageRef": "28b772bb-bb8f-4586-8743-ab77a20f58b3", "flavorRef": "452", "networks": [{"uuid": "037e43a4-7490-410c-8997-c9b76c8b0999"}], "key_name": "tempest-TestNetworkBasicOps-1816959581", "security_groups": [{"name": "tempest-secgroup-smoke-1253095618"}]}} {{(pid=117894) _process_stack /opt/stack/nova/nova/api/openstack/wsgi.py:511}}
Mar 02 09:09:38.008334 dv-neutron-831490-1-hyperv devstack@n-api.service[117894]: DEBUG nova.network.neutron [None req-b394d86e-d9f4-43a3-b7e7-f3d1a1b37442 tempest-TestNetworkBasicOps-852663306 tempest-TestNetworkBasicOps-852663306-project] validate_networks() for [('037e43a4-7490-410c-8997-c9b76c8b0999', None, None, None, None, None)] {{(pid=117894) validate_networks /opt/stack/nova/nova/network/neutron.py:2632}}
Mar 02 09:09:38.421916 dv-neutron-831490-1-hyperv devstack@n-api.service[117895]: DEBUG nova.api.openstack.wsgi [None req-d0ef424b-aad7-4fa8-a17f-96bc529f53ea tempest-ServerActionsTestJSON-186086245 tempest-ServerActionsTestJSON-186086245-project] Calling method '>' {{(pid=117895) _process_stack /opt/stack/nova/nova/api/openstack/wsgi.py:513}}
Mar 02 09:09:38.423434 dv-neutron-831490-1-hyperv devstack@n-api.service[117895]: DEBUG nova.compute.api [None req-d0ef424b-aad7-4fa8-a17f-96bc529f53ea tempest-ServerActionsTestJSON-186086245 tempest-ServerActionsTestJSON-186086245-project] [instance: 64d52c2d-f991-430c-82cf-d6045f60e240] Fetching instance by UUID {{(pid=117895) get /opt/stack/nova/nova/compute/api.py:2918}}
Mar 02 09:09:38.441630 dv-neutron-831490-1-hyperv devstack@n-api.service[117895]: DEBUG oslo_concurrency.lockutils [None req-d0ef424b-aad7-4fa8-a17f-96bc529f53ea tempest-ServerActionsTestJSON-186086245 tempest-ServerActionsTestJSON-186086245-project] Lock "91b1ff88-c267-4a9f-adac-67e30fbba88c" acquired by "nova.context.set_target_cell..get_or_set_cached_cell_and_set_connections" :: waited 0.010s {{(pid=117895) inner /usr/local/lib/python3.8/dist-packages/oslo_concurrency/lockutils.py:386}}
Mar 02 09:09:38.442110 dv-neutron-831490-1-hyperv devstack@n-api.service[117895]: DEBUG oslo_concurrency.lockutils [None req-d0ef424b-aad7-4fa8-a17f-96bc529f53ea tempest-ServerActionsTestJSON-186086245 tempest-ServerActionsTestJSON-186086245-project] Lock "91b1ff88-c267-4a9f-adac-67e30fbba88c" "released" by "nova.context.set_target_cell..get_or_set_cached_cell_and_set_connections" :: held 0.001s {{(pid=117895) inner /usr/local/lib/python3.8/dist-packages/oslo_concurrency/lockutils.py:400}}
Mar 02 09:09:38.442965 dv-neutron-831490-1-hyperv devstack@n-api.service[117895]: DEBUG oslo_concurrency.lockutils [None req-d0ef424b-aad7-4fa8-a17f-96bc529f53ea tempest-ServerActionsTestJSON-186086245 tempest-ServerActionsTestJSON-186086245-project] Lock "91b1ff88-c267-4a9f-adac-67e30fbba88c" acquired by "nova.context.set_target_cell..get_or_set_cached_cell_and_set_connections" :: waited 0.000s {{(pid=117895) inner /usr/local/lib/python3.8/dist-packages/oslo_concurrency/lockutils.py:386}}
Mar 02 09:09:38.443410 dv-neutron-831490-1-hyperv devstack@n-api.service[117895]: DEBUG oslo_concurrency.lockutils [None req-d0ef424b-aad7-4fa8-a17f-96bc529f53ea tempest-ServerActionsTestJSON-186086245 tempest-ServerActionsTestJSON-186086245-project] Lock "91b1ff88-c267-4a9f-adac-67e30fbba88c" "released" by "nova.context.set_target_cell..get_or_set_cached_cell_and_set_connections" :: held 0.000s {{(pid=117895) inner /usr/local/lib/python3.8/dist-packages/oslo_concurrency/lockutils.py:400}}
Mar 02 09:09:38.593690 dv-neutron-831490-1-hyperv devstack@n-api.service[117894]: DEBUG nova.virt.hardware [None req-b394d86e-d9f4-43a3-b7e7-f3d1a1b37442 tempest-TestNetworkBasicOps-852663306 tempest-TestNetworkBasicOps-852663306-project] Flavor limits 0:0:0 {{(pid=117894) get_cpu_topology_constraints /opt/stack/nova/nova/virt/hardware.py:343}}
Mar 02 09:09:38.594438 dv-neutron-831490-1-hyperv devstack@n-api.service[117894]: DEBUG nova.virt.hardware [None req-b394d86e-d9f4-43a3-b7e7-f3d1a1b37442 tempest-TestNetworkBasicOps-852663306 tempest-TestNetworkBasicOps-852663306-project] Image limits 0:0:0 {{(pid=117894) get_cpu_topology_constraints /opt/stack/nova/nova/virt/hardware.py:347}}
Mar 02 09:09:38.595267 dv-neutron-831490-1-hyperv devstack@n-api.service[117894]: DEBUG nova.virt.hardware [None req-b394d86e-d9f4-43a3-b7e7-f3d1a1b37442 tempest-TestNetworkBasicOps-852663306 tempest-TestNetworkBasicOps-852663306-project] Flavor pref 0:0:0 {{(pid=117894) get_cpu_topology_constraints /opt/stack/nova/nova/virt/hardware.py:383}}
Mar 02 09:09:38.595847 dv-neutron-831490-1-hyperv devstack@n-api.service[117894]: DEBUG nova.virt.hardware [None req-b394d86e-d9f4-43a3-b7e7-f3d1a1b37442 tempest-TestNetworkBasicOps-852663306 tempest-TestNetworkBasicOps-852663306-project] Image pref 0:0:0 {{(pid=117894) get_cpu_topology_constraints /opt/stack/nova/nova/virt/hardware.py:387}}
Mar 02 09:09:38.596414 dv-neutron-831490-1-hyperv devstack@n-api.service[117894]: DEBUG nova.virt.hardware [None req-b394d86e-d9f4-43a3-b7e7-f3d1a1b37442 tempest-TestNetworkBasicOps-852663306 tempest-TestNetworkBasicOps-852663306-project] Chose sockets=0, cores=0, threads=0; limits were sockets=65536, cores=65536, threads=65536 {{(pid=117894) get_cpu_topology_constraints /opt/stack/nova/nova/virt/hardware.py:425}}
Mar 02 09:09:38.637053 dv-neutron-831490-1-hyperv devstack@n-api.service[117894]: DEBUG oslo_concurrency.lockutils [None req-b394d86e-d9f4-43a3-b7e7-f3d1a1b37442 tempest-TestNetworkBasicOps-852663306 tempest-TestNetworkBasicOps-852663306-project] Lock "00000000-0000-0000-0000-000000000000" acquired by "nova.context.set_target_cell..get_or_set_cached_cell_and_set_connections" :: waited 0.000s {{(pid=117894) inner /usr/local/lib/python3.8/dist-packages/oslo_concurrency/lockutils.py:386}}
Mar 02 09:09:38.641064 dv-neutron-831490-1-hyperv devstack@n-api.service[117894]: DEBUG oslo_concurrency.lockutils [None req-b394d86e-d9f4-43a3-b7e7-f3d1a1b37442 tempest-TestNetworkBasicOps-852663306 tempest-TestNetworkBasicOps-852663306-project] Lock "00000000-0000-0000-0000-000000000000" "released" by "nova.context.set_target_cell..get_or_set_cached_cell_and_set_connections" :: held 0.004s {{(pid=117894) inner /usr/local/lib/python3.8/dist-packages/oslo_concurrency/lockutils.py:400}}
Mar 02 09:09:38.643947 dv-neutron-831490-1-hyperv devstack@n-api.service[117894]: DEBUG oslo_concurrency.lockutils [None req-b394d86e-d9f4-43a3-b7e7-f3d1a1b37442 tempest-TestNetworkBasicOps-852663306 tempest-TestNetworkBasicOps-852663306-project] Lock "91b1ff88-c267-4a9f-adac-67e30fbba88c" acquired by "nova.context.set_target_cell..get_or_set_cached_cell_and_set_connections" :: waited 0.000s {{(pid=117894) inner /usr/local/lib/python3.8/dist-packages/oslo_concurrency/lockutils.py:386}}
Mar 02 09:09:38.645867 dv-neutron-831490-1-hyperv devstack@n-api.service[117894]: DEBUG oslo_concurrency.lockutils [None req-b394d86e-d9f4-43a3-b7e7-f3d1a1b37442 tempest-TestNetworkBasicOps-852663306 tempest-TestNetworkBasicOps-852663306-project] Lock "91b1ff88-c267-4a9f-adac-67e30fbba88c" "released" by "nova.context.set_target_cell..get_or_set_cached_cell_and_set_connections" :: held 0.002s {{(pid=117894) inner /usr/local/lib/python3.8/dist-packages/oslo_concurrency/lockutils.py:400}}
Mar 02 09:09:38.671682 dv-neutron-831490-1-hyperv devstack@n-api.service[117894]: DEBUG nova.quota [None req-b394d86e-d9f4-43a3-b7e7-f3d1a1b37442 tempest-TestNetworkBasicOps-852663306 tempest-TestNetworkBasicOps-852663306-project] Getting quotas for project 5ce29334f25e41fcb0e32424479f0e86. Resources: {'instances', 'ram', 'cores'} {{(pid=117894) _get_quotas /opt/stack/nova/nova/quota.py:393}}
Mar 02 09:09:38.679239 dv-neutron-831490-1-hyperv devstack@n-api.service[117894]: DEBUG nova.quota [None req-b394d86e-d9f4-43a3-b7e7-f3d1a1b37442 tempest-TestNetworkBasicOps-852663306 tempest-TestNetworkBasicOps-852663306-project] Getting quotas for user 2cdaeecf3d0f4b5087a7596cad25c75f and project 5ce29334f25e41fcb0e32424479f0e86. Resources: {'instances', 'ram', 'cores'} {{(pid=117894) _get_quotas /opt/stack/nova/nova/quota.py:383}}
Mar 02 09:09:38.701927 dv-neutron-831490-1-hyperv devstack@n-api.service[117894]: DEBUG nova.compute.api [None req-b394d86e-d9f4-43a3-b7e7-f3d1a1b37442 tempest-TestNetworkBasicOps-852663306 tempest-TestNetworkBasicOps-852663306-project] Going to run 1 instances... {{(pid=117894) _provision_instances /opt/stack/nova/nova/compute/api.py:1389}}
Mar 02 09:09:38.705024 dv-neutron-831490-1-hyperv devstack@n-api.service[117894]: DEBUG nova.compute.api [None req-b394d86e-d9f4-43a3-b7e7-f3d1a1b37442 tempest-TestNetworkBasicOps-852663306 tempest-TestNetworkBasicOps-852663306-project] [instance: 1691ee2e-1c18-4837-9439-df3725ef82f8] block_device_mapping [BlockDeviceMapping(attachment_id=,boot_index=0,connection_info=None,created_at=,delete_on_termination=True,deleted=,deleted_at=,destination_type='local',device_name=None,device_type='disk',disk_bus=None,guest_format=None,id=,image_id='28b772bb-bb8f-4586-8743-ab77a20f58b3',instance=,instance_uuid=,no_device=False,snapshot_id=None,source_type='image',tag=None,updated_at=,uuid=,volume_id=None,volume_size=None,volume_type=None)] {{(pid=117894) _bdm_validate_set_size_and_instance /opt/stack/nova/nova/compute/api.py:1807}}
Mar 02 09:09:38.725364 dv-neutron-831490-1-hyperv devstack@n-api.service[117895]: DEBUG nova.policy [None req-d0ef424b-aad7-4fa8-a17f-96bc529f53ea tempest-ServerActionsTestJSON-186086245 tempest-ServerActionsTestJSON-186086245-project] Policy check for os_compute_api:os-extended-server-attributes failed with credentials {'is_admin': False, 'user_id': 'da227f27a57945949ed1372134292427', 'user_domain_id': 'default', 'system_scope': None, 'domain_id': None, 'project_id': 'c000d22507564a7ab034836d90938dc9', 'project_domain_id': 'default', 'roles': ['reader', 'member'], 'is_admin_project': True, 'service_user_id': None, 'service_user_domain_id': None, 'service_project_id': None, 'service_project_domain_id': None, 'service_roles': []} {{(pid=117895) authorize /opt/stack/nova/nova/policy.py:199}}
Mar 02 09:09:38.734115 dv-neutron-831490-1-hyperv devstack@n-api.service[117895]: INFO nova.api.openstack.requestlog [None req-d0ef424b-aad7-4fa8-a17f-96bc529f53ea tempest-ServerActionsTestJSON-186086245 tempest-ServerActionsTestJSON-186086245-project] 10.222.0.45 "GET /compute/v2.1/servers/64d52c2d-f991-430c-82cf-d6045f60e240" status: 200 len: 1673 microversion: 2.1 time: 0.318878
Mar 02 09:09:38.734936 dv-neutron-831490-1-hyperv devstack@n-api.service[117895]: [pid: 117895|app: 0|req: 129/254] 10.222.0.45 () {58 vars in 1235 bytes} [Wed Mar 2 09:09:38 2022] GET /compute/v2.1/servers/64d52c2d-f991-430c-82cf-d6045f60e240 => generated 1673 bytes in 320 msecs (HTTP/1.1 200) 9 headers in 358 bytes (2 switches on core 0)
Mar 02 09:09:38.802165 dv-neutron-831490-1-hyperv devstack@n-api.service[117894]: INFO nova.api.openstack.requestlog [None req-b394d86e-d9f4-43a3-b7e7-f3d1a1b37442 tempest-TestNetworkBasicOps-852663306 tempest-TestNetworkBasicOps-852663306-project] 10.222.0.45 "POST /compute/v2.1/servers" status: 202 len: 406 microversion: 2.1 time: 0.934179
Mar 02 09:09:38.809011 dv-neutron-831490-1-hyperv devstack@n-api.service[117894]: [pid: 117894|app: 0|req: 126/255] 10.222.0.45 () {60 vars in 1146 bytes} [Wed Mar 2 09:09:37 2022] POST /compute/v2.1/servers => generated 406 bytes in 943 msecs (HTTP/1.1 202) 10 headers in 451 bytes (1 switches on core 0)
Mar 02 09:09:38.820416 dv-neutron-831490-1-hyperv devstack@n-api.service[117895]: DEBUG nova.api.openstack.wsgi [None req-140db569-faf6-424c-86a8-69c8fbb8b2d4 tempest-TestNetworkBasicOps-852663306 tempest-TestNetworkBasicOps-852663306-project] Calling method '>' {{(pid=117895) _process_stack /opt/stack/nova/nova/api/openstack/wsgi.py:513}}
Mar 02 09:09:38.821419 dv-neutron-831490-1-hyperv devstack@n-api.service[117895]: DEBUG nova.compute.api [None req-140db569-faf6-424c-86a8-69c8fbb8b2d4 tempest-TestNetworkBasicOps-852663306 tempest-TestNetworkBasicOps-852663306-project] [instance: 1691ee2e-1c18-4837-9439-df3725ef82f8] Fetching instance by UUID {{(pid=117895) get /opt/stack/nova/nova/compute/api.py:2918}}
Mar 02 09:09:38.920335 dv-neutron-831490-1-hyperv devstack@n-api.service[117895]: DEBUG nova.policy [None req-140db569-faf6-424c-86a8-69c8fbb8b2d4 tempest-TestNetworkBasicOps-852663306 tempest-TestNetworkBasicOps-852663306-project] Policy check for os_compute_api:os-extended-server-attributes failed with credentials {'is_admin': False, 'user_id': '2cdaeecf3d0f4b5087a7596cad25c75f', 'user_domain_id': 'default', 'system_scope': None, 'domain_id': None, 'project_id': '5ce29334f25e41fcb0e32424479f0e86', 'project_domain_id': 'default', 'roles': ['reader', 'member'], 'is_admin_project': True, 'service_user_id': None, 'service_user_domain_id': None, 'service_project_id': None, 'service_project_domain_id': None, 'service_roles': []} {{(pid=117895) authorize /opt/stack/nova/nova/policy.py:199}}
Mar 02 09:09:38.928421 dv-neutron-831490-1-hyperv devstack@n-api.service[117895]: INFO nova.api.openstack.requestlog [None req-140db569-faf6-424c-86a8-69c8fbb8b2d4 tempest-TestNetworkBasicOps-852663306 tempest-TestNetworkBasicOps-852663306-project] 10.222.0.45 "GET /compute/v2.1/servers/1691ee2e-1c18-4837-9439-df3725ef82f8" status: 200 len: 1247 microversion: 2.1 time: 0.119483
Mar 02 09:09:38.929128 dv-neutron-831490-1-hyperv devstack@n-api.service[117895]: [pid: 117895|app: 0|req: 130/256] 10.222.0.45 () {58 vars in 1235 bytes} [Wed Mar 2 09:09:38 2022] GET /compute/v2.1/servers/1691ee2e-1c18-4837-9439-df3725ef82f8 => generated 1247 bytes in 121 msecs (HTTP/1.1 200) 9 headers in 358 bytes (2 switches on core 0)
Mar 02 09:09:39.754309 dv-neutron-831490-1-hyperv devstack@n-api.service[117894]: DEBUG nova.api.openstack.wsgi [None req-e5bcdaba-3a43-43ff-b661-190e56e3230a tempest-ServerActionsTestJSON-186086245 tempest-ServerActionsTestJSON-186086245-project] Calling method '>' {{(pid=117894) _process_stack /opt/stack/nova/nova/api/openstack/wsgi.py:513}}
Mar 02 09:09:39.757104 dv-neutron-831490-1-hyperv devstack@n-api.service[117894]: DEBUG nova.compute.api [None req-e5bcdaba-3a43-43ff-b661-190e56e3230a tempest-ServerActionsTestJSON-186086245 tempest-ServerActionsTestJSON-186086245-project] [instance: 64d52c2d-f991-430c-82cf-d6045f60e240] Fetching instance by UUID {{(pid=117894) get /opt/stack/nova/nova/compute/api.py:2918}}
Mar 02 09:09:39.771268 dv-neutron-831490-1-hyperv devstack@n-api.service[117894]: DEBUG oslo_concurrency.lockutils [None req-e5bcdaba-3a43-43ff-b661-190e56e3230a tempest-ServerActionsTestJSON-186086245 tempest-ServerActionsTestJSON-186086245-project] Lock "91b1ff88-c267-4a9f-adac-67e30fbba88c" acquired by "nova.context.set_target_cell..get_or_set_cached_cell_and_set_connections" :: waited 0.000s {{(pid=117894) inner /usr/local/lib/python3.8/dist-packages/oslo_concurrency/lockutils.py:386}}
Mar 02 09:09:39.772161 dv-neutron-831490-1-hyperv devstack@n-api.service[117894]: DEBUG oslo_concurrency.lockutils [None req-e5bcdaba-3a43-43ff-b661-190e56e3230a tempest-ServerActionsTestJSON-186086245 tempest-ServerActionsTestJSON-186086245-project] Lock "91b1ff88-c267-4a9f-adac-67e30fbba88c" "released" by "nova.context.set_target_cell..get_or_set_cached_cell_and_set_connections" :: held 0.004s {{(pid=117894) inner /usr/local/lib/python3.8/dist-packages/oslo_concurrency/lockutils.py:400}}
Mar 02 09:09:39.779697 dv-neutron-831490-1-hyperv devstack@n-api.service[117894]: DEBUG oslo_concurrency.lockutils [None req-e5bcdaba-3a43-43ff-b661-190e56e3230a tempest-ServerActionsTestJSON-186086245 tempest-ServerActionsTestJSON-186086245-project] Lock "91b1ff88-c267-4a9f-adac-67e30fbba88c" acquired by "nova.context.set_target_cell..get_or_set_cached_cell_and_set_connections" :: waited 0.000s {{(pid=117894) inner /usr/local/lib/python3.8/dist-packages/oslo_concurrency/lockutils.py:386}}
Mar 02 09:09:39.780467 dv-neutron-831490-1-hyperv devstack@n-api.service[117894]: DEBUG oslo_concurrency.lockutils [None req-e5bcdaba-3a43-43ff-b661-190e56e3230a tempest-ServerActionsTestJSON-186086245 tempest-ServerActionsTestJSON-186086245-project] Lock "91b1ff88-c267-4a9f-adac-67e30fbba88c" "released" by "nova.context.set_target_cell..get_or_set_cached_cell_and_set_connections" :: held 0.001s {{(pid=117894) inner /usr/local/lib/python3.8/dist-packages/oslo_concurrency/lockutils.py:400}}
Mar 02 09:09:39.947671 dv-neutron-831490-1-hyperv devstack@n-api.service[117895]: DEBUG nova.api.openstack.wsgi [None req-1cadfdde-6ae3-4772-8eb7-61661bc22d5e tempest-TestNetworkBasicOps-852663306 tempest-TestNetworkBasicOps-852663306-project] Calling method '>' {{(pid=117895) _process_stack /opt/stack/nova/nova/api/openstack/wsgi.py:513}}
Mar 02 09:09:39.948404 dv-neutron-831490-1-hyperv devstack@n-api.service[117895]: DEBUG nova.compute.api [None req-1cadfdde-6ae3-4772-8eb7-61661bc22d5e tempest-TestNetworkBasicOps-852663306 tempest-TestNetworkBasicOps-852663306-project] [instance: 1691ee2e-1c18-4837-9439-df3725ef82f8] Fetching instance by UUID {{(pid=117895) get /opt/stack/nova/nova/compute/api.py:2918}}
Mar 02 09:09:39.958322 dv-neutron-831490-1-hyperv devstack@n-api.service[117895]: DEBUG oslo_concurrency.lockutils [None req-1cadfdde-6ae3-4772-8eb7-61661bc22d5e tempest-TestNetworkBasicOps-852663306 tempest-TestNetworkBasicOps-852663306-project] Lock "91b1ff88-c267-4a9f-adac-67e30fbba88c" acquired by "nova.context.set_target_cell..get_or_set_cached_cell_and_set_connections" :: waited 0.000s {{(pid=117895) inner /usr/local/lib/python3.8/dist-packages/oslo_concurrency/lockutils.py:386}}
Mar 02 09:09:39.960155 dv-neutron-831490-1-hyperv devstack@n-api.service[117895]: DEBUG oslo_concurrency.lockutils [None req-1cadfdde-6ae3-4772-8eb7-61661bc22d5e tempest-TestNetworkBasicOps-852663306 tempest-TestNetworkBasicOps-852663306-project] Lock "91b1ff88-c267-4a9f-adac-67e30fbba88c" "released" by "nova.context.set_target_cell..get_or_set_cached_cell_and_set_connections" :: held 0.001s {{(pid=117895) inner /usr/local/lib/python3.8/dist-packages/oslo_concurrency/lockutils.py:400}}
Mar 02 09:09:39.961249 dv-neutron-831490-1-hyperv devstack@n-api.service[117895]: DEBUG oslo_concurrency.lockutils [None req-1cadfdde-6ae3-4772-8eb7-61661bc22d5e tempest-TestNetworkBasicOps-852663306 tempest-TestNetworkBasicOps-852663306-project] Lock "91b1ff88-c267-4a9f-adac-67e30fbba88c" acquired by "nova.context.set_target_cell..get_or_set_cached_cell_and_set_connections" :: waited 0.000s {{(pid=117895) inner /usr/local/lib/python3.8/dist-packages/oslo_concurrency/lockutils.py:386}}
Mar 02 09:09:39.970922 dv-neutron-831490-1-hyperv devstack@n-api.service[117895]: DEBUG oslo_concurrency.lockutils [None req-1cadfdde-6ae3-4772-8eb7-61661bc22d5e tempest-TestNetworkBasicOps-852663306 tempest-TestNetworkBasicOps-852663306-project] Lock "91b1ff88-c267-4a9f-adac-67e30fbba88c" "released" by "nova.context.set_target_cell..get_or_set_cached_cell_and_set_connections" :: held 0.009s {{(pid=117895) inner /usr/local/lib/python3.8/dist-packages/oslo_concurrency/lockutils.py:400}}
Mar 02 09:09:40.099055 dv-neutron-831490-1-hyperv devstack@n-api.service[117895]: DEBUG nova.policy [None req-1cadfdde-6ae3-4772-8eb7-61661bc22d5e tempest-TestNetworkBasicOps-852663306 tempest-TestNetworkBasicOps-852663306-project] Policy check for os_compute_api:os-extended-server-attributes failed with credentials {'is_admin': False, 'user_id': '2cdaeecf3d0f4b5087a7596cad25c75f', 'user_domain_id': 'default', 'system_scope': None, 'domain_id': None, 'project_id': '5ce29334f25e41fcb0e32424479f0e86', 'project_domain_id': 'default', 'roles': ['reader', 'member'], 'is_admin_project': True, 'service_user_id': None, 'service_user_domain_id': None, 'service_project_id': None, 'service_project_domain_id': None, 'service_roles': []} {{(pid=117895) authorize /opt/stack/nova/nova/policy.py:199}}
Mar 02 09:09:40.108190 dv-neutron-831490-1-hyperv devstack@n-api.service[117895]: INFO nova.api.openstack.requestlog [None req-1cadfdde-6ae3-4772-8eb7-61661bc22d5e tempest-TestNetworkBasicOps-852663306 tempest-TestNetworkBasicOps-852663306-project] 10.222.0.45 "GET /compute/v2.1/servers/1691ee2e-1c18-4837-9439-df3725ef82f8" status: 200 len: 1299 microversion: 2.1 time: 0.165466
Mar 02 09:09:40.109480 dv-neutron-831490-1-hyperv devstack@n-api.service[117895]: [pid: 117895|app: 0|req: 131/257] 10.222.0.45 () {58 vars in 1235 bytes} [Wed Mar 2 09:09:39 2022] GET /compute/v2.1/servers/1691ee2e-1c18-4837-9439-df3725ef82f8 => generated 1299 bytes in 168 msecs (HTTP/1.1 200) 9 headers in 358 bytes (2 switches on core 0)
Mar 02 09:09:40.259161 dv-neutron-831490-1-hyperv devstack@n-api.service[117894]: DEBUG nova.policy [None req-e5bcdaba-3a43-43ff-b661-190e56e3230a tempest-ServerActionsTestJSON-186086245 tempest-ServerActionsTestJSON-186086245-project] Policy check for os_compute_api:os-extended-server-attributes failed with credentials {'is_admin': False, 'user_id': 'da227f27a57945949ed1372134292427', 'user_domain_id': 'default', 'system_scope': None, 'domain_id': None, 'project_id': 'c000d22507564a7ab034836d90938dc9', 'project_domain_id': 'default', 'roles': ['reader', 'member'], 'is_admin_project': True, 'service_user_id': None, 'service_user_domain_id': None, 'service_project_id': None, 'service_project_domain_id': None, 'service_roles': []} {{(pid=117894) authorize /opt/stack/nova/nova/policy.py:199}}
Mar 02 09:09:40.271903 dv-neutron-831490-1-hyperv devstack@n-api.service[117894]: INFO nova.api.openstack.requestlog [None req-e5bcdaba-3a43-43ff-b661-190e56e3230a tempest-ServerActionsTestJSON-186086245 tempest-ServerActionsTestJSON-186086245-project] 10.222.0.45 "GET /compute/v2.1/servers/64d52c2d-f991-430c-82cf-d6045f60e240" status: 200 len: 1673 microversion: 2.1 time: 0.523408
Mar 02 09:09:40.272513 dv-neutron-831490-1-hyperv devstack@n-api.service[117894]: [pid: 117894|app: 0|req: 127/258] 10.222.0.45 () {58 vars in 1235 bytes} [Wed Mar 2 09:09:39 2022] GET /compute/v2.1/servers/64d52c2d-f991-430c-82cf-d6045f60e240 => generated 1673 bytes in 525 msecs (HTTP/1.1 200) 9 headers in 358 bytes (1 switches on core 0)
Mar 02 09:09:41.129610 dv-neutron-831490-1-hyperv devstack@n-api.service[117895]: DEBUG nova.api.openstack.wsgi [None req-15a85370-48d4-49ed-af37-71ff079adc63 tempest-TestNetworkBasicOps-852663306 tempest-TestNetworkBasicOps-852663306-project] Calling method '>' {{(pid=117895) _process_stack /opt/stack/nova/nova/api/openstack/wsgi.py:513}}
Mar 02 09:09:41.130902 dv-neutron-831490-1-hyperv devstack@n-api.service[117895]: DEBUG nova.compute.api [None req-15a85370-48d4-49ed-af37-71ff079adc63 tempest-TestNetworkBasicOps-852663306 tempest-TestNetworkBasicOps-852663306-project] [instance: 1691ee2e-1c18-4837-9439-df3725ef82f8] Fetching instance by UUID {{(pid=117895) get /opt/stack/nova/nova/compute/api.py:2918}}
Mar 02 09:09:41.143036 dv-neutron-831490-1-hyperv devstack@n-api.service[117895]: DEBUG oslo_concurrency.lockutils [None req-15a85370-48d4-49ed-af37-71ff079adc63 tempest-TestNetworkBasicOps-852663306 tempest-TestNetworkBasicOps-852663306-project] Lock "91b1ff88-c267-4a9f-adac-67e30fbba88c" acquired by "nova.context.set_target_cell..get_or_set_cached_cell_and_set_connections" :: waited 0.000s {{(pid=117895) inner /usr/local/lib/python3.8/dist-packages/oslo_concurrency/lockutils.py:386}}
Mar 02 09:09:41.143794 dv-neutron-831490-1-hyperv devstack@n-api.service[117895]: DEBUG oslo_concurrency.lockutils [None req-15a85370-48d4-49ed-af37-71ff079adc63 tempest-TestNetworkBasicOps-852663306 tempest-TestNetworkBasicOps-852663306-project] Lock "91b1ff88-c267-4a9f-adac-67e30fbba88c" "released" by "nova.context.set_target_cell..get_or_set_cached_cell_and_set_connections" :: held 0.001s {{(pid=117895) inner /usr/local/lib/python3.8/dist-packages/oslo_concurrency/lockutils.py:400}}
Mar 02 09:09:41.146345 dv-neutron-831490-1-hyperv devstack@n-api.service[117895]: DEBUG oslo_concurrency.lockutils [None req-15a85370-48d4-49ed-af37-71ff079adc63 tempest-TestNetworkBasicOps-852663306 tempest-TestNetworkBasicOps-852663306-project] Lock "91b1ff88-c267-4a9f-adac-67e30fbba88c" acquired by "nova.context.set_target_cell..get_or_set_cached_cell_and_set_connections" :: waited 0.000s {{(pid=117895) inner /usr/local/lib/python3.8/dist-packages/oslo_concurrency/lockutils.py:386}}
Mar 02 09:09:41.149032 dv-neutron-831490-1-hyperv devstack@n-api.service[117895]: DEBUG oslo_concurrency.lockutils [None req-15a85370-48d4-49ed-af37-71ff079adc63 tempest-TestNetworkBasicOps-852663306 tempest-TestNetworkBasicOps-852663306-project] Lock "91b1ff88-c267-4a9f-adac-67e30fbba88c" "released" by "nova.context.set_target_cell..get_or_set_cached_cell_and_set_connections" :: held 0.001s {{(pid=117895) inner /usr/local/lib/python3.8/dist-packages/oslo_concurrency/lockutils.py:400}}
Mar 02 09:09:41.289833 dv-neutron-831490-1-hyperv devstack@n-api.service[117894]: DEBUG nova.api.openstack.wsgi [None req-8edc76ed-35d2-4509-8081-b68032227026 tempest-ServerActionsTestJSON-186086245 tempest-ServerActionsTestJSON-186086245-project] Calling method '>' {{(pid=117894) _process_stack /opt/stack/nova/nova/api/openstack/wsgi.py:513}}
Mar 02 09:09:41.291582 dv-neutron-831490-1-hyperv devstack@n-api.service[117894]: DEBUG nova.compute.api [None req-8edc76ed-35d2-4509-8081-b68032227026 tempest-ServerActionsTestJSON-186086245 tempest-ServerActionsTestJSON-186086245-project] [instance: 64d52c2d-f991-430c-82cf-d6045f60e240] Fetching instance by UUID {{(pid=117894) get /opt/stack/nova/nova/compute/api.py:2918}}
Mar 02 09:09:41.309623 dv-neutron-831490-1-hyperv devstack@n-api.service[117894]: DEBUG oslo_concurrency.lockutils [None req-8edc76ed-35d2-4509-8081-b68032227026 tempest-ServerActionsTestJSON-186086245 tempest-ServerActionsTestJSON-186086245-project] Lock "91b1ff88-c267-4a9f-adac-67e30fbba88c" acquired by "nova.context.set_target_cell..get_or_set_cached_cell_and_set_connections" :: waited 0.000s {{(pid=117894) inner /usr/local/lib/python3.8/dist-packages/oslo_concurrency/lockutils.py:386}}
Mar 02 09:09:41.310597 dv-neutron-831490-1-hyperv devstack@n-api.service[117894]: DEBUG oslo_concurrency.lockutils [None req-8edc76ed-35d2-4509-8081-b68032227026 tempest-ServerActionsTestJSON-186086245 tempest-ServerActionsTestJSON-186086245-project] Lock "91b1ff88-c267-4a9f-adac-67e30fbba88c" "released" by "nova.context.set_target_cell..get_or_set_cached_cell_and_set_connections" :: held 0.001s {{(pid=117894) inner /usr/local/lib/python3.8/dist-packages/oslo_concurrency/lockutils.py:400}}
Mar 02 09:09:41.312284 dv-neutron-831490-1-hyperv devstack@n-api.service[117894]: DEBUG oslo_concurrency.lockutils [None req-8edc76ed-35d2-4509-8081-b68032227026 tempest-ServerActionsTestJSON-186086245 tempest-ServerActionsTestJSON-186086245-project] Lock "91b1ff88-c267-4a9f-adac-67e30fbba88c" acquired by "nova.context.set_target_cell..get_or_set_cached_cell_and_set_connections" :: waited 0.000s {{(pid=117894) inner /usr/local/lib/python3.8/dist-packages/oslo_concurrency/lockutils.py:386}}
Mar 02 09:09:41.314208 dv-neutron-831490-1-hyperv devstack@n-api.service[117894]: DEBUG oslo_concurrency.lockutils [None req-8edc76ed-35d2-4509-8081-b68032227026 tempest-ServerActionsTestJSON-186086245 tempest-ServerActionsTestJSON-186086245-project] Lock "91b1ff88-c267-4a9f-adac-67e30fbba88c" "released" by "nova.context.set_target_cell..get_or_set_cached_cell_and_set_connections" :: held 0.002s {{(pid=117894) inner /usr/local/lib/python3.8/dist-packages/oslo_concurrency/lockutils.py:400}}
Mar 02 09:09:41.345260 dv-neutron-831490-1-hyperv devstack@n-api.service[117895]: DEBUG nova.policy [None req-15a85370-48d4-49ed-af37-71ff079adc63 tempest-TestNetworkBasicOps-852663306 tempest-TestNetworkBasicOps-852663306-project] Policy check for os_compute_api:os-extended-server-attributes failed with credentials {'is_admin': False, 'user_id': '2cdaeecf3d0f4b5087a7596cad25c75f', 'user_domain_id': 'default', 'system_scope': None, 'domain_id': None, 'project_id': '5ce29334f25e41fcb0e32424479f0e86', 'project_domain_id': 'default', 'roles': ['reader', 'member'], 'is_admin_project': True, 'service_user_id': None, 'service_user_domain_id': None, 'service_project_id': None, 'service_project_domain_id': None, 'service_roles': []} {{(pid=117895) authorize /opt/stack/nova/nova/policy.py:199}}
Mar 02 09:09:41.353846 dv-neutron-831490-1-hyperv devstack@n-api.service[117895]: INFO nova.api.openstack.requestlog [None req-15a85370-48d4-49ed-af37-71ff079adc63 tempest-TestNetworkBasicOps-852663306 tempest-TestNetworkBasicOps-852663306-project] 10.222.0.45 "GET /compute/v2.1/servers/1691ee2e-1c18-4837-9439-df3725ef82f8" status: 200 len: 1305 microversion: 2.1 time: 0.229891
Mar 02 09:09:41.354442 dv-neutron-831490-1-hyperv devstack@n-api.service[117895]: [pid: 117895|app: 0|req: 132/259] 10.222.0.45 () {58 vars in 1235 bytes} [Wed Mar 2 09:09:41 2022] GET /compute/v2.1/servers/1691ee2e-1c18-4837-9439-df3725ef82f8 => generated 1305 bytes in 233 msecs (HTTP/1.1 200) 9 headers in 358 bytes (1 switches on core 0)
Mar 02 09:09:41.383154 dv-neutron-831490-1-hyperv devstack@n-api.service[117895]: DEBUG nova.api.openstack.wsgi [req-ac420324-87b2-4126-94b7-f1a13691b2eb req-a00f4fb5-6b08-4bd5-b711-786b8d654b4e service nova] Action: 'create', calling method: >, body: {"events": [{"server_uuid": "c5b50ace-9f40-48d9-80b2-5b090a57d8a7", "name": "network-vif-plugged", "status": "completed", "tag": "e413cdf6-08ce-46fc-bdc1-bb00bcbdec7f"}]} {{(pid=117895) _process_stack /opt/stack/nova/nova/api/openstack/wsgi.py:511}}
Mar 02 09:09:41.418253 dv-neutron-831490-1-hyperv devstack@n-api.service[117895]: DEBUG oslo_concurrency.lockutils [req-ac420324-87b2-4126-94b7-f1a13691b2eb req-a00f4fb5-6b08-4bd5-b711-786b8d654b4e service nova] Lock "91b1ff88-c267-4a9f-adac-67e30fbba88c" acquired by "nova.context.set_target_cell..get_or_set_cached_cell_and_set_connections" :: waited 0.000s {{(pid=117895) inner /usr/local/lib/python3.8/dist-packages/oslo_concurrency/lockutils.py:386}}
Mar 02 09:09:41.419236 dv-neutron-831490-1-hyperv devstack@n-api.service[117895]: DEBUG oslo_concurrency.lockutils [req-ac420324-87b2-4126-94b7-f1a13691b2eb req-a00f4fb5-6b08-4bd5-b711-786b8d654b4e service nova] Lock "91b1ff88-c267-4a9f-adac-67e30fbba88c" "released" by "nova.context.set_target_cell..get_or_set_cached_cell_and_set_connections" :: held 0.001s {{(pid=117895) inner /usr/local/lib/python3.8/dist-packages/oslo_concurrency/lockutils.py:400}}
Mar 02 09:09:41.444946 dv-neutron-831490-1-hyperv devstack@n-api.service[117895]: INFO nova.api.openstack.compute.server_external_events [req-ac420324-87b2-4126-94b7-f1a13691b2eb req-a00f4fb5-6b08-4bd5-b711-786b8d654b4e service nova] Creating event network-vif-plugged:e413cdf6-08ce-46fc-bdc1-bb00bcbdec7f for instance c5b50ace-9f40-48d9-80b2-5b090a57d8a7 on hv-neutron-8314
Mar 02 09:09:41.452013 dv-neutron-831490-1-hyperv devstack@n-api.service[117894]: DEBUG nova.policy [None req-8edc76ed-35d2-4509-8081-b68032227026 tempest-ServerActionsTestJSON-186086245 tempest-ServerActionsTestJSON-186086245-project] Policy check for os_compute_api:os-extended-server-attributes failed with credentials {'is_admin': False, 'user_id': 'da227f27a57945949ed1372134292427', 'user_domain_id': 'default', 'system_scope': None, 'domain_id': None, 'project_id': 'c000d22507564a7ab034836d90938dc9', 'project_domain_id': 'default', 'roles': ['reader', 'member'], 'is_admin_project': True, 'service_user_id': None, 'service_user_domain_id': None, 'service_project_id': None, 'service_project_domain_id': None, 'service_roles': []} {{(pid=117894) authorize /opt/stack/nova/nova/policy.py:199}}
Mar 02 09:09:41.459552 dv-neutron-831490-1-hyperv devstack@n-api.service[117895]: INFO nova.api.openstack.requestlog [req-ac420324-87b2-4126-94b7-f1a13691b2eb req-a00f4fb5-6b08-4bd5-b711-786b8d654b4e service nova] 10.222.0.45 "POST /compute/v2.1/os-server-external-events" status: 200 len: 183 microversion: 2.1 time: 0.103886
Mar 02 09:09:41.460573 dv-neutron-831490-1-hyperv devstack@n-api.service[117895]: [pid: 117895|app: 0|req: 133/260] 10.222.0.45 () {64 vars in 1317 bytes} [Wed Mar 2 09:09:41 2022] POST /compute/v2.1/os-server-external-events => generated 183 bytes in 105 msecs (HTTP/1.1 200) 9 headers in 357 bytes (1 switches on core 0)
Mar 02 09:09:41.485929 dv-neutron-831490-1-hyperv devstack@n-api.service[117894]: INFO nova.api.openstack.requestlog [None req-8edc76ed-35d2-4509-8081-b68032227026 tempest-ServerActionsTestJSON-186086245 tempest-ServerActionsTestJSON-186086245-project] 10.222.0.45 "GET /compute/v2.1/servers/64d52c2d-f991-430c-82cf-d6045f60e240" status: 200 len: 1605 microversion: 2.1 time: 0.200262
Mar 02 09:09:41.488149 dv-neutron-831490-1-hyperv devstack@n-api.service[117894]: [pid: 117894|app: 0|req: 128/261] 10.222.0.45 () {58 vars in 1235 bytes} [Wed Mar 2 09:09:41 2022] GET /compute/v2.1/servers/64d52c2d-f991-430c-82cf-d6045f60e240 => generated 1605 bytes in 203 msecs (HTTP/1.1 200) 9 headers in 358 bytes (2 switches on core 0)
Mar 02 09:09:41.902562 dv-neutron-831490-1-hyperv devstack@n-api.service[117895]: DEBUG nova.api.openstack.wsgi [req-423341bc-84fe-4d43-b3f9-36e57f775a5c req-96514c57-95b2-4c99-9612-8d8e05b63357 service nova] Action: 'create', calling method: >, body: {"events": [{"server_uuid": "64d52c2d-f991-430c-82cf-d6045f60e240", "name": "network-vif-deleted", "tag": "9ff9717b-05aa-419d-8202-177b8530670f"}]} {{(pid=117895) _process_stack /opt/stack/nova/nova/api/openstack/wsgi.py:511}}
Mar 02 09:09:41.918661 dv-neutron-831490-1-hyperv devstack@n-api.service[117895]: DEBUG oslo_concurrency.lockutils [req-423341bc-84fe-4d43-b3f9-36e57f775a5c req-96514c57-95b2-4c99-9612-8d8e05b63357 service nova] Lock "91b1ff88-c267-4a9f-adac-67e30fbba88c" acquired by "nova.context.set_target_cell..get_or_set_cached_cell_and_set_connections" :: waited 0.000s {{(pid=117895) inner /usr/local/lib/python3.8/dist-packages/oslo_concurrency/lockutils.py:386}}
Mar 02 09:09:41.922989 dv-neutron-831490-1-hyperv devstack@n-api.service[117895]: DEBUG oslo_concurrency.lockutils [req-423341bc-84fe-4d43-b3f9-36e57f775a5c req-96514c57-95b2-4c99-9612-8d8e05b63357 service nova] Lock "91b1ff88-c267-4a9f-adac-67e30fbba88c" "released" by "nova.context.set_target_cell..get_or_set_cached_cell_and_set_connections" :: held 0.001s {{(pid=117895) inner /usr/local/lib/python3.8/dist-packages/oslo_concurrency/lockutils.py:400}}
Mar 02 09:09:41.936577 dv-neutron-831490-1-hyperv devstack@n-api.service[117895]: INFO nova.api.openstack.compute.server_external_events [req-423341bc-84fe-4d43-b3f9-36e57f775a5c req-96514c57-95b2-4c99-9612-8d8e05b63357 service nova] Creating event network-vif-deleted:9ff9717b-05aa-419d-8202-177b8530670f for instance 64d52c2d-f991-430c-82cf-d6045f60e240 on hv-neutron-8314
Mar 02 09:09:41.942674 dv-neutron-831490-1-hyperv devstack@n-api.service[117895]: INFO nova.api.openstack.requestlog [req-423341bc-84fe-4d43-b3f9-36e57f775a5c req-96514c57-95b2-4c99-9612-8d8e05b63357 service nova] 10.222.0.45 "POST /compute/v2.1/os-server-external-events" status: 200 len: 183 microversion: 2.1 time: 0.231078
Mar 02 09:09:41.943938 dv-neutron-831490-1-hyperv devstack@n-api.service[117895]: [pid: 117895|app: 0|req: 134/262] 10.222.0.45 () {64 vars in 1317 bytes} [Wed Mar 2 09:09:41 2022] POST /compute/v2.1/os-server-external-events => generated 183 bytes in 233 msecs (HTTP/1.1 200) 9 headers in 357 bytes (1 switches on core 0)
Mar 02 09:09:42.371484 dv-neutron-831490-1-hyperv devstack@n-api.service[117894]: DEBUG nova.api.openstack.wsgi [None req-a8eeaf59-cfad-4175-a03f-70e58052fe07 tempest-TestNetworkBasicOps-852663306 tempest-TestNetworkBasicOps-852663306-project] Calling method '>' {{(pid=117894) _process_stack /opt/stack/nova/nova/api/openstack/wsgi.py:513}}
Mar 02 09:09:42.378988 dv-neutron-831490-1-hyperv devstack@n-api.service[117894]: DEBUG nova.compute.api [None req-a8eeaf59-cfad-4175-a03f-70e58052fe07 tempest-TestNetworkBasicOps-852663306 tempest-TestNetworkBasicOps-852663306-project] [instance: 1691ee2e-1c18-4837-9439-df3725ef82f8] Fetching instance by UUID {{(pid=117894) get /opt/stack/nova/nova/compute/api.py:2918}}
Mar 02 09:09:42.396337 dv-neutron-831490-1-hyperv devstack@n-api.service[117894]: DEBUG oslo_concurrency.lockutils [None req-a8eeaf59-cfad-4175-a03f-70e58052fe07 tempest-TestNetworkBasicOps-852663306 tempest-TestNetworkBasicOps-852663306-project] Lock "91b1ff88-c267-4a9f-adac-67e30fbba88c" acquired by "nova.context.set_target_cell..get_or_set_cached_cell_and_set_connections" :: waited 0.000s {{(pid=117894) inner /usr/local/lib/python3.8/dist-packages/oslo_concurrency/lockutils.py:386}}
Mar 02 09:09:42.396742 dv-neutron-831490-1-hyperv devstack@n-api.service[117894]: DEBUG oslo_concurrency.lockutils [None req-a8eeaf59-cfad-4175-a03f-70e58052fe07 tempest-TestNetworkBasicOps-852663306 tempest-TestNetworkBasicOps-852663306-project] Lock "91b1ff88-c267-4a9f-adac-67e30fbba88c" "released" by "nova.context.set_target_cell..get_or_set_cached_cell_and_set_connections" :: held 0.001s {{(pid=117894) inner /usr/local/lib/python3.8/dist-packages/oslo_concurrency/lockutils.py:400}}
Mar 02 09:09:42.397549 dv-neutron-831490-1-hyperv devstack@n-api.service[117894]: DEBUG oslo_concurrency.lockutils [None req-a8eeaf59-cfad-4175-a03f-70e58052fe07 tempest-TestNetworkBasicOps-852663306 tempest-TestNetworkBasicOps-852663306-project] Lock "91b1ff88-c267-4a9f-adac-67e30fbba88c" acquired by "nova.context.set_target_cell..get_or_set_cached_cell_and_set_connections" :: waited 0.000s {{(pid=117894) inner /usr/local/lib/python3.8/dist-packages/oslo_concurrency/lockutils.py:386}}
Mar 02 09:09:42.400227 dv-neutron-831490-1-hyperv devstack@n-api.service[117894]: DEBUG oslo_concurrency.lockutils [None req-a8eeaf59-cfad-4175-a03f-70e58052fe07 tempest-TestNetworkBasicOps-852663306 tempest-TestNetworkBasicOps-852663306-project] Lock "91b1ff88-c267-4a9f-adac-67e30fbba88c" "released" by "nova.context.set_target_cell..get_or_set_cached_cell_and_set_connections" :: held 0.003s {{(pid=117894) inner /usr/local/lib/python3.8/dist-packages/oslo_concurrency/lockutils.py:400}}
Mar 02 09:09:42.504400 dv-neutron-831490-1-hyperv devstack@n-api.service[117895]: DEBUG nova.api.openstack.wsgi [None req-41e6abaa-b31d-46a8-9f09-334e856bd968 tempest-ServerActionsTestJSON-186086245 tempest-ServerActionsTestJSON-186086245-project] Calling method '>' {{(pid=117895) _process_stack /opt/stack/nova/nova/api/openstack/wsgi.py:513}}
Mar 02 09:09:42.505064 dv-neutron-831490-1-hyperv devstack@n-api.service[117895]: DEBUG nova.compute.api [None req-41e6abaa-b31d-46a8-9f09-334e856bd968 tempest-ServerActionsTestJSON-186086245 tempest-ServerActionsTestJSON-186086245-project] [instance: 64d52c2d-f991-430c-82cf-d6045f60e240] Fetching instance by UUID {{(pid=117895) get /opt/stack/nova/nova/compute/api.py:2918}}
Mar 02 09:09:42.512320 dv-neutron-831490-1-hyperv devstack@n-api.service[117895]: DEBUG oslo_concurrency.lockutils [None req-41e6abaa-b31d-46a8-9f09-334e856bd968 tempest-ServerActionsTestJSON-186086245 tempest-ServerActionsTestJSON-186086245-project] Lock "91b1ff88-c267-4a9f-adac-67e30fbba88c" acquired by "nova.context.set_target_cell..get_or_set_cached_cell_and_set_connections" :: waited 0.000s {{(pid=117895) inner /usr/local/lib/python3.8/dist-packages/oslo_concurrency/lockutils.py:386}}
Mar 02 09:09:42.513432 dv-neutron-831490-1-hyperv devstack@n-api.service[117895]: DEBUG oslo_concurrency.lockutils [None req-41e6abaa-b31d-46a8-9f09-334e856bd968 tempest-ServerActionsTestJSON-186086245 tempest-ServerActionsTestJSON-186086245-project] Lock "91b1ff88-c267-4a9f-adac-67e30fbba88c" "released" by "nova.context.set_target_cell..get_or_set_cached_cell_and_set_connections" :: held 0.001s {{(pid=117895) inner /usr/local/lib/python3.8/dist-packages/oslo_concurrency/lockutils.py:400}}
Mar 02 09:09:42.514236 dv-neutron-831490-1-hyperv devstack@n-api.service[117895]: DEBUG oslo_concurrency.lockutils [None req-41e6abaa-b31d-46a8-9f09-334e856bd968 tempest-ServerActionsTestJSON-186086245 tempest-ServerActionsTestJSON-186086245-project] Lock "91b1ff88-c267-4a9f-adac-67e30fbba88c" acquired by "nova.context.set_target_cell..get_or_set_cached_cell_and_set_connections" :: waited 0.000s {{(pid=117895) inner /usr/local/lib/python3.8/dist-packages/oslo_concurrency/lockutils.py:386}}
Mar 02 09:09:42.514677 dv-neutron-831490-1-hyperv devstack@n-api.service[117895]: DEBUG oslo_concurrency.lockutils [None req-41e6abaa-b31d-46a8-9f09-334e856bd968 tempest-ServerActionsTestJSON-186086245 tempest-ServerActionsTestJSON-186086245-project] Lock "91b1ff88-c267-4a9f-adac-67e30fbba88c" "released" by "nova.context.set_target_cell..get_or_set_cached_cell_and_set_connections" :: held 0.000s {{(pid=117895) inner /usr/local/lib/python3.8/dist-packages/oslo_concurrency/lockutils.py:400}}
Mar 02 09:09:42.528690 dv-neutron-831490-1-hyperv devstack@n-api.service[117895]: INFO nova.api.openstack.wsgi [None req-41e6abaa-b31d-46a8-9f09-334e856bd968 tempest-ServerActionsTestJSON-186086245 tempest-ServerActionsTestJSON-186086245-project] HTTP exception thrown: Instance 64d52c2d-f991-430c-82cf-d6045f60e240 could not be found.
Mar 02 09:09:42.529579 dv-neutron-831490-1-hyperv devstack@n-api.service[117895]: DEBUG nova.api.openstack.wsgi [None req-41e6abaa-b31d-46a8-9f09-334e856bd968 tempest-ServerActionsTestJSON-186086245 tempest-ServerActionsTestJSON-186086245-project] Returning 404 to user: Instance 64d52c2d-f991-430c-82cf-d6045f60e240 could not be found. {{(pid=117895) __call__ /opt/stack/nova/nova/api/openstack/wsgi.py:936}}
Mar 02 09:09:42.530603 dv-neutron-831490-1-hyperv devstack@n-api.service[117895]: INFO nova.api.openstack.requestlog [None req-41e6abaa-b31d-46a8-9f09-334e856bd968 tempest-ServerActionsTestJSON-186086245 tempest-ServerActionsTestJSON-186086245-project] 10.222.0.45 "GET /compute/v2.1/servers/64d52c2d-f991-430c-82cf-d6045f60e240" status: 404 len: 111 microversion: 2.1 time: 0.030580
Mar 02 09:09:42.531647 dv-neutron-831490-1-hyperv devstack@n-api.service[117895]: [pid: 117895|app: 0|req: 135/263] 10.222.0.45 () {58 vars in 1235 bytes} [Wed Mar 2 09:09:42 2022] GET /compute/v2.1/servers/64d52c2d-f991-430c-82cf-d6045f60e240 => generated 111 bytes in 32 msecs (HTTP/1.1 404) 9 headers in 379 bytes (2 switches on core 0)
Mar 02 09:09:42.554947 dv-neutron-831490-1-hyperv devstack@n-api.service[117895]: DEBUG nova.api.openstack.wsgi [None req-ac8a7e3b-c224-4b36-82c3-b05a45160661 tempest-ServerActionsTestJSON-186086245 tempest-ServerActionsTestJSON-186086245-project] Calling method '.version_select at 0x7fe86eb349d0>' {{(pid=117895) _process_stack /opt/stack/nova/nova/api/openstack/wsgi.py:513}}
Mar 02 09:09:42.588642 dv-neutron-831490-1-hyperv devstack@n-api.service[117895]: INFO nova.api.openstack.requestlog [None req-ac8a7e3b-c224-4b36-82c3-b05a45160661 tempest-ServerActionsTestJSON-186086245 tempest-ServerActionsTestJSON-186086245-project] 10.222.0.45 "DELETE /compute/v2.1/os-keypairs/tempest-keypair-984659151" status: 202 len: 0 microversion: 2.1 time: 0.052764
Mar 02 09:09:42.589550 dv-neutron-831490-1-hyperv devstack@n-api.service[117895]: [pid: 117895|app: 0|req: 136/264] 10.222.0.45 () {58 vars in 1217 bytes} [Wed Mar 2 09:09:42 2022] DELETE /compute/v2.1/os-keypairs/tempest-keypair-984659151 => generated 0 bytes in 54 msecs (HTTP/1.1 202) 9 headers in 361 bytes (1 switches on core 0)
Mar 02 09:09:42.877581 dv-neutron-831490-1-hyperv devstack@n-api.service[117894]: DEBUG nova.policy [None req-a8eeaf59-cfad-4175-a03f-70e58052fe07 tempest-TestNetworkBasicOps-852663306 tempest-TestNetworkBasicOps-852663306-project] Policy check for os_compute_api:os-extended-server-attributes failed with credentials {'is_admin': False, 'user_id': '2cdaeecf3d0f4b5087a7596cad25c75f', 'user_domain_id': 'default', 'system_scope': None, 'domain_id': None, 'project_id': '5ce29334f25e41fcb0e32424479f0e86', 'project_domain_id': 'default', 'roles': ['reader', 'member'], 'is_admin_project': True, 'service_user_id': None, 'service_user_domain_id': None, 'service_project_id': None, 'service_project_domain_id': None, 'service_roles': []} {{(pid=117894) authorize /opt/stack/nova/nova/policy.py:199}}
Mar 02 09:09:42.885903 dv-neutron-831490-1-hyperv devstack@n-api.service[117894]: INFO nova.api.openstack.requestlog [None req-a8eeaf59-cfad-4175-a03f-70e58052fe07 tempest-TestNetworkBasicOps-852663306 tempest-TestNetworkBasicOps-852663306-project] 10.222.0.45 "GET /compute/v2.1/servers/1691ee2e-1c18-4837-9439-df3725ef82f8" status: 200 len: 1373 microversion: 2.1 time: 0.518281
Mar 02 09:09:42.889600 dv-neutron-831490-1-hyperv devstack@n-api.service[117894]: [pid: 117894|app: 0|req: 129/265] 10.222.0.45 () {58 vars in 1235 bytes} [Wed Mar 2 09:09:42 2022] GET /compute/v2.1/servers/1691ee2e-1c18-4837-9439-df3725ef82f8 => generated 1373 bytes in 523 msecs (HTTP/1.1 200) 9 headers in 358 bytes (1 switches on core 0)
Mar 02 09:09:43.907490 dv-neutron-831490-1-hyperv devstack@n-api.service[117895]: DEBUG nova.api.openstack.wsgi [None req-c48c57f3-5706-4876-8ae4-74347697e137 tempest-TestNetworkBasicOps-852663306 tempest-TestNetworkBasicOps-852663306-project] Calling method '>' {{(pid=117895) _process_stack /opt/stack/nova/nova/api/openstack/wsgi.py:513}}
Mar 02 09:09:43.908935 dv-neutron-831490-1-hyperv devstack@n-api.service[117895]: DEBUG nova.compute.api [None req-c48c57f3-5706-4876-8ae4-74347697e137 tempest-TestNetworkBasicOps-852663306 tempest-TestNetworkBasicOps-852663306-project] [instance: 1691ee2e-1c18-4837-9439-df3725ef82f8] Fetching instance by UUID {{(pid=117895) get /opt/stack/nova/nova/compute/api.py:2918}}
Mar 02 09:09:43.923998 dv-neutron-831490-1-hyperv devstack@n-api.service[117895]: DEBUG oslo_concurrency.lockutils [None req-c48c57f3-5706-4876-8ae4-74347697e137 tempest-TestNetworkBasicOps-852663306 tempest-TestNetworkBasicOps-852663306-project] Lock "91b1ff88-c267-4a9f-adac-67e30fbba88c" acquired by "nova.context.set_target_cell..get_or_set_cached_cell_and_set_connections" :: waited 0.000s {{(pid=117895) inner /usr/local/lib/python3.8/dist-packages/oslo_concurrency/lockutils.py:386}}
Mar 02 09:09:43.925542 dv-neutron-831490-1-hyperv devstack@n-api.service[117895]: DEBUG oslo_concurrency.lockutils [None req-c48c57f3-5706-4876-8ae4-74347697e137 tempest-TestNetworkBasicOps-852663306 tempest-TestNetworkBasicOps-852663306-project] Lock "91b1ff88-c267-4a9f-adac-67e30fbba88c" "released" by "nova.context.set_target_cell..get_or_set_cached_cell_and_set_connections" :: held 0.002s {{(pid=117895) inner /usr/local/lib/python3.8/dist-packages/oslo_concurrency/lockutils.py:400}}
Mar 02 09:09:43.930746 dv-neutron-831490-1-hyperv devstack@n-api.service[117895]: DEBUG oslo_concurrency.lockutils [None req-c48c57f3-5706-4876-8ae4-74347697e137 tempest-TestNetworkBasicOps-852663306 tempest-TestNetworkBasicOps-852663306-project] Lock "91b1ff88-c267-4a9f-adac-67e30fbba88c" acquired by "nova.context.set_target_cell..get_or_set_cached_cell_and_set_connections" :: waited 0.000s {{(pid=117895) inner /usr/local/lib/python3.8/dist-packages/oslo_concurrency/lockutils.py:386}}
Mar 02 09:09:43.932206 dv-neutron-831490-1-hyperv devstack@n-api.service[117895]: DEBUG oslo_concurrency.lockutils [None req-c48c57f3-5706-4876-8ae4-74347697e137 tempest-TestNetworkBasicOps-852663306 tempest-TestNetworkBasicOps-852663306-project] Lock "91b1ff88-c267-4a9f-adac-67e30fbba88c" "released" by "nova.context.set_target_cell..get_or_set_cached_cell_and_set_connections" :: held 0.001s {{(pid=117895) inner /usr/local/lib/python3.8/dist-packages/oslo_concurrency/lockutils.py:400}}
Mar 02 09:09:44.219428 dv-neutron-831490-1-hyperv devstack@n-api.service[117894]: DEBUG nova.api.openstack.wsgi [req-aee51d82-2b99-452a-8fab-3ea5a3205680 req-e109b778-9f45-4d1b-b71a-c1686d43e6f9 service nova] Action: 'create', calling method: >, body: {"events": [{"name": "network-changed", "server_uuid": "1691ee2e-1c18-4837-9439-df3725ef82f8", "tag": "24885f41-3a28-4e90-b5af-aa1daae0a218"}]} {{(pid=117894) _process_stack /opt/stack/nova/nova/api/openstack/wsgi.py:511}}
