Mar 04 18:17:58.777066 dv-neutron-831409-7-hyperv devstack@placement-api.service[111250]: DEBUG placement.objects.research_context [req-df4e0d29-a2f0-41e2-871a-a9f6aa6448bd req-296347f7-c7eb-409d-b7d4-83f18c4d624e service placement] found 1 providers with available 1 DISK_GB {{(pid=111250) get_provider_ids_matching /opt/stack/placement/placement/objects/research_context.py:559}}
Mar 04 18:17:58.777347 dv-neutron-831409-7-hyperv devstack@placement-api.service[111250]: DEBUG placement.objects.research_context [req-df4e0d29-a2f0-41e2-871a-a9f6aa6448bd req-296347f7-c7eb-409d-b7d4-83f18c4d624e service placement] found 1 providers with available 1024 MEMORY_MB {{(pid=111250) get_provider_ids_matching /opt/stack/placement/placement/objects/research_context.py:559}}
Mar 04 18:17:58.777618 dv-neutron-831409-7-hyperv devstack@placement-api.service[111250]: DEBUG placement.objects.research_context [req-df4e0d29-a2f0-41e2-871a-a9f6aa6448bd req-296347f7-c7eb-409d-b7d4-83f18c4d624e service placement] found 1 providers after filtering by previous result {{(pid=111250) get_provider_ids_matching /opt/stack/placement/placement/objects/research_context.py:590}}
Mar 04 18:17:58.778003 dv-neutron-831409-7-hyperv devstack@placement-api.service[111250]: DEBUG placement.objects.research_context [req-df4e0d29-a2f0-41e2-871a-a9f6aa6448bd req-296347f7-c7eb-409d-b7d4-83f18c4d624e service placement] found 1 providers with available 1 VCPU {{(pid=111250) get_provider_ids_matching /opt/stack/placement/placement/objects/research_context.py:559}}
Mar 04 18:17:58.778144 dv-neutron-831409-7-hyperv devstack@placement-api.service[111250]: DEBUG placement.objects.research_context [req-df4e0d29-a2f0-41e2-871a-a9f6aa6448bd req-296347f7-c7eb-409d-b7d4-83f18c4d624e service placement] found 1 providers after filtering by previous result {{(pid=111250) get_provider_ids_matching /opt/stack/placement/placement/objects/research_context.py:590}}
Mar 04 18:17:58.787398 dv-neutron-831409-7-hyperv devstack@placement-api.service[111250]: DEBUG placement.objects.allocation_candidate [req-df4e0d29-a2f0-41e2-871a-a9f6aa6448bd req-296347f7-c7eb-409d-b7d4-83f18c4d624e service placement] RequestGroup(use_same_provider=False, resources={DISK_GB:1, MEMORY_MB:1024, VCPU:1}, traits=(), aggregates=[]) (suffix '') returned 1 matches {{(pid=111250) _get_by_requests /opt/stack/placement/placement/objects/allocation_candidate.py:156}}
Mar 04 18:17:58.792610 dv-neutron-831409-7-hyperv devstack@placement-api.service[111250]: DEBUG placement.objects.allocation_candidate [req-df4e0d29-a2f0-41e2-871a-a9f6aa6448bd req-296347f7-c7eb-409d-b7d4-83f18c4d624e service placement] Merging candidates yields 1 allocation requests and 1 provider summaries {{(pid=111250) _merge_candidates /opt/stack/placement/placement/objects/allocation_candidate.py:809}}
Mar 04 18:17:58.792610 dv-neutron-831409-7-hyperv devstack@placement-api.service[111250]: INFO placement.requestlog [req-df4e0d29-a2f0-41e2-871a-a9f6aa6448bd req-296347f7-c7eb-409d-b7d4-83f18c4d624e service placement] 10.222.0.15 "GET /placement/allocation_candidates?limit=1000&resources=DISK_GB%3A1%2CMEMORY_MB%3A1024%2CVCPU%3A1&root_required=%21COMPUTE_STATUS_DISABLED" status: 200 len: 764 microversion: 1.36
Mar 04 18:17:58.792610 dv-neutron-831409-7-hyperv devstack@placement-api.service[111250]: [pid: 111250|app: 0|req: 159/317] 10.222.0.15 () {60 vars in 1506 bytes} [Fri Mar 4 18:17:58 2022] GET /placement/allocation_candidates?limit=1000&resources=DISK_GB%3A1%2CMEMORY_MB%3A1024%2CVCPU%3A1&root_required=%21COMPUTE_STATUS_DISABLED => generated 764 bytes in 61 msecs (HTTP/1.1 200) 8 headers in 296 bytes (1 switches on core 0)
Mar 04 18:17:58.822826 dv-neutron-831409-7-hyperv devstack@placement-api.service[111251]: DEBUG placement.requestlog [req-df4e0d29-a2f0-41e2-871a-a9f6aa6448bd req-6445e02b-bfae-4b76-8441-7e856ff48cc8 None None] Starting request: 10.222.0.15 "GET /placement/allocations/371ae9fc-f909-4cde-ad4b-f71a372b584d" {{(pid=111251) __call__ /opt/stack/placement/placement/requestlog.py:55}}
Mar 04 18:17:58.833077 dv-neutron-831409-7-hyperv devstack@placement-api.service[111251]: INFO placement.requestlog [req-df4e0d29-a2f0-41e2-871a-a9f6aa6448bd req-6445e02b-bfae-4b76-8441-7e856ff48cc8 service placement] 10.222.0.15 "GET /placement/allocations/371ae9fc-f909-4cde-ad4b-f71a372b584d" status: 200 len: 19 microversion: 1.28
Mar 04 18:17:58.838521 dv-neutron-831409-7-hyperv devstack@placement-api.service[111251]: [pid: 111251|app: 0|req: 159/318] 10.222.0.15 () {60 vars in 1380 bytes} [Fri Mar 4 18:17:58 2022] GET /placement/allocations/371ae9fc-f909-4cde-ad4b-f71a372b584d => generated 19 bytes in 11 msecs (HTTP/1.1 200) 8 headers in 295 bytes (1 switches on core 0)
Mar 04 18:17:58.840144 dv-neutron-831409-7-hyperv devstack@placement-api.service[111250]: DEBUG placement.requestlog [req-df4e0d29-a2f0-41e2-871a-a9f6aa6448bd req-057470ea-403c-444d-8fb3-a39ea2883ba7 None None] Starting request: 10.222.0.15 "PUT /placement/allocations/371ae9fc-f909-4cde-ad4b-f71a372b584d" {{(pid=111250) __call__ /opt/stack/placement/placement/requestlog.py:55}}
Mar 04 18:17:59.078358 dv-neutron-831409-7-hyperv devstack@placement-api.service[111250]: DEBUG placement.handlers.allocation [req-df4e0d29-a2f0-41e2-871a-a9f6aa6448bd req-057470ea-403c-444d-8fb3-a39ea2883ba7 service placement] Successfully wrote allocations [, , ] {{(pid=111250) _update_consumers_and_create_allocations /opt/stack/placement/placement/handlers/allocation.py:462}}
Mar 04 18:17:59.125421 dv-neutron-831409-7-hyperv devstack@placement-api.service[111250]: INFO placement.requestlog [req-df4e0d29-a2f0-41e2-871a-a9f6aa6448bd req-057470ea-403c-444d-8fb3-a39ea2883ba7 service placement] 10.222.0.15 "PUT /placement/allocations/371ae9fc-f909-4cde-ad4b-f71a372b584d" status: 204 len: 0 microversion: 1.36
Mar 04 18:17:59.125804 dv-neutron-831409-7-hyperv devstack@placement-api.service[111250]: [pid: 111250|app: 0|req: 160/319] 10.222.0.15 () {64 vars in 1433 bytes} [Fri Mar 4 18:17:58 2022] PUT /placement/allocations/371ae9fc-f909-4cde-ad4b-f71a372b584d => generated 0 bytes in 286 msecs (HTTP/1.1 204) 5 headers in 199 bytes (1 switches on core 0)
Mar 04 18:18:00.027742 dv-neutron-831409-7-hyperv devstack@placement-api.service[111251]: DEBUG placement.requestlog [req-df4e0d29-a2f0-41e2-871a-a9f6aa6448bd req-d91a79a0-ad55-4f0e-aa50-8499178e50b6 None None] Starting request: 10.222.0.20 "GET /placement/allocations/371ae9fc-f909-4cde-ad4b-f71a372b584d" {{(pid=111251) __call__ /opt/stack/placement/placement/requestlog.py:55}}
Mar 04 18:18:00.042107 dv-neutron-831409-7-hyperv devstack@placement-api.service[111251]: INFO placement.requestlog [req-df4e0d29-a2f0-41e2-871a-a9f6aa6448bd req-d91a79a0-ad55-4f0e-aa50-8499178e50b6 service placement] 10.222.0.20 "GET /placement/allocations/371ae9fc-f909-4cde-ad4b-f71a372b584d" status: 200 len: 259 microversion: 1.28
Mar 04 18:18:00.042432 dv-neutron-831409-7-hyperv devstack@placement-api.service[111251]: [pid: 111251|app: 0|req: 160/320] 10.222.0.20 () {60 vars in 1377 bytes} [Fri Mar 4 18:18:00 2022] GET /placement/allocations/371ae9fc-f909-4cde-ad4b-f71a372b584d => generated 259 bytes in 15 msecs (HTTP/1.1 200) 8 headers in 296 bytes (1 switches on core 0)
Mar 04 18:18:52.324018 dv-neutron-831409-7-hyperv devstack@placement-api.service[111250]: DEBUG placement.requestlog [req-673c1f68-9329-4a60-89fc-cdc301194689 req-3bf2b645-b582-4b3d-956a-f583a78bc36d None None] Starting request: 10.222.0.20 "GET /placement/resource_providers/4b1117cf-6715-4fa3-8ba4-e8bf8612db83/allocations" {{(pid=111250) __call__ /opt/stack/placement/placement/requestlog.py:55}}
Mar 04 18:18:52.343079 dv-neutron-831409-7-hyperv devstack@placement-api.service[111250]: INFO placement.requestlog [req-673c1f68-9329-4a60-89fc-cdc301194689 req-3bf2b645-b582-4b3d-956a-f583a78bc36d service placement] 10.222.0.20 "GET /placement/resource_providers/4b1117cf-6715-4fa3-8ba4-e8bf8612db83/allocations" status: 200 len: 154 microversion: 1.0
Mar 04 18:18:52.343532 dv-neutron-831409-7-hyperv devstack@placement-api.service[111250]: [pid: 111250|app: 0|req: 161/321] 10.222.0.20 () {58 vars in 1390 bytes} [Fri Mar 4 18:18:52 2022] GET /placement/resource_providers/4b1117cf-6715-4fa3-8ba4-e8bf8612db83/allocations => generated 154 bytes in 20 msecs (HTTP/1.1 200) 6 headers in 224 bytes (1 switches on core 0)
Mar 04 18:19:53.705920 dv-neutron-831409-7-hyperv devstack@placement-api.service[111251]: DEBUG placement.requestlog [req-2d689c67-a9b6-4a4d-8066-fb41128315d0 req-fd4fe343-9236-40dd-b460-4b5e52cbd53d None None] Starting request: 10.222.0.20 "DELETE /placement/allocations/371ae9fc-f909-4cde-ad4b-f71a372b584d" {{(pid=111251) __call__ /opt/stack/placement/placement/requestlog.py:55}}
Mar 04 18:19:53.832328 dv-neutron-831409-7-hyperv devstack@placement-api.service[111251]: DEBUG placement.handlers.allocation [req-2d689c67-a9b6-4a4d-8066-fb41128315d0 req-fd4fe343-9236-40dd-b460-4b5e52cbd53d service placement] Successfully deleted allocations [, , ] {{(pid=111251) delete_allocations /opt/stack/placement/placement/handlers/allocation.py:627}}
Mar 04 18:19:53.832824 dv-neutron-831409-7-hyperv devstack@placement-api.service[111251]: INFO placement.requestlog [req-2d689c67-a9b6-4a4d-8066-fb41128315d0 req-fd4fe343-9236-40dd-b460-4b5e52cbd53d service placement] 10.222.0.20 "DELETE /placement/allocations/371ae9fc-f909-4cde-ad4b-f71a372b584d" status: 204 len: 0 microversion: 1.0
Mar 04 18:19:53.833175 dv-neutron-831409-7-hyperv devstack@placement-api.service[111251]: [pid: 111251|app: 0|req: 161/322] 10.222.0.20 () {60 vars in 1355 bytes} [Fri Mar 4 18:19:53 2022] DELETE /placement/allocations/371ae9fc-f909-4cde-ad4b-f71a372b584d => generated 0 bytes in 128 msecs (HTTP/1.1 204) 5 headers in 198 bytes (1 switches on core 0)
Mar 04 18:19:54.296033 dv-neutron-831409-7-hyperv devstack@placement-api.service[111250]: DEBUG placement.requestlog [req-d9b0f6d6-3296-484e-ac31-fb4ad8f3456d req-f5c8d463-a0d0-44b0-9ad9-18667dae181a None None] Starting request: 10.222.0.20 "GET /placement/resource_providers/4b1117cf-6715-4fa3-8ba4-e8bf8612db83/allocations" {{(pid=111250) __call__ /opt/stack/placement/placement/requestlog.py:55}}
Mar 04 18:19:54.311757 dv-neutron-831409-7-hyperv devstack@placement-api.service[111250]: INFO placement.requestlog [req-d9b0f6d6-3296-484e-ac31-fb4ad8f3456d req-f5c8d463-a0d0-44b0-9ad9-18667dae181a service placement] 10.222.0.20 "GET /placement/resource_providers/4b1117cf-6715-4fa3-8ba4-e8bf8612db83/allocations" status: 200 len: 55 microversion: 1.0
Mar 04 18:19:54.312084 dv-neutron-831409-7-hyperv devstack@placement-api.service[111250]: [pid: 111250|app: 0|req: 162/323] 10.222.0.20 () {58 vars in 1390 bytes} [Fri Mar 4 18:19:54 2022] GET /placement/resource_providers/4b1117cf-6715-4fa3-8ba4-e8bf8612db83/allocations => generated 55 bytes in 16 msecs (HTTP/1.1 200) 6 headers in 223 bytes (1 switches on core 0)
Mar 04 18:20:16.045303 dv-neutron-831409-7-hyperv devstack@placement-api.service[111251]: DEBUG placement.requestlog [req-ac046338-71dd-44b2-a52a-12e4a9d80d84 req-b9af62c9-9155-4831-8936-53e54dc1f6eb None None] Starting request: 10.222.0.15 "GET /placement/allocation_candidates?limit=1000&resources=DISK_GB%3A1%2CMEMORY_MB%3A1024%2CVCPU%3A1&root_required=%21COMPUTE_STATUS_DISABLED" {{(pid=111251) __call__ /opt/stack/placement/placement/requestlog.py:55}}
Mar 04 18:20:16.216762 dv-neutron-831409-7-hyperv devstack@placement-api.service[111251]: DEBUG placement.objects.research_context [req-ac046338-71dd-44b2-a52a-12e4a9d80d84 req-b9af62c9-9155-4831-8936-53e54dc1f6eb service placement] getting providers with 1 DISK_GB {{(pid=111251) __init__ /opt/stack/placement/placement/objects/research_context.py:136}}
Mar 04 18:20:16.223289 dv-neutron-831409-7-hyperv devstack@placement-api.service[111251]: DEBUG placement.objects.research_context [req-ac046338-71dd-44b2-a52a-12e4a9d80d84 req-b9af62c9-9155-4831-8936-53e54dc1f6eb service placement] getting providers with 1024 MEMORY_MB {{(pid=111251) __init__ /opt/stack/placement/placement/objects/research_context.py:136}}
Mar 04 18:20:16.228634 dv-neutron-831409-7-hyperv devstack@placement-api.service[111251]: DEBUG placement.objects.research_context [req-ac046338-71dd-44b2-a52a-12e4a9d80d84 req-b9af62c9-9155-4831-8936-53e54dc1f6eb service placement] getting providers with 1 VCPU {{(pid=111251) __init__ /opt/stack/placement/placement/objects/research_context.py:136}}
Mar 04 18:20:16.235084 dv-neutron-831409-7-hyperv devstack@placement-api.service[111251]: DEBUG placement.objects.research_context [req-ac046338-71dd-44b2-a52a-12e4a9d80d84 req-b9af62c9-9155-4831-8936-53e54dc1f6eb service placement] found 1 providers with available 1 DISK_GB {{(pid=111251) get_provider_ids_matching /opt/stack/placement/placement/objects/research_context.py:559}}
Mar 04 18:20:16.235518 dv-neutron-831409-7-hyperv devstack@placement-api.service[111251]: DEBUG placement.objects.research_context [req-ac046338-71dd-44b2-a52a-12e4a9d80d84 req-b9af62c9-9155-4831-8936-53e54dc1f6eb service placement] found 1 providers with available 1024 MEMORY_MB {{(pid=111251) get_provider_ids_matching /opt/stack/placement/placement/objects/research_context.py:559}}
Mar 04 18:20:16.235696 dv-neutron-831409-7-hyperv devstack@placement-api.service[111251]: DEBUG placement.objects.research_context [req-ac046338-71dd-44b2-a52a-12e4a9d80d84 req-b9af62c9-9155-4831-8936-53e54dc1f6eb service placement] found 1 providers after filtering by previous result {{(pid=111251) get_provider_ids_matching /opt/stack/placement/placement/objects/research_context.py:590}}
Mar 04 18:20:16.236013 dv-neutron-831409-7-hyperv devstack@placement-api.service[111251]: DEBUG placement.objects.research_context [req-ac046338-71dd-44b2-a52a-12e4a9d80d84 req-b9af62c9-9155-4831-8936-53e54dc1f6eb service placement] found 1 providers with available 1 VCPU {{(pid=111251) get_provider_ids_matching /opt/stack/placement/placement/objects/research_context.py:559}}
Mar 04 18:20:16.236178 dv-neutron-831409-7-hyperv devstack@placement-api.service[111251]: DEBUG placement.objects.research_context [req-ac046338-71dd-44b2-a52a-12e4a9d80d84 req-b9af62c9-9155-4831-8936-53e54dc1f6eb service placement] found 1 providers after filtering by previous result {{(pid=111251) get_provider_ids_matching /opt/stack/placement/placement/objects/research_context.py:590}}
Mar 04 18:20:16.247229 dv-neutron-831409-7-hyperv devstack@placement-api.service[111251]: DEBUG placement.objects.allocation_candidate [req-ac046338-71dd-44b2-a52a-12e4a9d80d84 req-b9af62c9-9155-4831-8936-53e54dc1f6eb service placement] RequestGroup(use_same_provider=False, resources={DISK_GB:1, MEMORY_MB:1024, VCPU:1}, traits=(), aggregates=[]) (suffix '') returned 1 matches {{(pid=111251) _get_by_requests /opt/stack/placement/placement/objects/allocation_candidate.py:156}}
Mar 04 18:20:16.247602 dv-neutron-831409-7-hyperv devstack@placement-api.service[111251]: DEBUG placement.objects.allocation_candidate [req-ac046338-71dd-44b2-a52a-12e4a9d80d84 req-b9af62c9-9155-4831-8936-53e54dc1f6eb service placement] Merging candidates yields 1 allocation requests and 1 provider summaries {{(pid=111251) _merge_candidates /opt/stack/placement/placement/objects/allocation_candidate.py:809}}
Mar 04 18:20:16.249218 dv-neutron-831409-7-hyperv devstack@placement-api.service[111251]: INFO placement.requestlog [req-ac046338-71dd-44b2-a52a-12e4a9d80d84 req-b9af62c9-9155-4831-8936-53e54dc1f6eb service placement] 10.222.0.15 "GET /placement/allocation_candidates?limit=1000&resources=DISK_GB%3A1%2CMEMORY_MB%3A1024%2CVCPU%3A1&root_required=%21COMPUTE_STATUS_DISABLED" status: 200 len: 764 microversion: 1.36
Mar 04 18:20:16.251030 dv-neutron-831409-7-hyperv devstack@placement-api.service[111251]: [pid: 111251|app: 0|req: 162/324] 10.222.0.15 () {60 vars in 1506 bytes} [Fri Mar 4 18:20:16 2022] GET /placement/allocation_candidates?limit=1000&resources=DISK_GB%3A1%2CMEMORY_MB%3A1024%2CVCPU%3A1&root_required=%21COMPUTE_STATUS_DISABLED => generated 764 bytes in 207 msecs (HTTP/1.1 200) 8 headers in 296 bytes (1 switches on core 0)
Mar 04 18:20:16.298273 dv-neutron-831409-7-hyperv devstack@placement-api.service[111250]: DEBUG placement.requestlog [req-ac046338-71dd-44b2-a52a-12e4a9d80d84 req-db93312a-5f0a-438a-81e2-d80d35bfc5a1 None None] Starting request: 10.222.0.15 "GET /placement/allocations/47a3348f-1434-4b62-93ca-f4a587e097fb" {{(pid=111250) __call__ /opt/stack/placement/placement/requestlog.py:55}}
Mar 04 18:20:16.312835 dv-neutron-831409-7-hyperv devstack@placement-api.service[111250]: INFO placement.requestlog [req-ac046338-71dd-44b2-a52a-12e4a9d80d84 req-db93312a-5f0a-438a-81e2-d80d35bfc5a1 service placement] 10.222.0.15 "GET /placement/allocations/47a3348f-1434-4b62-93ca-f4a587e097fb" status: 200 len: 19 microversion: 1.28
Mar 04 18:20:16.313757 dv-neutron-831409-7-hyperv devstack@placement-api.service[111250]: [pid: 111250|app: 0|req: 163/325] 10.222.0.15 () {60 vars in 1380 bytes} [Fri Mar 4 18:20:16 2022] GET /placement/allocations/47a3348f-1434-4b62-93ca-f4a587e097fb => generated 19 bytes in 17 msecs (HTTP/1.1 200) 8 headers in 295 bytes (1 switches on core 0)
Mar 04 18:20:16.319390 dv-neutron-831409-7-hyperv devstack@placement-api.service[111251]: DEBUG placement.requestlog [req-ac046338-71dd-44b2-a52a-12e4a9d80d84 req-8968b1b1-6f8e-48bf-b0f4-a4bee8d0ae1c None None] Starting request: 10.222.0.15 "PUT /placement/allocations/47a3348f-1434-4b62-93ca-f4a587e097fb" {{(pid=111251) __call__ /opt/stack/placement/placement/requestlog.py:55}}
Mar 04 18:20:16.565692 dv-neutron-831409-7-hyperv devstack@placement-api.service[111251]: DEBUG placement.handlers.allocation [req-ac046338-71dd-44b2-a52a-12e4a9d80d84 req-8968b1b1-6f8e-48bf-b0f4-a4bee8d0ae1c service placement] Successfully wrote allocations [, , ] {{(pid=111251) _update_consumers_and_create_allocations /opt/stack/placement/placement/handlers/allocation.py:462}}
Mar 04 18:20:16.644026 dv-neutron-831409-7-hyperv devstack@placement-api.service[111251]: INFO placement.requestlog [req-ac046338-71dd-44b2-a52a-12e4a9d80d84 req-8968b1b1-6f8e-48bf-b0f4-a4bee8d0ae1c service placement] 10.222.0.15 "PUT /placement/allocations/47a3348f-1434-4b62-93ca-f4a587e097fb" status: 204 len: 0 microversion: 1.36
Mar 04 18:20:16.644471 dv-neutron-831409-7-hyperv devstack@placement-api.service[111251]: [pid: 111251|app: 0|req: 163/326] 10.222.0.15 () {64 vars in 1433 bytes} [Fri Mar 4 18:20:16 2022] PUT /placement/allocations/47a3348f-1434-4b62-93ca-f4a587e097fb => generated 0 bytes in 325 msecs (HTTP/1.1 204) 5 headers in 199 bytes (1 switches on core 0)
Mar 04 18:20:17.522593 dv-neutron-831409-7-hyperv devstack@placement-api.service[111250]: DEBUG placement.requestlog [req-ac046338-71dd-44b2-a52a-12e4a9d80d84 req-0b3b9716-c87b-4256-9d9a-b70133a0810a None None] Starting request: 10.222.0.20 "GET /placement/allocations/47a3348f-1434-4b62-93ca-f4a587e097fb" {{(pid=111250) __call__ /opt/stack/placement/placement/requestlog.py:55}}
Mar 04 18:20:17.539782 dv-neutron-831409-7-hyperv devstack@placement-api.service[111250]: INFO placement.requestlog [req-ac046338-71dd-44b2-a52a-12e4a9d80d84 req-0b3b9716-c87b-4256-9d9a-b70133a0810a service placement] 10.222.0.20 "GET /placement/allocations/47a3348f-1434-4b62-93ca-f4a587e097fb" status: 200 len: 259 microversion: 1.28
Mar 04 18:20:17.540699 dv-neutron-831409-7-hyperv devstack@placement-api.service[111250]: [pid: 111250|app: 0|req: 164/327] 10.222.0.20 () {60 vars in 1377 bytes} [Fri Mar 4 18:20:17 2022] GET /placement/allocations/47a3348f-1434-4b62-93ca-f4a587e097fb => generated 259 bytes in 18 msecs (HTTP/1.1 200) 8 headers in 296 bytes (1 switches on core 0)
Mar 04 18:20:55.346983 dv-neutron-831409-7-hyperv devstack@placement-api.service[111251]: DEBUG placement.requestlog [req-90d712f6-5de2-4877-9345-ad7de109fd3e req-1bb97b60-719d-45d7-ad6c-52638356fd32 None None] Starting request: 10.222.0.20 "GET /placement/resource_providers/4b1117cf-6715-4fa3-8ba4-e8bf8612db83/allocations" {{(pid=111251) __call__ /opt/stack/placement/placement/requestlog.py:55}}
Mar 04 18:20:55.440821 dv-neutron-831409-7-hyperv devstack@placement-api.service[111251]: INFO placement.requestlog [req-90d712f6-5de2-4877-9345-ad7de109fd3e req-1bb97b60-719d-45d7-ad6c-52638356fd32 service placement] 10.222.0.20 "GET /placement/resource_providers/4b1117cf-6715-4fa3-8ba4-e8bf8612db83/allocations" status: 200 len: 154 microversion: 1.0
Mar 04 18:20:55.441146 dv-neutron-831409-7-hyperv devstack@placement-api.service[111251]: [pid: 111251|app: 0|req: 164/328] 10.222.0.20 () {58 vars in 1390 bytes} [Fri Mar 4 18:20:55 2022] GET /placement/resource_providers/4b1117cf-6715-4fa3-8ba4-e8bf8612db83/allocations => generated 154 bytes in 94 msecs (HTTP/1.1 200) 6 headers in 224 bytes (1 switches on core 0)
Mar 04 18:20:55.561636 dv-neutron-831409-7-hyperv devstack@placement-api.service[111250]: DEBUG placement.requestlog [req-90d712f6-5de2-4877-9345-ad7de109fd3e req-11458da8-2163-4c49-b33f-b692128f22b3 None None] Starting request: 10.222.0.20 "GET /placement/resource_providers?in_tree=4b1117cf-6715-4fa3-8ba4-e8bf8612db83" {{(pid=111250) __call__ /opt/stack/placement/placement/requestlog.py:55}}
Mar 04 18:20:55.576140 dv-neutron-831409-7-hyperv devstack@placement-api.service[111250]: INFO placement.requestlog [req-90d712f6-5de2-4877-9345-ad7de109fd3e req-11458da8-2163-4c49-b33f-b692128f22b3 service placement] 10.222.0.20 "GET /placement/resource_providers?in_tree=4b1117cf-6715-4fa3-8ba4-e8bf8612db83" status: 200 len: 865 microversion: 1.14
Mar 04 18:20:55.576459 dv-neutron-831409-7-hyperv devstack@placement-api.service[111250]: [pid: 111250|app: 0|req: 165/329] 10.222.0.20 () {60 vars in 1376 bytes} [Fri Mar 4 18:20:55 2022] GET /placement/resource_providers?in_tree=4b1117cf-6715-4fa3-8ba4-e8bf8612db83 => generated 865 bytes in 15 msecs (HTTP/1.1 200) 6 headers in 225 bytes (1 switches on core 0)
Mar 04 18:20:55.584715 dv-neutron-831409-7-hyperv devstack@placement-api.service[111251]: DEBUG placement.requestlog [req-90d712f6-5de2-4877-9345-ad7de109fd3e req-69e3e990-27a7-4151-bf5b-0178ee34541b None None] Starting request: 10.222.0.20 "GET /placement/resource_providers/4b1117cf-6715-4fa3-8ba4-e8bf8612db83/inventories" {{(pid=111251) __call__ /opt/stack/placement/placement/requestlog.py:55}}
Mar 04 18:20:55.603980 dv-neutron-831409-7-hyperv devstack@placement-api.service[111251]: INFO placement.requestlog [req-90d712f6-5de2-4877-9345-ad7de109fd3e req-69e3e990-27a7-4151-bf5b-0178ee34541b service placement] 10.222.0.20 "GET /placement/resource_providers/4b1117cf-6715-4fa3-8ba4-e8bf8612db83/inventories" status: 200 len: 398 microversion: 1.0
Mar 04 18:20:55.604242 dv-neutron-831409-7-hyperv devstack@placement-api.service[111251]: [pid: 111251|app: 0|req: 165/330] 10.222.0.20 () {58 vars in 1390 bytes} [Fri Mar 4 18:20:55 2022] GET /placement/resource_providers/4b1117cf-6715-4fa3-8ba4-e8bf8612db83/inventories => generated 398 bytes in 20 msecs (HTTP/1.1 200) 6 headers in 224 bytes (2 switches on core 0)
Mar 04 18:20:55.611681 dv-neutron-831409-7-hyperv devstack@placement-api.service[111250]: DEBUG placement.requestlog [req-90d712f6-5de2-4877-9345-ad7de109fd3e req-75bfe2f2-eb8a-4b74-94ad-abd7993078cf None None] Starting request: 10.222.0.20 "GET /placement/resource_providers/4b1117cf-6715-4fa3-8ba4-e8bf8612db83/aggregates" {{(pid=111250) __call__ /opt/stack/placement/placement/requestlog.py:55}}
Mar 04 18:20:55.624056 dv-neutron-831409-7-hyperv devstack@placement-api.service[111250]: INFO placement.requestlog [req-90d712f6-5de2-4877-9345-ad7de109fd3e req-75bfe2f2-eb8a-4b74-94ad-abd7993078cf service placement] 10.222.0.20 "GET /placement/resource_providers/4b1117cf-6715-4fa3-8ba4-e8bf8612db83/aggregates" status: 200 len: 54 microversion: 1.19
Mar 04 18:20:55.624362 dv-neutron-831409-7-hyperv devstack@placement-api.service[111250]: [pid: 111250|app: 0|req: 166/331] 10.222.0.20 () {60 vars in 1431 bytes} [Fri Mar 4 18:20:55 2022] GET /placement/resource_providers/4b1117cf-6715-4fa3-8ba4-e8bf8612db83/aggregates => generated 54 bytes in 13 msecs (HTTP/1.1 200) 8 headers in 295 bytes (1 switches on core 0)
Mar 04 18:20:55.633052 dv-neutron-831409-7-hyperv devstack@placement-api.service[111251]: DEBUG placement.requestlog [req-90d712f6-5de2-4877-9345-ad7de109fd3e req-914e5a22-c992-4aaf-aa26-75d2f8a2ca8c None None] Starting request: 10.222.0.20 "GET /placement/resource_providers/4b1117cf-6715-4fa3-8ba4-e8bf8612db83/traits" {{(pid=111251) __call__ /opt/stack/placement/placement/requestlog.py:55}}
Mar 04 18:20:55.659283 dv-neutron-831409-7-hyperv devstack@placement-api.service[111251]: INFO placement.requestlog [req-90d712f6-5de2-4877-9345-ad7de109fd3e req-914e5a22-c992-4aaf-aa26-75d2f8a2ca8c service placement] 10.222.0.20 "GET /placement/resource_providers/4b1117cf-6715-4fa3-8ba4-e8bf8612db83/traits" status: 200 len: 300 microversion: 1.6
Mar 04 18:20:55.659594 dv-neutron-831409-7-hyperv devstack@placement-api.service[111251]: [pid: 111251|app: 0|req: 166/332] 10.222.0.20 () {60 vars in 1418 bytes} [Fri Mar 4 18:20:55 2022] GET /placement/resource_providers/4b1117cf-6715-4fa3-8ba4-e8bf8612db83/traits => generated 300 bytes in 27 msecs (HTTP/1.1 200) 6 headers in 224 bytes (1 switches on core 0)
Mar 04 18:21:11.191934 dv-neutron-831409-7-hyperv devstack@placement-api.service[111250]: DEBUG placement.requestlog [req-e10a9cad-8ba4-4ae5-b07e-042ad88f09b7 req-4f5883af-cd6c-489d-9da1-da5240f17e6e None None] Starting request: 10.222.0.20 "DELETE /placement/allocations/47a3348f-1434-4b62-93ca-f4a587e097fb" {{(pid=111250) __call__ /opt/stack/placement/placement/requestlog.py:55}}
Mar 04 18:21:11.402556 dv-neutron-831409-7-hyperv devstack@placement-api.service[111250]: DEBUG placement.handlers.allocation [req-e10a9cad-8ba4-4ae5-b07e-042ad88f09b7 req-4f5883af-cd6c-489d-9da1-da5240f17e6e service placement] Successfully deleted allocations [, , ] {{(pid=111250) delete_allocations /opt/stack/placement/placement/handlers/allocation.py:627}}
Mar 04 18:21:11.403104 dv-neutron-831409-7-hyperv devstack@placement-api.service[111250]: INFO placement.requestlog [req-e10a9cad-8ba4-4ae5-b07e-042ad88f09b7 req-4f5883af-cd6c-489d-9da1-da5240f17e6e service placement] 10.222.0.20 "DELETE /placement/allocations/47a3348f-1434-4b62-93ca-f4a587e097fb" status: 204 len: 0 microversion: 1.0
Mar 04 18:21:11.403476 dv-neutron-831409-7-hyperv devstack@placement-api.service[111250]: [pid: 111250|app: 0|req: 167/333] 10.222.0.20 () {60 vars in 1355 bytes} [Fri Mar 4 18:21:11 2022] DELETE /placement/allocations/47a3348f-1434-4b62-93ca-f4a587e097fb => generated 0 bytes in 212 msecs (HTTP/1.1 204) 5 headers in 198 bytes (1 switches on core 0)
Mar 04 18:21:25.009290 dv-neutron-831409-7-hyperv devstack@placement-api.service[111251]: DEBUG placement.requestlog [req-9b806cd4-1306-4888-aa2b-946f454a0dcc req-16e160f9-7dd4-4a00-9d0e-55d048c1cdf3 None None] Starting request: 10.222.0.15 "GET /placement/allocation_candidates?limit=1000&resources=DISK_GB%3A1%2CMEMORY_MB%3A1024%2CVCPU%3A1&root_required=%21COMPUTE_STATUS_DISABLED" {{(pid=111251) __call__ /opt/stack/placement/placement/requestlog.py:55}}
Mar 04 18:21:25.067574 dv-neutron-831409-7-hyperv devstack@placement-api.service[111251]: DEBUG placement.objects.research_context [req-9b806cd4-1306-4888-aa2b-946f454a0dcc req-16e160f9-7dd4-4a00-9d0e-55d048c1cdf3 service placement] getting providers with 1 DISK_GB {{(pid=111251) __init__ /opt/stack/placement/placement/objects/research_context.py:136}}
Mar 04 18:21:25.076464 dv-neutron-831409-7-hyperv devstack@placement-api.service[111251]: DEBUG placement.objects.research_context [req-9b806cd4-1306-4888-aa2b-946f454a0dcc req-16e160f9-7dd4-4a00-9d0e-55d048c1cdf3 service placement] getting providers with 1024 MEMORY_MB {{(pid=111251) __init__ /opt/stack/placement/placement/objects/research_context.py:136}}
Mar 04 18:21:25.091923 dv-neutron-831409-7-hyperv devstack@placement-api.service[111251]: DEBUG placement.objects.research_context [req-9b806cd4-1306-4888-aa2b-946f454a0dcc req-16e160f9-7dd4-4a00-9d0e-55d048c1cdf3 service placement] getting providers with 1 VCPU {{(pid=111251) __init__ /opt/stack/placement/placement/objects/research_context.py:136}}
Mar 04 18:21:25.098995 dv-neutron-831409-7-hyperv devstack@placement-api.service[111251]: DEBUG placement.objects.research_context [req-9b806cd4-1306-4888-aa2b-946f454a0dcc req-16e160f9-7dd4-4a00-9d0e-55d048c1cdf3 service placement] found 1 providers with available 1 DISK_GB {{(pid=111251) get_provider_ids_matching /opt/stack/placement/placement/objects/research_context.py:559}}
Mar 04 18:21:25.099364 dv-neutron-831409-7-hyperv devstack@placement-api.service[111251]: DEBUG placement.objects.research_context [req-9b806cd4-1306-4888-aa2b-946f454a0dcc req-16e160f9-7dd4-4a00-9d0e-55d048c1cdf3 service placement] found 1 providers with available 1024 MEMORY_MB {{(pid=111251) get_provider_ids_matching /opt/stack/placement/placement/objects/research_context.py:559}}
Mar 04 18:21:25.099714 dv-neutron-831409-7-hyperv devstack@placement-api.service[111251]: DEBUG placement.objects.research_context [req-9b806cd4-1306-4888-aa2b-946f454a0dcc req-16e160f9-7dd4-4a00-9d0e-55d048c1cdf3 service placement] found 1 providers after filtering by previous result {{(pid=111251) get_provider_ids_matching /opt/stack/placement/placement/objects/research_context.py:590}}
Mar 04 18:21:25.100047 dv-neutron-831409-7-hyperv devstack@placement-api.service[111251]: DEBUG placement.objects.research_context [req-9b806cd4-1306-4888-aa2b-946f454a0dcc req-16e160f9-7dd4-4a00-9d0e-55d048c1cdf3 service placement] found 1 providers with available 1 VCPU {{(pid=111251) get_provider_ids_matching /opt/stack/placement/placement/objects/research_context.py:559}}
Mar 04 18:21:25.100388 dv-neutron-831409-7-hyperv devstack@placement-api.service[111251]: DEBUG placement.objects.research_context [req-9b806cd4-1306-4888-aa2b-946f454a0dcc req-16e160f9-7dd4-4a00-9d0e-55d048c1cdf3 service placement] found 1 providers after filtering by previous result {{(pid=111251) get_provider_ids_matching /opt/stack/placement/placement/objects/research_context.py:590}}
Mar 04 18:21:25.112409 dv-neutron-831409-7-hyperv devstack@placement-api.service[111251]: DEBUG placement.objects.allocation_candidate [req-9b806cd4-1306-4888-aa2b-946f454a0dcc req-16e160f9-7dd4-4a00-9d0e-55d048c1cdf3 service placement] RequestGroup(use_same_provider=False, resources={DISK_GB:1, MEMORY_MB:1024, VCPU:1}, traits=(), aggregates=[]) (suffix '') returned 1 matches {{(pid=111251) _get_by_requests /opt/stack/placement/placement/objects/allocation_candidate.py:156}}
Mar 04 18:21:25.112746 dv-neutron-831409-7-hyperv devstack@placement-api.service[111251]: DEBUG placement.objects.allocation_candidate [req-9b806cd4-1306-4888-aa2b-946f454a0dcc req-16e160f9-7dd4-4a00-9d0e-55d048c1cdf3 service placement] Merging candidates yields 1 allocation requests and 1 provider summaries {{(pid=111251) _merge_candidates /opt/stack/placement/placement/objects/allocation_candidate.py:809}}
Mar 04 18:21:25.114235 dv-neutron-831409-7-hyperv devstack@placement-api.service[111251]: INFO placement.requestlog [req-9b806cd4-1306-4888-aa2b-946f454a0dcc req-16e160f9-7dd4-4a00-9d0e-55d048c1cdf3 service placement] 10.222.0.15 "GET /placement/allocation_candidates?limit=1000&resources=DISK_GB%3A1%2CMEMORY_MB%3A1024%2CVCPU%3A1&root_required=%21COMPUTE_STATUS_DISABLED" status: 200 len: 764 microversion: 1.36
Mar 04 18:21:25.114624 dv-neutron-831409-7-hyperv devstack@placement-api.service[111251]: [pid: 111251|app: 0|req: 167/334] 10.222.0.15 () {60 vars in 1506 bytes} [Fri Mar 4 18:21:25 2022] GET /placement/allocation_candidates?limit=1000&resources=DISK_GB%3A1%2CMEMORY_MB%3A1024%2CVCPU%3A1&root_required=%21COMPUTE_STATUS_DISABLED => generated 764 bytes in 106 msecs (HTTP/1.1 200) 8 headers in 296 bytes (2 switches on core 0)
Mar 04 18:21:25.156117 dv-neutron-831409-7-hyperv devstack@placement-api.service[111250]: DEBUG placement.requestlog [req-9b806cd4-1306-4888-aa2b-946f454a0dcc req-f0e54c46-1497-4f1a-a446-fc2c2ebcd83b None None] Starting request: 10.222.0.15 "GET /placement/allocations/9e8d3e30-3e31-4caa-aad2-dfa927c40d0c" {{(pid=111250) __call__ /opt/stack/placement/placement/requestlog.py:55}}
Mar 04 18:21:25.170001 dv-neutron-831409-7-hyperv devstack@placement-api.service[111250]: INFO placement.requestlog [req-9b806cd4-1306-4888-aa2b-946f454a0dcc req-f0e54c46-1497-4f1a-a446-fc2c2ebcd83b service placement] 10.222.0.15 "GET /placement/allocations/9e8d3e30-3e31-4caa-aad2-dfa927c40d0c" status: 200 len: 19 microversion: 1.28
Mar 04 18:21:25.170635 dv-neutron-831409-7-hyperv devstack@placement-api.service[111250]: [pid: 111250|app: 0|req: 168/335] 10.222.0.15 () {60 vars in 1380 bytes} [Fri Mar 4 18:21:25 2022] GET /placement/allocations/9e8d3e30-3e31-4caa-aad2-dfa927c40d0c => generated 19 bytes in 15 msecs (HTTP/1.1 200) 8 headers in 295 bytes (1 switches on core 0)
Mar 04 18:21:25.180812 dv-neutron-831409-7-hyperv devstack@placement-api.service[111251]: DEBUG placement.requestlog [req-9b806cd4-1306-4888-aa2b-946f454a0dcc req-a173ee97-e0b7-474f-ba80-7313abbe1ecc None None] Starting request: 10.222.0.15 "PUT /placement/allocations/9e8d3e30-3e31-4caa-aad2-dfa927c40d0c" {{(pid=111251) __call__ /opt/stack/placement/placement/requestlog.py:55}}
Mar 04 18:21:25.313849 dv-neutron-831409-7-hyperv devstack@placement-api.service[111251]: DEBUG placement.handlers.allocation [req-9b806cd4-1306-4888-aa2b-946f454a0dcc req-a173ee97-e0b7-474f-ba80-7313abbe1ecc service placement] Successfully wrote allocations [, , ] {{(pid=111251) _update_consumers_and_create_allocations /opt/stack/placement/placement/handlers/allocation.py:462}}
Mar 04 18:21:25.391166 dv-neutron-831409-7-hyperv devstack@placement-api.service[111251]: INFO placement.requestlog [req-9b806cd4-1306-4888-aa2b-946f454a0dcc req-a173ee97-e0b7-474f-ba80-7313abbe1ecc service placement] 10.222.0.15 "PUT /placement/allocations/9e8d3e30-3e31-4caa-aad2-dfa927c40d0c" status: 204 len: 0 microversion: 1.36
Mar 04 18:21:25.391573 dv-neutron-831409-7-hyperv devstack@placement-api.service[111251]: [pid: 111251|app: 0|req: 168/336] 10.222.0.15 () {64 vars in 1433 bytes} [Fri Mar 4 18:21:25 2022] PUT /placement/allocations/9e8d3e30-3e31-4caa-aad2-dfa927c40d0c => generated 0 bytes in 211 msecs (HTTP/1.1 204) 5 headers in 199 bytes (1 switches on core 0)
Mar 04 18:21:26.378082 dv-neutron-831409-7-hyperv devstack@placement-api.service[111250]: DEBUG placement.requestlog [req-9b806cd4-1306-4888-aa2b-946f454a0dcc req-9117ef71-c29a-4534-b911-8c3397ae5fcd None None] Starting request: 10.222.0.20 "GET /placement/allocations/9e8d3e30-3e31-4caa-aad2-dfa927c40d0c" {{(pid=111250) __call__ /opt/stack/placement/placement/requestlog.py:55}}
Mar 04 18:21:26.394168 dv-neutron-831409-7-hyperv devstack@placement-api.service[111250]: INFO placement.requestlog [req-9b806cd4-1306-4888-aa2b-946f454a0dcc req-9117ef71-c29a-4534-b911-8c3397ae5fcd service placement] 10.222.0.20 "GET /placement/allocations/9e8d3e30-3e31-4caa-aad2-dfa927c40d0c" status: 200 len: 259 microversion: 1.28
Mar 04 18:21:26.394822 dv-neutron-831409-7-hyperv devstack@placement-api.service[111250]: [pid: 111250|app: 0|req: 169/337] 10.222.0.20 () {60 vars in 1377 bytes} [Fri Mar 4 18:21:26 2022] GET /placement/allocations/9e8d3e30-3e31-4caa-aad2-dfa927c40d0c => generated 259 bytes in 17 msecs (HTTP/1.1 200) 8 headers in 296 bytes (1 switches on core 0)
Mar 04 18:21:55.312221 dv-neutron-831409-7-hyperv devstack@placement-api.service[111251]: DEBUG placement.requestlog [req-55bfaf09-4345-4bd4-9acd-9d742f651a0a req-f6ae58c5-e842-4fa9-bf22-c32b70826448 None None] Starting request: 10.222.0.20 "GET /placement/resource_providers/4b1117cf-6715-4fa3-8ba4-e8bf8612db83/allocations" {{(pid=111251) __call__ /opt/stack/placement/placement/requestlog.py:55}}
Mar 04 18:21:55.331316 dv-neutron-831409-7-hyperv devstack@placement-api.service[111251]: INFO placement.requestlog [req-55bfaf09-4345-4bd4-9acd-9d742f651a0a req-f6ae58c5-e842-4fa9-bf22-c32b70826448 service placement] 10.222.0.20 "GET /placement/resource_providers/4b1117cf-6715-4fa3-8ba4-e8bf8612db83/allocations" status: 200 len: 154 microversion: 1.0
Mar 04 18:21:55.331660 dv-neutron-831409-7-hyperv devstack@placement-api.service[111251]: [pid: 111251|app: 0|req: 169/338] 10.222.0.20 () {58 vars in 1390 bytes} [Fri Mar 4 18:21:55 2022] GET /placement/resource_providers/4b1117cf-6715-4fa3-8ba4-e8bf8612db83/allocations => generated 154 bytes in 20 msecs (HTTP/1.1 200) 6 headers in 224 bytes (1 switches on core 0)
Mar 04 18:22:54.550735 dv-neutron-831409-7-hyperv devstack@placement-api.service[111250]: DEBUG placement.requestlog [req-d4f60b4f-b8de-47f4-9cf1-a48e4912b0b6 req-9721f41c-c9b4-4073-bbfa-b8b958b8f37b None None] Starting request: 10.222.0.20 "DELETE /placement/allocations/9e8d3e30-3e31-4caa-aad2-dfa927c40d0c" {{(pid=111250) __call__ /opt/stack/placement/placement/requestlog.py:55}}
Mar 04 18:22:54.669274 dv-neutron-831409-7-hyperv devstack@placement-api.service[111250]: DEBUG placement.handlers.allocation [req-d4f60b4f-b8de-47f4-9cf1-a48e4912b0b6 req-9721f41c-c9b4-4073-bbfa-b8b958b8f37b service placement] Successfully deleted allocations [, , ] {{(pid=111250) delete_allocations /opt/stack/placement/placement/handlers/allocation.py:627}}
Mar 04 18:22:54.669760 dv-neutron-831409-7-hyperv devstack@placement-api.service[111250]: INFO placement.requestlog [req-d4f60b4f-b8de-47f4-9cf1-a48e4912b0b6 req-9721f41c-c9b4-4073-bbfa-b8b958b8f37b service placement] 10.222.0.20 "DELETE /placement/allocations/9e8d3e30-3e31-4caa-aad2-dfa927c40d0c" status: 204 len: 0 microversion: 1.0
Mar 04 18:22:54.670119 dv-neutron-831409-7-hyperv devstack@placement-api.service[111250]: [pid: 111250|app: 0|req: 170/339] 10.222.0.20 () {60 vars in 1355 bytes} [Fri Mar 4 18:22:54 2022] DELETE /placement/allocations/9e8d3e30-3e31-4caa-aad2-dfa927c40d0c => generated 0 bytes in 120 msecs (HTTP/1.1 204) 5 headers in 198 bytes (1 switches on core 0)
Mar 04 18:22:57.328669 dv-neutron-831409-7-hyperv devstack@placement-api.service[111251]: DEBUG placement.requestlog [req-2e123e77-2d2d-46e9-ac90-2d4035f7d3be req-810fe5fa-1676-4b04-abb5-880b0eef9856 None None] Starting request: 10.222.0.20 "GET /placement/resource_providers/4b1117cf-6715-4fa3-8ba4-e8bf8612db83/allocations" {{(pid=111251) __call__ /opt/stack/placement/placement/requestlog.py:55}}
Mar 04 18:22:57.346258 dv-neutron-831409-7-hyperv devstack@placement-api.service[111251]: INFO placement.requestlog [req-2e123e77-2d2d-46e9-ac90-2d4035f7d3be req-810fe5fa-1676-4b04-abb5-880b0eef9856 service placement] 10.222.0.20 "GET /placement/resource_providers/4b1117cf-6715-4fa3-8ba4-e8bf8612db83/allocations" status: 200 len: 55 microversion: 1.0
Mar 04 18:22:57.346712 dv-neutron-831409-7-hyperv devstack@placement-api.service[111251]: [pid: 111251|app: 0|req: 170/340] 10.222.0.20 () {58 vars in 1390 bytes} [Fri Mar 4 18:22:57 2022] GET /placement/resource_providers/4b1117cf-6715-4fa3-8ba4-e8bf8612db83/allocations => generated 55 bytes in 18 msecs (HTTP/1.1 200) 6 headers in 223 bytes (1 switches on core 0)
Mar 04 18:23:08.384385 dv-neutron-831409-7-hyperv devstack@placement-api.service[111250]: DEBUG placement.requestlog [req-f8318517-7f63-4999-a1a2-1facfb63318a req-c31ba2e6-f03d-4c23-bb37-187149ddd615 None None] Starting request: 10.222.0.15 "GET /placement/allocation_candidates?limit=1000&resources=DISK_GB%3A1%2CMEMORY_MB%3A1024%2CVCPU%3A1&root_required=%21COMPUTE_STATUS_DISABLED" {{(pid=111250) __call__ /opt/stack/placement/placement/requestlog.py:55}}
Mar 04 18:23:08.417684 dv-neutron-831409-7-hyperv devstack@placement-api.service[111250]: DEBUG placement.objects.research_context [req-f8318517-7f63-4999-a1a2-1facfb63318a req-c31ba2e6-f03d-4c23-bb37-187149ddd615 service placement] getting providers with 1 DISK_GB {{(pid=111250) __init__ /opt/stack/placement/placement/objects/research_context.py:136}}
Mar 04 18:23:08.425759 dv-neutron-831409-7-hyperv devstack@placement-api.service[111250]: DEBUG placement.objects.research_context [req-f8318517-7f63-4999-a1a2-1facfb63318a req-c31ba2e6-f03d-4c23-bb37-187149ddd615 service placement] getting providers with 1024 MEMORY_MB {{(pid=111250) __init__ /opt/stack/placement/placement/objects/research_context.py:136}}
Mar 04 18:23:08.432156 dv-neutron-831409-7-hyperv devstack@placement-api.service[111250]: DEBUG placement.objects.research_context [req-f8318517-7f63-4999-a1a2-1facfb63318a req-c31ba2e6-f03d-4c23-bb37-187149ddd615 service placement] getting providers with 1 VCPU {{(pid=111250) __init__ /opt/stack/placement/placement/objects/research_context.py:136}}
Mar 04 18:23:08.442166 dv-neutron-831409-7-hyperv devstack@placement-api.service[111250]: DEBUG placement.objects.research_context [req-f8318517-7f63-4999-a1a2-1facfb63318a req-c31ba2e6-f03d-4c23-bb37-187149ddd615 service placement] found 1 providers with available 1 DISK_GB {{(pid=111250) get_provider_ids_matching /opt/stack/placement/placement/objects/research_context.py:559}}
Mar 04 18:23:08.442166 dv-neutron-831409-7-hyperv devstack@placement-api.service[111250]: DEBUG placement.objects.research_context [req-f8318517-7f63-4999-a1a2-1facfb63318a req-c31ba2e6-f03d-4c23-bb37-187149ddd615 service placement] found 1 providers with available 1024 MEMORY_MB {{(pid=111250) get_provider_ids_matching /opt/stack/placement/placement/objects/research_context.py:559}}
Mar 04 18:23:08.442166 dv-neutron-831409-7-hyperv devstack@placement-api.service[111250]: DEBUG placement.objects.research_context [req-f8318517-7f63-4999-a1a2-1facfb63318a req-c31ba2e6-f03d-4c23-bb37-187149ddd615 service placement] found 1 providers after filtering by previous result {{(pid=111250) get_provider_ids_matching /opt/stack/placement/placement/objects/research_context.py:590}}
Mar 04 18:23:08.442166 dv-neutron-831409-7-hyperv devstack@placement-api.service[111250]: DEBUG placement.objects.research_context [req-f8318517-7f63-4999-a1a2-1facfb63318a req-c31ba2e6-f03d-4c23-bb37-187149ddd615 service placement] found 1 providers with available 1 VCPU {{(pid=111250) get_provider_ids_matching /opt/stack/placement/placement/objects/research_context.py:559}}
Mar 04 18:23:08.442166 dv-neutron-831409-7-hyperv devstack@placement-api.service[111250]: DEBUG placement.objects.research_context [req-f8318517-7f63-4999-a1a2-1facfb63318a req-c31ba2e6-f03d-4c23-bb37-187149ddd615 service placement] found 1 providers after filtering by previous result {{(pid=111250) get_provider_ids_matching /opt/stack/placement/placement/objects/research_context.py:590}}
Mar 04 18:23:08.450418 dv-neutron-831409-7-hyperv devstack@placement-api.service[111250]: DEBUG placement.objects.allocation_candidate [req-f8318517-7f63-4999-a1a2-1facfb63318a req-c31ba2e6-f03d-4c23-bb37-187149ddd615 service placement] RequestGroup(use_same_provider=False, resources={DISK_GB:1, MEMORY_MB:1024, VCPU:1}, traits=(), aggregates=[]) (suffix '') returned 1 matches {{(pid=111250) _get_by_requests /opt/stack/placement/placement/objects/allocation_candidate.py:156}}
Mar 04 18:23:08.450766 dv-neutron-831409-7-hyperv devstack@placement-api.service[111250]: DEBUG placement.objects.allocation_candidate [req-f8318517-7f63-4999-a1a2-1facfb63318a req-c31ba2e6-f03d-4c23-bb37-187149ddd615 service placement] Merging candidates yields 1 allocation requests and 1 provider summaries {{(pid=111250) _merge_candidates /opt/stack/placement/placement/objects/allocation_candidate.py:809}}
Mar 04 18:23:08.452283 dv-neutron-831409-7-hyperv devstack@placement-api.service[111250]: INFO placement.requestlog [req-f8318517-7f63-4999-a1a2-1facfb63318a req-c31ba2e6-f03d-4c23-bb37-187149ddd615 service placement] 10.222.0.15 "GET /placement/allocation_candidates?limit=1000&resources=DISK_GB%3A1%2CMEMORY_MB%3A1024%2CVCPU%3A1&root_required=%21COMPUTE_STATUS_DISABLED" status: 200 len: 764 microversion: 1.36
Mar 04 18:23:08.452663 dv-neutron-831409-7-hyperv devstack@placement-api.service[111250]: [pid: 111250|app: 0|req: 171/341] 10.222.0.15 () {60 vars in 1506 bytes} [Fri Mar 4 18:23:08 2022] GET /placement/allocation_candidates?limit=1000&resources=DISK_GB%3A1%2CMEMORY_MB%3A1024%2CVCPU%3A1&root_required=%21COMPUTE_STATUS_DISABLED => generated 764 bytes in 69 msecs (HTTP/1.1 200) 8 headers in 296 bytes (1 switches on core 0)
Mar 04 18:23:08.488083 dv-neutron-831409-7-hyperv devstack@placement-api.service[111251]: DEBUG placement.requestlog [req-f8318517-7f63-4999-a1a2-1facfb63318a req-b0e6ea60-0c48-46b1-8222-244a02d444c7 None None] Starting request: 10.222.0.15 "GET /placement/allocations/c963b0af-64e1-4cfb-8b7d-02478d35fdb2" {{(pid=111251) __call__ /opt/stack/placement/placement/requestlog.py:55}}
Mar 04 18:23:08.499274 dv-neutron-831409-7-hyperv devstack@placement-api.service[111251]: INFO placement.requestlog [req-f8318517-7f63-4999-a1a2-1facfb63318a req-b0e6ea60-0c48-46b1-8222-244a02d444c7 service placement] 10.222.0.15 "GET /placement/allocations/c963b0af-64e1-4cfb-8b7d-02478d35fdb2" status: 200 len: 19 microversion: 1.28
Mar 04 18:23:08.499643 dv-neutron-831409-7-hyperv devstack@placement-api.service[111251]: [pid: 111251|app: 0|req: 171/342] 10.222.0.15 () {60 vars in 1380 bytes} [Fri Mar 4 18:23:08 2022] GET /placement/allocations/c963b0af-64e1-4cfb-8b7d-02478d35fdb2 => generated 19 bytes in 12 msecs (HTTP/1.1 200) 8 headers in 295 bytes (1 switches on core 0)
Mar 04 18:23:08.505631 dv-neutron-831409-7-hyperv devstack@placement-api.service[111250]: DEBUG placement.requestlog [req-f8318517-7f63-4999-a1a2-1facfb63318a req-1f282dd0-fa8b-4cea-bbeb-ec2fc49ddfde None None] Starting request: 10.222.0.15 "PUT /placement/allocations/c963b0af-64e1-4cfb-8b7d-02478d35fdb2" {{(pid=111250) __call__ /opt/stack/placement/placement/requestlog.py:55}}
Mar 04 18:23:08.606389 dv-neutron-831409-7-hyperv devstack@placement-api.service[111250]: DEBUG placement.handlers.allocation [req-f8318517-7f63-4999-a1a2-1facfb63318a req-1f282dd0-fa8b-4cea-bbeb-ec2fc49ddfde service placement] Successfully wrote allocations [, , ] {{(pid=111250) _update_consumers_and_create_allocations /opt/stack/placement/placement/handlers/allocation.py:462}}
Mar 04 18:23:08.663937 dv-neutron-831409-7-hyperv devstack@placement-api.service[111250]: INFO placement.requestlog [req-f8318517-7f63-4999-a1a2-1facfb63318a req-1f282dd0-fa8b-4cea-bbeb-ec2fc49ddfde service placement] 10.222.0.15 "PUT /placement/allocations/c963b0af-64e1-4cfb-8b7d-02478d35fdb2" status: 204 len: 0 microversion: 1.36
Mar 04 18:23:08.664344 dv-neutron-831409-7-hyperv devstack@placement-api.service[111250]: [pid: 111250|app: 0|req: 172/343] 10.222.0.15 () {64 vars in 1433 bytes} [Fri Mar 4 18:23:08 2022] PUT /placement/allocations/c963b0af-64e1-4cfb-8b7d-02478d35fdb2 => generated 0 bytes in 159 msecs (HTTP/1.1 204) 5 headers in 199 bytes (2 switches on core 0)
Mar 04 18:23:09.503638 dv-neutron-831409-7-hyperv devstack@placement-api.service[111251]: DEBUG placement.requestlog [req-f8318517-7f63-4999-a1a2-1facfb63318a req-dcde1e74-b929-4da5-a1fa-4e2532b5b277 None None] Starting request: 10.222.0.20 "GET /placement/allocations/c963b0af-64e1-4cfb-8b7d-02478d35fdb2" {{(pid=111251) __call__ /opt/stack/placement/placement/requestlog.py:55}}
Mar 04 18:23:09.527627 dv-neutron-831409-7-hyperv devstack@placement-api.service[111251]: INFO placement.requestlog [req-f8318517-7f63-4999-a1a2-1facfb63318a req-dcde1e74-b929-4da5-a1fa-4e2532b5b277 service placement] 10.222.0.20 "GET /placement/allocations/c963b0af-64e1-4cfb-8b7d-02478d35fdb2" status: 200 len: 259 microversion: 1.28
Mar 04 18:23:09.528667 dv-neutron-831409-7-hyperv devstack@placement-api.service[111251]: [pid: 111251|app: 0|req: 172/344] 10.222.0.20 () {60 vars in 1377 bytes} [Fri Mar 4 18:23:09 2022] GET /placement/allocations/c963b0af-64e1-4cfb-8b7d-02478d35fdb2 => generated 259 bytes in 25 msecs (HTTP/1.1 200) 8 headers in 296 bytes (1 switches on core 0)
Mar 04 18:23:51.282823 dv-neutron-831409-7-hyperv devstack@placement-api.service[111250]: DEBUG placement.requestlog [None req-2194358a-83ac-4f50-98e0-0cc59b055bea None None] Starting request: 10.222.0.15 "GET /placement/" {{(pid=111250) __call__ /opt/stack/placement/placement/requestlog.py:55}}
Mar 04 18:23:51.283916 dv-neutron-831409-7-hyperv devstack@placement-api.service[111250]: INFO placement.requestlog [None req-2194358a-83ac-4f50-98e0-0cc59b055bea None None] 10.222.0.15 "GET /placement/" status: 200 len: 136 microversion: 1.0
Mar 04 18:23:51.284232 dv-neutron-831409-7-hyperv devstack@placement-api.service[111250]: [pid: 111250|app: 0|req: 173/345] 10.222.0.15 () {54 vars in 916 bytes} [Fri Mar 4 18:23:51 2022] GET /placement => generated 136 bytes in 2 msecs (HTTP/1.1 200) 6 headers in 224 bytes (2 switches on core 0)
Mar 04 18:23:51.292270 dv-neutron-831409-7-hyperv devstack@placement-api.service[111251]: DEBUG placement.requestlog [req-a8a24fed-89ef-476a-92f1-07f246244d47 req-62a6c319-d09c-4614-a704-5905cb0f0aac None None] Starting request: 10.222.0.15 "GET /placement/allocations/c963b0af-64e1-4cfb-8b7d-02478d35fdb2" {{(pid=111251) __call__ /opt/stack/placement/placement/requestlog.py:55}}
Mar 04 18:23:51.352303 dv-neutron-831409-7-hyperv devstack@placement-api.service[111251]: INFO placement.requestlog [req-a8a24fed-89ef-476a-92f1-07f246244d47 req-62a6c319-d09c-4614-a704-5905cb0f0aac service placement] 10.222.0.15 "GET /placement/allocations/c963b0af-64e1-4cfb-8b7d-02478d35fdb2" status: 200 len: 259 microversion: 1.28
Mar 04 18:23:51.352628 dv-neutron-831409-7-hyperv devstack@placement-api.service[111251]: [pid: 111251|app: 0|req: 173/346] 10.222.0.15 () {60 vars in 1380 bytes} [Fri Mar 4 18:23:51 2022] GET /placement/allocations/c963b0af-64e1-4cfb-8b7d-02478d35fdb2 => generated 259 bytes in 61 msecs (HTTP/1.1 200) 8 headers in 296 bytes (1 switches on core 0)
