Mar 01 19:38:06.593965 dv-neutron-831409-2-hyperv neutron-server[105055]: DEBUG neutron.pecan_wsgi.hooks.quota_enforcement [None req-cb0c097f-8725-4e89-bad4-d7e50868014e admin admin] Made reservation on behalf of e34f2c5782a848fc9c2db55603109b7e for: {'subnet': 1} {{(pid=105055) before /opt/stack/neutron/neutron/pecan_wsgi/hooks/quota_enforcement.py:53}}
Mar 01 19:38:06.596925 dv-neutron-831409-2-hyperv neutron-server[105055]: DEBUG neutron_lib.callbacks.manager [None req-cb0c097f-8725-4e89-bad4-d7e50868014e admin admin] Publish callbacks [] for subnet (None), before_create {{(pid=105055) _notify_loop /usr/local/lib/python3.8/dist-packages/neutron_lib/callbacks/manager.py:176}}
Mar 01 19:38:06.647001 dv-neutron-831409-2-hyperv neutron-server[105056]: DEBUG neutron.api.rpc.handlers.resources_rpc [None req-029ee14a-9ff2-445b-831d-ffd03ec6d1f6 None None] Pushing event updated for resources: {'Port': ['ID=e8eed586-7d0a-4c59-b9f2-e8b924b66379,revision_number=1']} {{(pid=105056) push /opt/stack/neutron/neutron/api/rpc/handlers/resources_rpc.py:237}}
Mar 01 19:38:06.662716 dv-neutron-831409-2-hyperv neutron-server[105056]: DEBUG neutron.api.rpc.callbacks.version_manager [None req-029ee14a-9ff2-445b-831d-ffd03ec6d1f6 None None] Version for resource type AddressGroup changed None to 1.2 on consumer Open vSwitch agent@dv-neutron-831409-2-hyperv {{(pid=105056) _set_version /opt/stack/neutron/neutron/api/rpc/callbacks/version_manager.py:113}}
Mar 01 19:38:06.663544 dv-neutron-831409-2-hyperv neutron-server[105056]: DEBUG neutron.api.rpc.callbacks.version_manager [None req-029ee14a-9ff2-445b-831d-ffd03ec6d1f6 None None] Version for resource type ConntrackHelper changed None to 1.0 on consumer Open vSwitch agent@dv-neutron-831409-2-hyperv {{(pid=105056) _set_version /opt/stack/neutron/neutron/api/rpc/callbacks/version_manager.py:113}}
Mar 01 19:38:06.664102 dv-neutron-831409-2-hyperv neutron-server[105056]: DEBUG neutron.api.rpc.callbacks.version_manager [None req-029ee14a-9ff2-445b-831d-ffd03ec6d1f6 None None] Version for resource type LocalIPAssociation changed None to 1.0 on consumer Open vSwitch agent@dv-neutron-831409-2-hyperv {{(pid=105056) _set_version /opt/stack/neutron/neutron/api/rpc/callbacks/version_manager.py:113}}
Mar 01 19:38:06.664647 dv-neutron-831409-2-hyperv neutron-server[105056]: DEBUG neutron.api.rpc.callbacks.version_manager [None req-029ee14a-9ff2-445b-831d-ffd03ec6d1f6 None None] Version for resource type Log changed None to 1.0 on consumer Open vSwitch agent@dv-neutron-831409-2-hyperv {{(pid=105056) _set_version /opt/stack/neutron/neutron/api/rpc/callbacks/version_manager.py:113}}
Mar 01 19:38:06.665188 dv-neutron-831409-2-hyperv neutron-server[105056]: DEBUG neutron.api.rpc.callbacks.version_manager [None req-029ee14a-9ff2-445b-831d-ffd03ec6d1f6 None None] Version for resource type Network changed None to 1.1 on consumer Open vSwitch agent@dv-neutron-831409-2-hyperv {{(pid=105056) _set_version /opt/stack/neutron/neutron/api/rpc/callbacks/version_manager.py:113}}
Mar 01 19:38:06.665728 dv-neutron-831409-2-hyperv neutron-server[105056]: DEBUG neutron.api.rpc.callbacks.version_manager [None req-029ee14a-9ff2-445b-831d-ffd03ec6d1f6 None None] Version for resource type Port changed None to 1.7 on consumer Open vSwitch agent@dv-neutron-831409-2-hyperv {{(pid=105056) _set_version /opt/stack/neutron/neutron/api/rpc/callbacks/version_manager.py:113}}
Mar 01 19:38:06.666296 dv-neutron-831409-2-hyperv neutron-server[105056]: DEBUG neutron.api.rpc.callbacks.version_manager [None req-029ee14a-9ff2-445b-831d-ffd03ec6d1f6 None None] Version for resource type PortForwarding changed None to 1.2 on consumer Open vSwitch agent@dv-neutron-831409-2-hyperv {{(pid=105056) _set_version /opt/stack/neutron/neutron/api/rpc/callbacks/version_manager.py:113}}
Mar 01 19:38:06.666827 dv-neutron-831409-2-hyperv neutron-server[105056]: DEBUG neutron.api.rpc.callbacks.version_manager [None req-029ee14a-9ff2-445b-831d-ffd03ec6d1f6 None None] Version for resource type QosPolicy changed None to 1.10 on consumer Open vSwitch agent@dv-neutron-831409-2-hyperv {{(pid=105056) _set_version /opt/stack/neutron/neutron/api/rpc/callbacks/version_manager.py:113}}
Mar 01 19:38:06.667593 dv-neutron-831409-2-hyperv neutron-server[105056]: DEBUG neutron.api.rpc.callbacks.version_manager [None req-029ee14a-9ff2-445b-831d-ffd03ec6d1f6 None None] Version for resource type SecurityGroup changed None to 1.5 on consumer Open vSwitch agent@dv-neutron-831409-2-hyperv {{(pid=105056) _set_version /opt/stack/neutron/neutron/api/rpc/callbacks/version_manager.py:113}}
Mar 01 19:38:06.668230 dv-neutron-831409-2-hyperv neutron-server[105056]: DEBUG neutron.api.rpc.callbacks.version_manager [None req-029ee14a-9ff2-445b-831d-ffd03ec6d1f6 None None] Version for resource type SecurityGroupRule changed None to 1.2 on consumer Open vSwitch agent@dv-neutron-831409-2-hyperv {{(pid=105056) _set_version /opt/stack/neutron/neutron/api/rpc/callbacks/version_manager.py:113}}
Mar 01 19:38:06.668766 dv-neutron-831409-2-hyperv neutron-server[105056]: DEBUG neutron.api.rpc.callbacks.version_manager [None req-029ee14a-9ff2-445b-831d-ffd03ec6d1f6 None None] Version for resource type SubPort changed None to 1.0 on consumer Open vSwitch agent@dv-neutron-831409-2-hyperv {{(pid=105056) _set_version /opt/stack/neutron/neutron/api/rpc/callbacks/version_manager.py:113}}
Mar 01 19:38:06.669287 dv-neutron-831409-2-hyperv neutron-server[105056]: DEBUG neutron.api.rpc.callbacks.version_manager [None req-029ee14a-9ff2-445b-831d-ffd03ec6d1f6 None None] Version for resource type Subnet changed None to 1.1 on consumer Open vSwitch agent@dv-neutron-831409-2-hyperv {{(pid=105056) _set_version /opt/stack/neutron/neutron/api/rpc/callbacks/version_manager.py:113}}
Mar 01 19:38:06.669807 dv-neutron-831409-2-hyperv neutron-server[105056]: DEBUG neutron.api.rpc.callbacks.version_manager [None req-029ee14a-9ff2-445b-831d-ffd03ec6d1f6 None None] Version for resource type Trunk changed None to 1.1 on consumer Open vSwitch agent@dv-neutron-831409-2-hyperv {{(pid=105056) _set_version /opt/stack/neutron/neutron/api/rpc/callbacks/version_manager.py:113}}
Mar 01 19:38:06.671220 dv-neutron-831409-2-hyperv neutron-server[105056]: DEBUG neutron.api.rpc.callbacks.version_manager [None req-029ee14a-9ff2-445b-831d-ffd03ec6d1f6 None None] Tracked resource versions report:
Mar 01 19:38:06.671220 dv-neutron-831409-2-hyperv neutron-server[105056]: pushed versions:
Mar 01 19:38:06.671220 dv-neutron-831409-2-hyperv neutron-server[105056]: { 'AddressGroup': {'1.2'},
Mar 01 19:38:06.671220 dv-neutron-831409-2-hyperv neutron-server[105056]: 'ConntrackHelper': {'1.0'},
Mar 01 19:38:06.671220 dv-neutron-831409-2-hyperv neutron-server[105056]: 'LocalIPAssociation': {'1.0'},
Mar 01 19:38:06.671220 dv-neutron-831409-2-hyperv neutron-server[105056]: 'Log': {'1.0'},
Mar 01 19:38:06.671220 dv-neutron-831409-2-hyperv neutron-server[105056]: 'Network': {'1.1'},
Mar 01 19:38:06.671220 dv-neutron-831409-2-hyperv neutron-server[105056]: 'Port': {'1.7'},
Mar 01 19:38:06.671220 dv-neutron-831409-2-hyperv neutron-server[105056]: 'PortForwarding': {'1.2'},
Mar 01 19:38:06.671220 dv-neutron-831409-2-hyperv neutron-server[105056]: 'QosPolicy': {'1.10'},
Mar 01 19:38:06.671220 dv-neutron-831409-2-hyperv neutron-server[105056]: 'SecurityGroup': {'1.5'},
Mar 01 19:38:06.671220 dv-neutron-831409-2-hyperv neutron-server[105056]: 'SecurityGroupRule': {'1.2'},
Mar 01 19:38:06.671220 dv-neutron-831409-2-hyperv neutron-server[105056]: 'SubPort': {'1.0'},
Mar 01 19:38:06.671220 dv-neutron-831409-2-hyperv neutron-server[105056]: 'Subnet': {'1.1'},
Mar 01 19:38:06.671220 dv-neutron-831409-2-hyperv neutron-server[105056]: 'Trunk': {'1.1'}}
Mar 01 19:38:06.671220 dv-neutron-831409-2-hyperv neutron-server[105056]: consumer versions:
Mar 01 19:38:06.671220 dv-neutron-831409-2-hyperv neutron-server[105056]: { DHCP agent@dv-neutron-831409-2-hyperv: {},
Mar 01 19:38:06.671220 dv-neutron-831409-2-hyperv neutron-server[105056]: HyperV agent@hv-neutron-8314: {},
Mar 01 19:38:06.671220 dv-neutron-831409-2-hyperv neutron-server[105056]: L3 agent@dv-neutron-831409-2-hyperv: {},
Mar 01 19:38:06.671220 dv-neutron-831409-2-hyperv neutron-server[105056]: Metadata agent@dv-neutron-831409-2-hyperv: {},
Mar 01 19:38:06.671220 dv-neutron-831409-2-hyperv neutron-server[105056]: Metering agent@dv-neutron-831409-2-hyperv: {},
Mar 01 19:38:06.671220 dv-neutron-831409-2-hyperv neutron-server[105056]: Open vSwitch agent@dv-neutron-831409-2-hyperv: { 'AddressGroup': '1.2',
Mar 01 19:38:06.671220 dv-neutron-831409-2-hyperv neutron-server[105056]: 'ConntrackHelper': '1.0',
Mar 01 19:38:06.671220 dv-neutron-831409-2-hyperv neutron-server[105056]: 'LocalIPAssociation': '1.0',
Mar 01 19:38:06.671220 dv-neutron-831409-2-hyperv neutron-server[105056]: 'Log': '1.0',
Mar 01 19:38:06.671220 dv-neutron-831409-2-hyperv neutron-server[105056]: 'Network': '1.1',
Mar 01 19:38:06.671220 dv-neutron-831409-2-hyperv neutron-server[105056]: 'Port': '1.7',
Mar 01 19:38:06.671220 dv-neutron-831409-2-hyperv neutron-server[105056]: 'PortForwarding': '1.2',
Mar 01 19:38:06.671220 dv-neutron-831409-2-hyperv neutron-server[105056]: 'QosPolicy': '1.10',
Mar 01 19:38:06.671220 dv-neutron-831409-2-hyperv neutron-server[105056]: 'SecurityGroup': '1.5',
Mar 01 19:38:06.671220 dv-neutron-831409-2-hyperv neutron-server[105056]: 'SecurityGroupRule': '1.2',
Mar 01 19:38:06.671220 dv-neutron-831409-2-hyperv neutron-server[105056]: 'SubPort': '1.0',
Mar 01 19:38:06.671220 dv-neutron-831409-2-hyperv neutron-server[105056]: 'Subnet': '1.1',
Mar 01 19:38:06.671220 dv-neutron-831409-2-hyperv neutron-server[105056]: 'Trunk': '1.1'}}
Mar 01 19:38:06.671220 dv-neutron-831409-2-hyperv neutron-server[105056]: {{(pid=105056) report /opt/stack/neutron/neutron/api/rpc/callbacks/version_manager.py:175}}
Mar 01 19:38:06.678877 dv-neutron-831409-2-hyperv neutron-server[105056]: DEBUG neutron.scheduler.dhcp_agent_scheduler [None req-029ee14a-9ff2-445b-831d-ffd03ec6d1f6 None None] Network 5fd9c5c8-6d04-4715-834e-127936d54c17 is already hosted by enough agents. {{(pid=105056) _get_dhcp_agents_hosting_network /opt/stack/neutron/neutron/scheduler/dhcp_agent_scheduler.py:275}}
Mar 01 19:38:06.709666 dv-neutron-831409-2-hyperv neutron-server[105056]: DEBUG neutron.scheduler.base_scheduler [None req-029ee14a-9ff2-445b-831d-ffd03ec6d1f6 None None] Resources bound (agent type, host, resource id): {{(pid=105056) schedule /opt/stack/neutron/neutron/scheduler/base_scheduler.py:57}}
Mar 01 19:38:06.713880 dv-neutron-831409-2-hyperv neutron-server[105056]: DEBUG neutron.db.l3_dvrscheduler_db [None req-029ee14a-9ff2-445b-831d-ffd03ec6d1f6 None None] Received port after_create {{(pid=105056) _notify_l3_agent_new_port /opt/stack/neutron/neutron/db/l3_dvrscheduler_db.py:536}}
Mar 01 19:38:06.765103 dv-neutron-831409-2-hyperv neutron-server[105055]: DEBUG neutron.api.v2.base [None req-bd65c600-f6fc-4917-b149-5a66b0fd6c0f admin admin] Request body: {'network': {'name': 'tempest-ServersTestJSON-1769399689-network', 'tenant_id': 'ed6391917c464ccf82b154e65ffa48b9'}} {{(pid=105055) prepare_request_body /opt/stack/neutron/neutron/api/v2/base.py:729}}
Mar 01 19:38:06.802430 dv-neutron-831409-2-hyperv neutron-server[105056]: DEBUG neutron.plugins.ml2.managers [None req-029ee14a-9ff2-445b-831d-ffd03ec6d1f6 None None] Attempting to bind port e8eed586-7d0a-4c59-b9f2-e8b924b66379 on host dv-neutron-831409-2-hyperv for vnic_type normal with profile {{(pid=105056) bind_port /opt/stack/neutron/neutron/plugins/ml2/managers.py:795}}
Mar 01 19:38:06.806144 dv-neutron-831409-2-hyperv neutron-server[105055]: DEBUG neutron.api.v2.base [None req-810eff9c-0e3f-42f4-a871-454fb4533034 tempest-FloatingIPTestJSON-1644635055 tempest-FloatingIPTestJSON-1644635055-project] Request body: {'network': {'name': 'tempest-FloatingIPTestJSON-test-network-1600580588'}} {{(pid=105055) prepare_request_body /opt/stack/neutron/neutron/api/v2/base.py:729}}
Mar 01 19:38:06.806725 dv-neutron-831409-2-hyperv neutron-server[105056]: DEBUG neutron.plugins.ml2.managers [None req-029ee14a-9ff2-445b-831d-ffd03ec6d1f6 None None] Attempting to bind port e8eed586-7d0a-4c59-b9f2-e8b924b66379 by drivers openvswitch,hyperv on host dv-neutron-831409-2-hyperv at level 0 using segments [{'id': '281613b2-ee73-4ec2-a34c-0c4cc872dc9c', 'network_type': 'vlan', 'physical_network': 'physnet1', 'segmentation_id': 559, 'network_id': '5fd9c5c8-6d04-4715-834e-127936d54c17'}] {{(pid=105056) _bind_port_level /opt/stack/neutron/neutron/plugins/ml2/managers.py:820}}
Mar 01 19:38:06.807206 dv-neutron-831409-2-hyperv neutron-server[105056]: DEBUG neutron.plugins.ml2.drivers.mech_agent [None req-029ee14a-9ff2-445b-831d-ffd03ec6d1f6 None None] Attempting to bind port e8eed586-7d0a-4c59-b9f2-e8b924b66379 on network 5fd9c5c8-6d04-4715-834e-127936d54c17 {{(pid=105056) bind_port /opt/stack/neutron/neutron/plugins/ml2/drivers/mech_agent.py:91}}
Mar 01 19:38:06.822848 dv-neutron-831409-2-hyperv neutron-server[105056]: DEBUG neutron.plugins.ml2.drivers.mech_agent [None req-029ee14a-9ff2-445b-831d-ffd03ec6d1f6 None None] Checking agent: {'id': 'cd7ab364-72cc-44d3-a16c-66c99cb8de05', 'agent_type': 'Open vSwitch agent', 'binary': 'neutron-openvswitch-agent', 'topic': 'N/A', 'host': 'dv-neutron-831409-2-hyperv', 'admin_state_up': True, 'created_at': datetime.datetime(2022, 3, 1, 19, 30, 44), 'started_at': datetime.datetime(2022, 3, 1, 19, 31, 14), 'heartbeat_timestamp': datetime.datetime(2022, 3, 1, 19, 37, 44), 'description': None, 'resources_synced': None, 'availability_zone': None, 'alive': True, 'configurations': {'arp_responder_enabled': False, 'baremetal_smartnic': False, 'bridge_mappings': {'physnet1': 'br-data'}, 'datapath_type': 'system', 'devices': 0, 'enable_distributed_routing': False, 'extensions': [], 'in_distributed_mode': False, 'integration_bridge': 'br-int', 'l2_population': False, 'log_agent_heartbeats': False, 'ovs_capabilities': {'datapath_types': ['netdev', 'system'], 'iface_types': ['erspan', 'geneve', 'gre', 'internal', 'ip6erspan', 'ip6gre', 'lisp', 'patch', 'stt', 'system', 'tap', 'vxlan']}, 'ovs_hybrid_plug': False, 'resource_provider_bandwidths': {}, 'resource_provider_hypervisors': {'br-data': 'dv-neutron-831409-2-hyperv'}, 'resource_provider_inventory_defaults': {'allocation_ratio': 1.0, 'min_unit': 1, 'step_size': 1, 'reserved': 0}, 'resource_provider_packet_processing_inventory_defaults': {'allocation_ratio': 1.0, 'min_unit': 1, 'step_size': 1, 'reserved': 0}, 'resource_provider_packet_processing_with_direction': {}, 'resource_provider_packet_processing_without_direction': {}, 'tunnel_types': [], 'tunneling_ip': None, 'vhostuser_socket_dir': '/var/run/openvswitch'}, 'resource_versions': {'AddressGroup': '1.2', 'ConntrackHelper': '1.0', 'LocalIPAssociation': '1.0', 'Log': '1.0', 'Network': '1.1', 'Port': '1.7', 'PortForwarding': '1.2', 'QosPolicy': '1.10', 'SecurityGroup': '1.5', 'SecurityGroupRule': '1.2', 'SubPort': '1.0', 'Subnet': '1.1', 'Trunk': '1.1'}} {{(pid=105056) bind_port /opt/stack/neutron/neutron/plugins/ml2/drivers/mech_agent.py:110}}
Mar 01 19:38:06.827860 dv-neutron-831409-2-hyperv neutron-server[105056]: DEBUG neutron.plugins.ml2.drivers.mech_agent [None req-029ee14a-9ff2-445b-831d-ffd03ec6d1f6 None None] Checking segment: {'id': '281613b2-ee73-4ec2-a34c-0c4cc872dc9c', 'network_type': 'vlan', 'physical_network': 'physnet1', 'segmentation_id': 559, 'network_id': '5fd9c5c8-6d04-4715-834e-127936d54c17'} for mappings: {'physnet1': 'br-data'} with network types: ['local', 'flat', 'vlan'] {{(pid=105056) check_segment_for_agent /opt/stack/neutron/neutron/plugins/ml2/drivers/mech_agent.py:373}}
Mar 01 19:38:06.828927 dv-neutron-831409-2-hyperv neutron-server[105056]: DEBUG neutron_lib.callbacks.manager [None req-029ee14a-9ff2-445b-831d-ffd03ec6d1f6 None None] Publish callbacks [] for ovs_bridge_name (None), before_read {{(pid=105056) _notify_loop /usr/local/lib/python3.8/dist-packages/neutron_lib/callbacks/manager.py:176}}
Mar 01 19:38:06.830080 dv-neutron-831409-2-hyperv neutron-server[105056]: DEBUG neutron.plugins.ml2.drivers.mech_agent [None req-029ee14a-9ff2-445b-831d-ffd03ec6d1f6 None None] Bound using segment: {'id': '281613b2-ee73-4ec2-a34c-0c4cc872dc9c', 'network_type': 'vlan', 'physical_network': 'physnet1', 'segmentation_id': 559, 'network_id': '5fd9c5c8-6d04-4715-834e-127936d54c17'} {{(pid=105056) bind_port /opt/stack/neutron/neutron/plugins/ml2/drivers/mech_agent.py:120}}
Mar 01 19:38:06.830654 dv-neutron-831409-2-hyperv neutron-server[105056]: DEBUG neutron.plugins.ml2.managers [None req-029ee14a-9ff2-445b-831d-ffd03ec6d1f6 None None] Bound port: e8eed586-7d0a-4c59-b9f2-e8b924b66379, host: dv-neutron-831409-2-hyperv, vif_type: ovs, vif_details: {"connectivity": "l2", "port_filter": true, "ovs_hybrid_plug": false, "datapath_type": "system", "bridge_name": "br-int"}, binding_levels: [{'bound_driver': 'openvswitch', 'bound_segment': {'id': '281613b2-ee73-4ec2-a34c-0c4cc872dc9c', 'network_type': 'vlan', 'physical_network': 'physnet1', 'segmentation_id': 559, 'network_id': '5fd9c5c8-6d04-4715-834e-127936d54c17'}}] {{(pid=105056) _bind_port_level /opt/stack/neutron/neutron/plugins/ml2/managers.py:932}}
Mar 01 19:38:06.831536 dv-neutron-831409-2-hyperv neutron-server[105056]: DEBUG neutron_lib.callbacks.manager [None req-029ee14a-9ff2-445b-831d-ffd03ec6d1f6 None None] Publish callbacks ['neutron.plugins.ml2.plugin.SecurityGroupDbMixin._ensure_default_security_group_handler-1919925'] for port (e8eed586-7d0a-4c59-b9f2-e8b924b66379), before_update {{(pid=105056) _notify_loop /usr/local/lib/python3.8/dist-packages/neutron_lib/callbacks/manager.py:176}}
Mar 01 19:38:06.839678 dv-neutron-831409-2-hyperv neutron-server[105055]: DEBUG neutron.pecan_wsgi.hooks.quota_enforcement [None req-bd65c600-f6fc-4917-b149-5a66b0fd6c0f admin admin] Made reservation on behalf of ed6391917c464ccf82b154e65ffa48b9 for: {'network': 1} {{(pid=105055) before /opt/stack/neutron/neutron/pecan_wsgi/hooks/quota_enforcement.py:53}}
Mar 01 19:38:06.842270 dv-neutron-831409-2-hyperv neutron-server[105055]: DEBUG neutron_lib.callbacks.manager [None req-bd65c600-f6fc-4917-b149-5a66b0fd6c0f admin admin] Publish callbacks ['neutron.plugins.ml2.plugin.SecurityGroupDbMixin._ensure_default_security_group_handler-1919925'] for network (None), before_create {{(pid=105055) _notify_loop /usr/local/lib/python3.8/dist-packages/neutron_lib/callbacks/manager.py:176}}
Mar 01 19:38:06.850632 dv-neutron-831409-2-hyperv neutron-server[105055]: DEBUG neutron.pecan_wsgi.hooks.quota_enforcement [None req-810eff9c-0e3f-42f4-a871-454fb4533034 tempest-FloatingIPTestJSON-1644635055 tempest-FloatingIPTestJSON-1644635055-project] Made reservation on behalf of df5dd163b3c9412d93901828982cd77c for: {'network': 1} {{(pid=105055) before /opt/stack/neutron/neutron/pecan_wsgi/hooks/quota_enforcement.py:53}}
Mar 01 19:38:06.855981 dv-neutron-831409-2-hyperv neutron-server[105055]: DEBUG neutron_lib.callbacks.manager [None req-810eff9c-0e3f-42f4-a871-454fb4533034 tempest-FloatingIPTestJSON-1644635055 tempest-FloatingIPTestJSON-1644635055-project] Publish callbacks ['neutron.plugins.ml2.plugin.SecurityGroupDbMixin._ensure_default_security_group_handler-1919925'] for network (None), before_create {{(pid=105055) _notify_loop /usr/local/lib/python3.8/dist-packages/neutron_lib/callbacks/manager.py:176}}
Mar 01 19:38:06.876709 dv-neutron-831409-2-hyperv neutron-server[105055]: DEBUG neutron_lib.callbacks.manager [None req-810eff9c-0e3f-42f4-a871-454fb4533034 tempest-FloatingIPTestJSON-1644635055 tempest-FloatingIPTestJSON-1644635055-project] Publish callbacks [] for security_group (None), before_create {{(pid=105055) _notify_loop /usr/local/lib/python3.8/dist-packages/neutron_lib/callbacks/manager.py:176}}
Mar 01 19:38:06.905617 dv-neutron-831409-2-hyperv neutron-server[105055]: DEBUG neutron_lib.callbacks.manager [None req-bd65c600-f6fc-4917-b149-5a66b0fd6c0f admin admin] Publish callbacks [] for security_group (None), before_create {{(pid=105055) _notify_loop /usr/local/lib/python3.8/dist-packages/neutron_lib/callbacks/manager.py:176}}
Mar 01 19:38:06.932085 dv-neutron-831409-2-hyperv neutron-server[105056]: DEBUG neutron_lib.callbacks.manager [None req-ac9a52aa-c04a-4c76-b684-090bc7dffa66 None None] Publish callbacks ['neutron.services.segments.db._update_segment_host_mapping_for_agent-8774742282635', 'neutron.plugins.ml2.plugin.Ml2Plugin._retry_binding_revived_agents-1227588'] for agent (7884a979-5473-43bd-a83e-13e3be5bd05b), after_update {{(pid=105056) _notify_loop /usr/local/lib/python3.8/dist-packages/neutron_lib/callbacks/manager.py:176}}
Mar 01 19:38:06.986467 dv-neutron-831409-2-hyperv neutron-server[105056]: DEBUG neutron.plugins.ml2.db [None req-029ee14a-9ff2-445b-831d-ffd03ec6d1f6 None None] For port e8eed586-7d0a-4c59-b9f2-e8b924b66379, host dv-neutron-831409-2-hyperv, cleared binding levels {{(pid=105056) clear_binding_levels /opt/stack/neutron/neutron/plugins/ml2/db.py:87}}
Mar 01 19:38:06.991884 dv-neutron-831409-2-hyperv neutron-server[105056]: DEBUG neutron.plugins.ml2.db [None req-029ee14a-9ff2-445b-831d-ffd03ec6d1f6 None None] For port e8eed586-7d0a-4c59-b9f2-e8b924b66379, host dv-neutron-831409-2-hyperv, set binding levels [PortBindingLevel(driver='openvswitch',host='dv-neutron-831409-2-hyperv',level=0,port_id=e8eed586-7d0a-4c59-b9f2-e8b924b66379,segment=NetworkSegment(281613b2-ee73-4ec2-a34c-0c4cc872dc9c),segment_id=281613b2-ee73-4ec2-a34c-0c4cc872dc9c)] {{(pid=105056) set_binding_levels /opt/stack/neutron/neutron/plugins/ml2/db.py:59}}
Mar 01 19:38:06.999403 dv-neutron-831409-2-hyperv neutron-server[105054]: DEBUG neutron_lib.callbacks.manager [None req-92e3e63b-8050-4560-a350-7928ca99da98 admin admin] Publish callbacks [] for router_gateway (684aad29-7518-48b6-a1a5-8bd4fbb4d1d3), before_create {{(pid=105054) _notify_loop /usr/local/lib/python3.8/dist-packages/neutron_lib/callbacks/manager.py:176}}
Mar 01 19:38:07.002312 dv-neutron-831409-2-hyperv neutron-server[105056]: DEBUG neutron_lib.callbacks.manager [None req-029ee14a-9ff2-445b-831d-ffd03ec6d1f6 None None] Publish callbacks ['neutron.plugins.ml2.plugin.SecurityGroupServerNotifierRpcMixin._notify_sg_on_port_change-1919862', 'neutron.plugins.ml2.ovo_rpc._ObjectChangeHandler.handle_event-974621', 'neutron.api.rpc.agentnotifiers.dhcp_rpc_agent_api.DhcpAgentNotifyAPI._native_event_send_dhcp_notification-554226', 'neutron.db.l3_db.L3RpcNotifierMixin._notify_gateway_port_ip_changed-8774742477038', 'neutron.db.l3_dvrscheduler_db._notify_l3_agent_port_update-8774741953015', 'neutron.db.l3_hascheduler_db._notify_l3_agent_ha_port_update-8774741955341'] for port (e8eed586-7d0a-4c59-b9f2-e8b924b66379), after_update {{(pid=105056) _notify_loop /usr/local/lib/python3.8/dist-packages/neutron_lib/callbacks/manager.py:176}}
Mar 01 19:38:07.044146 dv-neutron-831409-2-hyperv neutron-server[105054]: DEBUG neutron_lib.callbacks.manager [None req-92e3e63b-8050-4560-a350-7928ca99da98 admin admin] Publish callbacks ['neutron.plugins.ml2.plugin.SecurityGroupDbMixin._ensure_default_security_group_handler-1919925'] for port (None), before_create {{(pid=105054) _notify_loop /usr/local/lib/python3.8/dist-packages/neutron_lib/callbacks/manager.py:176}}
Mar 01 19:38:07.154089 dv-neutron-831409-2-hyperv neutron-server[105056]: DEBUG neutron.api.rpc.handlers.resources_rpc [None req-029ee14a-9ff2-445b-831d-ffd03ec6d1f6 None None] Pushing event updated for resources: {'Port': ['ID=e8eed586-7d0a-4c59-b9f2-e8b924b66379,revision_number=2']} {{(pid=105056) push /opt/stack/neutron/neutron/api/rpc/handlers/resources_rpc.py:237}}
Mar 01 19:38:07.177456 dv-neutron-831409-2-hyperv neutron-server[105055]: DEBUG neutron_lib.callbacks.manager [None req-cb0c097f-8725-4e89-bad4-d7e50868014e admin admin] Publish callbacks ['neutron.plugins.ml2.ovo_rpc._ObjectChangeHandler.handle_event-615375', 'neutron.api.rpc.agentnotifiers.dhcp_rpc_agent_api.DhcpAgentNotifyAPI._native_event_send_dhcp_notification-554226'] for subnet (eeec231a-cfc0-4f0f-b82f-9349d1b21f78), after_create {{(pid=105055) _notify_loop /usr/local/lib/python3.8/dist-packages/neutron_lib/callbacks/manager.py:176}}
Mar 01 19:38:07.194624 dv-neutron-831409-2-hyperv neutron-server[105055]: DEBUG neutron_lib.callbacks.manager [None req-810eff9c-0e3f-42f4-a871-454fb4533034 tempest-FloatingIPTestJSON-1644635055 tempest-FloatingIPTestJSON-1644635055-project] Publish callbacks [] for security_group (fe1bb57e-4180-49e3-83ec-d4083c58dba1), precommit_create {{(pid=105055) _notify_loop /usr/local/lib/python3.8/dist-packages/neutron_lib/callbacks/manager.py:176}}
Mar 01 19:38:07.226303 dv-neutron-831409-2-hyperv neutron-server[105055]: DEBUG neutron_lib.callbacks.manager [None req-810eff9c-0e3f-42f4-a871-454fb4533034 tempest-FloatingIPTestJSON-1644635055 tempest-FloatingIPTestJSON-1644635055-project] Publish callbacks ['neutron.plugins.ml2.ovo_rpc._ObjectChangeHandler.handle_event-570754'] for security_group (fe1bb57e-4180-49e3-83ec-d4083c58dba1), after_create {{(pid=105055) _notify_loop /usr/local/lib/python3.8/dist-packages/neutron_lib/callbacks/manager.py:176}}
Mar 01 19:38:07.277475 dv-neutron-831409-2-hyperv neutron-server[105055]: DEBUG neutron_lib.callbacks.manager [None req-bd65c600-f6fc-4917-b149-5a66b0fd6c0f admin admin] Publish callbacks [] for security_group (5d902e0a-be67-4657-8bc8-fac03423cb38), precommit_create {{(pid=105055) _notify_loop /usr/local/lib/python3.8/dist-packages/neutron_lib/callbacks/manager.py:176}}
Mar 01 19:38:07.286885 dv-neutron-831409-2-hyperv neutron-server[105054]: DEBUG neutron.db.db_base_plugin_common [None req-92e3e63b-8050-4560-a350-7928ca99da98 admin admin] Allocated IP 172.26.3.191 (2956e19f-0ad6-46bc-89c2-135b60696eab/3cff73de-2ae3-4477-a871-5139913ab794/3f350b0d-5524-41b1-9d9a-dba8019248d1) {{(pid=105054) _store_ip_allocation /opt/stack/neutron/neutron/db/db_base_plugin_common.py:131}}
Mar 01 19:38:07.295454 dv-neutron-831409-2-hyperv neutron-server[105055]: DEBUG neutron.plugins.ml2.drivers.helpers [None req-810eff9c-0e3f-42f4-a871-454fb4533034 tempest-FloatingIPTestJSON-1644635055 tempest-FloatingIPTestJSON-1644635055-project] vlan segment allocate from pool success with {'physical_network': 'physnet1', 'vlan_id': 577} {{(pid=105055) allocate_partially_specified_segment /opt/stack/neutron/neutron/plugins/ml2/drivers/helpers.py:153}}
Mar 01 19:38:07.309138 dv-neutron-831409-2-hyperv neutron-server[105055]: DEBUG neutron_lib.callbacks.manager [None req-bd65c600-f6fc-4917-b149-5a66b0fd6c0f admin admin] Publish callbacks ['neutron.plugins.ml2.ovo_rpc._ObjectChangeHandler.handle_event-570754'] for security_group (5d902e0a-be67-4657-8bc8-fac03423cb38), after_create {{(pid=105055) _notify_loop /usr/local/lib/python3.8/dist-packages/neutron_lib/callbacks/manager.py:176}}
Mar 01 19:38:07.361605 dv-neutron-831409-2-hyperv neutron-server[105055]: DEBUG neutron.api.rpc.handlers.resources_rpc [None req-cb0c097f-8725-4e89-bad4-d7e50868014e admin admin] Pushing event updated for resources: {'Subnet': ['ID=eeec231a-cfc0-4f0f-b82f-9349d1b21f78,revision_number=0']} {{(pid=105055) push /opt/stack/neutron/neutron/api/rpc/handlers/resources_rpc.py:237}}
Mar 01 19:38:07.366575 dv-neutron-831409-2-hyperv neutron-server[105055]: DEBUG neutron_lib.callbacks.manager [None req-810eff9c-0e3f-42f4-a871-454fb4533034 tempest-FloatingIPTestJSON-1644635055 tempest-FloatingIPTestJSON-1644635055-project] Publish callbacks ['neutron.plugins.ml2.plugin.Ml2Plugin._handle_segment_change-1233207'] for segment (27be3011-0ffa-4a78-ac5e-317314c8d963), precommit_create {{(pid=105055) _notify_loop /usr/local/lib/python3.8/dist-packages/neutron_lib/callbacks/manager.py:176}}
Mar 01 19:38:07.367050 dv-neutron-831409-2-hyperv neutron-server[105055]: INFO neutron.db.segments_db [None req-810eff9c-0e3f-42f4-a871-454fb4533034 tempest-FloatingIPTestJSON-1644635055 tempest-FloatingIPTestJSON-1644635055-project] Added segment 27be3011-0ffa-4a78-ac5e-317314c8d963 of type vlan for network 3f327d57-4dca-4de3-8380-cbbb3ca00a9e
Mar 01 19:38:07.407500 dv-neutron-831409-2-hyperv neutron-server[105055]: DEBUG neutron.plugins.ml2.drivers.helpers [None req-bd65c600-f6fc-4917-b149-5a66b0fd6c0f admin admin] vlan segment allocate from pool success with {'physical_network': 'physnet1', 'vlan_id': 574} {{(pid=105055) allocate_partially_specified_segment /opt/stack/neutron/neutron/plugins/ml2/drivers/helpers.py:153}}
Mar 01 19:38:07.443466 dv-neutron-831409-2-hyperv neutron-server[105055]: DEBUG neutron_lib.callbacks.manager [None req-bd65c600-f6fc-4917-b149-5a66b0fd6c0f admin admin] Publish callbacks ['neutron.plugins.ml2.plugin.Ml2Plugin._handle_segment_change-1233207'] for segment (85a1c70b-6718-4502-8403-8d1a044de0e4), precommit_create {{(pid=105055) _notify_loop /usr/local/lib/python3.8/dist-packages/neutron_lib/callbacks/manager.py:176}}
Mar 01 19:38:07.445586 dv-neutron-831409-2-hyperv neutron-server[105055]: INFO neutron.db.segments_db [None req-bd65c600-f6fc-4917-b149-5a66b0fd6c0f admin admin] Added segment 85a1c70b-6718-4502-8403-8d1a044de0e4 of type vlan for network 051edc00-9067-4477-a959-c6b5b60ca86e
Mar 01 19:38:07.455654 dv-neutron-831409-2-hyperv neutron-server[105054]: DEBUG neutron_lib.callbacks.manager [None req-92e3e63b-8050-4560-a350-7928ca99da98 admin admin] Publish callbacks [] for port (3f350b0d-5524-41b1-9d9a-dba8019248d1), precommit_create {{(pid=105054) _notify_loop /usr/local/lib/python3.8/dist-packages/neutron_lib/callbacks/manager.py:176}}
Mar 01 19:38:07.507657 dv-neutron-831409-2-hyperv neutron-server[105055]: DEBUG neutron.api.rpc.handlers.resources_rpc [None req-810eff9c-0e3f-42f4-a871-454fb4533034 tempest-FloatingIPTestJSON-1644635055 tempest-FloatingIPTestJSON-1644635055-project] Pushing event updated for resources: {'SecurityGroup': ['ID=fe1bb57e-4180-49e3-83ec-d4083c58dba1,revision_number=1']} {{(pid=105055) push /opt/stack/neutron/neutron/api/rpc/handlers/resources_rpc.py:237}}
Mar 01 19:38:07.532974 dv-neutron-831409-2-hyperv neutron-server[105054]: DEBUG neutron_lib.callbacks.manager [None req-92e3e63b-8050-4560-a350-7928ca99da98 admin admin] Publish callbacks ['neutron.plugins.ml2.plugin.SecurityGroupServerNotifierRpcMixin._notify_sg_on_port_change-1919862', 'neutron.plugins.ml2.ovo_rpc._ObjectChangeHandler.handle_event-974621', 'neutron.api.rpc.agentnotifiers.dhcp_rpc_agent_api.DhcpAgentNotifyAPI._native_event_send_dhcp_notification-554226', 'neutron.db.l3_dvrscheduler_db._notify_l3_agent_new_port-8774741952997'] for port (3f350b0d-5524-41b1-9d9a-dba8019248d1), after_create {{(pid=105054) _notify_loop /usr/local/lib/python3.8/dist-packages/neutron_lib/callbacks/manager.py:176}}
Mar 01 19:38:07.543021 dv-neutron-831409-2-hyperv neutron-server[105055]: DEBUG neutron.plugins.ml2.drivers.mech_agent [None req-cb0c097f-8725-4e89-bad4-d7e50868014e admin admin] Checking segment: {'id': 'ee157281-20c6-4c08-aca6-2d22f1833ef0', 'network_type': 'vlan', 'physical_network': 'physnet1', 'segmentation_id': 590, 'network_id': '3e1a39df-c46a-4d91-8f3f-6e0bf5d05aa4'} for mappings: {'physnet1': 'br-data'} with network types: ['local', 'flat', 'vlan'] {{(pid=105055) check_segment_for_agent /opt/stack/neutron/neutron/plugins/ml2/drivers/mech_agent.py:373}}
Mar 01 19:38:07.543588 dv-neutron-831409-2-hyperv neutron-server[105055]: DEBUG neutron.scheduler.dhcp_agent_scheduler [None req-cb0c097f-8725-4e89-bad4-d7e50868014e admin admin] Network hostable DHCP agents. Network: 3e1a39df-c46a-4d91-8f3f-6e0bf5d05aa4, hostable agents: ['7884a979-5473-43bd-a83e-13e3be5bd05b'], hosted agents: [] {{(pid=105055) _get_network_hostable_dhcp_agents /opt/stack/neutron/neutron/scheduler/dhcp_agent_scheduler.py:329}}
Mar 01 19:38:07.585869 dv-neutron-831409-2-hyperv neutron-server[105055]: DEBUG neutron_lib.callbacks.manager [None req-810eff9c-0e3f-42f4-a871-454fb4533034 tempest-FloatingIPTestJSON-1644635055 tempest-FloatingIPTestJSON-1644635055-project] Publish callbacks ['neutron.services.auto_allocate.db._ensure_external_network_default_value_callback-8774741974092'] for network (3f327d57-4dca-4de3-8380-cbbb3ca00a9e), precommit_create {{(pid=105055) _notify_loop /usr/local/lib/python3.8/dist-packages/neutron_lib/callbacks/manager.py:176}}
Mar 01 19:38:07.593691 dv-neutron-831409-2-hyperv neutron-server[105055]: DEBUG neutron_lib.callbacks.manager [None req-bd65c600-f6fc-4917-b149-5a66b0fd6c0f admin admin] Publish callbacks ['neutron.services.auto_allocate.db._ensure_external_network_default_value_callback-8774741974092'] for network (051edc00-9067-4477-a959-c6b5b60ca86e), precommit_create {{(pid=105055) _notify_loop /usr/local/lib/python3.8/dist-packages/neutron_lib/callbacks/manager.py:176}}
Mar 01 19:38:07.624722 dv-neutron-831409-2-hyperv neutron-server[105055]: DEBUG neutron.api.rpc.handlers.resources_rpc [None req-bd65c600-f6fc-4917-b149-5a66b0fd6c0f admin admin] Pushing event updated for resources: {'SecurityGroup': ['ID=5d902e0a-be67-4657-8bc8-fac03423cb38,revision_number=1']} {{(pid=105055) push /opt/stack/neutron/neutron/api/rpc/handlers/resources_rpc.py:237}}
Mar 01 19:38:07.644720 dv-neutron-831409-2-hyperv neutron-server[105055]: DEBUG neutron.scheduler.dhcp_agent_scheduler [None req-cb0c097f-8725-4e89-bad4-d7e50868014e admin admin] Network 3e1a39df-c46a-4d91-8f3f-6e0bf5d05aa4 is scheduled to be hosted by DHCP agent 7884a979-5473-43bd-a83e-13e3be5bd05b with binding_index 1 {{(pid=105055) bind /opt/stack/neutron/neutron/scheduler/dhcp_agent_scheduler.py:227}}
Mar 01 19:38:07.673149 dv-neutron-831409-2-hyperv neutron-server[105055]: DEBUG neutron_lib.callbacks.manager [None req-bd65c600-f6fc-4917-b149-5a66b0fd6c0f admin admin] Publish callbacks ['neutron.plugins.ml2.ovo_rpc._ObjectChangeHandler.handle_event-570843', 'neutron.api.rpc.agentnotifiers.dhcp_rpc_agent_api.DhcpAgentNotifyAPI._native_event_send_dhcp_notification-554226'] for network (051edc00-9067-4477-a959-c6b5b60ca86e), after_create {{(pid=105055) _notify_loop /usr/local/lib/python3.8/dist-packages/neutron_lib/callbacks/manager.py:176}}
Mar 01 19:38:07.674291 dv-neutron-831409-2-hyperv neutron-server[105055]: DEBUG neutron.pecan_wsgi.hooks.policy_enforcement [None req-bd65c600-f6fc-4917-b149-5a66b0fd6c0f admin admin] Attributes excluded by policy engine: ['standard_attr_id', 'vlan_transparent'] {{(pid=105055) _exclude_attributes_by_policy /opt/stack/neutron/neutron/pecan_wsgi/hooks/policy_enforcement.py:255}}
Mar 01 19:38:07.674945 dv-neutron-831409-2-hyperv neutron-server[105055]: DEBUG neutron_lib.callbacks.manager [None req-bd65c600-f6fc-4917-b149-5a66b0fd6c0f admin admin] Publish callbacks ['neutron.api.rpc.agentnotifiers.dhcp_rpc_agent_api.DhcpAgentNotifyAPI._send_dhcp_notification-554212'] for network (None), before_response {{(pid=105055) _notify_loop /usr/local/lib/python3.8/dist-packages/neutron_lib/callbacks/manager.py:176}}
Mar 01 19:38:07.684040 dv-neutron-831409-2-hyperv neutron-server[105055]: DEBUG neutron.scheduler.base_scheduler [None req-cb0c097f-8725-4e89-bad4-d7e50868014e admin admin] Resources bound (agent type, host, resource id): (DHCP agent, dv-neutron-831409-2-hyperv, 3e1a39df-c46a-4d91-8f3f-6e0bf5d05aa4) {{(pid=105055) schedule /opt/stack/neutron/neutron/scheduler/base_scheduler.py:57}}
Mar 01 19:38:07.685358 dv-neutron-831409-2-hyperv neutron-server[105055]: DEBUG neutron_lib.callbacks.manager [None req-810eff9c-0e3f-42f4-a871-454fb4533034 tempest-FloatingIPTestJSON-1644635055 tempest-FloatingIPTestJSON-1644635055-project] Publish callbacks ['neutron.plugins.ml2.ovo_rpc._ObjectChangeHandler.handle_event-570843', 'neutron.api.rpc.agentnotifiers.dhcp_rpc_agent_api.DhcpAgentNotifyAPI._native_event_send_dhcp_notification-554226'] for network (3f327d57-4dca-4de3-8380-cbbb3ca00a9e), after_create {{(pid=105055) _notify_loop /usr/local/lib/python3.8/dist-packages/neutron_lib/callbacks/manager.py:176}}
Mar 01 19:38:07.690820 dv-neutron-831409-2-hyperv neutron-server[105055]: DEBUG neutron.pecan_wsgi.hooks.policy_enforcement [None req-810eff9c-0e3f-42f4-a871-454fb4533034 tempest-FloatingIPTestJSON-1644635055 tempest-FloatingIPTestJSON-1644635055-project] Attributes excluded by policy engine: ['standard_attr_id', 'provider:network_type', 'provider:physical_network', 'provider:segmentation_id', 'vlan_transparent'] {{(pid=105055) _exclude_attributes_by_policy /opt/stack/neutron/neutron/pecan_wsgi/hooks/policy_enforcement.py:255}}
Mar 01 19:38:07.691486 dv-neutron-831409-2-hyperv neutron-server[105055]: DEBUG neutron_lib.callbacks.manager [None req-810eff9c-0e3f-42f4-a871-454fb4533034 tempest-FloatingIPTestJSON-1644635055 tempest-FloatingIPTestJSON-1644635055-project] Publish callbacks ['neutron.api.rpc.agentnotifiers.dhcp_rpc_agent_api.DhcpAgentNotifyAPI._send_dhcp_notification-554212'] for network (None), before_response {{(pid=105055) _notify_loop /usr/local/lib/python3.8/dist-packages/neutron_lib/callbacks/manager.py:176}}
Mar 01 19:38:07.704839 dv-neutron-831409-2-hyperv neutron-server[105056]: DEBUG neutron.api.rpc.handlers.dhcp_rpc [None req-c1895158-16c5-43a6-ba4c-5821f6dabfb4 None None] Network 3e1a39df-c46a-4d91-8f3f-6e0bf5d05aa4 requested from dv-neutron-831409-2-hyperv {{(pid=105056) get_network_info /opt/stack/neutron/neutron/api/rpc/handlers/dhcp_rpc.py:191}}
Mar 01 19:38:07.724454 dv-neutron-831409-2-hyperv neutron-server[105054]: DEBUG neutron.wsgi [-] (105054) accepted ('10.222.0.70', 52130) {{(pid=105054) server /usr/local/lib/python3.8/dist-packages/eventlet/wsgi.py:1004}}
Mar 01 19:38:07.728690 dv-neutron-831409-2-hyperv neutron-server[105054]: DEBUG neutron.api.rpc.handlers.resources_rpc [None req-92e3e63b-8050-4560-a350-7928ca99da98 admin admin] Pushing event updated for resources: {'Port': ['ID=3f350b0d-5524-41b1-9d9a-dba8019248d1,revision_number=1']} {{(pid=105054) push /opt/stack/neutron/neutron/api/rpc/handlers/resources_rpc.py:237}}
Mar 01 19:38:07.755503 dv-neutron-831409-2-hyperv neutron-server[105054]: DEBUG neutron.scheduler.dhcp_agent_scheduler [None req-92e3e63b-8050-4560-a350-7928ca99da98 admin admin] Network 2956e19f-0ad6-46bc-89c2-135b60696eab is already hosted by enough agents. {{(pid=105054) _get_dhcp_agents_hosting_network /opt/stack/neutron/neutron/scheduler/dhcp_agent_scheduler.py:275}}
Mar 01 19:38:07.757339 dv-neutron-831409-2-hyperv neutron-server[105054]: DEBUG neutron.scheduler.base_scheduler [None req-92e3e63b-8050-4560-a350-7928ca99da98 admin admin] Resources bound (agent type, host, resource id): {{(pid=105054) schedule /opt/stack/neutron/neutron/scheduler/base_scheduler.py:57}}
Mar 01 19:38:07.757799 dv-neutron-831409-2-hyperv neutron-server[105055]: DEBUG neutron.pecan_wsgi.hooks.policy_enforcement [None req-cb0c097f-8725-4e89-bad4-d7e50868014e admin admin] Attributes excluded by policy engine: ['standard_attr_id', 'shared', 'network'] {{(pid=105055) _exclude_attributes_by_policy /opt/stack/neutron/neutron/pecan_wsgi/hooks/policy_enforcement.py:255}}
Mar 01 19:38:07.758472 dv-neutron-831409-2-hyperv neutron-server[105055]: DEBUG neutron_lib.callbacks.manager [None req-cb0c097f-8725-4e89-bad4-d7e50868014e admin admin] Publish callbacks ['neutron.api.rpc.agentnotifiers.dhcp_rpc_agent_api.DhcpAgentNotifyAPI._send_dhcp_notification-554212'] for subnet (None), before_response {{(pid=105055) _notify_loop /usr/local/lib/python3.8/dist-packages/neutron_lib/callbacks/manager.py:176}}
Mar 01 19:38:07.760446 dv-neutron-831409-2-hyperv neutron-server[105054]: DEBUG neutron.db.l3_dvrscheduler_db [None req-92e3e63b-8050-4560-a350-7928ca99da98 admin admin] Received port after_create {{(pid=105054) _notify_l3_agent_new_port /opt/stack/neutron/neutron/db/l3_dvrscheduler_db.py:536}}
Mar 01 19:38:07.773905 dv-neutron-831409-2-hyperv neutron-server[105055]: INFO neutron.wsgi [None req-bd65c600-f6fc-4917-b149-5a66b0fd6c0f admin admin] 10.222.0.70 "POST /v2.0/networks HTTP/1.1" status: 201 len: 879 time: 1.5915160
Mar 01 19:38:07.782841 dv-neutron-831409-2-hyperv neutron-server[105055]: DEBUG neutron.wsgi [-] (105055) accepted ('10.222.0.70', 52134) {{(pid=105055) server /usr/local/lib/python3.8/dist-packages/eventlet/wsgi.py:1004}}
Mar 01 19:38:07.794815 dv-neutron-831409-2-hyperv neutron-server[105055]: DEBUG neutron.api.v2.base [None req-2319e1a4-990f-4358-a4e4-845e5682b2e6 admin admin] Request body: {'subnet': {'network_id': '051edc00-9067-4477-a959-c6b5b60ca86e', 'cidr': '172.20.0.0/28', 'name': 'tempest-ServersTestJSON-1769399689-subnet', 'tenant_id': 'ed6391917c464ccf82b154e65ffa48b9', 'enable_dhcp': True, 'ip_version': 4}} {{(pid=105055) prepare_request_body /opt/stack/neutron/neutron/api/v2/base.py:729}}
Mar 01 19:38:07.807340 dv-neutron-831409-2-hyperv neutron-server[105055]: INFO neutron.wsgi [None req-810eff9c-0e3f-42f4-a871-454fb4533034 tempest-FloatingIPTestJSON-1644635055 tempest-FloatingIPTestJSON-1644635055-project] 10.222.0.70 "POST /v2.0/networks HTTP/1.1" status: 201 len: 786 time: 1.6448987
Mar 01 19:38:07.810718 dv-neutron-831409-2-hyperv neutron-server[105055]: DEBUG neutron.wsgi [-] (105055) accepted ('10.222.0.70', 52138) {{(pid=105055) server /usr/local/lib/python3.8/dist-packages/eventlet/wsgi.py:1004}}
Mar 01 19:38:07.813535 dv-neutron-831409-2-hyperv neutron-server[105055]: DEBUG neutron.api.rpc.handlers.resources_rpc [None req-bd65c600-f6fc-4917-b149-5a66b0fd6c0f admin admin] Pushing event updated for resources: {'Network': ['ID=051edc00-9067-4477-a959-c6b5b60ca86e,revision_number=1']} {{(pid=105055) push /opt/stack/neutron/neutron/api/rpc/handlers/resources_rpc.py:237}}
Mar 01 19:38:07.827733 dv-neutron-831409-2-hyperv neutron-server[105055]: DEBUG neutron.api.v2.base [None req-7c00eedc-ec48-4c0c-bc38-068bc6db6e66 tempest-FloatingIPTestJSON-1644635055 tempest-FloatingIPTestJSON-1644635055-project] Request body: {'subnet': {'network_id': '3f327d57-4dca-4de3-8380-cbbb3ca00a9e', 'cidr': '172.20.0.0/28', 'ip_version': 4, 'gateway_ip': '172.20.0.1', 'enable_dhcp': False}} {{(pid=105055) prepare_request_body /opt/stack/neutron/neutron/api/v2/base.py:729}}
Mar 01 19:38:07.852744 dv-neutron-831409-2-hyperv neutron-server[105054]: DEBUG neutron.wsgi [-] (105054) accepted ('10.222.0.70', 52140) {{(pid=105054) server /usr/local/lib/python3.8/dist-packages/eventlet/wsgi.py:1004}}
Mar 01 19:38:07.855912 dv-neutron-831409-2-hyperv neutron-server[105056]: DEBUG neutron.plugins.ml2.rpc [None req-80173dbc-7cdf-4f0a-ab12-616b11212e15 None None] Network 051edc00-9067-4477-a959-c6b5b60ca86e details requested by agent ovs-agent-dv-neutron-831409-2-hyperv with host dv-neutron-831409-2-hyperv {{(pid=105056) get_network_details /opt/stack/neutron/neutron/plugins/ml2/rpc.py:248}}
Mar 01 19:38:07.858085 dv-neutron-831409-2-hyperv neutron-server[105054]: DEBUG neutron.api.v2.base [None req-acb5e420-0e30-4fa8-a50b-a9ec317df49b admin admin] Request body: {'router': {'name': 'tempest-ServerActionsTestJSON-529602208-router', 'tenant_id': 'e34f2c5782a848fc9c2db55603109b7e', 'external_gateway_info': {'network_id': '2956e19f-0ad6-46bc-89c2-135b60696eab'}}} {{(pid=105054) prepare_request_body /opt/stack/neutron/neutron/api/v2/base.py:729}}
Mar 01 19:38:07.864030 dv-neutron-831409-2-hyperv neutron-server[105055]: INFO neutron.wsgi [None req-cb0c097f-8725-4e89-bad4-d7e50868014e admin admin] 10.222.0.70 "POST /v2.0/subnets HTTP/1.1" status: 201 len: 847 time: 1.3068485
Mar 01 19:38:07.883456 dv-neutron-831409-2-hyperv neutron-server[105054]: DEBUG neutron_lib.callbacks.manager [None req-acb5e420-0e30-4fa8-a50b-a9ec317df49b admin admin] Publish callbacks ['neutron.services.l3_router.l3_router_plugin.L3_HA_NAT_db_mixin._before_router_create_handler-627336', 'neutron.services.l3_router.service_providers.driver_controller.DriverController._check_router_request-4981'] for router (c6265f34-1803-48d3-8395-ec22fb52a696), before_create {{(pid=105054) _notify_loop /usr/local/lib/python3.8/dist-packages/neutron_lib/callbacks/manager.py:176}}
Mar 01 19:38:07.884526 dv-neutron-831409-2-hyperv neutron-server[105054]: DEBUG neutron_lib.callbacks.manager [None req-acb5e420-0e30-4fa8-a50b-a9ec317df49b admin admin] Publish callbacks ['neutron.services.l3_router.l3_router_plugin.L3_HA_NAT_db_mixin._precommit_router_create-629528', 'neutron.services.l3_router.l3_router_plugin.DVRResourceOperationHandler._set_distributed_flag-623559', 'neutron.services.l3_router.l3_router_plugin.RouterAvailabilityZoneMixin._process_az_request-608078', 'neutron.services.l3_router.service_providers.driver_controller.DriverController._set_router_provider-4876'] for router (c6265f34-1803-48d3-8395-ec22fb52a696), precommit_create {{(pid=105054) _notify_loop /usr/local/lib/python3.8/dist-packages/neutron_lib/callbacks/manager.py:176}}
Mar 01 19:38:07.921443 dv-neutron-831409-2-hyperv neutron-server[105056]: DEBUG neutron.api.rpc.handlers.dhcp_rpc [None req-c93a9104-1077-4cdb-bd3f-d1cc645bcc47 None None] Create dhcp port {'port': {'name': '', 'admin_state_up': True, 'device_id': 'dhcp1130b797-dfab-5861-a36b-13fa8a4fd9d8-3e1a39df-c46a-4d91-8f3f-6e0bf5d05aa4', 'network_id': '3e1a39df-c46a-4d91-8f3f-6e0bf5d05aa4', 'project_id': 'e34f2c5782a848fc9c2db55603109b7e', 'fixed_ips': [{'subnet_id': 'eeec231a-cfc0-4f0f-b82f-9349d1b21f78'}]}} from dv-neutron-831409-2-hyperv. {{(pid=105056) create_dhcp_port /opt/stack/neutron/neutron/api/rpc/handlers/dhcp_rpc.py:268}}
Mar 01 19:38:07.922481 dv-neutron-831409-2-hyperv neutron-server[105056]: DEBUG neutron_lib.callbacks.manager [None req-c93a9104-1077-4cdb-bd3f-d1cc645bcc47 None None] Publish callbacks ['neutron.plugins.ml2.plugin.SecurityGroupDbMixin._ensure_default_security_group_handler-1919925'] for port (None), before_create {{(pid=105056) _notify_loop /usr/local/lib/python3.8/dist-packages/neutron_lib/callbacks/manager.py:176}}
Mar 01 19:38:07.953639 dv-neutron-831409-2-hyperv neutron-server[105054]: DEBUG neutron_lib.callbacks.manager [None req-acb5e420-0e30-4fa8-a50b-a9ec317df49b admin admin] Publish callbacks [] for router_controller (c6265f34-1803-48d3-8395-ec22fb52a696), precommit_add_association {{(pid=105054) _notify_loop /usr/local/lib/python3.8/dist-packages/neutron_lib/callbacks/manager.py:176}}
Mar 01 19:38:07.965839 dv-neutron-831409-2-hyperv neutron-server[105055]: DEBUG neutron.wsgi [-] (105055) accepted ('10.222.0.70', 52142) {{(pid=105055) server /usr/local/lib/python3.8/dist-packages/eventlet/wsgi.py:1004}}
Mar 01 19:38:08.046668 dv-neutron-831409-2-hyperv neutron-server[105055]: DEBUG neutron.pecan_wsgi.hooks.quota_enforcement [None req-2319e1a4-990f-4358-a4e4-845e5682b2e6 admin admin] Made reservation on behalf of ed6391917c464ccf82b154e65ffa48b9 for: {'subnet': 1} {{(pid=105055) before /opt/stack/neutron/neutron/pecan_wsgi/hooks/quota_enforcement.py:53}}
Mar 01 19:38:08.049256 dv-neutron-831409-2-hyperv neutron-server[105055]: DEBUG neutron_lib.callbacks.manager [None req-2319e1a4-990f-4358-a4e4-845e5682b2e6 admin admin] Publish callbacks [] for subnet (None), before_create {{(pid=105055) _notify_loop /usr/local/lib/python3.8/dist-packages/neutron_lib/callbacks/manager.py:176}}
Mar 01 19:38:08.141272 dv-neutron-831409-2-hyperv neutron-server[105055]: DEBUG neutron.api.rpc.handlers.resources_rpc [None req-810eff9c-0e3f-42f4-a871-454fb4533034 tempest-FloatingIPTestJSON-1644635055 tempest-FloatingIPTestJSON-1644635055-project] Pushing event updated for resources: {'Network': ['ID=3f327d57-4dca-4de3-8380-cbbb3ca00a9e,revision_number=1']} {{(pid=105055) push /opt/stack/neutron/neutron/api/rpc/handlers/resources_rpc.py:237}}
Mar 01 19:38:08.155713 dv-neutron-831409-2-hyperv neutron-server[105056]: DEBUG neutron.db.db_base_plugin_common [None req-c93a9104-1077-4cdb-bd3f-d1cc645bcc47 None None] Allocated IP 172.20.0.2 (3e1a39df-c46a-4d91-8f3f-6e0bf5d05aa4/eeec231a-cfc0-4f0f-b82f-9349d1b21f78/636a78d6-ad6b-4d45-8874-fe55dc11f177) {{(pid=105056) _store_ip_allocation /opt/stack/neutron/neutron/db/db_base_plugin_common.py:131}}
Mar 01 19:38:08.193138 dv-neutron-831409-2-hyperv neutron-server[105055]: DEBUG neutron.pecan_wsgi.hooks.quota_enforcement [None req-7c00eedc-ec48-4c0c-bc38-068bc6db6e66 tempest-FloatingIPTestJSON-1644635055 tempest-FloatingIPTestJSON-1644635055-project] Made reservation on behalf of df5dd163b3c9412d93901828982cd77c for: {'subnet': 1} {{(pid=105055) before /opt/stack/neutron/neutron/pecan_wsgi/hooks/quota_enforcement.py:53}}
Mar 01 19:38:08.197804 dv-neutron-831409-2-hyperv neutron-server[105055]: DEBUG neutron_lib.callbacks.manager [None req-7c00eedc-ec48-4c0c-bc38-068bc6db6e66 tempest-FloatingIPTestJSON-1644635055 tempest-FloatingIPTestJSON-1644635055-project] Publish callbacks [] for subnet (None), before_create {{(pid=105055) _notify_loop /usr/local/lib/python3.8/dist-packages/neutron_lib/callbacks/manager.py:176}}
Mar 01 19:38:08.228784 dv-neutron-831409-2-hyperv neutron-server[105055]: DEBUG neutron.wsgi [-] (105055) accepted ('10.222.0.70', 52148) {{(pid=105055) server /usr/local/lib/python3.8/dist-packages/eventlet/wsgi.py:1004}}
Mar 01 19:38:08.279194 dv-neutron-831409-2-hyperv neutron-server[105054]: DEBUG neutron_lib.callbacks.manager [None req-acb5e420-0e30-4fa8-a50b-a9ec317df49b admin admin] Publish callbacks [] for router_gateway (c6265f34-1803-48d3-8395-ec22fb52a696), precommit_update {{(pid=105054) _notify_loop /usr/local/lib/python3.8/dist-packages/neutron_lib/callbacks/manager.py:176}}
Mar 01 19:38:08.322220 dv-neutron-831409-2-hyperv neutron-server[105056]: DEBUG neutron.plugins.ml2.rpc [None req-80173dbc-7cdf-4f0a-ab12-616b11212e15 None None] Network 3f327d57-4dca-4de3-8380-cbbb3ca00a9e details requested by agent ovs-agent-dv-neutron-831409-2-hyperv with host dv-neutron-831409-2-hyperv {{(pid=105056) get_network_details /opt/stack/neutron/neutron/plugins/ml2/rpc.py:248}}
