Mar 01 13:03:00.483948 dv-neutron-831365-1-hyperv neutron-server[103890]: DEBUG neutron.db.l3_dvr_db [None req-b9121a43-7449-4d8a-b872-e54bfcfa8c35 None None] Set router e4ba9162-58b4-4009-a47c-260d6f72ac5d gateway port host: dv-neutron-831365-1-hyperv {{(pid=103890) _build_routers_list /opt/stack/neutron/neutron/db/l3_dvr_db.py:906}}
Mar 01 13:03:00.508228 dv-neutron-831365-1-hyperv neutron-server[103888]: DEBUG neutron.scheduler.dhcp_agent_scheduler [None req-17e84caf-4952-4cc5-bbb0-24fd46656e27 tempest-ExternalNetworksTestJSON-1489904670 tempest-ExternalNetworksTestJSON-1489904670-project-admin] Network 0d8f143c-5f2d-41c7-9faa-2ae576030fc2 is scheduled to be hosted by DHCP agent 59d7d39f-8863-4bd8-b104-8d38dc84d177 with binding_index 1 {{(pid=103888) bind /opt/stack/neutron/neutron/scheduler/dhcp_agent_scheduler.py:227}}
Mar 01 13:03:00.520268 dv-neutron-831365-1-hyperv neutron-server[103888]: DEBUG neutron_lib.callbacks.manager [None req-0d26d828-f8b0-4ce5-ac0a-08368c77a846 admin admin] Publish callbacks [] for security_group (8b3313fd-d7f7-4640-bbe4-7cabad760ef6), before_delete {{(pid=103888) _notify_loop /usr/local/lib/python3.8/dist-packages/neutron_lib/callbacks/manager.py:176}}
Mar 01 13:03:00.523556 dv-neutron-831365-1-hyperv neutron-server[103889]: DEBUG neutron.api.rpc.handlers.l3_rpc [None req-106e9dc0-1b6d-452b-8446-e01b55ffc28a None None] Checking router: b5188761-9fb9-4482-bc3c-7d1600d241de for host: dv-neutron-831365-1-hyperv {{(pid=103889) _ensure_host_set_on_ports /opt/stack/neutron/neutron/api/rpc/handlers/l3_rpc.py:155}}
Mar 01 13:03:00.523918 dv-neutron-831365-1-hyperv neutron-server[103889]: DEBUG neutron.api.rpc.handlers.l3_rpc [None req-106e9dc0-1b6d-452b-8446-e01b55ffc28a None None] Updating router b5188761-9fb9-4482-bc3c-7d1600d241de port 48934639-99e5-41ed-9baf-dbb5e88430a2 binding host dv-neutron-831365-1-hyperv {{(pid=103889) _ensure_host_set_on_port /opt/stack/neutron/neutron/api/rpc/handlers/l3_rpc.py:205}}
Mar 01 13:03:00.581364 dv-neutron-831365-1-hyperv neutron-server[103888]: DEBUG neutron_lib.callbacks.manager [None req-0d26d828-f8b0-4ce5-ac0a-08368c77a846 admin admin] Publish callbacks [] for security_group (8b3313fd-d7f7-4640-bbe4-7cabad760ef6), precommit_delete {{(pid=103888) _notify_loop /usr/local/lib/python3.8/dist-packages/neutron_lib/callbacks/manager.py:176}}
Mar 01 13:03:00.622929 dv-neutron-831365-1-hyperv neutron-server[103888]: DEBUG neutron.scheduler.base_scheduler [None req-17e84caf-4952-4cc5-bbb0-24fd46656e27 tempest-ExternalNetworksTestJSON-1489904670 tempest-ExternalNetworksTestJSON-1489904670-project-admin] Resources bound (agent type, host, resource id): (DHCP agent, dv-neutron-831365-1-hyperv, 0d8f143c-5f2d-41c7-9faa-2ae576030fc2) {{(pid=103888) schedule /opt/stack/neutron/neutron/scheduler/base_scheduler.py:57}}
Mar 01 13:03:00.665082 dv-neutron-831365-1-hyperv neutron-server[103888]: DEBUG neutron.pecan_wsgi.hooks.policy_enforcement [None req-17e84caf-4952-4cc5-bbb0-24fd46656e27 tempest-ExternalNetworksTestJSON-1489904670 tempest-ExternalNetworksTestJSON-1489904670-project-admin] Attributes excluded by policy engine: ['standard_attr_id', 'shared', 'network'] {{(pid=103888) _exclude_attributes_by_policy /opt/stack/neutron/neutron/pecan_wsgi/hooks/policy_enforcement.py:255}}
Mar 01 13:03:00.665708 dv-neutron-831365-1-hyperv neutron-server[103887]: DEBUG neutron.wsgi [-] (103887) accepted ('10.222.0.52', 41088) {{(pid=103887) server /usr/local/lib/python3.8/dist-packages/eventlet/wsgi.py:1004}}
Mar 01 13:03:00.669909 dv-neutron-831365-1-hyperv neutron-server[103888]: DEBUG neutron_lib.callbacks.manager [None req-17e84caf-4952-4cc5-bbb0-24fd46656e27 tempest-ExternalNetworksTestJSON-1489904670 tempest-ExternalNetworksTestJSON-1489904670-project-admin] Publish callbacks ['neutron.api.rpc.agentnotifiers.dhcp_rpc_agent_api.DhcpAgentNotifyAPI._send_dhcp_notification-565227'] for subnet (None), before_response {{(pid=103888) _notify_loop /usr/local/lib/python3.8/dist-packages/neutron_lib/callbacks/manager.py:176}}
Mar 01 13:03:00.675869 dv-neutron-831365-1-hyperv neutron-server[103887]: DEBUG neutron.api.v2.base [None req-d13b3bf8-f881-49a2-b134-904a6c199810 tempest-ServersTestManualDisk-1470764555 tempest-ServersTestManualDisk-1470764555-project] Request body: {'security_group': {'name': 'tempest-securitygroup--582310761', 'description': 'tempest-description--1557766164'}} {{(pid=103887) prepare_request_body /opt/stack/neutron/neutron/api/v2/base.py:729}}
Mar 01 13:03:00.713255 dv-neutron-831365-1-hyperv neutron-server[103889]: DEBUG neutron_lib.callbacks.manager [None req-6bb03906-c486-4fd5-90ee-8b5ea625eb4f None None] Publish callbacks [] for port (4f6a7435-a6c5-4d47-b24e-b8322dc69bed), precommit_create {{(pid=103889) _notify_loop /usr/local/lib/python3.8/dist-packages/neutron_lib/callbacks/manager.py:176}}
Mar 01 13:03:00.716792 dv-neutron-831365-1-hyperv neutron-server[103889]: DEBUG neutron.db.provisioning_blocks [None req-e5a4a8b5-bf24-4ed6-9783-0611b258aed5 None None] Provisioning complete for port 93967b5f-ca7f-4b96-a6b6-0c6c675667ee triggered by entity DHCP. {{(pid=103889) provisioning_complete /opt/stack/neutron/neutron/db/provisioning_blocks.py:140}}
Mar 01 13:03:00.718065 dv-neutron-831365-1-hyperv neutron-server[103889]: DEBUG neutron_lib.callbacks.manager [None req-e5a4a8b5-bf24-4ed6-9783-0611b258aed5 None None] Publish callbacks ['neutron.plugins.ml2.plugin.Ml2Plugin._port_provisioned-1984638'] for port (93967b5f-ca7f-4b96-a6b6-0c6c675667ee), provisioning_complete {{(pid=103889) _notify_loop /usr/local/lib/python3.8/dist-packages/neutron_lib/callbacks/manager.py:176}}
Mar 01 13:03:00.720375 dv-neutron-831365-1-hyperv neutron-server[103889]: DEBUG neutron.plugins.ml2.rpc [None req-8ba25c20-b325-45ad-acbb-0204e47572be None None] Device 43fb921c-86c0-4b6b-8542-4754872de166 up at agent ovs-agent-dv-neutron-831365-1-hyperv {{(pid=103889) update_device_up /opt/stack/neutron/neutron/plugins/ml2/rpc.py:296}}
Mar 01 13:03:00.730680 dv-neutron-831365-1-hyperv neutron-server[103889]: DEBUG neutron.api.rpc.handlers.dhcp_rpc [None req-95c56540-8ade-4c74-8232-7ab261dd787b None None] Network 0d8f143c-5f2d-41c7-9faa-2ae576030fc2 requested from dv-neutron-831365-1-hyperv {{(pid=103889) get_network_info /opt/stack/neutron/neutron/api/rpc/handlers/dhcp_rpc.py:191}}
Mar 01 13:03:00.763143 dv-neutron-831365-1-hyperv neutron-server[103888]: INFO neutron.wsgi [None req-17e84caf-4952-4cc5-bbb0-24fd46656e27 tempest-ExternalNetworksTestJSON-1489904670 tempest-ExternalNetworksTestJSON-1489904670-project-admin] 10.222.0.52 "POST /v2.0/subnets HTTP/1.1" status: 201 len: 802 time: 2.0814092
Mar 01 13:03:00.764518 dv-neutron-831365-1-hyperv neutron-server[103887]: DEBUG neutron.wsgi [-] (103887) accepted ('10.222.0.52', 41090) {{(pid=103887) server /usr/local/lib/python3.8/dist-packages/eventlet/wsgi.py:1004}}
Mar 01 13:03:00.769367 dv-neutron-831365-1-hyperv neutron-server[103887]: DEBUG neutron.api.v2.base [None req-f68a299a-54c0-4bf4-b14b-cb274d308fd5 tempest-ExternalNetworksTestJSON-1489904670 tempest-ExternalNetworksTestJSON-1489904670-project-admin] Request body: {'floatingip': {'floating_network_id': '0d8f143c-5f2d-41c7-9faa-2ae576030fc2'}} {{(pid=103887) prepare_request_body /opt/stack/neutron/neutron/api/v2/base.py:729}}
Mar 01 13:03:00.812178 dv-neutron-831365-1-hyperv neutron-server[103887]: DEBUG neutron_lib.callbacks.manager [None req-e12cf545-fceb-4966-b994-b2503a834207 admin admin] Publish callbacks [] for port (93967b5f-ca7f-4b96-a6b6-0c6c675667ee), precommit_update {{(pid=103887) _notify_loop /usr/local/lib/python3.8/dist-packages/neutron_lib/callbacks/manager.py:176}}
Mar 01 13:03:00.838505 dv-neutron-831365-1-hyperv neutron-server[103887]: DEBUG neutron_lib.callbacks.manager [None req-d13b3bf8-f881-49a2-b134-904a6c199810 tempest-ServersTestManualDisk-1470764555 tempest-ServersTestManualDisk-1470764555-project] Publish callbacks [] for security_group (None), before_create {{(pid=103887) _notify_loop /usr/local/lib/python3.8/dist-packages/neutron_lib/callbacks/manager.py:176}}
Mar 01 13:03:00.893231 dv-neutron-831365-1-hyperv neutron-server[103887]: DEBUG neutron_lib.callbacks.manager [None req-e12cf545-fceb-4966-b994-b2503a834207 admin admin] Publish callbacks ['neutron.plugins.ml2.plugin.SecurityGroupServerNotifierRpcMixin._notify_sg_on_port_change-2095542', 'neutron.plugins.ml2.ovo_rpc._ObjectChangeHandler.handle_event-894611', 'neutron.api.rpc.agentnotifiers.dhcp_rpc_agent_api.DhcpAgentNotifyAPI._native_event_send_dhcp_notification-565245', 'neutron.db.l3_db.L3RpcNotifierMixin._notify_gateway_port_ip_changed-8732086566382', 'neutron.db.l3_dvrscheduler_db._notify_l3_agent_port_update-8732086043383', 'neutron.db.l3_hascheduler_db._notify_l3_agent_ha_port_update-8732086044941', 'neutron.services.segments.plugin.NovaSegmentNotifier._notify_port_updated-9802738'] for port (93967b5f-ca7f-4b96-a6b6-0c6c675667ee), after_update {{(pid=103887) _notify_loop /usr/local/lib/python3.8/dist-packages/neutron_lib/callbacks/manager.py:176}}
Mar 01 13:03:00.955583 dv-neutron-831365-1-hyperv neutron-server[103888]: DEBUG neutron_lib.callbacks.manager [None req-0d26d828-f8b0-4ce5-ac0a-08368c77a846 admin admin] Publish callbacks ['neutron.plugins.ml2.ovo_rpc._ObjectChangeHandler.handle_event-298673'] for security_group (8b3313fd-d7f7-4640-bbe4-7cabad760ef6), after_delete {{(pid=103888) _notify_loop /usr/local/lib/python3.8/dist-packages/neutron_lib/callbacks/manager.py:176}}
Mar 01 13:03:00.958728 dv-neutron-831365-1-hyperv neutron-server[103888]: DEBUG neutron_lib.callbacks.manager [None req-0d26d828-f8b0-4ce5-ac0a-08368c77a846 admin admin] Publish callbacks [] for security_group (None), before_response {{(pid=103888) _notify_loop /usr/local/lib/python3.8/dist-packages/neutron_lib/callbacks/manager.py:176}}
Mar 01 13:03:00.960015 dv-neutron-831365-1-hyperv neutron-server[103890]: DEBUG neutron.db.l3_hamode_db [None req-b9121a43-7449-4d8a-b872-e54bfcfa8c35 None None] neutron.services.l3_router.l3_router_plugin.L3RouterPlugin method _process_sync_ha_data called with arguments (, [{'id': 'e4ba9162-58b4-4009-a47c-260d6f72ac5d', 'name': 'tempest-ServerActionsTestJSON-522930703-router', 'tenant_id': '5372a9770f49406a9923015fe65784a7', 'admin_state_up': True, 'status': 'ACTIVE', 'external_gateway_info': {'network_id': '355fd9c5-f888-4f74-8c4e-eebab4578df4', 'external_fixed_ips': [{'subnet_id': 'b8877677-a652-4833-a58b-f55103d9fa8f', 'ip_address': '172.26.8.103'}], 'enable_snat': True}, 'gw_port_id': '0b506511-eef3-4754-b905-8ac6a2dcedbe', 'description': '', 'availability_zones': ['nova'], 'distributed': False, 'ha': False, 'ha_vr_id': 0, 'availability_zone_hints': [], 'routes': [], 'flavor_id': None, 'tags': [], 'created_at': '2022-03-01T13:02:45Z', 'updated_at': '2022-03-01T13:02:55Z', 'revision_number': 4, 'project_id': '5372a9770f49406a9923015fe65784a7', 'gw_port': {'id': '0b506511-eef3-4754-b905-8ac6a2dcedbe', 'name': '', 'network_id': '355fd9c5-f888-4f74-8c4e-eebab4578df4', 'tenant_id': '', 'mac_address': 'fa:16:3e:da:2b:20', 'admin_state_up': True, 'status': 'ACTIVE', 'device_id': 'e4ba9162-58b4-4009-a47c-260d6f72ac5d', 'device_owner': 'network:router_gateway', 'standard_attr_id': 60, 'fixed_ips': [{'subnet_id': 'b8877677-a652-4833-a58b-f55103d9fa8f', 'ip_address': '172.26.8.103', 'prefixlen': 24}], 'allowed_address_pairs': [], 'extra_dhcp_opts': [], 'security_groups': [], 'description': '', 'binding:vnic_type': 'normal', 'binding:profile': {}, 'binding:host_id': 'dv-neutron-831365-1-hyperv', 'binding:vif_type': 'ovs', 'binding:vif_details': {'connectivity': 'l2', 'port_filter': True, 'ovs_hybrid_plug': False, 'datapath_type': 'system', 'bridge_name': 'br-int', 'bound_drivers': {'0': 'openvswitch'}}, 'port_security_enabled': False, 'tags': [], 'created_at': '2022-03-01T13:02:46Z', 'updated_at': '2022-03-01T13:02:56Z', 'revision_number': 4, 'project_id': '', 'subnets': [{'id': 'b8877677-a652-4833-a58b-f55103d9fa8f', 'cidr': '172.26.8.0/24', 'gateway_ip': '172.26.8.1', 'dns_nameservers': [], 'ipv6_ra_mode': None, 'subnetpool_id': None}], 'extra_subnets': [], 'address_scopes': {4: None, 6: None}, 'mtu': 1500}, 'enable_snat': True, 'gw_port_host': 'dv-neutron-831365-1-hyperv', '_interfaces': [{'id': 'e7af1507-ebf9-41d4-affb-5b6e3bcf42f2', 'name': '', 'network_id': '9f81094c-1a43-4bb1-99e5-a0485bb290cf', 'tenant_id': '5372a9770f49406a9923015fe65784a7', 'mac_address': 'fa:16:3e:73:dd:0e', 'admin_state_up': True, 'status': 'DOWN', 'device_id': 'e4ba9162-58b4-4009-a47c-260d6f72ac5d', 'device_owner': 'network:router_interface', 'standard_attr_id': 88, 'fixed_ips': [{'subnet_id': '9beabec7-8c06-4c1a-9306-cf06569f8638', 'ip_address': '172.20.0.1', 'prefixlen': 28}], 'allowed_address_pairs': [], 'extra_dhcp_opts': [], 'security_groups': [], 'description': '', 'binding:vnic_type': 'normal', 'binding:profile': {}, 'binding:host_id': '', 'binding:vif_type': 'unbound', 'binding:vif_details': {}, 'port_security_enabled': False, 'tags': [], 'created_at': '2022-03-01T13:02:52Z', 'updated_at': '2022-03-01T13:02:56Z', 'revision_number': 2, 'project_id': '5372a9770f49406a9923015fe65784a7', 'subnets': [{'id': '9beabec7-8c06-4c1a-9306-cf06569f8638', 'cidr': '172.20.0.0/28', 'gateway_ip': '172.20.0.1', 'dns_nameservers': [], 'ipv6_ra_mode': None, 'subnetpool_id': None}], 'extra_subnets': [], 'address_scopes': {4: None, 6: None}, 'mtu': 1500}]}], 'dv-neutron-831365-1-hyperv', False) {} {{(pid=103890) wrapper /usr/local/lib/python3.8/dist-packages/oslo_log/helpers.py:65}}
Mar 01 13:03:00.960911 dv-neutron-831365-1-hyperv neutron-server[103888]: INFO neutron.wsgi [None req-0d26d828-f8b0-4ce5-ac0a-08368c77a846 admin admin] 10.222.0.52 "DELETE /v2.0/security-groups/8b3313fd-d7f7-4640-bbe4-7cabad760ef6 HTTP/1.1" status: 204 len: 168 time: 0.5666113
Mar 01 13:03:01.009116 dv-neutron-831365-1-hyperv neutron-server[103888]: DEBUG neutron.wsgi [-] (103888) accepted ('10.222.0.52', 41096) {{(pid=103888) server /usr/local/lib/python3.8/dist-packages/eventlet/wsgi.py:1004}}
Mar 01 13:03:01.012178 dv-neutron-831365-1-hyperv neutron-server[103888]: DEBUG neutron.api.rpc.handlers.resources_rpc [None req-0d26d828-f8b0-4ce5-ac0a-08368c77a846 admin admin] Pushing event deleted for resources: {'SecurityGroup': ['ID=8b3313fd-d7f7-4640-bbe4-7cabad760ef6,revision_number=None']} {{(pid=103888) push /opt/stack/neutron/neutron/api/rpc/handlers/resources_rpc.py:237}}
Mar 01 13:03:01.020270 dv-neutron-831365-1-hyperv neutron-server[103889]: DEBUG neutron_lib.callbacks.manager [None req-6bb03906-c486-4fd5-90ee-8b5ea625eb4f None None] Publish callbacks ['neutron.plugins.ml2.plugin.SecurityGroupServerNotifierRpcMixin._notify_sg_on_port_change-2095542', 'neutron.plugins.ml2.ovo_rpc._ObjectChangeHandler.handle_event-894611', 'neutron.api.rpc.agentnotifiers.dhcp_rpc_agent_api.DhcpAgentNotifyAPI._native_event_send_dhcp_notification-565245', 'neutron.db.l3_dvrscheduler_db._notify_l3_agent_new_port-8732086043365'] for port (4f6a7435-a6c5-4d47-b24e-b8322dc69bed), after_create {{(pid=103889) _notify_loop /usr/local/lib/python3.8/dist-packages/neutron_lib/callbacks/manager.py:176}}
Mar 01 13:03:01.025272 dv-neutron-831365-1-hyperv neutron-server[103887]: DEBUG neutron_lib.callbacks.manager [None req-f68a299a-54c0-4bf4-b14b-cb274d308fd5 tempest-ExternalNetworksTestJSON-1489904670 tempest-ExternalNetworksTestJSON-1489904670-project-admin] Publish callbacks [] for floatingip (None), before_create {{(pid=103887) _notify_loop /usr/local/lib/python3.8/dist-packages/neutron_lib/callbacks/manager.py:176}}
Mar 01 13:03:01.033672 dv-neutron-831365-1-hyperv neutron-server[103890]: DEBUG neutron.api.rpc.handlers.l3_rpc [None req-b9121a43-7449-4d8a-b872-e54bfcfa8c35 None None] Checking router: e4ba9162-58b4-4009-a47c-260d6f72ac5d for host: dv-neutron-831365-1-hyperv {{(pid=103890) _ensure_host_set_on_ports /opt/stack/neutron/neutron/api/rpc/handlers/l3_rpc.py:155}}
Mar 01 13:03:01.034355 dv-neutron-831365-1-hyperv neutron-server[103890]: DEBUG neutron.api.rpc.handlers.l3_rpc [None req-b9121a43-7449-4d8a-b872-e54bfcfa8c35 None None] Updating router e4ba9162-58b4-4009-a47c-260d6f72ac5d port e7af1507-ebf9-41d4-affb-5b6e3bcf42f2 binding host dv-neutron-831365-1-hyperv {{(pid=103890) _ensure_host_set_on_port /opt/stack/neutron/neutron/api/rpc/handlers/l3_rpc.py:205}}
Mar 01 13:03:01.074380 dv-neutron-831365-1-hyperv neutron-server[103890]: DEBUG neutron_lib.callbacks.manager [None req-b9121a43-7449-4d8a-b872-e54bfcfa8c35 None None] Publish callbacks ['neutron.plugins.ml2.plugin.SecurityGroupDbMixin._ensure_default_security_group_handler-2095477'] for port (e7af1507-ebf9-41d4-affb-5b6e3bcf42f2), before_update {{(pid=103890) _notify_loop /usr/local/lib/python3.8/dist-packages/neutron_lib/callbacks/manager.py:176}}
Mar 01 13:03:01.082371 dv-neutron-831365-1-hyperv neutron-server[103889]: DEBUG neutron_lib.callbacks.manager [None req-106e9dc0-1b6d-452b-8446-e01b55ffc28a None None] Publish callbacks ['neutron.plugins.ml2.plugin.SecurityGroupDbMixin._ensure_default_security_group_handler-2095477'] for port (48934639-99e5-41ed-9baf-dbb5e88430a2), before_update {{(pid=103889) _notify_loop /usr/local/lib/python3.8/dist-packages/neutron_lib/callbacks/manager.py:176}}
Mar 01 13:03:01.091183 dv-neutron-831365-1-hyperv neutron-server[103887]: INFO neutron.wsgi [None req-d57f65ed-a0be-4250-a9d6-091b3e7caca2 tempest-DHCPAgentSchedulersTestJSON-355553684 tempest-DHCPAgentSchedulersTestJSON-355553684-project-admin] 10.222.0.52 "GET /v2.0/agents HTTP/1.1" status: 200 len: 4560 time: 0.7304726
Mar 01 13:03:01.138890 dv-neutron-831365-1-hyperv neutron-server[103887]: DEBUG neutron.wsgi [-] (103887) accepted ('10.222.0.52', 41102) {{(pid=103887) server /usr/local/lib/python3.8/dist-packages/eventlet/wsgi.py:1004}}
Mar 01 13:03:01.175975 dv-neutron-831365-1-hyperv neutron-server[103887]: DEBUG neutron.api.v2.base [None req-5a40bcc5-783e-4a93-bf07-5367f7c5e269 tempest-DHCPAgentSchedulersTestJSON-1663280303 tempest-DHCPAgentSchedulersTestJSON-1663280303-project] Request body: {'network': {'name': 'tempest-DHCPAgentSchedulersTestJSON-test-network-1183028650'}} {{(pid=103887) prepare_request_body /opt/stack/neutron/neutron/api/v2/base.py:729}}
Mar 01 13:03:01.233152 dv-neutron-831365-1-hyperv neutron-server[103889]: DEBUG neutron.scheduler.dhcp_agent_scheduler [None req-6bb03906-c486-4fd5-90ee-8b5ea625eb4f None None] Network 089a4271-6323-45cf-97bd-14c70d1afa0f is already hosted by enough agents. {{(pid=103889) _get_dhcp_agents_hosting_network /opt/stack/neutron/neutron/scheduler/dhcp_agent_scheduler.py:275}}
Mar 01 13:03:01.242371 dv-neutron-831365-1-hyperv neutron-server[103889]: DEBUG neutron.scheduler.base_scheduler [None req-6bb03906-c486-4fd5-90ee-8b5ea625eb4f None None] Resources bound (agent type, host, resource id): {{(pid=103889) schedule /opt/stack/neutron/neutron/scheduler/base_scheduler.py:57}}
Mar 01 13:03:01.247616 dv-neutron-831365-1-hyperv neutron-server[103889]: DEBUG neutron.plugins.ml2.plugin [None req-e5a4a8b5-bf24-4ed6-9783-0611b258aed5 None None] Port 93967b5f-ca7f-4b96-a6b6-0c6c675667ee cannot update to ACTIVE because it is not bound. {{(pid=103889) _port_provisioned /opt/stack/neutron/neutron/plugins/ml2/plugin.py:343}}
Mar 01 13:03:01.253382 dv-neutron-831365-1-hyperv neutron-server[103889]: DEBUG neutron.db.l3_dvrscheduler_db [None req-6bb03906-c486-4fd5-90ee-8b5ea625eb4f None None] Received port after_create {{(pid=103889) _notify_l3_agent_new_port /opt/stack/neutron/neutron/db/l3_dvrscheduler_db.py:536}}
Mar 01 13:03:01.305803 dv-neutron-831365-1-hyperv neutron-server[103888]: DEBUG neutron.api.v2.base [None req-e84ae3ed-4151-4993-bf18-5aa2b0c1f225 tempest-AllowedAddressPairIpV6TestJSON-510312958 tempest-AllowedAddressPairIpV6TestJSON-510312958-project] Request body: {'network': {'name': 'tempest-AllowedAddressPairIpV6TestJSON-test-network-355063763'}} {{(pid=103888) prepare_request_body /opt/stack/neutron/neutron/api/v2/base.py:729}}
Mar 01 13:03:01.328849 dv-neutron-831365-1-hyperv neutron-server[103887]: DEBUG neutron_lib.callbacks.manager [None req-d13b3bf8-f881-49a2-b134-904a6c199810 tempest-ServersTestManualDisk-1470764555 tempest-ServersTestManualDisk-1470764555-project] Publish callbacks [] for security_group (5c9405d2-faec-4169-bc15-2b6c442fea00), precommit_create {{(pid=103887) _notify_loop /usr/local/lib/python3.8/dist-packages/neutron_lib/callbacks/manager.py:176}}
Mar 01 13:03:01.343901 dv-neutron-831365-1-hyperv neutron-server[103888]: DEBUG neutron_lib.callbacks.manager [None req-25a7169e-1035-40df-bd19-3880b2b93e60 tempest-FloatingIPAdminTestJSON-1137138934 tempest-FloatingIPAdminTestJSON-1137138934-project] Publish callbacks [] for router_gateway (e1d4c23b-3a7a-412e-a67f-cdec967cdb3d), before_create {{(pid=103888) _notify_loop /usr/local/lib/python3.8/dist-packages/neutron_lib/callbacks/manager.py:176}}
Mar 01 13:03:01.368488 dv-neutron-831365-1-hyperv neutron-server[103887]: DEBUG neutron_lib.callbacks.manager [None req-e12cf545-fceb-4966-b994-b2503a834207 admin admin] Publish callbacks ['neutron.api.rpc.agentnotifiers.dhcp_rpc_agent_api.DhcpAgentNotifyAPI._after_router_interface_created-565007', 'neutron.services.l3_router.l3_router_plugin.DVRResourceOperationHandler._update_snat_v6_addrs_after_intf_update-556198'] for router_interface (0f0a34de-f63a-4efa-9f09-bfd92bd49a79), after_create {{(pid=103887) _notify_loop /usr/local/lib/python3.8/dist-packages/neutron_lib/callbacks/manager.py:176}}
Mar 01 13:03:01.374574 dv-neutron-831365-1-hyperv neutron-server[103887]: DEBUG neutron.api.rpc.handlers.resources_rpc [None req-e12cf545-fceb-4966-b994-b2503a834207 admin admin] Pushing event updated for resources: {'Port': ['ID=93967b5f-ca7f-4b96-a6b6-0c6c675667ee,revision_number=2']} {{(pid=103887) push /opt/stack/neutron/neutron/api/rpc/handlers/resources_rpc.py:237}}
Mar 01 13:03:01.403035 dv-neutron-831365-1-hyperv neutron-server[103888]: DEBUG neutron_lib.callbacks.manager [None req-25a7169e-1035-40df-bd19-3880b2b93e60 tempest-FloatingIPAdminTestJSON-1137138934 tempest-FloatingIPAdminTestJSON-1137138934-project] Publish callbacks ['neutron.plugins.ml2.plugin.SecurityGroupDbMixin._ensure_default_security_group_handler-2095477'] for port (None), before_create {{(pid=103888) _notify_loop /usr/local/lib/python3.8/dist-packages/neutron_lib/callbacks/manager.py:176}}
Mar 01 13:03:01.433893 dv-neutron-831365-1-hyperv neutron-server[103890]: DEBUG neutron_lib.callbacks.manager [None req-b9121a43-7449-4d8a-b872-e54bfcfa8c35 None None] Publish callbacks [] for port (e7af1507-ebf9-41d4-affb-5b6e3bcf42f2), precommit_update {{(pid=103890) _notify_loop /usr/local/lib/python3.8/dist-packages/neutron_lib/callbacks/manager.py:176}}
Mar 01 13:03:01.454690 dv-neutron-831365-1-hyperv neutron-server[103887]: DEBUG neutron.pecan_wsgi.hooks.quota_enforcement [None req-5a40bcc5-783e-4a93-bf07-5367f7c5e269 tempest-DHCPAgentSchedulersTestJSON-1663280303 tempest-DHCPAgentSchedulersTestJSON-1663280303-project] Made reservation on behalf of 8fd37073a1d94e0080c7f3ff7de99a37 for: {'network': 1} {{(pid=103887) before /opt/stack/neutron/neutron/pecan_wsgi/hooks/quota_enforcement.py:53}}
Mar 01 13:03:01.458549 dv-neutron-831365-1-hyperv neutron-server[103887]: DEBUG neutron_lib.callbacks.manager [None req-5a40bcc5-783e-4a93-bf07-5367f7c5e269 tempest-DHCPAgentSchedulersTestJSON-1663280303 tempest-DHCPAgentSchedulersTestJSON-1663280303-project] Publish callbacks ['neutron.plugins.ml2.plugin.SecurityGroupDbMixin._ensure_default_security_group_handler-2095477'] for network (None), before_create {{(pid=103887) _notify_loop /usr/local/lib/python3.8/dist-packages/neutron_lib/callbacks/manager.py:176}}
Mar 01 13:03:01.467974 dv-neutron-831365-1-hyperv neutron-server[103887]: DEBUG neutron_lib.callbacks.manager [None req-d13b3bf8-f881-49a2-b134-904a6c199810 tempest-ServersTestManualDisk-1470764555 tempest-ServersTestManualDisk-1470764555-project] Publish callbacks ['neutron.plugins.ml2.ovo_rpc._ObjectChangeHandler.handle_event-298673'] for security_group (5c9405d2-faec-4169-bc15-2b6c442fea00), after_create {{(pid=103887) _notify_loop /usr/local/lib/python3.8/dist-packages/neutron_lib/callbacks/manager.py:176}}
Mar 01 13:03:01.557925 dv-neutron-831365-1-hyperv neutron-server[103890]: DEBUG neutron_lib.callbacks.manager [None req-b9121a43-7449-4d8a-b872-e54bfcfa8c35 None None] Publish callbacks ['neutron.plugins.ml2.plugin.SecurityGroupServerNotifierRpcMixin._notify_sg_on_port_change-2095542', 'neutron.plugins.ml2.ovo_rpc._ObjectChangeHandler.handle_event-894611', 'neutron.api.rpc.agentnotifiers.dhcp_rpc_agent_api.DhcpAgentNotifyAPI._native_event_send_dhcp_notification-565245', 'neutron.db.l3_db.L3RpcNotifierMixin._notify_gateway_port_ip_changed-8732086566382', 'neutron.db.l3_dvrscheduler_db._notify_l3_agent_port_update-8732086043383', 'neutron.db.l3_hascheduler_db._notify_l3_agent_ha_port_update-8732086044941'] for port (e7af1507-ebf9-41d4-affb-5b6e3bcf42f2), after_update {{(pid=103890) _notify_loop /usr/local/lib/python3.8/dist-packages/neutron_lib/callbacks/manager.py:176}}
Mar 01 13:03:01.563842 dv-neutron-831365-1-hyperv neutron-server[103888]: DEBUG neutron.db.db_base_plugin_common [None req-25a7169e-1035-40df-bd19-3880b2b93e60 tempest-FloatingIPAdminTestJSON-1137138934 tempest-FloatingIPAdminTestJSON-1137138934-project] Allocated IP 172.26.8.68 (355fd9c5-f888-4f74-8c4e-eebab4578df4/b8877677-a652-4833-a58b-f55103d9fa8f/e978cad3-76e5-4907-b9c8-de61afd0d3e0) {{(pid=103888) _store_ip_allocation /opt/stack/neutron/neutron/db/db_base_plugin_common.py:131}}
Mar 01 13:03:01.587098 dv-neutron-831365-1-hyperv neutron-server[103888]: DEBUG neutron.pecan_wsgi.hooks.quota_enforcement [None req-e84ae3ed-4151-4993-bf18-5aa2b0c1f225 tempest-AllowedAddressPairIpV6TestJSON-510312958 tempest-AllowedAddressPairIpV6TestJSON-510312958-project] Made reservation on behalf of 6ccf287dcdad4607a21c6b92c876ed24 for: {'network': 1} {{(pid=103888) before /opt/stack/neutron/neutron/pecan_wsgi/hooks/quota_enforcement.py:53}}
Mar 01 13:03:01.592692 dv-neutron-831365-1-hyperv neutron-server[103888]: DEBUG neutron_lib.callbacks.manager [None req-e84ae3ed-4151-4993-bf18-5aa2b0c1f225 tempest-AllowedAddressPairIpV6TestJSON-510312958 tempest-AllowedAddressPairIpV6TestJSON-510312958-project] Publish callbacks ['neutron.plugins.ml2.plugin.SecurityGroupDbMixin._ensure_default_security_group_handler-2095477'] for network (None), before_create {{(pid=103888) _notify_loop /usr/local/lib/python3.8/dist-packages/neutron_lib/callbacks/manager.py:176}}
Mar 01 13:03:01.610541 dv-neutron-831365-1-hyperv neutron-server[103889]: DEBUG neutron.api.rpc.handlers.resources_rpc [None req-6bb03906-c486-4fd5-90ee-8b5ea625eb4f None None] Pushing event updated for resources: {'Port': ['ID=4f6a7435-a6c5-4d47-b24e-b8322dc69bed,revision_number=1']} {{(pid=103889) push /opt/stack/neutron/neutron/api/rpc/handlers/resources_rpc.py:237}}
Mar 01 13:03:01.627428 dv-neutron-831365-1-hyperv neutron-server[103889]: DEBUG neutron_lib.callbacks.manager [None req-106e9dc0-1b6d-452b-8446-e01b55ffc28a None None] Publish callbacks [] for port (48934639-99e5-41ed-9baf-dbb5e88430a2), precommit_update {{(pid=103889) _notify_loop /usr/local/lib/python3.8/dist-packages/neutron_lib/callbacks/manager.py:176}}
Mar 01 13:03:01.664600 dv-neutron-831365-1-hyperv neutron-server[103888]: DEBUG neutron_lib.callbacks.manager [None req-e84ae3ed-4151-4993-bf18-5aa2b0c1f225 tempest-AllowedAddressPairIpV6TestJSON-510312958 tempest-AllowedAddressPairIpV6TestJSON-510312958-project] Publish callbacks [] for security_group (None), before_create {{(pid=103888) _notify_loop /usr/local/lib/python3.8/dist-packages/neutron_lib/callbacks/manager.py:176}}
Mar 01 13:03:01.668315 dv-neutron-831365-1-hyperv neutron-server[103887]: DEBUG neutron_lib.callbacks.manager [None req-d13b3bf8-f881-49a2-b134-904a6c199810 tempest-ServersTestManualDisk-1470764555 tempest-ServersTestManualDisk-1470764555-project] Publish callbacks [] for security_group (None), before_response {{(pid=103887) _notify_loop /usr/local/lib/python3.8/dist-packages/neutron_lib/callbacks/manager.py:176}}
Mar 01 13:03:01.678978 dv-neutron-831365-1-hyperv neutron-server[103890]: DEBUG neutron.api.rpc.handlers.resources_rpc [None req-824264b3-389d-46d9-a38f-85be515883b2 None None] Pushing event updated for resources: {'Port': ['ID=e7af1507-ebf9-41d4-affb-5b6e3bcf42f2,revision_number=3']} {{(pid=103890) push /opt/stack/neutron/neutron/api/rpc/handlers/resources_rpc.py:237}}
Mar 01 13:03:01.680175 dv-neutron-831365-1-hyperv neutron-server[103887]: INFO neutron.wsgi [None req-d13b3bf8-f881-49a2-b134-904a6c199810 tempest-ServersTestManualDisk-1470764555 tempest-ServersTestManualDisk-1470764555-project] 10.222.0.52 "POST /v2.0/security-groups HTTP/1.1" status: 201 len: 1796 time: 1.0019855
Mar 01 13:03:01.686685 dv-neutron-831365-1-hyperv neutron-server[103887]: DEBUG neutron.wsgi [-] (103887) accepted ('10.222.0.52', 41108) {{(pid=103887) server /usr/local/lib/python3.8/dist-packages/eventlet/wsgi.py:1004}}
Mar 01 13:03:01.700776 dv-neutron-831365-1-hyperv neutron-server[103889]: DEBUG neutron.db.provisioning_blocks [None req-e5a4a8b5-bf24-4ed6-9783-0611b258aed5 None None] Provisioning complete for port e7af1507-ebf9-41d4-affb-5b6e3bcf42f2 triggered by entity DHCP. {{(pid=103889) provisioning_complete /opt/stack/neutron/neutron/db/provisioning_blocks.py:140}}
Mar 01 13:03:01.701150 dv-neutron-831365-1-hyperv neutron-server[103889]: DEBUG neutron_lib.callbacks.manager [None req-e5a4a8b5-bf24-4ed6-9783-0611b258aed5 None None] Publish callbacks ['neutron.plugins.ml2.plugin.Ml2Plugin._port_provisioned-1984638'] for port (e7af1507-ebf9-41d4-affb-5b6e3bcf42f2), provisioning_complete {{(pid=103889) _notify_loop /usr/local/lib/python3.8/dist-packages/neutron_lib/callbacks/manager.py:176}}
Mar 01 13:03:01.722372 dv-neutron-831365-1-hyperv neutron-server[103887]: DEBUG neutron.api.v2.base [None req-6c488a2e-f034-4270-a7f5-e7d54cddcb16 tempest-ServersTestManualDisk-1470764555 tempest-ServersTestManualDisk-1470764555-project] Request body: {'security_group_rule': {'security_group_id': '5c9405d2-faec-4169-bc15-2b6c442fea00', 'protocol': 'tcp', 'ethertype': 'IPv4', 'port_range_min': 22, 'port_range_max': 22, 'direction': 'ingress'}} {{(pid=103887) prepare_request_body /opt/stack/neutron/neutron/api/v2/base.py:729}}
Mar 01 13:03:01.726719 dv-neutron-831365-1-hyperv neutron-server[103887]: DEBUG neutron.plugins.ml2.drivers.helpers [None req-5a40bcc5-783e-4a93-bf07-5367f7c5e269 tempest-DHCPAgentSchedulersTestJSON-1663280303 tempest-DHCPAgentSchedulersTestJSON-1663280303-project] vlan segment allocate from pool success with {'physical_network': 'physnet1', 'vlan_id': 408} {{(pid=103887) allocate_partially_specified_segment /opt/stack/neutron/neutron/plugins/ml2/drivers/helpers.py:153}}
Mar 01 13:03:01.738252 dv-neutron-831365-1-hyperv neutron-server[103887]: DEBUG neutron.api.rpc.handlers.resources_rpc [None req-d13b3bf8-f881-49a2-b134-904a6c199810 tempest-ServersTestManualDisk-1470764555 tempest-ServersTestManualDisk-1470764555-project] Pushing event updated for resources: {'SecurityGroup': ['ID=5c9405d2-faec-4169-bc15-2b6c442fea00,revision_number=1']} {{(pid=103887) push /opt/stack/neutron/neutron/api/rpc/handlers/resources_rpc.py:237}}
Mar 01 13:03:01.817440 dv-neutron-831365-1-hyperv neutron-server[103889]: DEBUG neutron_lib.callbacks.manager [None req-106e9dc0-1b6d-452b-8446-e01b55ffc28a None None] Publish callbacks ['neutron.plugins.ml2.plugin.SecurityGroupServerNotifierRpcMixin._notify_sg_on_port_change-2095542', 'neutron.plugins.ml2.ovo_rpc._ObjectChangeHandler.handle_event-894611', 'neutron.api.rpc.agentnotifiers.dhcp_rpc_agent_api.DhcpAgentNotifyAPI._native_event_send_dhcp_notification-565245', 'neutron.db.l3_db.L3RpcNotifierMixin._notify_gateway_port_ip_changed-8732086566382', 'neutron.db.l3_dvrscheduler_db._notify_l3_agent_port_update-8732086043383', 'neutron.db.l3_hascheduler_db._notify_l3_agent_ha_port_update-8732086044941'] for port (48934639-99e5-41ed-9baf-dbb5e88430a2), after_update {{(pid=103889) _notify_loop /usr/local/lib/python3.8/dist-packages/neutron_lib/callbacks/manager.py:176}}
Mar 01 13:03:01.827690 dv-neutron-831365-1-hyperv neutron-server[103889]: DEBUG neutron.db.provisioning_blocks [None req-8ba25c20-b325-45ad-acbb-0204e47572be None None] Provisioning complete for port 43fb921c-86c0-4b6b-8542-4754872de166 triggered by entity L2. {{(pid=103889) provisioning_complete /opt/stack/neutron/neutron/db/provisioning_blocks.py:140}}
Mar 01 13:03:01.827822 dv-neutron-831365-1-hyperv neutron-server[103889]: DEBUG neutron_lib.callbacks.manager [None req-8ba25c20-b325-45ad-acbb-0204e47572be None None] Publish callbacks ['neutron.plugins.ml2.plugin.Ml2Plugin._port_provisioned-1984638'] for port (43fb921c-86c0-4b6b-8542-4754872de166), provisioning_complete {{(pid=103889) _notify_loop /usr/local/lib/python3.8/dist-packages/neutron_lib/callbacks/manager.py:176}}
Mar 01 13:03:01.835858 dv-neutron-831365-1-hyperv neutron-server[103890]: DEBUG neutron.plugins.ml2.managers [None req-b9121a43-7449-4d8a-b872-e54bfcfa8c35 None None] Attempting to bind port e7af1507-ebf9-41d4-affb-5b6e3bcf42f2 on host dv-neutron-831365-1-hyperv for vnic_type normal with profile {{(pid=103890) bind_port /opt/stack/neutron/neutron/plugins/ml2/managers.py:795}}
Mar 01 13:03:01.836237 dv-neutron-831365-1-hyperv neutron-server[103890]: DEBUG neutron.plugins.ml2.managers [None req-b9121a43-7449-4d8a-b872-e54bfcfa8c35 None None] Attempting to bind port e7af1507-ebf9-41d4-affb-5b6e3bcf42f2 by drivers openvswitch,hyperv on host dv-neutron-831365-1-hyperv at level 0 using segments [{'id': '3909cad1-69a5-4f80-8b44-ed63594dca9f', 'network_type': 'vlan', 'physical_network': 'physnet1', 'segmentation_id': 420, 'network_id': '9f81094c-1a43-4bb1-99e5-a0485bb290cf'}] {{(pid=103890) _bind_port_level /opt/stack/neutron/neutron/plugins/ml2/managers.py:820}}
Mar 01 13:03:01.836601 dv-neutron-831365-1-hyperv neutron-server[103890]: DEBUG neutron.plugins.ml2.drivers.mech_agent [None req-b9121a43-7449-4d8a-b872-e54bfcfa8c35 None None] Attempting to bind port e7af1507-ebf9-41d4-affb-5b6e3bcf42f2 on network 9f81094c-1a43-4bb1-99e5-a0485bb290cf {{(pid=103890) bind_port /opt/stack/neutron/neutron/plugins/ml2/drivers/mech_agent.py:91}}
Mar 01 13:03:01.837528 dv-neutron-831365-1-hyperv neutron-server[103889]: DEBUG neutron.api.rpc.handlers.dhcp_rpc [None req-1fc1746c-f4bb-4ecc-9903-2bd2c9c0ad49 None None] Network 0d8f143c-5f2d-41c7-9faa-2ae576030fc2 requested from dv-neutron-831365-1-hyperv {{(pid=103889) get_network_info /opt/stack/neutron/neutron/api/rpc/handlers/dhcp_rpc.py:191}}
Mar 01 13:03:01.846116 dv-neutron-831365-1-hyperv neutron-server[103887]: DEBUG neutron_lib.callbacks.manager [None req-5a40bcc5-783e-4a93-bf07-5367f7c5e269 tempest-DHCPAgentSchedulersTestJSON-1663280303 tempest-DHCPAgentSchedulersTestJSON-1663280303-project] Publish callbacks ['neutron.plugins.ml2.plugin.Ml2Plugin._handle_segment_change-1955831'] for segment (9d77dde3-afb0-4d8a-90d7-764a9fbb832a), precommit_create {{(pid=103887) _notify_loop /usr/local/lib/python3.8/dist-packages/neutron_lib/callbacks/manager.py:176}}
Mar 01 13:03:01.846559 dv-neutron-831365-1-hyperv neutron-server[103887]: INFO neutron.db.segments_db [None req-5a40bcc5-783e-4a93-bf07-5367f7c5e269 tempest-DHCPAgentSchedulersTestJSON-1663280303 tempest-DHCPAgentSchedulersTestJSON-1663280303-project] Added segment 9d77dde3-afb0-4d8a-90d7-764a9fbb832a of type vlan for network 04f8ee1b-9788-4300-8544-a9cc9bcf7494
Mar 01 13:03:01.860046 dv-neutron-831365-1-hyperv neutron-server[103890]: DEBUG neutron.plugins.ml2.drivers.mech_agent [None req-b9121a43-7449-4d8a-b872-e54bfcfa8c35 None None] Checking agent: {'id': '0ba2bbfd-fe23-4f58-ba15-5a253890309a', 'agent_type': 'Open vSwitch agent', 'binary': 'neutron-openvswitch-agent', 'topic': 'N/A', 'host': 'dv-neutron-831365-1-hyperv', 'admin_state_up': True, 'created_at': datetime.datetime(2022, 3, 1, 12, 54, 54), 'started_at': datetime.datetime(2022, 3, 1, 12, 55, 24), 'heartbeat_timestamp': datetime.datetime(2022, 3, 1, 13, 2, 54), 'description': None, 'resources_synced': None, 'availability_zone': None, 'alive': True, 'configurations': {'arp_responder_enabled': False, 'baremetal_smartnic': False, 'bridge_mappings': {'physnet1': 'br-data'}, 'datapath_type': 'system', 'devices': 0, 'enable_distributed_routing': False, 'extensions': [], 'in_distributed_mode': False, 'integration_bridge': 'br-int', 'l2_population': False, 'log_agent_heartbeats': False, 'ovs_capabilities': {'datapath_types': ['netdev', 'system'], 'iface_types': ['erspan', 'geneve', 'gre', 'internal', 'ip6erspan', 'ip6gre', 'lisp', 'patch', 'stt', 'system', 'tap', 'vxlan']}, 'ovs_hybrid_plug': False, 'resource_provider_bandwidths': {}, 'resource_provider_hypervisors': {'br-data': 'dv-neutron-831365-1-hyperv'}, 'resource_provider_inventory_defaults': {'allocation_ratio': 1.0, 'min_unit': 1, 'step_size': 1, 'reserved': 0}, 'resource_provider_packet_processing_inventory_defaults': {'allocation_ratio': 1.0, 'min_unit': 1, 'step_size': 1, 'reserved': 0}, 'resource_provider_packet_processing_with_direction': {}, 'resource_provider_packet_processing_without_direction': {}, 'tunnel_types': [], 'tunneling_ip': None, 'vhostuser_socket_dir': '/var/run/openvswitch'}, 'resource_versions': {'AddressGroup': '1.2', 'ConntrackHelper': '1.0', 'LocalIPAssociation': '1.0', 'Log': '1.0', 'Network': '1.1', 'Port': '1.7', 'PortForwarding': '1.2', 'QosPolicy': '1.10', 'SecurityGroup': '1.5', 'SecurityGroupRule': '1.2', 'SubPort': '1.0', 'Subnet': '1.1', 'Trunk': '1.1'}} {{(pid=103890) bind_port /opt/stack/neutron/neutron/plugins/ml2/drivers/mech_agent.py:110}}
Mar 01 13:03:01.860422 dv-neutron-831365-1-hyperv neutron-server[103890]: DEBUG neutron.plugins.ml2.drivers.mech_agent [None req-b9121a43-7449-4d8a-b872-e54bfcfa8c35 None None] Checking segment: {'id': '3909cad1-69a5-4f80-8b44-ed63594dca9f', 'network_type': 'vlan', 'physical_network': 'physnet1', 'segmentation_id': 420, 'network_id': '9f81094c-1a43-4bb1-99e5-a0485bb290cf'} for mappings: {'physnet1': 'br-data'} with network types: ['local', 'flat', 'vlan'] {{(pid=103890) check_segment_for_agent /opt/stack/neutron/neutron/plugins/ml2/drivers/mech_agent.py:373}}
Mar 01 13:03:01.860826 dv-neutron-831365-1-hyperv neutron-server[103890]: DEBUG neutron_lib.callbacks.manager [None req-b9121a43-7449-4d8a-b872-e54bfcfa8c35 None None] Publish callbacks [] for ovs_bridge_name (None), before_read {{(pid=103890) _notify_loop /usr/local/lib/python3.8/dist-packages/neutron_lib/callbacks/manager.py:176}}
Mar 01 13:03:01.861223 dv-neutron-831365-1-hyperv neutron-server[103890]: DEBUG neutron.plugins.ml2.drivers.mech_agent [None req-b9121a43-7449-4d8a-b872-e54bfcfa8c35 None None] Bound using segment: {'id': '3909cad1-69a5-4f80-8b44-ed63594dca9f', 'network_type': 'vlan', 'physical_network': 'physnet1', 'segmentation_id': 420, 'network_id': '9f81094c-1a43-4bb1-99e5-a0485bb290cf'} {{(pid=103890) bind_port /opt/stack/neutron/neutron/plugins/ml2/drivers/mech_agent.py:120}}
Mar 01 13:03:01.861702 dv-neutron-831365-1-hyperv neutron-server[103890]: DEBUG neutron.plugins.ml2.managers [None req-b9121a43-7449-4d8a-b872-e54bfcfa8c35 None None] Bound port: e7af1507-ebf9-41d4-affb-5b6e3bcf42f2, host: dv-neutron-831365-1-hyperv, vif_type: ovs, vif_details: {"connectivity": "l2", "port_filter": true, "ovs_hybrid_plug": false, "datapath_type": "system", "bridge_name": "br-int"}, binding_levels: [{'bound_driver': 'openvswitch', 'bound_segment': {'id': '3909cad1-69a5-4f80-8b44-ed63594dca9f', 'network_type': 'vlan', 'physical_network': 'physnet1', 'segmentation_id': 420, 'network_id': '9f81094c-1a43-4bb1-99e5-a0485bb290cf'}}] {{(pid=103890) _bind_port_level /opt/stack/neutron/neutron/plugins/ml2/managers.py:932}}
Mar 01 13:03:01.862105 dv-neutron-831365-1-hyperv neutron-server[103890]: DEBUG neutron_lib.callbacks.manager [None req-b9121a43-7449-4d8a-b872-e54bfcfa8c35 None None] Publish callbacks ['neutron.plugins.ml2.plugin.SecurityGroupDbMixin._ensure_default_security_group_handler-2095477'] for port (e7af1507-ebf9-41d4-affb-5b6e3bcf42f2), before_update {{(pid=103890) _notify_loop /usr/local/lib/python3.8/dist-packages/neutron_lib/callbacks/manager.py:176}}
Mar 01 13:03:01.877941 dv-neutron-831365-1-hyperv neutron-server[103888]: DEBUG neutron_lib.callbacks.manager [None req-25a7169e-1035-40df-bd19-3880b2b93e60 tempest-FloatingIPAdminTestJSON-1137138934 tempest-FloatingIPAdminTestJSON-1137138934-project] Publish callbacks [] for port (e978cad3-76e5-4907-b9c8-de61afd0d3e0), precommit_create {{(pid=103888) _notify_loop /usr/local/lib/python3.8/dist-packages/neutron_lib/callbacks/manager.py:176}}
Mar 01 13:03:01.946359 dv-neutron-831365-1-hyperv neutron-server[103888]: DEBUG neutron.wsgi [-] (103888) accepted ('10.222.0.52', 41116) {{(pid=103888) server /usr/local/lib/python3.8/dist-packages/eventlet/wsgi.py:1004}}
Mar 01 13:03:01.954774 dv-neutron-831365-1-hyperv neutron-server[103888]: DEBUG neutron.api.v2.base [None req-cbe45318-1f7f-4aed-9125-d1119183fd02 tempest-ServerActionsTestJSON-2122804051 tempest-ServerActionsTestJSON-2122804051-project] Request body: {'security_group': {'name': 'tempest-securitygroup--35112578', 'description': 'tempest-description--533800966'}} {{(pid=103888) prepare_request_body /opt/stack/neutron/neutron/api/v2/base.py:729}}
Mar 01 13:03:01.961653 dv-neutron-831365-1-hyperv neutron-server[103887]: DEBUG neutron_lib.callbacks.manager [None req-5a40bcc5-783e-4a93-bf07-5367f7c5e269 tempest-DHCPAgentSchedulersTestJSON-1663280303 tempest-DHCPAgentSchedulersTestJSON-1663280303-project] Publish callbacks ['neutron.services.auto_allocate.db._ensure_external_network_default_value_callback-8732086004556'] for network (04f8ee1b-9788-4300-8544-a9cc9bcf7494), precommit_create {{(pid=103887) _notify_loop /usr/local/lib/python3.8/dist-packages/neutron_lib/callbacks/manager.py:176}}
Mar 01 13:03:01.978156 dv-neutron-831365-1-hyperv neutron-server[103890]: DEBUG neutron.plugins.ml2.db [None req-b9121a43-7449-4d8a-b872-e54bfcfa8c35 None None] For port e7af1507-ebf9-41d4-affb-5b6e3bcf42f2, host dv-neutron-831365-1-hyperv, cleared binding levels {{(pid=103890) clear_binding_levels /opt/stack/neutron/neutron/plugins/ml2/db.py:87}}
Mar 01 13:03:01.982304 dv-neutron-831365-1-hyperv neutron-server[103890]: DEBUG neutron.plugins.ml2.db [None req-b9121a43-7449-4d8a-b872-e54bfcfa8c35 None None] For port e7af1507-ebf9-41d4-affb-5b6e3bcf42f2, host dv-neutron-831365-1-hyperv, set binding levels [PortBindingLevel(driver='openvswitch',host='dv-neutron-831365-1-hyperv',level=0,port_id=e7af1507-ebf9-41d4-affb-5b6e3bcf42f2,segment=NetworkSegment(3909cad1-69a5-4f80-8b44-ed63594dca9f),segment_id=3909cad1-69a5-4f80-8b44-ed63594dca9f)] {{(pid=103890) set_binding_levels /opt/stack/neutron/neutron/plugins/ml2/db.py:59}}
Mar 01 13:03:02.007230 dv-neutron-831365-1-hyperv neutron-server[103889]: DEBUG neutron.plugins.ml2.plugin [None req-e5a4a8b5-bf24-4ed6-9783-0611b258aed5 None None] Port e7af1507-ebf9-41d4-affb-5b6e3bcf42f2 cannot update to ACTIVE because it is not bound. {{(pid=103889) _port_provisioned /opt/stack/neutron/neutron/plugins/ml2/plugin.py:343}}
Mar 01 13:03:02.052579 dv-neutron-831365-1-hyperv neutron-server[103887]: DEBUG neutron_lib.callbacks.manager [None req-6c488a2e-f034-4270-a7f5-e7d54cddcb16 tempest-ServersTestManualDisk-1470764555 tempest-ServersTestManualDisk-1470764555-project] Publish callbacks [] for security_group_rule (19443c8f-3179-45f6-93d5-389a8e888150), before_create {{(pid=103887) _notify_loop /usr/local/lib/python3.8/dist-packages/neutron_lib/callbacks/manager.py:176}}
Mar 01 13:03:02.069089 dv-neutron-831365-1-hyperv neutron-server[103888]: DEBUG neutron_lib.callbacks.manager [None req-e84ae3ed-4151-4993-bf18-5aa2b0c1f225 tempest-AllowedAddressPairIpV6TestJSON-510312958 tempest-AllowedAddressPairIpV6TestJSON-510312958-project] Publish callbacks [] for security_group (085066dd-6850-4897-9551-24c416a095f7), precommit_create {{(pid=103888) _notify_loop /usr/local/lib/python3.8/dist-packages/neutron_lib/callbacks/manager.py:176}}
Mar 01 13:03:02.075348 dv-neutron-831365-1-hyperv neutron-server[103890]: DEBUG neutron_lib.callbacks.manager [None req-b9121a43-7449-4d8a-b872-e54bfcfa8c35 None None] Publish callbacks ['neutron.plugins.ml2.plugin.SecurityGroupServerNotifierRpcMixin._notify_sg_on_port_change-2095542', 'neutron.plugins.ml2.ovo_rpc._ObjectChangeHandler.handle_event-894611', 'neutron.api.rpc.agentnotifiers.dhcp_rpc_agent_api.DhcpAgentNotifyAPI._native_event_send_dhcp_notification-565245', 'neutron.db.l3_db.L3RpcNotifierMixin._notify_gateway_port_ip_changed-8732086566382', 'neutron.db.l3_dvrscheduler_db._notify_l3_agent_port_update-8732086043383', 'neutron.db.l3_hascheduler_db._notify_l3_agent_ha_port_update-8732086044941'] for port (e7af1507-ebf9-41d4-affb-5b6e3bcf42f2), after_update {{(pid=103890) _notify_loop /usr/local/lib/python3.8/dist-packages/neutron_lib/callbacks/manager.py:176}}
Mar 01 13:03:02.085663 dv-neutron-831365-1-hyperv neutron-server[103889]: DEBUG neutron.plugins.ml2.managers [None req-6bb03906-c486-4fd5-90ee-8b5ea625eb4f None None] Attempting to bind port 4f6a7435-a6c5-4d47-b24e-b8322dc69bed on host dv-neutron-831365-1-hyperv for vnic_type normal with profile {{(pid=103889) bind_port /opt/stack/neutron/neutron/plugins/ml2/managers.py:795}}
Mar 01 13:03:02.085952 dv-neutron-831365-1-hyperv neutron-server[103889]: DEBUG neutron.plugins.ml2.managers [None req-6bb03906-c486-4fd5-90ee-8b5ea625eb4f None None] Attempting to bind port 4f6a7435-a6c5-4d47-b24e-b8322dc69bed by drivers openvswitch,hyperv on host dv-neutron-831365-1-hyperv at level 0 using segments [{'id': '91de3790-223c-4ae2-a6d7-1af12e9dfe80', 'network_type': 'vlan', 'physical_network': 'physnet1', 'segmentation_id': 446, 'network_id': '089a4271-6323-45cf-97bd-14c70d1afa0f'}] {{(pid=103889) _bind_port_level /opt/stack/neutron/neutron/plugins/ml2/managers.py:820}}
Mar 01 13:03:02.086312 dv-neutron-831365-1-hyperv neutron-server[103889]: DEBUG neutron.plugins.ml2.drivers.mech_agent [None req-6bb03906-c486-4fd5-90ee-8b5ea625eb4f None None] Attempting to bind port 4f6a7435-a6c5-4d47-b24e-b8322dc69bed on network 089a4271-6323-45cf-97bd-14c70d1afa0f {{(pid=103889) bind_port /opt/stack/neutron/neutron/plugins/ml2/drivers/mech_agent.py:91}}
Mar 01 13:03:02.109163 dv-neutron-831365-1-hyperv neutron-server[103887]: DEBUG neutron_lib.callbacks.manager [None req-f68a299a-54c0-4bf4-b14b-cb274d308fd5 tempest-ExternalNetworksTestJSON-1489904670 tempest-ExternalNetworksTestJSON-1489904670-project-admin] Publish callbacks ['neutron.plugins.ml2.plugin.SecurityGroupDbMixin._ensure_default_security_group_handler-2095477'] for port (None), before_create {{(pid=103887) _notify_loop /usr/local/lib/python3.8/dist-packages/neutron_lib/callbacks/manager.py:176}}
Mar 01 13:03:02.115550 dv-neutron-831365-1-hyperv neutron-server[103887]: DEBUG neutron.scheduler.dhcp_agent_scheduler [None req-e12cf545-fceb-4966-b994-b2503a834207 admin admin] Network 18a56a37-4f76-411d-9a6d-d326407499d7 is already hosted by enough agents. {{(pid=103887) _get_dhcp_agents_hosting_network /opt/stack/neutron/neutron/scheduler/dhcp_agent_scheduler.py:275}}
Mar 01 13:03:02.122643 dv-neutron-831365-1-hyperv neutron-server[103888]: DEBUG neutron_lib.callbacks.manager [None req-25a7169e-1035-40df-bd19-3880b2b93e60 tempest-FloatingIPAdminTestJSON-1137138934 tempest-FloatingIPAdminTestJSON-1137138934-project] Publish callbacks ['neutron.plugins.ml2.plugin.SecurityGroupServerNotifierRpcMixin._notify_sg_on_port_change-2095542', 'neutron.plugins.ml2.ovo_rpc._ObjectChangeHandler.handle_event-894611', 'neutron.api.rpc.agentnotifiers.dhcp_rpc_agent_api.DhcpAgentNotifyAPI._native_event_send_dhcp_notification-565245', 'neutron.db.l3_dvrscheduler_db._notify_l3_agent_new_port-8732086043365'] for port (e978cad3-76e5-4907-b9c8-de61afd0d3e0), after_create {{(pid=103888) _notify_loop /usr/local/lib/python3.8/dist-packages/neutron_lib/callbacks/manager.py:176}}
Mar 01 13:03:02.141220 dv-neutron-831365-1-hyperv neutron-server[103887]: DEBUG neutron.scheduler.base_scheduler [None req-e12cf545-fceb-4966-b994-b2503a834207 admin admin] Resources bound (agent type, host, resource id): {{(pid=103887) schedule /opt/stack/neutron/neutron/scheduler/base_scheduler.py:57}}
Mar 01 13:03:02.191446 dv-neutron-831365-1-hyperv neutron-server[103890]: DEBUG neutron.api.rpc.handlers.resources_rpc [None req-824264b3-389d-46d9-a38f-85be515883b2 None None] Pushing event updated for resources: {'Port': ['ID=e7af1507-ebf9-41d4-affb-5b6e3bcf42f2,revision_number=4']} {{(pid=103890) push /opt/stack/neutron/neutron/api/rpc/handlers/resources_rpc.py:237}}
Mar 01 13:03:02.195996 dv-neutron-831365-1-hyperv neutron-server[103888]: DEBUG neutron_lib.callbacks.manager [None req-cbe45318-1f7f-4aed-9125-d1119183fd02 tempest-ServerActionsTestJSON-2122804051 tempest-ServerActionsTestJSON-2122804051-project] Publish callbacks [] for security_group (None), before_create {{(pid=103888) _notify_loop /usr/local/lib/python3.8/dist-packages/neutron_lib/callbacks/manager.py:176}}
