Feb 28 11:23:38.287288 dv-neutron-831192-2-hyperv neutron-server[87639]: DEBUG neutron_lib.callbacks.manager [None req-3c9963a4-6d90-4e14-8290-29cd094bb4b1 tempest-FloatingIPTestJSON-45078337 tempest-FloatingIPTestJSON-45078337-project] Notify callbacks ['neutron.services.segments.plugin.SegmentHostRoutes.host_routes_before_create-6828316'] for subnet, before_create {{(pid=87639) _notify_loop /usr/local/lib/python3.8/dist-packages/neutron_lib/callbacks/manager.py:192}}
Feb 28 11:23:38.301520 dv-neutron-831192-2-hyperv neutron-server[87638]: DEBUG neutron.db.quota.driver [None req-d2036dca-54c9-4e29-b3fe-344b0f6002c1 tempest-ExtraDHCPOptionsTestJSON-1487366575 tempest-ExtraDHCPOptionsTestJSON-1487366575-project] Resources subnetpool have unlimited quota limit. It is not required to calculate headroom {{(pid=87638) make_reservation /opt/stack/neutron/neutron/db/quota/driver.py:219}}
Feb 28 11:23:38.303455 dv-neutron-831192-2-hyperv neutron-server[87639]: DEBUG neutron.plugins.ml2.drivers.helpers [None req-c4a2e9ef-ccdc-43c2-b33f-d1b8fc3c9e6b tempest-AllowedAddressPairTestJSON-898195047 tempest-AllowedAddressPairTestJSON-898195047-project] vlan segment allocate from pool success with {'vlan_id': 825, 'physical_network': 'physnet1'} {{(pid=87639) allocate_partially_specified_segment /opt/stack/neutron/neutron/plugins/ml2/drivers/helpers.py:153}}
Feb 28 11:23:38.323673 dv-neutron-831192-2-hyperv neutron-server[87638]: INFO neutron.wsgi [None req-ff438a4f-c37d-4471-90b3-548fce88a623 tempest-NetworksIpV6Test-1523273146 tempest-NetworksIpV6Test-1523273146-project] 10.222.0.64 "POST /v2.0/networks HTTP/1.1" status: 201 len: 784 time: 0.5965540
Feb 28 11:23:38.329664 dv-neutron-831192-2-hyperv neutron-server[87638]: DEBUG neutron.quota.resource [None req-d2036dca-54c9-4e29-b3fe-344b0f6002c1 tempest-ExtraDHCPOptionsTestJSON-1487366575 tempest-ExtraDHCPOptionsTestJSON-1487366575-project] Usage tracker for resource:network and tenant:6346ef247fce46f9a18cb27a4f4c0350 is out of sync, need to count used quota {{(pid=87638) count_used /opt/stack/neutron/neutron/quota/resource.py:270}}
Feb 28 11:23:38.332240 dv-neutron-831192-2-hyperv neutron-server[87638]: DEBUG neutron.wsgi [-] (87638) accepted ('10.222.0.64', 48006) {{(pid=87638) server /usr/local/lib/python3.8/dist-packages/eventlet/wsgi.py:992}}
Feb 28 11:23:38.335356 dv-neutron-831192-2-hyperv neutron-server[87638]: DEBUG neutron.api.rpc.handlers.resources_rpc [None req-ff438a4f-c37d-4471-90b3-548fce88a623 tempest-NetworksIpV6Test-1523273146 tempest-NetworksIpV6Test-1523273146-project] Pushing event updated for resources: {'Network': ['ID=e3a8461b-c277-4a11-add5-0b12551c7eb7,revision_number=1']} {{(pid=87638) push /opt/stack/neutron/neutron/api/rpc/handlers/resources_rpc.py:237}}
Feb 28 11:23:38.346711 dv-neutron-831192-2-hyperv neutron-server[87638]: DEBUG neutron.quota.resource [None req-d2036dca-54c9-4e29-b3fe-344b0f6002c1 tempest-ExtraDHCPOptionsTestJSON-1487366575 tempest-ExtraDHCPOptionsTestJSON-1487366575-project] Quota usage for network was recalculated. Used quota:0. {{(pid=87638) count_used /opt/stack/neutron/neutron/quota/resource.py:290}}
Feb 28 11:23:38.347451 dv-neutron-831192-2-hyperv neutron-server[87640]: DEBUG neutron.api.rpc.handlers.dhcp_rpc [None req-5eba832b-6f75-4f24-a59d-4e84c5bd7304 None None] Create dhcp port {'port': {'name': '', 'admin_state_up': True, 'device_id': 'dhcp86013c46-72f3-50bd-ad0f-1da520253ff4-22cb9710-8504-4fe3-8311-f1b5bea38ad0', 'network_id': '22cb9710-8504-4fe3-8311-f1b5bea38ad0', 'tenant_id': '2c949a3375304810a825bd987de1df9c', 'fixed_ips': [{'subnet_id': 'e991612a-d32e-4985-b82d-4e5ee7077b95'}]}} from dv-neutron-831192-2-hyperv. {{(pid=87640) create_dhcp_port /opt/stack/neutron/neutron/api/rpc/handlers/dhcp_rpc.py:279}}
Feb 28 11:23:38.348598 dv-neutron-831192-2-hyperv neutron-server[87640]: DEBUG neutron_lib.callbacks.manager [None req-5eba832b-6f75-4f24-a59d-4e84c5bd7304 None None] Notify callbacks ['neutron.plugins.ml2.plugin.SecurityGroupDbMixin._ensure_default_security_group_handler-578923'] for port, before_create {{(pid=87640) _notify_loop /usr/local/lib/python3.8/dist-packages/neutron_lib/callbacks/manager.py:192}}
Feb 28 11:23:38.357828 dv-neutron-831192-2-hyperv neutron-server[87638]: DEBUG neutron.api.v2.base [None req-013e0ae7-b088-4265-8c25-5d0fd39cccc4 tempest-NetworksIpV6Test-1523273146 tempest-NetworksIpV6Test-1523273146-project] Request body: {'subnet': {'network_id': 'e3a8461b-c277-4a11-add5-0b12551c7eb7', 'cidr': '2001:db8::/64', 'ip_version': 6, 'gateway_ip': '2001:db8::1', 'allocation_pools': [{'start': '2001:db8::3', 'end': '2001:db8::7'}]}} {{(pid=87638) prepare_request_body /opt/stack/neutron/neutron/api/v2/base.py:729}}
Feb 28 11:23:38.369880 dv-neutron-831192-2-hyperv neutron-server[87640]: DEBUG neutron.plugins.ml2.db [None req-fb6329e5-1193-43ce-b24b-a0e258d29ddd None None] For port 981fb9ea-609a-4d48-9052-a18d09825cee, host dv-neutron-831192-2-hyperv, got binding levels [PortBindingLevel(driver='openvswitch',host='dv-neutron-831192-2-hyperv',level=0,port_id=981fb9ea-609a-4d48-9052-a18d09825cee,segment=NetworkSegment(01bdbf44-8084-4e48-8062-39f88593295c),segment_id=01bdbf44-8084-4e48-8062-39f88593295c)] {{(pid=87640) get_binding_level_objs /opt/stack/neutron/neutron/plugins/ml2/db.py:75}}
Feb 28 11:23:38.371301 dv-neutron-831192-2-hyperv neutron-server[87640]: DEBUG neutron.plugins.ml2.rpc [None req-fb6329e5-1193-43ce-b24b-a0e258d29ddd None None] Network e3a8461b-c277-4a11-add5-0b12551c7eb7 details requested by agent ovs-agent-dv-neutron-831192-2-hyperv with host dv-neutron-831192-2-hyperv {{(pid=87640) get_network_details /opt/stack/neutron/neutron/plugins/ml2/rpc.py:232}}
Feb 28 11:23:38.410327 dv-neutron-831192-2-hyperv neutron-server[87638]: DEBUG neutron.db.quota.driver [None req-d2036dca-54c9-4e29-b3fe-344b0f6002c1 tempest-ExtraDHCPOptionsTestJSON-1487366575 tempest-ExtraDHCPOptionsTestJSON-1487366575-project] Attempting to reserve 1 items for resource network. Total usage: 0; quota limit: 100; headroom:100 {{(pid=87638) make_reservation /opt/stack/neutron/neutron/db/quota/driver.py:246}}
Feb 28 11:23:38.424293 dv-neutron-831192-2-hyperv neutron-server[87640]: DEBUG neutron_lib.callbacks.manager [None req-fb6329e5-1193-43ce-b24b-a0e258d29ddd None None] Notify callbacks ['neutron.plugins.ml2.plugin.SecurityGroupServerNotifierRpcMixin.notify_sg_on_port_change-579494', 'neutron.plugins.ml2.ovo_rpc._ObjectChangeHandler.handle_event-20516', 'neutron.api.rpc.agentnotifiers.dhcp_rpc_agent_api.DhcpAgentNotifyAPI._native_event_send_dhcp_notification-1576297', 'neutron.db.l3_db.L3RpcNotifierMixin._notify_gateway_port_ip_changed-8748811539950', 'neutron.db.l3_dvrscheduler_db._notify_l3_agent_port_update-8748811192122', 'neutron.db.l3_hascheduler_db._notify_l3_agent_ha_port_update-8748811192167'] for port, after_update {{(pid=87640) _notify_loop /usr/local/lib/python3.8/dist-packages/neutron_lib/callbacks/manager.py:192}}
Feb 28 11:23:38.478925 dv-neutron-831192-2-hyperv neutron-server[87638]: INFO neutron.wsgi [req-93d1b6e9-456f-458e-8a3d-11623d4bd545 req-0c9c991d-1619-4c73-a678-ed75ac886b2f tempest-ServersTestManualDisk-970510171 tempest-ServersTestManualDisk-970510171-project] 10.222.0.64 "GET /v2.0/ports?device_id=d0aa54e5-b7cf-45f1-812c-2cf12acf73b9 HTTP/1.1" status: 200 len: 210 time: 0.0698657
Feb 28 11:23:38.545810 dv-neutron-831192-2-hyperv neutron-server[87638]: DEBUG neutron.pecan_wsgi.hooks.quota_enforcement [None req-d2036dca-54c9-4e29-b3fe-344b0f6002c1 tempest-ExtraDHCPOptionsTestJSON-1487366575 tempest-ExtraDHCPOptionsTestJSON-1487366575-project] Made reservation on behalf of 6346ef247fce46f9a18cb27a4f4c0350 for: {'network': 1} {{(pid=87638) before /opt/stack/neutron/neutron/pecan_wsgi/hooks/quota_enforcement.py:53}}
Feb 28 11:23:38.549904 dv-neutron-831192-2-hyperv neutron-server[87638]: DEBUG neutron_lib.callbacks.manager [None req-d2036dca-54c9-4e29-b3fe-344b0f6002c1 tempest-ExtraDHCPOptionsTestJSON-1487366575 tempest-ExtraDHCPOptionsTestJSON-1487366575-project] Notify callbacks ['neutron.plugins.ml2.plugin.SecurityGroupDbMixin._ensure_default_security_group_handler-578923'] for network, before_create {{(pid=87638) _notify_loop /usr/local/lib/python3.8/dist-packages/neutron_lib/callbacks/manager.py:192}}
Feb 28 11:23:38.555798 dv-neutron-831192-2-hyperv neutron-server[87639]: DEBUG neutron_lib.callbacks.manager [None req-ece2b405-0dba-439b-a820-cb0c0708978b tempest-ExternalNetworksTestJSON-1881499613 tempest-ExternalNetworksTestJSON-1881499613-project-admin] Notify callbacks ['neutron.services.l3_router.l3_router_plugin.L3_NAT_dbonly_mixin._precommit_delete_port_callback-335061'] for port, precommit_delete {{(pid=87639) _notify_loop /usr/local/lib/python3.8/dist-packages/neutron_lib/callbacks/manager.py:192}}
Feb 28 11:23:38.556015 dv-neutron-831192-2-hyperv neutron-server[87640]: DEBUG neutron.api.rpc.handlers.resources_rpc [None req-fb6329e5-1193-43ce-b24b-a0e258d29ddd None None] Pushing event updated for resources: {'Port': ['ID=981fb9ea-609a-4d48-9052-a18d09825cee,revision_number=3']} {{(pid=87640) push /opt/stack/neutron/neutron/api/rpc/handlers/resources_rpc.py:237}}
Feb 28 11:23:38.556473 dv-neutron-831192-2-hyperv neutron-server[87639]: DEBUG neutron_lib.callbacks.manager [None req-ece2b405-0dba-439b-a820-cb0c0708978b tempest-ExternalNetworksTestJSON-1881499613 tempest-ExternalNetworksTestJSON-1881499613-project-admin] Notify callbacks [] for floatingip, precommit_delete {{(pid=87639) _notify_loop /usr/local/lib/python3.8/dist-packages/neutron_lib/callbacks/manager.py:192}}
Feb 28 11:23:38.579159 dv-neutron-831192-2-hyperv neutron-server[87638]: DEBUG neutron_lib.callbacks.manager [None req-d2036dca-54c9-4e29-b3fe-344b0f6002c1 tempest-ExtraDHCPOptionsTestJSON-1487366575 tempest-ExtraDHCPOptionsTestJSON-1487366575-project] Notify callbacks [] for security_group, before_create {{(pid=87638) _notify_loop /usr/local/lib/python3.8/dist-packages/neutron_lib/callbacks/manager.py:192}}
Feb 28 11:23:38.601998 dv-neutron-831192-2-hyperv neutron-server[87638]: DEBUG neutron.db.quota.driver [None req-d2036dca-54c9-4e29-b3fe-344b0f6002c1 tempest-ExtraDHCPOptionsTestJSON-1487366575 tempest-ExtraDHCPOptionsTestJSON-1487366575-project] Resources subnetpool have unlimited quota limit. It is not required to calculate headroom {{(pid=87638) make_reservation /opt/stack/neutron/neutron/db/quota/driver.py:219}}
Feb 28 11:23:38.604551 dv-neutron-831192-2-hyperv neutron-server[87638]: DEBUG neutron.db.quota.driver [None req-013e0ae7-b088-4265-8c25-5d0fd39cccc4 tempest-NetworksIpV6Test-1523273146 tempest-NetworksIpV6Test-1523273146-project] Resources subnetpool have unlimited quota limit. It is not required to calculate headroom {{(pid=87638) make_reservation /opt/stack/neutron/neutron/db/quota/driver.py:219}}
Feb 28 11:23:38.609400 dv-neutron-831192-2-hyperv neutron-server[87638]: DEBUG neutron.quota.resource [None req-d2036dca-54c9-4e29-b3fe-344b0f6002c1 tempest-ExtraDHCPOptionsTestJSON-1487366575 tempest-ExtraDHCPOptionsTestJSON-1487366575-project] Usage tracker for resource:security_group_rule and tenant:6346ef247fce46f9a18cb27a4f4c0350 is out of sync, need to count used quota {{(pid=87638) count_used /opt/stack/neutron/neutron/quota/resource.py:270}}
Feb 28 11:23:38.612195 dv-neutron-831192-2-hyperv neutron-server[87638]: DEBUG neutron.quota.resource [None req-013e0ae7-b088-4265-8c25-5d0fd39cccc4 tempest-NetworksIpV6Test-1523273146 tempest-NetworksIpV6Test-1523273146-project] Usage tracker for resource:subnet and tenant:2c949a3375304810a825bd987de1df9c is out of sync, need to count used quota {{(pid=87638) count_used /opt/stack/neutron/neutron/quota/resource.py:270}}
Feb 28 11:23:38.614640 dv-neutron-831192-2-hyperv neutron-server[87638]: DEBUG neutron.quota.resource [None req-d2036dca-54c9-4e29-b3fe-344b0f6002c1 tempest-ExtraDHCPOptionsTestJSON-1487366575 tempest-ExtraDHCPOptionsTestJSON-1487366575-project] Quota usage for security_group_rule was recalculated. Used quota:0. {{(pid=87638) count_used /opt/stack/neutron/neutron/quota/resource.py:290}}
Feb 28 11:23:38.617291 dv-neutron-831192-2-hyperv neutron-server[87638]: DEBUG neutron.quota.resource [None req-013e0ae7-b088-4265-8c25-5d0fd39cccc4 tempest-NetworksIpV6Test-1523273146 tempest-NetworksIpV6Test-1523273146-project] Quota usage for subnet was recalculated. Used quota:2. {{(pid=87638) count_used /opt/stack/neutron/neutron/quota/resource.py:290}}
Feb 28 11:23:38.624918 dv-neutron-831192-2-hyperv neutron-server[87638]: DEBUG neutron.db.quota.driver [None req-d2036dca-54c9-4e29-b3fe-344b0f6002c1 tempest-ExtraDHCPOptionsTestJSON-1487366575 tempest-ExtraDHCPOptionsTestJSON-1487366575-project] Attempting to reserve 4 items for resource security_group_rule. Total usage: 0; quota limit: 100; headroom:100 {{(pid=87638) make_reservation /opt/stack/neutron/neutron/db/quota/driver.py:246}}
Feb 28 11:23:38.627191 dv-neutron-831192-2-hyperv neutron-server[87638]: DEBUG neutron.db.quota.driver [None req-013e0ae7-b088-4265-8c25-5d0fd39cccc4 tempest-NetworksIpV6Test-1523273146 tempest-NetworksIpV6Test-1523273146-project] Attempting to reserve 1 items for resource subnet. Total usage: 2; quota limit: 100; headroom:98 {{(pid=87638) make_reservation /opt/stack/neutron/neutron/db/quota/driver.py:246}}
Feb 28 11:23:38.650700 dv-neutron-831192-2-hyperv neutron-server[87638]: DEBUG neutron.pecan_wsgi.hooks.quota_enforcement [None req-013e0ae7-b088-4265-8c25-5d0fd39cccc4 tempest-NetworksIpV6Test-1523273146 tempest-NetworksIpV6Test-1523273146-project] Made reservation on behalf of 2c949a3375304810a825bd987de1df9c for: {'subnet': 1} {{(pid=87638) before /opt/stack/neutron/neutron/pecan_wsgi/hooks/quota_enforcement.py:53}}
Feb 28 11:23:38.652222 dv-neutron-831192-2-hyperv neutron-server[87639]: DEBUG neutron_lib.callbacks.manager [None req-c4a2e9ef-ccdc-43c2-b33f-d1b8fc3c9e6b tempest-AllowedAddressPairTestJSON-898195047 tempest-AllowedAddressPairTestJSON-898195047-project] Notify callbacks ['neutron.plugins.ml2.plugin.Ml2Plugin._handle_segment_change-1376545'] for segment, precommit_create {{(pid=87639) _notify_loop /usr/local/lib/python3.8/dist-packages/neutron_lib/callbacks/manager.py:192}}
Feb 28 11:23:38.652570 dv-neutron-831192-2-hyperv neutron-server[87639]: INFO neutron.db.segments_db [None req-c4a2e9ef-ccdc-43c2-b33f-d1b8fc3c9e6b tempest-AllowedAddressPairTestJSON-898195047 tempest-AllowedAddressPairTestJSON-898195047-project] Added segment 66ad1337-1902-45b8-99a5-eec21374d0af of type vlan for network 3984e97f-5dbe-4f43-a350-d63ff94f7264
Feb 28 11:23:38.654427 dv-neutron-831192-2-hyperv neutron-server[87638]: DEBUG neutron_lib.callbacks.manager [None req-013e0ae7-b088-4265-8c25-5d0fd39cccc4 tempest-NetworksIpV6Test-1523273146 tempest-NetworksIpV6Test-1523273146-project] Notify callbacks ['neutron.services.segments.plugin.SegmentHostRoutes.host_routes_before_create-6903760'] for subnet, before_create {{(pid=87638) _notify_loop /usr/local/lib/python3.8/dist-packages/neutron_lib/callbacks/manager.py:192}}
Feb 28 11:23:38.765458 dv-neutron-831192-2-hyperv neutron-server[87638]: DEBUG neutron.db.ipam_backend_mixin [None req-013e0ae7-b088-4265-8c25-5d0fd39cccc4 tempest-NetworksIpV6Test-1523273146 tempest-NetworksIpV6Test-1523273146-project] Performing IP validity checks on allocation pools {{(pid=87638) validate_allocation_pools /opt/stack/neutron/neutron/db/ipam_backend_mixin.py:317}}
Feb 28 11:23:38.766006 dv-neutron-831192-2-hyperv neutron-server[87638]: DEBUG neutron.db.ipam_backend_mixin [None req-013e0ae7-b088-4265-8c25-5d0fd39cccc4 tempest-NetworksIpV6Test-1523273146 tempest-NetworksIpV6Test-1523273146-project] Checking for overlaps among allocation pools and gateway ip {{(pid=87638) validate_allocation_pools /opt/stack/neutron/neutron/db/ipam_backend_mixin.py:338}}
Feb 28 11:23:38.795108 dv-neutron-831192-2-hyperv neutron-server[87639]: DEBUG neutron.plugins.ml2.plugin [None req-ece2b405-0dba-439b-a820-cb0c0708978b tempest-ExternalNetworksTestJSON-1881499613 tempest-ExternalNetworksTestJSON-1881499613-project-admin] Calling delete_port for 3a5f8144-075c-4f5e-a8dd-36979e7abe78 owned by network:floatingip {{(pid=87639) delete_port /opt/stack/neutron/neutron/plugins/ml2/plugin.py:1987}}
Feb 28 11:23:38.846501 dv-neutron-831192-2-hyperv neutron-server[87640]: DEBUG neutron.db.l3_dvr_db [None req-71edffcf-dd9f-4e3e-a64b-c2fe869e7556 None None] Set router 46068cd7-3a97-4c37-a7d4-67f4c11f2738 gateway port host: dv-neutron-831192-2-hyperv {{(pid=87640) _build_routers_list /opt/stack/neutron/neutron/db/l3_dvr_db.py:875}}
Feb 28 11:23:38.861090 dv-neutron-831192-2-hyperv neutron-server[87639]: DEBUG neutron_lib.callbacks.manager [None req-2c29fd8d-60a4-4802-be7c-8aaf3a9a5b94 tempest-PortsAdminExtendedAttrsIpV6TestJSON-1485447302 tempest-PortsAdminExtendedAttrsIpV6TestJSON-1485447302-project-admin] Notify callbacks [] for port, precommit_create {{(pid=87639) _notify_loop /usr/local/lib/python3.8/dist-packages/neutron_lib/callbacks/manager.py:192}}
Feb 28 11:23:38.872632 dv-neutron-831192-2-hyperv neutron-server[87639]: DEBUG neutron_lib.callbacks.manager [None req-6b33369a-5535-41b8-b34c-00283aeace4b tempest-ServersTestJSON-808753923 tempest-ServersTestJSON-808753923-project] Notify callbacks [] for security_group_rule, precommit_create {{(pid=87639) _notify_loop /usr/local/lib/python3.8/dist-packages/neutron_lib/callbacks/manager.py:192}}
Feb 28 11:23:38.890887 dv-neutron-831192-2-hyperv neutron-server[87639]: DEBUG neutron_lib.callbacks.manager [None req-6b33369a-5535-41b8-b34c-00283aeace4b tempest-ServersTestJSON-808753923 tempest-ServersTestJSON-808753923-project] Notify callbacks ['neutron.plugins.ml2.ovo_rpc._ObjectChangeHandler.handle_event-482274'] for security_group_rule, after_create {{(pid=87639) _notify_loop /usr/local/lib/python3.8/dist-packages/neutron_lib/callbacks/manager.py:192}}
Feb 28 11:23:38.946566 dv-neutron-831192-2-hyperv neutron-server[87639]: DEBUG neutron_lib.callbacks.manager [None req-c4a2e9ef-ccdc-43c2-b33f-d1b8fc3c9e6b tempest-AllowedAddressPairTestJSON-898195047 tempest-AllowedAddressPairTestJSON-898195047-project] Notify callbacks ['neutron.services.auto_allocate.db._ensure_external_network_default_value_callback-8748811163302'] for network, precommit_create {{(pid=87639) _notify_loop /usr/local/lib/python3.8/dist-packages/neutron_lib/callbacks/manager.py:192}}
Feb 28 11:23:38.982478 dv-neutron-831192-2-hyperv neutron-server[87639]: DEBUG neutron.api.rpc.handlers.resources_rpc [None req-6b33369a-5535-41b8-b34c-00283aeace4b tempest-ServersTestJSON-808753923 tempest-ServersTestJSON-808753923-project] Pushing event updated for resources: {'SecurityGroupRule': ['ID=aac3995c-8d49-407d-86ff-5029ea7b0d39,revision_number=0']} {{(pid=87639) push /opt/stack/neutron/neutron/api/rpc/handlers/resources_rpc.py:237}}
Feb 28 11:23:38.994411 dv-neutron-831192-2-hyperv neutron-server[87639]: DEBUG neutron.wsgi [-] (87639) accepted ('10.222.0.37', 62017) {{(pid=87639) server /usr/local/lib/python3.8/dist-packages/eventlet/wsgi.py:992}}
Feb 28 11:23:39.014360 dv-neutron-831192-2-hyperv neutron-server[87638]: DEBUG neutron_lib.callbacks.manager [None req-d2036dca-54c9-4e29-b3fe-344b0f6002c1 tempest-ExtraDHCPOptionsTestJSON-1487366575 tempest-ExtraDHCPOptionsTestJSON-1487366575-project] Notify callbacks [] for security_group, precommit_create {{(pid=87638) _notify_loop /usr/local/lib/python3.8/dist-packages/neutron_lib/callbacks/manager.py:192}}
Feb 28 11:23:39.023898 dv-neutron-831192-2-hyperv neutron-server[87638]: DEBUG neutron_lib.callbacks.manager [None req-013e0ae7-b088-4265-8c25-5d0fd39cccc4 tempest-NetworksIpV6Test-1523273146 tempest-NetworksIpV6Test-1523273146-project] Notify callbacks ['neutron.plugins.ml2.ovo_rpc._ObjectChangeHandler.handle_event-479969', 'neutron.api.rpc.agentnotifiers.dhcp_rpc_agent_api.DhcpAgentNotifyAPI._native_event_send_dhcp_notification-1576297', 'neutron.services.segments.plugin.NovaSegmentNotifier._notify_subnet_created-8079655', 'neutron.services.segments.plugin.SegmentHostRoutes.host_routes_after_create-6903750'] for subnet, after_create {{(pid=87638) _notify_loop /usr/local/lib/python3.8/dist-packages/neutron_lib/callbacks/manager.py:192}}
Feb 28 11:23:39.027301 dv-neutron-831192-2-hyperv neutron-server[87638]: DEBUG neutron_lib.callbacks.manager [None req-d2036dca-54c9-4e29-b3fe-344b0f6002c1 tempest-ExtraDHCPOptionsTestJSON-1487366575 tempest-ExtraDHCPOptionsTestJSON-1487366575-project] Notify callbacks ['neutron.plugins.ml2.ovo_rpc._ObjectChangeHandler.handle_event-479769'] for security_group, after_create {{(pid=87638) _notify_loop /usr/local/lib/python3.8/dist-packages/neutron_lib/callbacks/manager.py:192}}
Feb 28 11:23:39.092498 dv-neutron-831192-2-hyperv neutron-server[87640]: DEBUG neutron.db.db_base_plugin_common [None req-5eba832b-6f75-4f24-a59d-4e84c5bd7304 None None] Allocated IP 2001:db8::3 (22cb9710-8504-4fe3-8311-f1b5bea38ad0/e991612a-d32e-4985-b82d-4e5ee7077b95/19b18e08-8c10-417a-9348-1f8463a8fd07) {{(pid=87640) _store_ip_allocation /opt/stack/neutron/neutron/db/db_base_plugin_common.py:131}}
Feb 28 11:23:39.106953 dv-neutron-831192-2-hyperv neutron-server[87638]: DEBUG neutron.plugins.ml2.drivers.helpers [None req-d2036dca-54c9-4e29-b3fe-344b0f6002c1 tempest-ExtraDHCPOptionsTestJSON-1487366575 tempest-ExtraDHCPOptionsTestJSON-1487366575-project] vlan segment allocate from pool success with {'vlan_id': 810, 'physical_network': 'physnet1'} {{(pid=87638) allocate_partially_specified_segment /opt/stack/neutron/neutron/plugins/ml2/drivers/helpers.py:153}}
Feb 28 11:23:39.129866 dv-neutron-831192-2-hyperv neutron-server[87638]: DEBUG neutron.api.rpc.handlers.resources_rpc [None req-d2036dca-54c9-4e29-b3fe-344b0f6002c1 tempest-ExtraDHCPOptionsTestJSON-1487366575 tempest-ExtraDHCPOptionsTestJSON-1487366575-project] Pushing event updated for resources: {'SecurityGroup': ['ID=2805eaff-f912-4a58-a3bd-5c099d9cd811,revision_number=1']} {{(pid=87638) push /opt/stack/neutron/neutron/api/rpc/handlers/resources_rpc.py:237}}
Feb 28 11:23:39.145183 dv-neutron-831192-2-hyperv neutron-server[87638]: DEBUG neutron.api.rpc.handlers.resources_rpc [None req-013e0ae7-b088-4265-8c25-5d0fd39cccc4 tempest-NetworksIpV6Test-1523273146 tempest-NetworksIpV6Test-1523273146-project] Pushing event updated for resources: {'Subnet': ['ID=348fbbc5-5594-4db0-b72d-037a06d47a18,revision_number=0']} {{(pid=87638) push /opt/stack/neutron/neutron/api/rpc/handlers/resources_rpc.py:237}}
Feb 28 11:23:39.177167 dv-neutron-831192-2-hyperv neutron-server[87638]: DEBUG neutron_lib.callbacks.manager [None req-d2036dca-54c9-4e29-b3fe-344b0f6002c1 tempest-ExtraDHCPOptionsTestJSON-1487366575 tempest-ExtraDHCPOptionsTestJSON-1487366575-project] Notify callbacks ['neutron.plugins.ml2.plugin.Ml2Plugin._handle_segment_change-1376545'] for segment, precommit_create {{(pid=87638) _notify_loop /usr/local/lib/python3.8/dist-packages/neutron_lib/callbacks/manager.py:192}}
Feb 28 11:23:39.177504 dv-neutron-831192-2-hyperv neutron-server[87638]: INFO neutron.db.segments_db [None req-d2036dca-54c9-4e29-b3fe-344b0f6002c1 tempest-ExtraDHCPOptionsTestJSON-1487366575 tempest-ExtraDHCPOptionsTestJSON-1487366575-project] Added segment c9628aa0-718e-42f4-bef3-bbb233a961c9 of type vlan for network 559d3b10-120e-4d50-ac89-846e28f0f636
Feb 28 11:23:39.191356 dv-neutron-831192-2-hyperv neutron-server[87638]: DEBUG neutron.plugins.ml2.drivers.mech_agent [None req-013e0ae7-b088-4265-8c25-5d0fd39cccc4 tempest-NetworksIpV6Test-1523273146 tempest-NetworksIpV6Test-1523273146-project] Checking segment: {'id': 'fba4f00f-7932-481f-9e13-7fb6705663f1', 'network_type': 'vlan', 'physical_network': 'physnet1', 'segmentation_id': 824, 'network_id': 'e3a8461b-c277-4a11-add5-0b12551c7eb7'} for mappings: {'physnet1': 'br-data'} with network types: ['local', 'flat', 'vlan'] {{(pid=87638) check_segment_for_agent /opt/stack/neutron/neutron/plugins/ml2/drivers/mech_agent.py:343}}
Feb 28 11:23:39.191968 dv-neutron-831192-2-hyperv neutron-server[87638]: DEBUG neutron.scheduler.dhcp_agent_scheduler [None req-013e0ae7-b088-4265-8c25-5d0fd39cccc4 tempest-NetworksIpV6Test-1523273146 tempest-NetworksIpV6Test-1523273146-project] Network hostable DHCP agents. Network: e3a8461b-c277-4a11-add5-0b12551c7eb7, hostable agents: ['27ca2f28-9ef7-40da-8ecf-cbe833bb8b90'], hosted agents: [] {{(pid=87638) _get_network_hostable_dhcp_agents /opt/stack/neutron/neutron/scheduler/dhcp_agent_scheduler.py:329}}
Feb 28 11:23:39.241415 dv-neutron-831192-2-hyperv neutron-server[87638]: DEBUG neutron.scheduler.dhcp_agent_scheduler [None req-013e0ae7-b088-4265-8c25-5d0fd39cccc4 tempest-NetworksIpV6Test-1523273146 tempest-NetworksIpV6Test-1523273146-project] Network e3a8461b-c277-4a11-add5-0b12551c7eb7 is scheduled to be hosted by DHCP agent 27ca2f28-9ef7-40da-8ecf-cbe833bb8b90 with binding_index 1 {{(pid=87638) bind /opt/stack/neutron/neutron/scheduler/dhcp_agent_scheduler.py:227}}
Feb 28 11:23:39.251851 dv-neutron-831192-2-hyperv neutron-server[87638]: DEBUG neutron_lib.callbacks.manager [None req-d2036dca-54c9-4e29-b3fe-344b0f6002c1 tempest-ExtraDHCPOptionsTestJSON-1487366575 tempest-ExtraDHCPOptionsTestJSON-1487366575-project] Notify callbacks ['neutron.services.auto_allocate.db._ensure_external_network_default_value_callback-8748811163302'] for network, precommit_create {{(pid=87638) _notify_loop /usr/local/lib/python3.8/dist-packages/neutron_lib/callbacks/manager.py:192}}
Feb 28 11:23:39.253749 dv-neutron-831192-2-hyperv neutron-server[87639]: DEBUG neutron_lib.callbacks.manager [None req-6b33369a-5535-41b8-b34c-00283aeace4b tempest-ServersTestJSON-808753923 tempest-ServersTestJSON-808753923-project] Notify callbacks [] for security_group_rule, before_response {{(pid=87639) _notify_loop /usr/local/lib/python3.8/dist-packages/neutron_lib/callbacks/manager.py:192}}
Feb 28 11:23:39.258099 dv-neutron-831192-2-hyperv neutron-server[87639]: INFO neutron.wsgi [None req-6b33369a-5535-41b8-b34c-00283aeace4b tempest-ServersTestJSON-808753923 tempest-ServersTestJSON-808753923-project] 10.222.0.64 "POST /v2.0/security-group-rules HTTP/1.1" status: 201 len: 764 time: 2.2638571
Feb 28 11:23:39.259317 dv-neutron-831192-2-hyperv neutron-server[87639]: DEBUG neutron_lib.callbacks.manager [None req-3c9963a4-6d90-4e14-8290-29cd094bb4b1 tempest-FloatingIPTestJSON-45078337 tempest-FloatingIPTestJSON-45078337-project] Notify callbacks ['neutron.plugins.ml2.ovo_rpc._ObjectChangeHandler.handle_event-479969', 'neutron.api.rpc.agentnotifiers.dhcp_rpc_agent_api.DhcpAgentNotifyAPI._native_event_send_dhcp_notification-1576297', 'neutron.services.segments.plugin.NovaSegmentNotifier._notify_subnet_created-8280430', 'neutron.services.segments.plugin.SegmentHostRoutes.host_routes_after_create-6828298'] for subnet, after_create {{(pid=87639) _notify_loop /usr/local/lib/python3.8/dist-packages/neutron_lib/callbacks/manager.py:192}}
Feb 28 11:23:39.259473 dv-neutron-831192-2-hyperv neutron-server[87638]: DEBUG neutron.wsgi [-] (87638) accepted ('10.222.0.64', 48012) {{(pid=87638) server /usr/local/lib/python3.8/dist-packages/eventlet/wsgi.py:992}}
Feb 28 11:23:39.266407 dv-neutron-831192-2-hyperv neutron-server[87638]: DEBUG neutron.api.v2.base [None req-95f3dfd8-9093-4bde-a9e6-5367ee4e081e tempest-ServersTestJSON-808753923 tempest-ServersTestJSON-808753923-project] Request body: {'security_group_rule': {'security_group_id': 'ff700fc4-2fe8-4e79-88fe-a476383c2406', 'protocol': 'icmp', 'ethertype': 'IPv4', 'direction': 'ingress'}} {{(pid=87638) prepare_request_body /opt/stack/neutron/neutron/api/v2/base.py:729}}
Feb 28 11:23:39.266817 dv-neutron-831192-2-hyperv neutron-server[87639]: DEBUG neutron_lib.db.resource_extend [None req-c4a2e9ef-ccdc-43c2-b33f-d1b8fc3c9e6b tempest-AllowedAddressPairTestJSON-898195047 tempest-AllowedAddressPairTestJSON-898195047-project] It took 0.30 seconds to run function 'neutron_lib.db.resource_extend.apply_funcs' {{(pid=87639) wrapper /usr/local/lib/python3.8/dist-packages/oslo_utils/timeutils.py:386}}
Feb 28 11:23:39.275245 dv-neutron-831192-2-hyperv neutron-server[87638]: DEBUG neutron.scheduler.base_scheduler [None req-013e0ae7-b088-4265-8c25-5d0fd39cccc4 tempest-NetworksIpV6Test-1523273146 tempest-NetworksIpV6Test-1523273146-project] Resources bound (agent type, host, resource id): (DHCP agent, dv-neutron-831192-2-hyperv, e3a8461b-c277-4a11-add5-0b12551c7eb7) {{(pid=87638) schedule /opt/stack/neutron/neutron/scheduler/base_scheduler.py:57}}
Feb 28 11:23:39.279931 dv-neutron-831192-2-hyperv neutron-server[87638]: DEBUG neutron.db.quota.driver [None req-95f3dfd8-9093-4bde-a9e6-5367ee4e081e tempest-ServersTestJSON-808753923 tempest-ServersTestJSON-808753923-project] Resources subnetpool have unlimited quota limit. It is not required to calculate headroom {{(pid=87638) make_reservation /opt/stack/neutron/neutron/db/quota/driver.py:219}}
Feb 28 11:23:39.286724 dv-neutron-831192-2-hyperv neutron-server[87638]: DEBUG neutron.pecan_wsgi.hooks.policy_enforcement [None req-013e0ae7-b088-4265-8c25-5d0fd39cccc4 tempest-NetworksIpV6Test-1523273146 tempest-NetworksIpV6Test-1523273146-project] Attributes excluded by policy engine: ['standard_attr_id', 'shared', 'segment_id', 'network'] {{(pid=87638) _exclude_attributes_by_policy /opt/stack/neutron/neutron/pecan_wsgi/hooks/policy_enforcement.py:255}}
Feb 28 11:23:39.287322 dv-neutron-831192-2-hyperv neutron-server[87638]: DEBUG neutron_lib.callbacks.manager [None req-013e0ae7-b088-4265-8c25-5d0fd39cccc4 tempest-NetworksIpV6Test-1523273146 tempest-NetworksIpV6Test-1523273146-project] Notify callbacks [] for subnet, before_response {{(pid=87638) _notify_loop /usr/local/lib/python3.8/dist-packages/neutron_lib/callbacks/manager.py:192}}
Feb 28 11:23:39.301247 dv-neutron-831192-2-hyperv neutron-server[87638]: DEBUG neutron.quota.resource [None req-95f3dfd8-9093-4bde-a9e6-5367ee4e081e tempest-ServersTestJSON-808753923 tempest-ServersTestJSON-808753923-project] Usage tracker for resource:security_group_rule and tenant:dd78ff79f8d3407fa118ff357b803d7d is out of sync, need to count used quota {{(pid=87638) count_used /opt/stack/neutron/neutron/quota/resource.py:270}}
Feb 28 11:23:39.313568 dv-neutron-831192-2-hyperv neutron-server[87638]: DEBUG neutron.quota.resource [None req-95f3dfd8-9093-4bde-a9e6-5367ee4e081e tempest-ServersTestJSON-808753923 tempest-ServersTestJSON-808753923-project] Quota usage for security_group_rule was recalculated. Used quota:7. {{(pid=87638) count_used /opt/stack/neutron/neutron/quota/resource.py:290}}
Feb 28 11:23:39.326535 dv-neutron-831192-2-hyperv neutron-server[87638]: DEBUG neutron.db.quota.driver [None req-95f3dfd8-9093-4bde-a9e6-5367ee4e081e tempest-ServersTestJSON-808753923 tempest-ServersTestJSON-808753923-project] Attempting to reserve 1 items for resource security_group_rule. Total usage: 7; quota limit: 100; headroom:93 {{(pid=87638) make_reservation /opt/stack/neutron/neutron/db/quota/driver.py:246}}
Feb 28 11:23:39.343429 dv-neutron-831192-2-hyperv neutron-server[87639]: DEBUG neutron_lib.callbacks.manager [None req-ece2b405-0dba-439b-a820-cb0c0708978b tempest-ExternalNetworksTestJSON-1881499613 tempest-ExternalNetworksTestJSON-1881499613-project-admin] Notify callbacks ['neutron.plugins.ml2.plugin.SecurityGroupServerNotifierRpcMixin.notify_sg_on_port_change-579494', 'neutron.plugins.ml2.ovo_rpc._ObjectChangeHandler.handle_event-20516', 'neutron.api.rpc.agentnotifiers.dhcp_rpc_agent_api.DhcpAgentNotifyAPI._native_event_send_dhcp_notification-1576297', 'neutron.db.l3_db.L3RpcNotifierMixin._notify_routers_callback-8748811539932', 'neutron.db.l3_dvrscheduler_db._notify_port_delete-8748811192113', 'neutron.services.segments.plugin.NovaSegmentNotifier._notify_port_created_or_deleted-8280798'] for port, after_delete {{(pid=87639) _notify_loop /usr/local/lib/python3.8/dist-packages/neutron_lib/callbacks/manager.py:192}}
Feb 28 11:23:39.346803 dv-neutron-831192-2-hyperv neutron-server[87640]: DEBUG neutron.api.rpc.handlers.dhcp_rpc [None req-26e9eb37-54d8-468c-8e7e-991e8619c69c None None] Network e3a8461b-c277-4a11-add5-0b12551c7eb7 requested from dv-neutron-831192-2-hyperv {{(pid=87640) get_network_info /opt/stack/neutron/neutron/api/rpc/handlers/dhcp_rpc.py:213}}
Feb 28 11:23:39.357691 dv-neutron-831192-2-hyperv neutron-server[87638]: DEBUG neutron_lib.callbacks.manager [None req-d2036dca-54c9-4e29-b3fe-344b0f6002c1 tempest-ExtraDHCPOptionsTestJSON-1487366575 tempest-ExtraDHCPOptionsTestJSON-1487366575-project] Notify callbacks ['neutron.plugins.ml2.ovo_rpc._ObjectChangeHandler.handle_event-479816', 'neutron.api.rpc.agentnotifiers.dhcp_rpc_agent_api.DhcpAgentNotifyAPI._native_event_send_dhcp_notification-1576297'] for network, after_create {{(pid=87638) _notify_loop /usr/local/lib/python3.8/dist-packages/neutron_lib/callbacks/manager.py:192}}
Feb 28 11:23:39.363805 dv-neutron-831192-2-hyperv neutron-server[87638]: DEBUG neutron.pecan_wsgi.hooks.policy_enforcement [None req-d2036dca-54c9-4e29-b3fe-344b0f6002c1 tempest-ExtraDHCPOptionsTestJSON-1487366575 tempest-ExtraDHCPOptionsTestJSON-1487366575-project] Attributes excluded by policy engine: ['standard_attr_id', 'provider:network_type', 'provider:physical_network', 'provider:segmentation_id', 'vlan_transparent'] {{(pid=87638) _exclude_attributes_by_policy /opt/stack/neutron/neutron/pecan_wsgi/hooks/policy_enforcement.py:255}}
Feb 28 11:23:39.364559 dv-neutron-831192-2-hyperv neutron-server[87638]: DEBUG neutron_lib.callbacks.manager [None req-d2036dca-54c9-4e29-b3fe-344b0f6002c1 tempest-ExtraDHCPOptionsTestJSON-1487366575 tempest-ExtraDHCPOptionsTestJSON-1487366575-project] Notify callbacks ['neutron.api.rpc.agentnotifiers.dhcp_rpc_agent_api.DhcpAgentNotifyAPI._send_dhcp_notification-1576319'] for network, before_response {{(pid=87638) _notify_loop /usr/local/lib/python3.8/dist-packages/neutron_lib/callbacks/manager.py:192}}
Feb 28 11:23:39.398199 dv-neutron-831192-2-hyperv neutron-server[87638]: INFO neutron.wsgi [None req-013e0ae7-b088-4265-8c25-5d0fd39cccc4 tempest-NetworksIpV6Test-1523273146 tempest-NetworksIpV6Test-1523273146-project] 10.222.0.64 "POST /v2.0/subnets HTTP/1.1" status: 201 len: 803 time: 1.0544589
Feb 28 11:23:39.416454 dv-neutron-831192-2-hyperv neutron-server[87638]: DEBUG neutron_lib.callbacks.manager [None req-95f3dfd8-9093-4bde-a9e6-5367ee4e081e tempest-ServersTestJSON-808753923 tempest-ServersTestJSON-808753923-project] Notify callbacks [] for security_group_rule, before_create {{(pid=87638) _notify_loop /usr/local/lib/python3.8/dist-packages/neutron_lib/callbacks/manager.py:192}}
Feb 28 11:23:39.423992 dv-neutron-831192-2-hyperv neutron-server[87638]: DEBUG neutron.wsgi [-] (87638) accepted ('10.222.0.64', 48020) {{(pid=87638) server /usr/local/lib/python3.8/dist-packages/eventlet/wsgi.py:992}}
Feb 28 11:23:39.468975 dv-neutron-831192-2-hyperv neutron-server[87639]: DEBUG neutron.api.rpc.handlers.resources_rpc [None req-ece2b405-0dba-439b-a820-cb0c0708978b tempest-ExternalNetworksTestJSON-1881499613 tempest-ExternalNetworksTestJSON-1881499613-project-admin] Pushing event deleted for resources: {'Port': ['ID=3a5f8144-075c-4f5e-a8dd-36979e7abe78,revision_number=None']} {{(pid=87639) push /opt/stack/neutron/neutron/api/rpc/handlers/resources_rpc.py:237}}
Feb 28 11:23:39.534368 dv-neutron-831192-2-hyperv neutron-server[87639]: DEBUG neutron_lib.callbacks.manager [None req-2c29fd8d-60a4-4802-be7c-8aaf3a9a5b94 tempest-PortsAdminExtendedAttrsIpV6TestJSON-1485447302 tempest-PortsAdminExtendedAttrsIpV6TestJSON-1485447302-project-admin] Notify callbacks ['neutron.plugins.ml2.plugin.SecurityGroupServerNotifierRpcMixin.notify_sg_on_port_change-579494', 'neutron.plugins.ml2.ovo_rpc._ObjectChangeHandler.handle_event-20516', 'neutron.api.rpc.agentnotifiers.dhcp_rpc_agent_api.DhcpAgentNotifyAPI._native_event_send_dhcp_notification-1576297', 'neutron.db.l3_dvrscheduler_db._notify_l3_agent_new_port-8748811192104', 'neutron.services.segments.plugin.NovaSegmentNotifier._notify_port_created_or_deleted-8280798'] for port, after_create {{(pid=87639) _notify_loop /usr/local/lib/python3.8/dist-packages/neutron_lib/callbacks/manager.py:192}}
Feb 28 11:23:39.535818 dv-neutron-831192-2-hyperv neutron-server[87639]: DEBUG neutron_lib.callbacks.manager [None req-c4a2e9ef-ccdc-43c2-b33f-d1b8fc3c9e6b tempest-AllowedAddressPairTestJSON-898195047 tempest-AllowedAddressPairTestJSON-898195047-project] Notify callbacks ['neutron.plugins.ml2.ovo_rpc._ObjectChangeHandler.handle_event-479816', 'neutron.api.rpc.agentnotifiers.dhcp_rpc_agent_api.DhcpAgentNotifyAPI._native_event_send_dhcp_notification-1576297'] for network, after_create {{(pid=87639) _notify_loop /usr/local/lib/python3.8/dist-packages/neutron_lib/callbacks/manager.py:192}}
Feb 28 11:23:39.541318 dv-neutron-831192-2-hyperv neutron-server[87639]: DEBUG neutron.pecan_wsgi.hooks.policy_enforcement [None req-c4a2e9ef-ccdc-43c2-b33f-d1b8fc3c9e6b tempest-AllowedAddressPairTestJSON-898195047 tempest-AllowedAddressPairTestJSON-898195047-project] Attributes excluded by policy engine: ['standard_attr_id', 'provider:network_type', 'provider:physical_network', 'provider:segmentation_id', 'vlan_transparent'] {{(pid=87639) _exclude_attributes_by_policy /opt/stack/neutron/neutron/pecan_wsgi/hooks/policy_enforcement.py:255}}
Feb 28 11:23:39.542035 dv-neutron-831192-2-hyperv neutron-server[87639]: DEBUG neutron_lib.callbacks.manager [None req-c4a2e9ef-ccdc-43c2-b33f-d1b8fc3c9e6b tempest-AllowedAddressPairTestJSON-898195047 tempest-AllowedAddressPairTestJSON-898195047-project] Notify callbacks ['neutron.api.rpc.agentnotifiers.dhcp_rpc_agent_api.DhcpAgentNotifyAPI._send_dhcp_notification-1576319'] for network, before_response {{(pid=87639) _notify_loop /usr/local/lib/python3.8/dist-packages/neutron_lib/callbacks/manager.py:192}}
Feb 28 11:23:39.556273 dv-neutron-831192-2-hyperv neutron-server[87640]: DEBUG neutron.db.l3_hamode_db [None req-71edffcf-dd9f-4e3e-a64b-c2fe869e7556 None None] neutron.services.l3_router.l3_router_plugin.L3RouterPlugin method _process_sync_ha_data called with arguments (, [{'id': '46068cd7-3a97-4c37-a7d4-67f4c11f2738', 'name': 'tempest-ServersTestJSON-1656909524-router', 'tenant_id': 'dd78ff79f8d3407fa118ff357b803d7d', 'admin_state_up': True, 'status': 'ACTIVE', 'external_gateway_info': {'network_id': '77a66528-31b9-4334-b231-549f03c66687', 'external_fixed_ips': [{'subnet_id': '2cb17c74-778e-402b-8d1a-c7234e6ca7c9', 'ip_address': '172.26.8.119'}], 'enable_snat': True}, 'gw_port_id': '61c301c8-fb88-4168-8d2e-7f3f430329f2', 'description': '', 'availability_zones': ['nova'], 'distributed': False, 'ha': False, 'ha_vr_id': 0, 'availability_zone_hints': [], 'routes': [], 'flavor_id': None, 'tags': [], 'created_at': '2022-02-28T11:23:13Z', 'updated_at': '2022-02-28T11:23:30Z', 'revision_number': 4, 'project_id': 'dd78ff79f8d3407fa118ff357b803d7d', 'gw_port': {'id': '61c301c8-fb88-4168-8d2e-7f3f430329f2', 'name': '', 'network_id': '77a66528-31b9-4334-b231-549f03c66687', 'tenant_id': '', 'mac_address': 'fa:16:3e:6a:82:47', 'admin_state_up': True, 'status': 'ACTIVE', 'device_id': '46068cd7-3a97-4c37-a7d4-67f4c11f2738', 'device_owner': 'network:router_gateway', 'standard_attr_id': 74, 'fixed_ips': [{'subnet_id': '2cb17c74-778e-402b-8d1a-c7234e6ca7c9', 'ip_address': '172.26.8.119', 'prefixlen': 24}], 'allowed_address_pairs': [], 'extra_dhcp_opts': [], 'security_groups': [], 'description': '', 'binding:vnic_type': 'normal', 'binding:profile': {}, 'binding:host_id': 'dv-neutron-831192-2-hyperv', 'binding:vif_type': 'ovs', 'binding:vif_details': {'connectivity': 'l2', 'port_filter': True, 'ovs_hybrid_plug': False, 'datapath_type': 'system', 'bridge_name': 'br-int'}, 'port_security_enabled': False, 'tags': [], 'created_at': '2022-02-28T11:23:15Z', 'updated_at': '2022-02-28T11:23:29Z', 'revision_number': 4, 'project_id': '', 'subnets': [{'id': '2cb17c74-778e-402b-8d1a-c7234e6ca7c9', 'cidr': '172.26.8.0/24', 'gateway_ip': '172.26.8.1', 'dns_nameservers': [], 'ipv6_ra_mode': None, 'subnetpool_id': None}], 'extra_subnets': [], 'address_scopes': {4: None, 6: None}, 'mtu': 1500}, 'enable_snat': True, 'gw_port_host': 'dv-neutron-831192-2-hyperv', '_interfaces': [{'id': '667e89cf-dcaf-4de0-8089-7857e9a57330', 'name': '', 'network_id': '0684ed51-866d-4e5c-b9c1-c22957fb2cc1', 'tenant_id': 'dd78ff79f8d3407fa118ff357b803d7d', 'mac_address': 'fa:16:3e:9b:0e:5b', 'admin_state_up': True, 'status': 'DOWN', 'device_id': '46068cd7-3a97-4c37-a7d4-67f4c11f2738', 'device_owner': 'network:router_interface', 'standard_attr_id': 136, 'fixed_ips': [{'subnet_id': 'f6b41517-9a9e-4904-a5ae-35be1080a401', 'ip_address': '172.20.0.1', 'prefixlen': 28}], 'allowed_address_pairs': [], 'extra_dhcp_opts': [], 'security_groups': [], 'description': '', 'binding:vnic_type': 'normal', 'binding:profile': {}, 'binding:host_id': 'dv-neutron-831192-2-hyperv', 'binding:vif_type': 'ovs', 'binding:vif_details': {'connectivity': 'l2', 'port_filter': True, 'ovs_hybrid_plug': False, 'datapath_type': 'system', 'bridge_name': 'br-int'}, 'port_security_enabled': False, 'tags': [], 'created_at': '2022-02-28T11:23:28Z', 'updated_at': '2022-02-28T11:23:37Z', 'revision_number': 4, 'project_id': 'dd78ff79f8d3407fa118ff357b803d7d', 'subnets': [{'id': 'f6b41517-9a9e-4904-a5ae-35be1080a401', 'cidr': '172.20.0.0/28', 'gateway_ip': '172.20.0.1', 'dns_nameservers': [], 'ipv6_ra_mode': None, 'subnetpool_id': None}], 'extra_subnets': [], 'address_scopes': {4: None, 6: None}, 'mtu': 1500}]}], 'dv-neutron-831192-2-hyperv', False) {} {{(pid=87640) wrapper /usr/local/lib/python3.8/dist-packages/oslo_log/helpers.py:65}}
Feb 28 11:23:39.586409 dv-neutron-831192-2-hyperv neutron-server[87640]: DEBUG neutron.api.rpc.handlers.l3_rpc [None req-71edffcf-dd9f-4e3e-a64b-c2fe869e7556 None None] The sync data for ids ['46068cd7-3a97-4c37-a7d4-67f4c11f2738'] in dv-neutron-831192-2-hyperv is: [{'id': '46068cd7-3a97-4c37-a7d4-67f4c11f2738', 'name': 'tempest-ServersTestJSON-1656909524-router', 'tenant_id': 'dd78ff79f8d3407fa118ff357b803d7d', 'admin_state_up': True, 'status': 'ACTIVE', 'external_gateway_info': {'network_id': '77a66528-31b9-4334-b231-549f03c66687', 'external_fixed_ips': [{'subnet_id': '2cb17c74-778e-402b-8d1a-c7234e6ca7c9', 'ip_address': '172.26.8.119'}], 'enable_snat': True}, 'gw_port_id': '61c301c8-fb88-4168-8d2e-7f3f430329f2', 'description': '', 'availability_zones': ['nova'], 'distributed': False, 'ha': False, 'ha_vr_id': 0, 'availability_zone_hints': [], 'routes': [], 'flavor_id': None, 'tags': [], 'created_at': '2022-02-28T11:23:13Z', 'updated_at': '2022-02-28T11:23:30Z', 'revision_number': 4, 'project_id': 'dd78ff79f8d3407fa118ff357b803d7d', 'gw_port': {'id': '61c301c8-fb88-4168-8d2e-7f3f430329f2', 'name': '', 'network_id': '77a66528-31b9-4334-b231-549f03c66687', 'tenant_id': '', 'mac_address': 'fa:16:3e:6a:82:47', 'admin_state_up': True, 'status': 'ACTIVE', 'device_id': '46068cd7-3a97-4c37-a7d4-67f4c11f2738', 'device_owner': 'network:router_gateway', 'standard_attr_id': 74, 'fixed_ips': [{'subnet_id': '2cb17c74-778e-402b-8d1a-c7234e6ca7c9', 'ip_address': '172.26.8.119', 'prefixlen': 24}], 'allowed_address_pairs': [], 'extra_dhcp_opts': [], 'security_groups': [], 'description': '', 'binding:vnic_type': 'normal', 'binding:profile': {}, 'binding:host_id': 'dv-neutron-831192-2-hyperv', 'binding:vif_type': 'ovs', 'binding:vif_details': {'connectivity': 'l2', 'port_filter': True, 'ovs_hybrid_plug': False, 'datapath_type': 'system', 'bridge_name': 'br-int'}, 'port_security_enabled': False, 'tags': [], 'created_at': '2022-02-28T11:23:15Z', 'updated_at': '2022-02-28T11:23:29Z', 'revision_number': 4, 'project_id': '', 'subnets': [{'id': '2cb17c74-778e-402b-8d1a-c7234e6ca7c9', 'cidr': '172.26.8.0/24', 'gateway_ip': '172.26.8.1', 'dns_nameservers': [], 'ipv6_ra_mode': None, 'subnetpool_id': None}], 'extra_subnets': [], 'address_scopes': {4: None, 6: None}, 'mtu': 1500}, 'enable_snat': True, 'gw_port_host': 'dv-neutron-831192-2-hyperv', '_interfaces': [{'id': '667e89cf-dcaf-4de0-8089-7857e9a57330', 'name': '', 'network_id': '0684ed51-866d-4e5c-b9c1-c22957fb2cc1', 'tenant_id': 'dd78ff79f8d3407fa118ff357b803d7d', 'mac_address': 'fa:16:3e:9b:0e:5b', 'admin_state_up': True, 'status': 'DOWN', 'device_id': '46068cd7-3a97-4c37-a7d4-67f4c11f2738', 'device_owner': 'network:router_interface', 'standard_attr_id': 136, 'fixed_ips': [{'subnet_id': 'f6b41517-9a9e-4904-a5ae-35be1080a401', 'ip_address': '172.20.0.1', 'prefixlen': 28}], 'allowed_address_pairs': [], 'extra_dhcp_opts': [], 'security_groups': [], 'description': '', 'binding:vnic_type': 'normal', 'binding:profile': {}, 'binding:host_id': 'dv-neutron-831192-2-hyperv', 'binding:vif_type': 'ovs', 'binding:vif_details': {'connectivity': 'l2', 'port_filter': True, 'ovs_hybrid_plug': False, 'datapath_type': 'system', 'bridge_name': 'br-int'}, 'port_security_enabled': False, 'tags': [], 'created_at': '2022-02-28T11:23:28Z', 'updated_at': '2022-02-28T11:23:37Z', 'revision_number': 4, 'project_id': 'dd78ff79f8d3407fa118ff357b803d7d', 'subnets': [{'id': 'f6b41517-9a9e-4904-a5ae-35be1080a401', 'cidr': '172.20.0.0/28', 'gateway_ip': '172.20.0.1', 'dns_nameservers': [], 'ipv6_ra_mode': None, 'subnetpool_id': None}], 'extra_subnets': [], 'address_scopes': {4: None, 6: None}, 'mtu': 1500}]}] {{(pid=87640) sync_routers /opt/stack/neutron/neutron/api/rpc/handlers/l3_rpc.py:137}}
Feb 28 11:23:39.667657 dv-neutron-831192-2-hyperv neutron-server[87638]: DEBUG neutron_lib.callbacks.manager [None req-6679972b-c59f-46fb-9000-77e9c0a91afd tempest-NetworksIpV6Test-1523273146 tempest-NetworksIpV6Test-1523273146-project] Notify callbacks ['neutron.plugins.ml2.plugin.External_net_db_mixin._before_network_delete_handler-527649'] for network, before_delete {{(pid=87638) _notify_loop /usr/local/lib/python3.8/dist-packages/neutron_lib/callbacks/manager.py:192}}
Feb 28 11:23:39.794035 dv-neutron-831192-2-hyperv neutron-server[87639]: DEBUG neutron.api.rpc.handlers.resources_rpc [None req-2c29fd8d-60a4-4802-be7c-8aaf3a9a5b94 tempest-PortsAdminExtendedAttrsIpV6TestJSON-1485447302 tempest-PortsAdminExtendedAttrsIpV6TestJSON-1485447302-project-admin] Pushing event updated for resources: {'Port': ['ID=f5bd5409-27a2-4773-98e6-62ec0d6cf975,revision_number=1']} {{(pid=87639) push /opt/stack/neutron/neutron/api/rpc/handlers/resources_rpc.py:237}}
Feb 28 11:23:39.825687 dv-neutron-831192-2-hyperv neutron-server[87639]: DEBUG neutron.api.rpc.handlers.resources_rpc [None req-3c9963a4-6d90-4e14-8290-29cd094bb4b1 tempest-FloatingIPTestJSON-45078337 tempest-FloatingIPTestJSON-45078337-project] Pushing event updated for resources: {'Subnet': ['ID=7e8136ae-ec30-42e3-8780-19ae5490096f,revision_number=0']} {{(pid=87639) push /opt/stack/neutron/neutron/api/rpc/handlers/resources_rpc.py:237}}
Feb 28 11:23:39.845812 dv-neutron-831192-2-hyperv neutron-server[87640]: DEBUG neutron.api.rpc.handlers.dhcp_rpc [None req-d331cee7-fc23-4a58-9b57-53cced8c7003 None None] Create dhcp port {'port': {'name': '', 'admin_state_up': True, 'device_id': 'dhcp86013c46-72f3-50bd-ad0f-1da520253ff4-e3a8461b-c277-4a11-add5-0b12551c7eb7', 'network_id': 'e3a8461b-c277-4a11-add5-0b12551c7eb7', 'tenant_id': '2c949a3375304810a825bd987de1df9c', 'fixed_ips': [{'subnet_id': '348fbbc5-5594-4db0-b72d-037a06d47a18'}]}} from dv-neutron-831192-2-hyperv. {{(pid=87640) create_dhcp_port /opt/stack/neutron/neutron/api/rpc/handlers/dhcp_rpc.py:279}}
Feb 28 11:23:39.846425 dv-neutron-831192-2-hyperv neutron-server[87639]: DEBUG neutron.plugins.ml2.drivers.mech_agent [None req-3c9963a4-6d90-4e14-8290-29cd094bb4b1 tempest-FloatingIPTestJSON-45078337 tempest-FloatingIPTestJSON-45078337-project] Checking segment: {'id': '69c600c2-5aa8-41b2-83ff-a9675f198abb', 'network_type': 'vlan', 'physical_network': 'physnet1', 'segmentation_id': 841, 'network_id': 'e0a6a280-71d2-4d87-9dbf-23eff5d5f168'} for mappings: {'physnet1': 'br-data'} with network types: ['local', 'flat', 'vlan'] {{(pid=87639) check_segment_for_agent /opt/stack/neutron/neutron/plugins/ml2/drivers/mech_agent.py:343}}
Feb 28 11:23:39.846785 dv-neutron-831192-2-hyperv neutron-server[87639]: DEBUG neutron.scheduler.dhcp_agent_scheduler [None req-3c9963a4-6d90-4e14-8290-29cd094bb4b1 tempest-FloatingIPTestJSON-45078337 tempest-FloatingIPTestJSON-45078337-project] Network hostable DHCP agents. Network: e0a6a280-71d2-4d87-9dbf-23eff5d5f168, hostable agents: ['27ca2f28-9ef7-40da-8ecf-cbe833bb8b90'], hosted agents: [] {{(pid=87639) _get_network_hostable_dhcp_agents /opt/stack/neutron/neutron/scheduler/dhcp_agent_scheduler.py:329}}
Feb 28 11:23:39.847699 dv-neutron-831192-2-hyperv neutron-server[87640]: DEBUG neutron_lib.callbacks.manager [None req-d331cee7-fc23-4a58-9b57-53cced8c7003 None None] Notify callbacks ['neutron.plugins.ml2.plugin.SecurityGroupDbMixin._ensure_default_security_group_handler-578923'] for port, before_create {{(pid=87640) _notify_loop /usr/local/lib/python3.8/dist-packages/neutron_lib/callbacks/manager.py:192}}
Feb 28 11:23:39.861293 dv-neutron-831192-2-hyperv neutron-server[87640]: DEBUG neutron_lib.callbacks.manager [None req-5eba832b-6f75-4f24-a59d-4e84c5bd7304 None None] Notify callbacks [] for port, precommit_create {{(pid=87640) _notify_loop /usr/local/lib/python3.8/dist-packages/neutron_lib/callbacks/manager.py:192}}
Feb 28 11:23:39.881014 dv-neutron-831192-2-hyperv neutron-server[87640]: DEBUG neutron.db.provisioning_blocks [None req-5eba832b-6f75-4f24-a59d-4e84c5bd7304 None None] Transition to ACTIVE for port object 19b18e08-8c10-417a-9348-1f8463a8fd07 will not be triggered until provisioned by entity L2. {{(pid=87640) add_provisioning_component /opt/stack/neutron/neutron/db/provisioning_blocks.py:73}}
