Feb 21 06:57:42.929916 dv-neutron-830114-1-hyperv devstack@placement-api.service[103782]: [pid: 103782|app: 0|req: 158/314] 10.222.0.43 () {58 vars in 1390 bytes} [Mon Feb 21 06:57:42 2022] GET /placement/resource_providers/617a0bc2-8072-432f-8578-5957104899fa/allocations => generated 154 bytes in 126 msecs (HTTP/1.1 200) 6 headers in 224 bytes (1 switches on core 0)
Feb 21 06:57:42.966311 dv-neutron-830114-1-hyperv devstack@placement-api.service[103781]: DEBUG placement.requestlog [req-a57d8db4-ef0c-48b9-ad30-42a860537c33 req-c0409fa5-e3f1-49e7-9bcd-5857ff68b570 None None] Starting request: 10.222.0.43 "GET /placement/resource_providers?in_tree=617a0bc2-8072-432f-8578-5957104899fa" {{(pid=103781) __call__ /opt/stack/placement/placement/requestlog.py:55}}
Feb 21 06:57:42.983149 dv-neutron-830114-1-hyperv devstack@placement-api.service[103781]: INFO placement.requestlog [req-a57d8db4-ef0c-48b9-ad30-42a860537c33 req-c0409fa5-e3f1-49e7-9bcd-5857ff68b570 service placement] 10.222.0.43 "GET /placement/resource_providers?in_tree=617a0bc2-8072-432f-8578-5957104899fa" status: 200 len: 865 microversion: 1.14
Feb 21 06:57:42.983634 dv-neutron-830114-1-hyperv devstack@placement-api.service[103781]: [pid: 103781|app: 0|req: 157/315] 10.222.0.43 () {60 vars in 1376 bytes} [Mon Feb 21 06:57:42 2022] GET /placement/resource_providers?in_tree=617a0bc2-8072-432f-8578-5957104899fa => generated 865 bytes in 18 msecs (HTTP/1.1 200) 6 headers in 225 bytes (2 switches on core 0)
Feb 21 06:57:42.990721 dv-neutron-830114-1-hyperv devstack@placement-api.service[103782]: DEBUG placement.requestlog [req-a57d8db4-ef0c-48b9-ad30-42a860537c33 req-d6985f0c-9a18-4cff-a12f-a47195517101 None None] Starting request: 10.222.0.43 "GET /placement/resource_providers/617a0bc2-8072-432f-8578-5957104899fa/inventories" {{(pid=103782) __call__ /opt/stack/placement/placement/requestlog.py:55}}
Feb 21 06:57:43.006909 dv-neutron-830114-1-hyperv devstack@placement-api.service[103782]: INFO placement.requestlog [req-a57d8db4-ef0c-48b9-ad30-42a860537c33 req-d6985f0c-9a18-4cff-a12f-a47195517101 service placement] 10.222.0.43 "GET /placement/resource_providers/617a0bc2-8072-432f-8578-5957104899fa/inventories" status: 200 len: 398 microversion: 1.0
Feb 21 06:57:43.007230 dv-neutron-830114-1-hyperv devstack@placement-api.service[103782]: [pid: 103782|app: 0|req: 159/316] 10.222.0.43 () {58 vars in 1390 bytes} [Mon Feb 21 06:57:42 2022] GET /placement/resource_providers/617a0bc2-8072-432f-8578-5957104899fa/inventories => generated 398 bytes in 17 msecs (HTTP/1.1 200) 6 headers in 224 bytes (1 switches on core 0)
Feb 21 06:57:43.014804 dv-neutron-830114-1-hyperv devstack@placement-api.service[103781]: DEBUG placement.requestlog [req-a57d8db4-ef0c-48b9-ad30-42a860537c33 req-ebb25933-e2fa-49d2-8224-d3c46895f90a None None] Starting request: 10.222.0.43 "GET /placement/resource_providers/617a0bc2-8072-432f-8578-5957104899fa/aggregates" {{(pid=103781) __call__ /opt/stack/placement/placement/requestlog.py:55}}
Feb 21 06:57:43.027498 dv-neutron-830114-1-hyperv devstack@placement-api.service[103781]: INFO placement.requestlog [req-a57d8db4-ef0c-48b9-ad30-42a860537c33 req-ebb25933-e2fa-49d2-8224-d3c46895f90a service placement] 10.222.0.43 "GET /placement/resource_providers/617a0bc2-8072-432f-8578-5957104899fa/aggregates" status: 200 len: 54 microversion: 1.19
Feb 21 06:57:43.027963 dv-neutron-830114-1-hyperv devstack@placement-api.service[103781]: [pid: 103781|app: 0|req: 158/317] 10.222.0.43 () {60 vars in 1431 bytes} [Mon Feb 21 06:57:43 2022] GET /placement/resource_providers/617a0bc2-8072-432f-8578-5957104899fa/aggregates => generated 54 bytes in 13 msecs (HTTP/1.1 200) 8 headers in 295 bytes (2 switches on core 0)
Feb 21 06:57:43.035611 dv-neutron-830114-1-hyperv devstack@placement-api.service[103782]: DEBUG placement.requestlog [req-a57d8db4-ef0c-48b9-ad30-42a860537c33 req-ed07659c-d5af-430a-b6ef-eb70b07aed43 None None] Starting request: 10.222.0.43 "GET /placement/resource_providers/617a0bc2-8072-432f-8578-5957104899fa/traits" {{(pid=103782) __call__ /opt/stack/placement/placement/requestlog.py:55}}
Feb 21 06:57:43.063391 dv-neutron-830114-1-hyperv devstack@placement-api.service[103782]: INFO placement.requestlog [req-a57d8db4-ef0c-48b9-ad30-42a860537c33 req-ed07659c-d5af-430a-b6ef-eb70b07aed43 service placement] 10.222.0.43 "GET /placement/resource_providers/617a0bc2-8072-432f-8578-5957104899fa/traits" status: 200 len: 300 microversion: 1.6
Feb 21 06:57:43.063723 dv-neutron-830114-1-hyperv devstack@placement-api.service[103782]: [pid: 103782|app: 0|req: 160/318] 10.222.0.43 () {60 vars in 1418 bytes} [Mon Feb 21 06:57:43 2022] GET /placement/resource_providers/617a0bc2-8072-432f-8578-5957104899fa/traits => generated 300 bytes in 28 msecs (HTTP/1.1 200) 6 headers in 224 bytes (1 switches on core 0)
Feb 21 06:58:43.825984 dv-neutron-830114-1-hyperv devstack@placement-api.service[103781]: DEBUG placement.requestlog [req-d9385efa-f55d-4c58-8324-9d8bf523d195 req-7aee8039-bec4-472c-a54a-0d525b000995 None None] Starting request: 10.222.0.43 "GET /placement/resource_providers/617a0bc2-8072-432f-8578-5957104899fa/allocations" {{(pid=103781) __call__ /opt/stack/placement/placement/requestlog.py:55}}
Feb 21 06:58:43.845438 dv-neutron-830114-1-hyperv devstack@placement-api.service[103781]: INFO placement.requestlog [req-d9385efa-f55d-4c58-8324-9d8bf523d195 req-7aee8039-bec4-472c-a54a-0d525b000995 service placement] 10.222.0.43 "GET /placement/resource_providers/617a0bc2-8072-432f-8578-5957104899fa/allocations" status: 200 len: 154 microversion: 1.0
Feb 21 06:58:43.845758 dv-neutron-830114-1-hyperv devstack@placement-api.service[103781]: [pid: 103781|app: 0|req: 159/319] 10.222.0.43 () {58 vars in 1390 bytes} [Mon Feb 21 06:58:43 2022] GET /placement/resource_providers/617a0bc2-8072-432f-8578-5957104899fa/allocations => generated 154 bytes in 20 msecs (HTTP/1.1 200) 6 headers in 224 bytes (1 switches on core 0)
Feb 21 06:59:10.166942 dv-neutron-830114-1-hyperv devstack@placement-api.service[103782]: DEBUG placement.requestlog [req-60ee415b-6b95-4f8f-8219-3b773b7caba1 req-9daae8c1-30d4-445e-a032-8d72d231d03e None None] Starting request: 10.222.0.43 "DELETE /placement/allocations/7888faf7-1596-4f36-bfc4-f50555e7031c" {{(pid=103782) __call__ /opt/stack/placement/placement/requestlog.py:55}}
Feb 21 06:59:10.198133 dv-neutron-830114-1-hyperv devstack@placement-api.service[103782]: DEBUG placement.handlers.allocation [req-60ee415b-6b95-4f8f-8219-3b773b7caba1 req-9daae8c1-30d4-445e-a032-8d72d231d03e service placement] Successfully deleted allocations [, , ] {{(pid=103782) delete_allocations /opt/stack/placement/placement/handlers/allocation.py:627}}
Feb 21 06:59:10.198777 dv-neutron-830114-1-hyperv devstack@placement-api.service[103782]: INFO placement.requestlog [req-60ee415b-6b95-4f8f-8219-3b773b7caba1 req-9daae8c1-30d4-445e-a032-8d72d231d03e service placement] 10.222.0.43 "DELETE /placement/allocations/7888faf7-1596-4f36-bfc4-f50555e7031c" status: 204 len: 0 microversion: 1.0
Feb 21 06:59:10.199378 dv-neutron-830114-1-hyperv devstack@placement-api.service[103782]: [pid: 103782|app: 0|req: 161/320] 10.222.0.43 () {60 vars in 1355 bytes} [Mon Feb 21 06:59:10 2022] DELETE /placement/allocations/7888faf7-1596-4f36-bfc4-f50555e7031c => generated 0 bytes in 33 msecs (HTTP/1.1 204) 5 headers in 198 bytes (1 switches on core 0)
Feb 21 06:59:26.758182 dv-neutron-830114-1-hyperv devstack@placement-api.service[103781]: DEBUG placement.requestlog [req-2526275c-ccff-4266-9460-5268a6555bc8 req-5a640533-35b8-451b-8e31-20e30cd74dfd None None] Starting request: 10.222.0.42 "GET /placement/allocation_candidates?limit=1000&resources=DISK_GB%3A1%2CMEMORY_MB%3A1024%2CVCPU%3A1&root_required=%21COMPUTE_STATUS_DISABLED" {{(pid=103781) __call__ /opt/stack/placement/placement/requestlog.py:55}}
Feb 21 06:59:26.830748 dv-neutron-830114-1-hyperv devstack@placement-api.service[103781]: DEBUG placement.objects.research_context [req-2526275c-ccff-4266-9460-5268a6555bc8 req-5a640533-35b8-451b-8e31-20e30cd74dfd service placement] getting providers with 1 DISK_GB {{(pid=103781) __init__ /opt/stack/placement/placement/objects/research_context.py:126}}
Feb 21 06:59:26.836550 dv-neutron-830114-1-hyperv devstack@placement-api.service[103781]: DEBUG placement.objects.research_context [req-2526275c-ccff-4266-9460-5268a6555bc8 req-5a640533-35b8-451b-8e31-20e30cd74dfd service placement] getting providers with 1024 MEMORY_MB {{(pid=103781) __init__ /opt/stack/placement/placement/objects/research_context.py:126}}
Feb 21 06:59:26.842960 dv-neutron-830114-1-hyperv devstack@placement-api.service[103781]: DEBUG placement.objects.research_context [req-2526275c-ccff-4266-9460-5268a6555bc8 req-5a640533-35b8-451b-8e31-20e30cd74dfd service placement] getting providers with 1 VCPU {{(pid=103781) __init__ /opt/stack/placement/placement/objects/research_context.py:126}}
Feb 21 06:59:26.854743 dv-neutron-830114-1-hyperv devstack@placement-api.service[103781]: DEBUG placement.objects.research_context [req-2526275c-ccff-4266-9460-5268a6555bc8 req-5a640533-35b8-451b-8e31-20e30cd74dfd service placement] found 1 providers with available 1 DISK_GB {{(pid=103781) get_provider_ids_matching /opt/stack/placement/placement/objects/research_context.py:549}}
Feb 21 06:59:26.855222 dv-neutron-830114-1-hyperv devstack@placement-api.service[103781]: DEBUG placement.objects.research_context [req-2526275c-ccff-4266-9460-5268a6555bc8 req-5a640533-35b8-451b-8e31-20e30cd74dfd service placement] found 1 providers with available 1024 MEMORY_MB {{(pid=103781) get_provider_ids_matching /opt/stack/placement/placement/objects/research_context.py:549}}
Feb 21 06:59:26.855500 dv-neutron-830114-1-hyperv devstack@placement-api.service[103781]: DEBUG placement.objects.research_context [req-2526275c-ccff-4266-9460-5268a6555bc8 req-5a640533-35b8-451b-8e31-20e30cd74dfd service placement] found 1 providers after filtering by previous result {{(pid=103781) get_provider_ids_matching /opt/stack/placement/placement/objects/research_context.py:580}}
Feb 21 06:59:26.855806 dv-neutron-830114-1-hyperv devstack@placement-api.service[103781]: DEBUG placement.objects.research_context [req-2526275c-ccff-4266-9460-5268a6555bc8 req-5a640533-35b8-451b-8e31-20e30cd74dfd service placement] found 1 providers with available 1 VCPU {{(pid=103781) get_provider_ids_matching /opt/stack/placement/placement/objects/research_context.py:549}}
Feb 21 06:59:26.856014 dv-neutron-830114-1-hyperv devstack@placement-api.service[103781]: DEBUG placement.objects.research_context [req-2526275c-ccff-4266-9460-5268a6555bc8 req-5a640533-35b8-451b-8e31-20e30cd74dfd service placement] found 1 providers after filtering by previous result {{(pid=103781) get_provider_ids_matching /opt/stack/placement/placement/objects/research_context.py:580}}
Feb 21 06:59:26.868411 dv-neutron-830114-1-hyperv devstack@placement-api.service[103781]: DEBUG placement.objects.allocation_candidate [req-2526275c-ccff-4266-9460-5268a6555bc8 req-5a640533-35b8-451b-8e31-20e30cd74dfd service placement] RequestGroup(use_same_provider=False, resources={DISK_GB:1, MEMORY_MB:1024, VCPU:1}, traits=[], aggregates=[]) (suffix '') returned 1 matches {{(pid=103781) _get_by_requests /opt/stack/placement/placement/objects/allocation_candidate.py:145}}
Feb 21 06:59:26.868759 dv-neutron-830114-1-hyperv devstack@placement-api.service[103781]: DEBUG placement.objects.allocation_candidate [req-2526275c-ccff-4266-9460-5268a6555bc8 req-5a640533-35b8-451b-8e31-20e30cd74dfd service placement] Merging candidates yields 1 allocation requests and 1 provider summaries {{(pid=103781) _merge_candidates /opt/stack/placement/placement/objects/allocation_candidate.py:783}}
Feb 21 06:59:26.870229 dv-neutron-830114-1-hyperv devstack@placement-api.service[103781]: INFO placement.requestlog [req-2526275c-ccff-4266-9460-5268a6555bc8 req-5a640533-35b8-451b-8e31-20e30cd74dfd service placement] 10.222.0.42 "GET /placement/allocation_candidates?limit=1000&resources=DISK_GB%3A1%2CMEMORY_MB%3A1024%2CVCPU%3A1&root_required=%21COMPUTE_STATUS_DISABLED" status: 200 len: 764 microversion: 1.36
Feb 21 06:59:26.870605 dv-neutron-830114-1-hyperv devstack@placement-api.service[103781]: [pid: 103781|app: 0|req: 160/321] 10.222.0.42 () {60 vars in 1506 bytes} [Mon Feb 21 06:59:26 2022] GET /placement/allocation_candidates?limit=1000&resources=DISK_GB%3A1%2CMEMORY_MB%3A1024%2CVCPU%3A1&root_required=%21COMPUTE_STATUS_DISABLED => generated 764 bytes in 113 msecs (HTTP/1.1 200) 8 headers in 296 bytes (1 switches on core 0)
Feb 21 06:59:26.907804 dv-neutron-830114-1-hyperv devstack@placement-api.service[103782]: DEBUG placement.requestlog [req-2526275c-ccff-4266-9460-5268a6555bc8 req-c6e9ff5b-1bf9-46bd-826f-ddce021d9e86 None None] Starting request: 10.222.0.42 "GET /placement/allocations/4b337abb-aa36-45a9-a6d2-f20409f30e51" {{(pid=103782) __call__ /opt/stack/placement/placement/requestlog.py:55}}
Feb 21 06:59:26.923889 dv-neutron-830114-1-hyperv devstack@placement-api.service[103782]: INFO placement.requestlog [req-2526275c-ccff-4266-9460-5268a6555bc8 req-c6e9ff5b-1bf9-46bd-826f-ddce021d9e86 service placement] 10.222.0.42 "GET /placement/allocations/4b337abb-aa36-45a9-a6d2-f20409f30e51" status: 200 len: 19 microversion: 1.28
Feb 21 06:59:26.924249 dv-neutron-830114-1-hyperv devstack@placement-api.service[103782]: [pid: 103782|app: 0|req: 162/322] 10.222.0.42 () {60 vars in 1380 bytes} [Mon Feb 21 06:59:26 2022] GET /placement/allocations/4b337abb-aa36-45a9-a6d2-f20409f30e51 => generated 19 bytes in 17 msecs (HTTP/1.1 200) 8 headers in 295 bytes (1 switches on core 0)
Feb 21 06:59:26.931536 dv-neutron-830114-1-hyperv devstack@placement-api.service[103781]: DEBUG placement.requestlog [req-2526275c-ccff-4266-9460-5268a6555bc8 req-157282a7-8623-46e3-9efa-5215ed812fb0 None None] Starting request: 10.222.0.42 "PUT /placement/allocations/4b337abb-aa36-45a9-a6d2-f20409f30e51" {{(pid=103781) __call__ /opt/stack/placement/placement/requestlog.py:55}}
Feb 21 06:59:26.988792 dv-neutron-830114-1-hyperv devstack@placement-api.service[103781]: DEBUG placement.handlers.allocation [req-2526275c-ccff-4266-9460-5268a6555bc8 req-157282a7-8623-46e3-9efa-5215ed812fb0 service placement] Successfully wrote allocations [, , ] {{(pid=103781) _update_consumers_and_create_allocations /opt/stack/placement/placement/handlers/allocation.py:462}}
Feb 21 06:59:26.993303 dv-neutron-830114-1-hyperv devstack@placement-api.service[103781]: INFO placement.requestlog [req-2526275c-ccff-4266-9460-5268a6555bc8 req-157282a7-8623-46e3-9efa-5215ed812fb0 service placement] 10.222.0.42 "PUT /placement/allocations/4b337abb-aa36-45a9-a6d2-f20409f30e51" status: 204 len: 0 microversion: 1.36
Feb 21 06:59:26.993702 dv-neutron-830114-1-hyperv devstack@placement-api.service[103781]: [pid: 103781|app: 0|req: 161/323] 10.222.0.42 () {64 vars in 1433 bytes} [Mon Feb 21 06:59:26 2022] PUT /placement/allocations/4b337abb-aa36-45a9-a6d2-f20409f30e51 => generated 0 bytes in 62 msecs (HTTP/1.1 204) 5 headers in 199 bytes (2 switches on core 0)
Feb 21 06:59:27.255692 dv-neutron-830114-1-hyperv devstack@placement-api.service[103782]: DEBUG placement.requestlog [req-2526275c-ccff-4266-9460-5268a6555bc8 req-9eac95be-c441-4660-9c80-4f7aa5cd9cc0 None None] Starting request: 10.222.0.43 "GET /placement/allocations/4b337abb-aa36-45a9-a6d2-f20409f30e51" {{(pid=103782) __call__ /opt/stack/placement/placement/requestlog.py:55}}
Feb 21 06:59:27.271120 dv-neutron-830114-1-hyperv devstack@placement-api.service[103782]: INFO placement.requestlog [req-2526275c-ccff-4266-9460-5268a6555bc8 req-9eac95be-c441-4660-9c80-4f7aa5cd9cc0 service placement] 10.222.0.43 "GET /placement/allocations/4b337abb-aa36-45a9-a6d2-f20409f30e51" status: 200 len: 259 microversion: 1.28
Feb 21 06:59:27.271494 dv-neutron-830114-1-hyperv devstack@placement-api.service[103782]: [pid: 103782|app: 0|req: 163/324] 10.222.0.43 () {60 vars in 1377 bytes} [Mon Feb 21 06:59:27 2022] GET /placement/allocations/4b337abb-aa36-45a9-a6d2-f20409f30e51 => generated 259 bytes in 16 msecs (HTTP/1.1 200) 8 headers in 296 bytes (1 switches on core 0)
Feb 21 06:59:45.822879 dv-neutron-830114-1-hyperv devstack@placement-api.service[103781]: DEBUG placement.requestlog [req-81cdf86e-7059-4dfc-978f-0ba13dcaae0a req-8f89472b-b6b6-4b30-9f6a-eb8a4d4cc1be None None] Starting request: 10.222.0.43 "GET /placement/resource_providers/617a0bc2-8072-432f-8578-5957104899fa/allocations" {{(pid=103781) __call__ /opt/stack/placement/placement/requestlog.py:55}}
Feb 21 06:59:45.841357 dv-neutron-830114-1-hyperv devstack@placement-api.service[103781]: INFO placement.requestlog [req-81cdf86e-7059-4dfc-978f-0ba13dcaae0a req-8f89472b-b6b6-4b30-9f6a-eb8a4d4cc1be service placement] 10.222.0.43 "GET /placement/resource_providers/617a0bc2-8072-432f-8578-5957104899fa/allocations" status: 200 len: 154 microversion: 1.0
Feb 21 06:59:45.841679 dv-neutron-830114-1-hyperv devstack@placement-api.service[103781]: [pid: 103781|app: 0|req: 162/325] 10.222.0.43 () {58 vars in 1390 bytes} [Mon Feb 21 06:59:45 2022] GET /placement/resource_providers/617a0bc2-8072-432f-8578-5957104899fa/allocations => generated 154 bytes in 19 msecs (HTTP/1.1 200) 6 headers in 224 bytes (1 switches on core 0)
Feb 21 07:00:15.027743 dv-neutron-830114-1-hyperv devstack@placement-api.service[103782]: DEBUG placement.requestlog [req-a48b69f2-0d09-4947-91c6-81c19ed943c8 req-1686a339-213a-47fe-a0b5-340ef26ac6f0 None None] Starting request: 10.222.0.43 "DELETE /placement/allocations/4b337abb-aa36-45a9-a6d2-f20409f30e51" {{(pid=103782) __call__ /opt/stack/placement/placement/requestlog.py:55}}
Feb 21 07:00:15.064713 dv-neutron-830114-1-hyperv devstack@placement-api.service[103782]: DEBUG placement.handlers.allocation [req-a48b69f2-0d09-4947-91c6-81c19ed943c8 req-1686a339-213a-47fe-a0b5-340ef26ac6f0 service placement] Successfully deleted allocations [, , ] {{(pid=103782) delete_allocations /opt/stack/placement/placement/handlers/allocation.py:627}}
Feb 21 07:00:15.064713 dv-neutron-830114-1-hyperv devstack@placement-api.service[103782]: INFO placement.requestlog [req-a48b69f2-0d09-4947-91c6-81c19ed943c8 req-1686a339-213a-47fe-a0b5-340ef26ac6f0 service placement] 10.222.0.43 "DELETE /placement/allocations/4b337abb-aa36-45a9-a6d2-f20409f30e51" status: 204 len: 0 microversion: 1.0
Feb 21 07:00:15.064713 dv-neutron-830114-1-hyperv devstack@placement-api.service[103782]: [pid: 103782|app: 0|req: 164/326] 10.222.0.43 () {60 vars in 1355 bytes} [Mon Feb 21 07:00:15 2022] DELETE /placement/allocations/4b337abb-aa36-45a9-a6d2-f20409f30e51 => generated 0 bytes in 33 msecs (HTTP/1.1 204) 5 headers in 198 bytes (1 switches on core 0)
Feb 21 07:00:26.215012 dv-neutron-830114-1-hyperv devstack@placement-api.service[103781]: DEBUG placement.requestlog [req-2e2b8d8c-6fed-45fb-a868-c3a9164e6968 req-7c045269-0d8e-4658-9865-eeb82c97fb41 None None] Starting request: 10.222.0.42 "GET /placement/allocation_candidates?limit=1000&resources=DISK_GB%3A1%2CMEMORY_MB%3A1024%2CVCPU%3A1&root_required=%21COMPUTE_STATUS_DISABLED" {{(pid=103781) __call__ /opt/stack/placement/placement/requestlog.py:55}}
Feb 21 07:00:26.408848 dv-neutron-830114-1-hyperv devstack@placement-api.service[103781]: DEBUG placement.objects.research_context [req-2e2b8d8c-6fed-45fb-a868-c3a9164e6968 req-7c045269-0d8e-4658-9865-eeb82c97fb41 service placement] getting providers with 1 DISK_GB {{(pid=103781) __init__ /opt/stack/placement/placement/objects/research_context.py:126}}
Feb 21 07:00:26.425295 dv-neutron-830114-1-hyperv devstack@placement-api.service[103781]: DEBUG placement.objects.research_context [req-2e2b8d8c-6fed-45fb-a868-c3a9164e6968 req-7c045269-0d8e-4658-9865-eeb82c97fb41 service placement] getting providers with 1024 MEMORY_MB {{(pid=103781) __init__ /opt/stack/placement/placement/objects/research_context.py:126}}
Feb 21 07:00:26.433473 dv-neutron-830114-1-hyperv devstack@placement-api.service[103781]: DEBUG placement.objects.research_context [req-2e2b8d8c-6fed-45fb-a868-c3a9164e6968 req-7c045269-0d8e-4658-9865-eeb82c97fb41 service placement] getting providers with 1 VCPU {{(pid=103781) __init__ /opt/stack/placement/placement/objects/research_context.py:126}}
Feb 21 07:00:26.442294 dv-neutron-830114-1-hyperv devstack@placement-api.service[103781]: DEBUG placement.objects.research_context [req-2e2b8d8c-6fed-45fb-a868-c3a9164e6968 req-7c045269-0d8e-4658-9865-eeb82c97fb41 service placement] found 1 providers with available 1 DISK_GB {{(pid=103781) get_provider_ids_matching /opt/stack/placement/placement/objects/research_context.py:549}}
Feb 21 07:00:26.442805 dv-neutron-830114-1-hyperv devstack@placement-api.service[103781]: DEBUG placement.objects.research_context [req-2e2b8d8c-6fed-45fb-a868-c3a9164e6968 req-7c045269-0d8e-4658-9865-eeb82c97fb41 service placement] found 1 providers with available 1024 MEMORY_MB {{(pid=103781) get_provider_ids_matching /opt/stack/placement/placement/objects/research_context.py:549}}
Feb 21 07:00:26.443297 dv-neutron-830114-1-hyperv devstack@placement-api.service[103781]: DEBUG placement.objects.research_context [req-2e2b8d8c-6fed-45fb-a868-c3a9164e6968 req-7c045269-0d8e-4658-9865-eeb82c97fb41 service placement] found 1 providers after filtering by previous result {{(pid=103781) get_provider_ids_matching /opt/stack/placement/placement/objects/research_context.py:580}}
Feb 21 07:00:26.443781 dv-neutron-830114-1-hyperv devstack@placement-api.service[103781]: DEBUG placement.objects.research_context [req-2e2b8d8c-6fed-45fb-a868-c3a9164e6968 req-7c045269-0d8e-4658-9865-eeb82c97fb41 service placement] found 1 providers with available 1 VCPU {{(pid=103781) get_provider_ids_matching /opt/stack/placement/placement/objects/research_context.py:549}}
Feb 21 07:00:26.444252 dv-neutron-830114-1-hyperv devstack@placement-api.service[103781]: DEBUG placement.objects.research_context [req-2e2b8d8c-6fed-45fb-a868-c3a9164e6968 req-7c045269-0d8e-4658-9865-eeb82c97fb41 service placement] found 1 providers after filtering by previous result {{(pid=103781) get_provider_ids_matching /opt/stack/placement/placement/objects/research_context.py:580}}
Feb 21 07:00:26.460458 dv-neutron-830114-1-hyperv devstack@placement-api.service[103781]: DEBUG placement.objects.allocation_candidate [req-2e2b8d8c-6fed-45fb-a868-c3a9164e6968 req-7c045269-0d8e-4658-9865-eeb82c97fb41 service placement] RequestGroup(use_same_provider=False, resources={DISK_GB:1, MEMORY_MB:1024, VCPU:1}, traits=[], aggregates=[]) (suffix '') returned 1 matches {{(pid=103781) _get_by_requests /opt/stack/placement/placement/objects/allocation_candidate.py:145}}
Feb 21 07:00:26.461151 dv-neutron-830114-1-hyperv devstack@placement-api.service[103781]: DEBUG placement.objects.allocation_candidate [req-2e2b8d8c-6fed-45fb-a868-c3a9164e6968 req-7c045269-0d8e-4658-9865-eeb82c97fb41 service placement] Merging candidates yields 1 allocation requests and 1 provider summaries {{(pid=103781) _merge_candidates /opt/stack/placement/placement/objects/allocation_candidate.py:783}}
Feb 21 07:00:26.463117 dv-neutron-830114-1-hyperv devstack@placement-api.service[103781]: INFO placement.requestlog [req-2e2b8d8c-6fed-45fb-a868-c3a9164e6968 req-7c045269-0d8e-4658-9865-eeb82c97fb41 service placement] 10.222.0.42 "GET /placement/allocation_candidates?limit=1000&resources=DISK_GB%3A1%2CMEMORY_MB%3A1024%2CVCPU%3A1&root_required=%21COMPUTE_STATUS_DISABLED" status: 200 len: 764 microversion: 1.36
Feb 21 07:00:26.463565 dv-neutron-830114-1-hyperv devstack@placement-api.service[103781]: [pid: 103781|app: 0|req: 163/327] 10.222.0.42 () {60 vars in 1506 bytes} [Mon Feb 21 07:00:26 2022] GET /placement/allocation_candidates?limit=1000&resources=DISK_GB%3A1%2CMEMORY_MB%3A1024%2CVCPU%3A1&root_required=%21COMPUTE_STATUS_DISABLED => generated 764 bytes in 249 msecs (HTTP/1.1 200) 8 headers in 296 bytes (1 switches on core 0)
Feb 21 07:00:26.499101 dv-neutron-830114-1-hyperv devstack@placement-api.service[103782]: DEBUG placement.requestlog [req-2e2b8d8c-6fed-45fb-a868-c3a9164e6968 req-afc3073c-db58-4937-ae9b-38db093d0216 None None] Starting request: 10.222.0.42 "GET /placement/allocations/9df46512-313f-41bc-a640-10cb47b4577e" {{(pid=103782) __call__ /opt/stack/placement/placement/requestlog.py:55}}
Feb 21 07:00:26.509821 dv-neutron-830114-1-hyperv devstack@placement-api.service[103782]: INFO placement.requestlog [req-2e2b8d8c-6fed-45fb-a868-c3a9164e6968 req-afc3073c-db58-4937-ae9b-38db093d0216 service placement] 10.222.0.42 "GET /placement/allocations/9df46512-313f-41bc-a640-10cb47b4577e" status: 200 len: 19 microversion: 1.28
Feb 21 07:00:26.510510 dv-neutron-830114-1-hyperv devstack@placement-api.service[103782]: [pid: 103782|app: 0|req: 165/328] 10.222.0.42 () {60 vars in 1380 bytes} [Mon Feb 21 07:00:26 2022] GET /placement/allocations/9df46512-313f-41bc-a640-10cb47b4577e => generated 19 bytes in 11 msecs (HTTP/1.1 200) 8 headers in 295 bytes (1 switches on core 0)
Feb 21 07:00:26.516266 dv-neutron-830114-1-hyperv devstack@placement-api.service[103781]: DEBUG placement.requestlog [req-2e2b8d8c-6fed-45fb-a868-c3a9164e6968 req-10572d51-8143-4966-b8a2-f54cb58d9357 None None] Starting request: 10.222.0.42 "PUT /placement/allocations/9df46512-313f-41bc-a640-10cb47b4577e" {{(pid=103781) __call__ /opt/stack/placement/placement/requestlog.py:55}}
Feb 21 07:00:26.567146 dv-neutron-830114-1-hyperv devstack@placement-api.service[103781]: DEBUG placement.handlers.allocation [req-2e2b8d8c-6fed-45fb-a868-c3a9164e6968 req-10572d51-8143-4966-b8a2-f54cb58d9357 service placement] Successfully wrote allocations [, , ] {{(pid=103781) _update_consumers_and_create_allocations /opt/stack/placement/placement/handlers/allocation.py:462}}
Feb 21 07:00:26.571391 dv-neutron-830114-1-hyperv devstack@placement-api.service[103781]: INFO placement.requestlog [req-2e2b8d8c-6fed-45fb-a868-c3a9164e6968 req-10572d51-8143-4966-b8a2-f54cb58d9357 service placement] 10.222.0.42 "PUT /placement/allocations/9df46512-313f-41bc-a640-10cb47b4577e" status: 204 len: 0 microversion: 1.36
Feb 21 07:00:26.572051 dv-neutron-830114-1-hyperv devstack@placement-api.service[103781]: [pid: 103781|app: 0|req: 164/329] 10.222.0.42 () {64 vars in 1433 bytes} [Mon Feb 21 07:00:26 2022] PUT /placement/allocations/9df46512-313f-41bc-a640-10cb47b4577e => generated 0 bytes in 56 msecs (HTTP/1.1 204) 5 headers in 199 bytes (1 switches on core 0)
Feb 21 07:00:26.863048 dv-neutron-830114-1-hyperv devstack@placement-api.service[103782]: DEBUG placement.requestlog [req-2e2b8d8c-6fed-45fb-a868-c3a9164e6968 req-9244e1ed-7326-4a9d-9a68-a11757a15202 None None] Starting request: 10.222.0.43 "GET /placement/allocations/9df46512-313f-41bc-a640-10cb47b4577e" {{(pid=103782) __call__ /opt/stack/placement/placement/requestlog.py:55}}
Feb 21 07:00:26.878417 dv-neutron-830114-1-hyperv devstack@placement-api.service[103782]: INFO placement.requestlog [req-2e2b8d8c-6fed-45fb-a868-c3a9164e6968 req-9244e1ed-7326-4a9d-9a68-a11757a15202 service placement] 10.222.0.43 "GET /placement/allocations/9df46512-313f-41bc-a640-10cb47b4577e" status: 200 len: 259 microversion: 1.28
Feb 21 07:00:26.878746 dv-neutron-830114-1-hyperv devstack@placement-api.service[103782]: [pid: 103782|app: 0|req: 166/330] 10.222.0.43 () {60 vars in 1377 bytes} [Mon Feb 21 07:00:26 2022] GET /placement/allocations/9df46512-313f-41bc-a640-10cb47b4577e => generated 259 bytes in 16 msecs (HTTP/1.1 200) 8 headers in 296 bytes (1 switches on core 0)
Feb 21 07:00:47.797018 dv-neutron-830114-1-hyperv devstack@placement-api.service[103781]: DEBUG placement.requestlog [req-1eeea5e6-ea24-48d1-ab9b-1effbf29d92b req-a47c2f24-86a0-492a-b346-cc75b561b0d4 None None] Starting request: 10.222.0.43 "GET /placement/resource_providers/617a0bc2-8072-432f-8578-5957104899fa/allocations" {{(pid=103781) __call__ /opt/stack/placement/placement/requestlog.py:55}}
Feb 21 07:00:47.816385 dv-neutron-830114-1-hyperv devstack@placement-api.service[103781]: INFO placement.requestlog [req-1eeea5e6-ea24-48d1-ab9b-1effbf29d92b req-a47c2f24-86a0-492a-b346-cc75b561b0d4 service placement] 10.222.0.43 "GET /placement/resource_providers/617a0bc2-8072-432f-8578-5957104899fa/allocations" status: 200 len: 154 microversion: 1.0
Feb 21 07:00:47.816720 dv-neutron-830114-1-hyperv devstack@placement-api.service[103781]: [pid: 103781|app: 0|req: 165/331] 10.222.0.43 () {58 vars in 1390 bytes} [Mon Feb 21 07:00:47 2022] GET /placement/resource_providers/617a0bc2-8072-432f-8578-5957104899fa/allocations => generated 154 bytes in 20 msecs (HTTP/1.1 200) 6 headers in 224 bytes (1 switches on core 0)
Feb 21 07:01:48.816699 dv-neutron-830114-1-hyperv devstack@placement-api.service[103782]: DEBUG placement.requestlog [req-512f432b-e577-4e1e-9dfe-2016d3df6c09 req-d150fd19-f651-4126-b2d8-8c5979a64388 None None] Starting request: 10.222.0.43 "GET /placement/resource_providers/617a0bc2-8072-432f-8578-5957104899fa/allocations" {{(pid=103782) __call__ /opt/stack/placement/placement/requestlog.py:55}}
Feb 21 07:01:48.836146 dv-neutron-830114-1-hyperv devstack@placement-api.service[103782]: INFO placement.requestlog [req-512f432b-e577-4e1e-9dfe-2016d3df6c09 req-d150fd19-f651-4126-b2d8-8c5979a64388 service placement] 10.222.0.43 "GET /placement/resource_providers/617a0bc2-8072-432f-8578-5957104899fa/allocations" status: 200 len: 154 microversion: 1.0
Feb 21 07:01:48.836497 dv-neutron-830114-1-hyperv devstack@placement-api.service[103782]: [pid: 103782|app: 0|req: 167/332] 10.222.0.43 () {58 vars in 1390 bytes} [Mon Feb 21 07:01:48 2022] GET /placement/resource_providers/617a0bc2-8072-432f-8578-5957104899fa/allocations => generated 154 bytes in 20 msecs (HTTP/1.1 200) 6 headers in 224 bytes (1 switches on core 0)
Feb 21 07:01:55.594003 dv-neutron-830114-1-hyperv devstack@placement-api.service[103781]: DEBUG placement.requestlog [req-221de11c-8219-4100-a0b7-b67425c0c0b0 req-d697c696-da60-4e45-bb4a-2e429105ba29 None None] Starting request: 10.222.0.43 "DELETE /placement/allocations/9df46512-313f-41bc-a640-10cb47b4577e" {{(pid=103781) __call__ /opt/stack/placement/placement/requestlog.py:55}}
Feb 21 07:01:55.626301 dv-neutron-830114-1-hyperv devstack@placement-api.service[103781]: DEBUG placement.handlers.allocation [req-221de11c-8219-4100-a0b7-b67425c0c0b0 req-d697c696-da60-4e45-bb4a-2e429105ba29 service placement] Successfully deleted allocations [, , ] {{(pid=103781) delete_allocations /opt/stack/placement/placement/handlers/allocation.py:627}}
Feb 21 07:01:55.626790 dv-neutron-830114-1-hyperv devstack@placement-api.service[103781]: INFO placement.requestlog [req-221de11c-8219-4100-a0b7-b67425c0c0b0 req-d697c696-da60-4e45-bb4a-2e429105ba29 service placement] 10.222.0.43 "DELETE /placement/allocations/9df46512-313f-41bc-a640-10cb47b4577e" status: 204 len: 0 microversion: 1.0
Feb 21 07:01:55.627168 dv-neutron-830114-1-hyperv devstack@placement-api.service[103781]: [pid: 103781|app: 0|req: 166/333] 10.222.0.43 () {60 vars in 1355 bytes} [Mon Feb 21 07:01:55 2022] DELETE /placement/allocations/9df46512-313f-41bc-a640-10cb47b4577e => generated 0 bytes in 34 msecs (HTTP/1.1 204) 5 headers in 198 bytes (2 switches on core 0)
Feb 21 07:02:05.581041 dv-neutron-830114-1-hyperv devstack@placement-api.service[103782]: DEBUG placement.requestlog [req-d4ea146d-ee2d-46dc-951d-9d74a3c05518 req-80b352dd-1d5e-4d98-99d5-0d4a83aebddf None None] Starting request: 10.222.0.42 "GET /placement/allocation_candidates?limit=1000&resources=DISK_GB%3A1%2CMEMORY_MB%3A1024%2CVCPU%3A1&root_required=%21COMPUTE_STATUS_DISABLED" {{(pid=103782) __call__ /opt/stack/placement/placement/requestlog.py:55}}
Feb 21 07:02:05.614947 dv-neutron-830114-1-hyperv devstack@placement-api.service[103782]: DEBUG placement.objects.research_context [req-d4ea146d-ee2d-46dc-951d-9d74a3c05518 req-80b352dd-1d5e-4d98-99d5-0d4a83aebddf service placement] getting providers with 1 DISK_GB {{(pid=103782) __init__ /opt/stack/placement/placement/objects/research_context.py:126}}
Feb 21 07:02:05.621042 dv-neutron-830114-1-hyperv devstack@placement-api.service[103782]: DEBUG placement.objects.research_context [req-d4ea146d-ee2d-46dc-951d-9d74a3c05518 req-80b352dd-1d5e-4d98-99d5-0d4a83aebddf service placement] getting providers with 1024 MEMORY_MB {{(pid=103782) __init__ /opt/stack/placement/placement/objects/research_context.py:126}}
Feb 21 07:02:05.626988 dv-neutron-830114-1-hyperv devstack@placement-api.service[103782]: DEBUG placement.objects.research_context [req-d4ea146d-ee2d-46dc-951d-9d74a3c05518 req-80b352dd-1d5e-4d98-99d5-0d4a83aebddf service placement] getting providers with 1 VCPU {{(pid=103782) __init__ /opt/stack/placement/placement/objects/research_context.py:126}}
Feb 21 07:02:05.632480 dv-neutron-830114-1-hyperv devstack@placement-api.service[103782]: DEBUG placement.objects.research_context [req-d4ea146d-ee2d-46dc-951d-9d74a3c05518 req-80b352dd-1d5e-4d98-99d5-0d4a83aebddf service placement] found 1 providers with available 1 DISK_GB {{(pid=103782) get_provider_ids_matching /opt/stack/placement/placement/objects/research_context.py:549}}
Feb 21 07:02:05.632752 dv-neutron-830114-1-hyperv devstack@placement-api.service[103782]: DEBUG placement.objects.research_context [req-d4ea146d-ee2d-46dc-951d-9d74a3c05518 req-80b352dd-1d5e-4d98-99d5-0d4a83aebddf service placement] found 1 providers with available 1024 MEMORY_MB {{(pid=103782) get_provider_ids_matching /opt/stack/placement/placement/objects/research_context.py:549}}
Feb 21 07:02:05.633049 dv-neutron-830114-1-hyperv devstack@placement-api.service[103782]: DEBUG placement.objects.research_context [req-d4ea146d-ee2d-46dc-951d-9d74a3c05518 req-80b352dd-1d5e-4d98-99d5-0d4a83aebddf service placement] found 1 providers after filtering by previous result {{(pid=103782) get_provider_ids_matching /opt/stack/placement/placement/objects/research_context.py:580}}
Feb 21 07:02:05.633306 dv-neutron-830114-1-hyperv devstack@placement-api.service[103782]: DEBUG placement.objects.research_context [req-d4ea146d-ee2d-46dc-951d-9d74a3c05518 req-80b352dd-1d5e-4d98-99d5-0d4a83aebddf service placement] found 1 providers with available 1 VCPU {{(pid=103782) get_provider_ids_matching /opt/stack/placement/placement/objects/research_context.py:549}}
Feb 21 07:02:05.633565 dv-neutron-830114-1-hyperv devstack@placement-api.service[103782]: DEBUG placement.objects.research_context [req-d4ea146d-ee2d-46dc-951d-9d74a3c05518 req-80b352dd-1d5e-4d98-99d5-0d4a83aebddf service placement] found 1 providers after filtering by previous result {{(pid=103782) get_provider_ids_matching /opt/stack/placement/placement/objects/research_context.py:580}}
Feb 21 07:02:05.646499 dv-neutron-830114-1-hyperv devstack@placement-api.service[103782]: DEBUG placement.objects.allocation_candidate [req-d4ea146d-ee2d-46dc-951d-9d74a3c05518 req-80b352dd-1d5e-4d98-99d5-0d4a83aebddf service placement] RequestGroup(use_same_provider=False, resources={DISK_GB:1, MEMORY_MB:1024, VCPU:1}, traits=[], aggregates=[]) (suffix '') returned 1 matches {{(pid=103782) _get_by_requests /opt/stack/placement/placement/objects/allocation_candidate.py:145}}
Feb 21 07:02:05.646894 dv-neutron-830114-1-hyperv devstack@placement-api.service[103782]: DEBUG placement.objects.allocation_candidate [req-d4ea146d-ee2d-46dc-951d-9d74a3c05518 req-80b352dd-1d5e-4d98-99d5-0d4a83aebddf service placement] Merging candidates yields 1 allocation requests and 1 provider summaries {{(pid=103782) _merge_candidates /opt/stack/placement/placement/objects/allocation_candidate.py:783}}
Feb 21 07:02:05.648364 dv-neutron-830114-1-hyperv devstack@placement-api.service[103782]: INFO placement.requestlog [req-d4ea146d-ee2d-46dc-951d-9d74a3c05518 req-80b352dd-1d5e-4d98-99d5-0d4a83aebddf service placement] 10.222.0.42 "GET /placement/allocation_candidates?limit=1000&resources=DISK_GB%3A1%2CMEMORY_MB%3A1024%2CVCPU%3A1&root_required=%21COMPUTE_STATUS_DISABLED" status: 200 len: 764 microversion: 1.36
Feb 21 07:02:05.648756 dv-neutron-830114-1-hyperv devstack@placement-api.service[103782]: [pid: 103782|app: 0|req: 168/334] 10.222.0.42 () {60 vars in 1506 bytes} [Mon Feb 21 07:02:05 2022] GET /placement/allocation_candidates?limit=1000&resources=DISK_GB%3A1%2CMEMORY_MB%3A1024%2CVCPU%3A1&root_required=%21COMPUTE_STATUS_DISABLED => generated 764 bytes in 68 msecs (HTTP/1.1 200) 8 headers in 296 bytes (1 switches on core 0)
Feb 21 07:02:05.683539 dv-neutron-830114-1-hyperv devstack@placement-api.service[103781]: DEBUG placement.requestlog [req-d4ea146d-ee2d-46dc-951d-9d74a3c05518 req-00b40a75-9a83-44e6-9301-babf03167539 None None] Starting request: 10.222.0.42 "GET /placement/allocations/7136e067-833c-4774-a8a1-de410ee2c93a" {{(pid=103781) __call__ /opt/stack/placement/placement/requestlog.py:55}}
Feb 21 07:02:05.694057 dv-neutron-830114-1-hyperv devstack@placement-api.service[103781]: INFO placement.requestlog [req-d4ea146d-ee2d-46dc-951d-9d74a3c05518 req-00b40a75-9a83-44e6-9301-babf03167539 service placement] 10.222.0.42 "GET /placement/allocations/7136e067-833c-4774-a8a1-de410ee2c93a" status: 200 len: 19 microversion: 1.28
Feb 21 07:02:05.694395 dv-neutron-830114-1-hyperv devstack@placement-api.service[103781]: [pid: 103781|app: 0|req: 167/335] 10.222.0.42 () {60 vars in 1380 bytes} [Mon Feb 21 07:02:05 2022] GET /placement/allocations/7136e067-833c-4774-a8a1-de410ee2c93a => generated 19 bytes in 11 msecs (HTTP/1.1 200) 8 headers in 295 bytes (1 switches on core 0)
Feb 21 07:02:05.700829 dv-neutron-830114-1-hyperv devstack@placement-api.service[103782]: DEBUG placement.requestlog [req-d4ea146d-ee2d-46dc-951d-9d74a3c05518 req-11bf2567-23e9-44b4-b8aa-373c61a72af1 None None] Starting request: 10.222.0.42 "PUT /placement/allocations/7136e067-833c-4774-a8a1-de410ee2c93a" {{(pid=103782) __call__ /opt/stack/placement/placement/requestlog.py:55}}
Feb 21 07:02:05.748200 dv-neutron-830114-1-hyperv devstack@placement-api.service[103782]: DEBUG placement.handlers.allocation [req-d4ea146d-ee2d-46dc-951d-9d74a3c05518 req-11bf2567-23e9-44b4-b8aa-373c61a72af1 service placement] Successfully wrote allocations [, , ] {{(pid=103782) _update_consumers_and_create_allocations /opt/stack/placement/placement/handlers/allocation.py:462}}
Feb 21 07:02:05.751396 dv-neutron-830114-1-hyperv devstack@placement-api.service[103782]: INFO placement.requestlog [req-d4ea146d-ee2d-46dc-951d-9d74a3c05518 req-11bf2567-23e9-44b4-b8aa-373c61a72af1 service placement] 10.222.0.42 "PUT /placement/allocations/7136e067-833c-4774-a8a1-de410ee2c93a" status: 204 len: 0 microversion: 1.36
Feb 21 07:02:05.752056 dv-neutron-830114-1-hyperv devstack@placement-api.service[103782]: [pid: 103782|app: 0|req: 169/336] 10.222.0.42 () {64 vars in 1433 bytes} [Mon Feb 21 07:02:05 2022] PUT /placement/allocations/7136e067-833c-4774-a8a1-de410ee2c93a => generated 0 bytes in 52 msecs (HTTP/1.1 204) 5 headers in 199 bytes (2 switches on core 0)
Feb 21 07:02:06.002704 dv-neutron-830114-1-hyperv devstack@placement-api.service[103781]: DEBUG placement.requestlog [req-d4ea146d-ee2d-46dc-951d-9d74a3c05518 req-d0128178-fc72-4f82-8698-058f7c7e27ba None None] Starting request: 10.222.0.43 "GET /placement/allocations/7136e067-833c-4774-a8a1-de410ee2c93a" {{(pid=103781) __call__ /opt/stack/placement/placement/requestlog.py:55}}
Feb 21 07:02:06.016701 dv-neutron-830114-1-hyperv devstack@placement-api.service[103781]: INFO placement.requestlog [req-d4ea146d-ee2d-46dc-951d-9d74a3c05518 req-d0128178-fc72-4f82-8698-058f7c7e27ba service placement] 10.222.0.43 "GET /placement/allocations/7136e067-833c-4774-a8a1-de410ee2c93a" status: 200 len: 259 microversion: 1.28
Feb 21 07:02:06.017056 dv-neutron-830114-1-hyperv devstack@placement-api.service[103781]: [pid: 103781|app: 0|req: 168/337] 10.222.0.43 () {60 vars in 1377 bytes} [Mon Feb 21 07:02:06 2022] GET /placement/allocations/7136e067-833c-4774-a8a1-de410ee2c93a => generated 259 bytes in 15 msecs (HTTP/1.1 200) 8 headers in 296 bytes (1 switches on core 0)
Feb 21 07:02:50.795966 dv-neutron-830114-1-hyperv devstack@placement-api.service[103782]: DEBUG placement.requestlog [None req-b9883d6d-fbaf-44b6-95e8-0ea351c98bf9 None None] Starting request: 10.222.0.42 "GET /placement/" {{(pid=103782) __call__ /opt/stack/placement/placement/requestlog.py:55}}
Feb 21 07:02:50.797018 dv-neutron-830114-1-hyperv devstack@placement-api.service[103782]: INFO placement.requestlog [None req-b9883d6d-fbaf-44b6-95e8-0ea351c98bf9 None None] 10.222.0.42 "GET /placement/" status: 200 len: 136 microversion: 1.0
Feb 21 07:02:50.797336 dv-neutron-830114-1-hyperv devstack@placement-api.service[103782]: [pid: 103782|app: 0|req: 170/338] 10.222.0.42 () {54 vars in 916 bytes} [Mon Feb 21 07:02:50 2022] GET /placement => generated 136 bytes in 2 msecs (HTTP/1.1 200) 6 headers in 224 bytes (1 switches on core 0)
Feb 21 07:02:50.805831 dv-neutron-830114-1-hyperv devstack@placement-api.service[103781]: DEBUG placement.requestlog [req-5250c5cb-6dc5-4570-a059-8f5ca9486fe5 req-31c06fcd-99fe-4f95-bf75-2910fa0bf8f9 None None] Starting request: 10.222.0.42 "GET /placement/allocations/7136e067-833c-4774-a8a1-de410ee2c93a" {{(pid=103781) __call__ /opt/stack/placement/placement/requestlog.py:55}}
Feb 21 07:02:50.845529 dv-neutron-830114-1-hyperv devstack@placement-api.service[103782]: DEBUG placement.requestlog [req-7bbf7a54-a5f1-4d4b-a0c0-6d87fdb0840a req-8b44f7dd-9361-4519-9cb6-63e8ea85481e None None] Starting request: 10.222.0.43 "GET /placement/resource_providers/617a0bc2-8072-432f-8578-5957104899fa/allocations" {{(pid=103782) __call__ /opt/stack/placement/placement/requestlog.py:55}}
Feb 21 07:02:50.869296 dv-neutron-830114-1-hyperv devstack@placement-api.service[103781]: INFO placement.requestlog [req-5250c5cb-6dc5-4570-a059-8f5ca9486fe5 req-31c06fcd-99fe-4f95-bf75-2910fa0bf8f9 service placement] 10.222.0.42 "GET /placement/allocations/7136e067-833c-4774-a8a1-de410ee2c93a" status: 200 len: 259 microversion: 1.28
Feb 21 07:02:50.869656 dv-neutron-830114-1-hyperv devstack@placement-api.service[103781]: [pid: 103781|app: 0|req: 169/339] 10.222.0.42 () {60 vars in 1380 bytes} [Mon Feb 21 07:02:50 2022] GET /placement/allocations/7136e067-833c-4774-a8a1-de410ee2c93a => generated 259 bytes in 64 msecs (HTTP/1.1 200) 8 headers in 296 bytes (1 switches on core 0)
Feb 21 07:02:50.875869 dv-neutron-830114-1-hyperv devstack@placement-api.service[103781]: DEBUG placement.requestlog [req-5250c5cb-6dc5-4570-a059-8f5ca9486fe5 req-b6a1994f-55bc-4f43-81cc-96e33b8c77fd None None] Starting request: 10.222.0.42 "GET /placement/allocations/7136e067-833c-4774-a8a1-de410ee2c93a" {{(pid=103781) __call__ /opt/stack/placement/placement/requestlog.py:55}}
Feb 21 07:02:50.890262 dv-neutron-830114-1-hyperv devstack@placement-api.service[103781]: INFO placement.requestlog [req-5250c5cb-6dc5-4570-a059-8f5ca9486fe5 req-b6a1994f-55bc-4f43-81cc-96e33b8c77fd service placement] 10.222.0.42 "GET /placement/allocations/7136e067-833c-4774-a8a1-de410ee2c93a" status: 200 len: 259 microversion: 1.28
Feb 21 07:02:50.890856 dv-neutron-830114-1-hyperv devstack@placement-api.service[103781]: [pid: 103781|app: 0|req: 170/340] 10.222.0.42 () {60 vars in 1380 bytes} [Mon Feb 21 07:02:50 2022] GET /placement/allocations/7136e067-833c-4774-a8a1-de410ee2c93a => generated 259 bytes in 15 msecs (HTTP/1.1 200) 8 headers in 296 bytes (2 switches on core 0)
Feb 21 07:02:50.896087 dv-neutron-830114-1-hyperv devstack@placement-api.service[103781]: DEBUG placement.requestlog [req-5250c5cb-6dc5-4570-a059-8f5ca9486fe5 req-497e5047-f915-4809-bcab-1bad665e3657 None None] Starting request: 10.222.0.42 "GET /placement/allocations/7d330b77-2519-4350-b5ae-395372ff5344" {{(pid=103781) __call__ /opt/stack/placement/placement/requestlog.py:55}}
Feb 21 07:02:50.906598 dv-neutron-830114-1-hyperv devstack@placement-api.service[103781]: INFO placement.requestlog [req-5250c5cb-6dc5-4570-a059-8f5ca9486fe5 req-497e5047-f915-4809-bcab-1bad665e3657 service placement] 10.222.0.42 "GET /placement/allocations/7d330b77-2519-4350-b5ae-395372ff5344" status: 200 len: 19 microversion: 1.28
Feb 21 07:02:50.906926 dv-neutron-830114-1-hyperv devstack@placement-api.service[103781]: [pid: 103781|app: 0|req: 171/341] 10.222.0.42 () {60 vars in 1380 bytes} [Mon Feb 21 07:02:50 2022] GET /placement/allocations/7d330b77-2519-4350-b5ae-395372ff5344 => generated 19 bytes in 11 msecs (HTTP/1.1 200) 8 headers in 295 bytes (2 switches on core 0)
Feb 21 07:02:50.912295 dv-neutron-830114-1-hyperv devstack@placement-api.service[103781]: DEBUG placement.requestlog [req-5250c5cb-6dc5-4570-a059-8f5ca9486fe5 req-248e8c88-6b71-49b6-b443-2d77835c1251 None None] Starting request: 10.222.0.42 "POST /placement/allocations" {{(pid=103781) __call__ /opt/stack/placement/placement/requestlog.py:55}}
Feb 21 07:02:50.922780 dv-neutron-830114-1-hyperv devstack@placement-api.service[103782]: INFO placement.requestlog [req-7bbf7a54-a5f1-4d4b-a0c0-6d87fdb0840a req-8b44f7dd-9361-4519-9cb6-63e8ea85481e service placement] 10.222.0.43 "GET /placement/resource_providers/617a0bc2-8072-432f-8578-5957104899fa/allocations" status: 200 len: 154 microversion: 1.0
Feb 21 07:02:50.923115 dv-neutron-830114-1-hyperv devstack@placement-api.service[103782]: [pid: 103782|app: 0|req: 171/342] 10.222.0.43 () {58 vars in 1390 bytes} [Mon Feb 21 07:02:50 2022] GET /placement/resource_providers/617a0bc2-8072-432f-8578-5957104899fa/allocations => generated 154 bytes in 78 msecs (HTTP/1.1 200) 6 headers in 224 bytes (2 switches on core 0)
Feb 21 07:02:50.979589 dv-neutron-830114-1-hyperv devstack@placement-api.service[103781]: DEBUG placement.handlers.allocation [req-5250c5cb-6dc5-4570-a059-8f5ca9486fe5 req-248e8c88-6b71-49b6-b443-2d77835c1251 service placement] Successfully wrote allocations [, , , , , ] {{(pid=103781) _update_consumers_and_create_allocations /opt/stack/placement/placement/handlers/allocation.py:572}}
Feb 21 07:02:50.983401 dv-neutron-830114-1-hyperv devstack@placement-api.service[103781]: INFO placement.requestlog [req-5250c5cb-6dc5-4570-a059-8f5ca9486fe5 req-248e8c88-6b71-49b6-b443-2d77835c1251 service placement] 10.222.0.42 "POST /placement/allocations" status: 204 len: 0 microversion: 1.28
Feb 21 07:02:50.983773 dv-neutron-830114-1-hyperv devstack@placement-api.service[103781]: [pid: 103781|app: 0|req: 172/343] 10.222.0.42 () {64 vars in 1323 bytes} [Mon Feb 21 07:02:50 2022] POST /placement/allocations => generated 0 bytes in 72 msecs (HTTP/1.1 204) 5 headers in 199 bytes (1 switches on core 0)
Feb 21 07:02:50.989977 dv-neutron-830114-1-hyperv devstack@placement-api.service[103782]: DEBUG placement.requestlog [req-7bbf7a54-a5f1-4d4b-a0c0-6d87fdb0840a req-53367158-49d6-415a-94b8-812818ae4d64 None None] Starting request: 10.222.0.43 "GET /placement/resource_providers?in_tree=617a0bc2-8072-432f-8578-5957104899fa" {{(pid=103782) __call__ /opt/stack/placement/placement/requestlog.py:55}}
Feb 21 07:02:51.010918 dv-neutron-830114-1-hyperv devstack@placement-api.service[103782]: INFO placement.requestlog [req-7bbf7a54-a5f1-4d4b-a0c0-6d87fdb0840a req-53367158-49d6-415a-94b8-812818ae4d64 service placement] 10.222.0.43 "GET /placement/resource_providers?in_tree=617a0bc2-8072-432f-8578-5957104899fa" status: 200 len: 865 microversion: 1.14
Feb 21 07:02:51.011287 dv-neutron-830114-1-hyperv devstack@placement-api.service[103782]: [pid: 103782|app: 0|req: 172/344] 10.222.0.43 () {60 vars in 1376 bytes} [Mon Feb 21 07:02:50 2022] GET /placement/resource_providers?in_tree=617a0bc2-8072-432f-8578-5957104899fa => generated 865 bytes in 22 msecs (HTTP/1.1 200) 6 headers in 225 bytes (1 switches on core 0)
Feb 21 07:02:51.019559 dv-neutron-830114-1-hyperv devstack@placement-api.service[103781]: DEBUG placement.requestlog [req-7bbf7a54-a5f1-4d4b-a0c0-6d87fdb0840a req-84360dd3-4f90-4de8-91ad-4ff09ae8927c None None] Starting request: 10.222.0.43 "GET /placement/resource_providers/617a0bc2-8072-432f-8578-5957104899fa/inventories" {{(pid=103781) __call__ /opt/stack/placement/placement/requestlog.py:55}}
Feb 21 07:02:51.037813 dv-neutron-830114-1-hyperv devstack@placement-api.service[103781]: INFO placement.requestlog [req-7bbf7a54-a5f1-4d4b-a0c0-6d87fdb0840a req-84360dd3-4f90-4de8-91ad-4ff09ae8927c service placement] 10.222.0.43 "GET /placement/resource_providers/617a0bc2-8072-432f-8578-5957104899fa/inventories" status: 200 len: 398 microversion: 1.0
Feb 21 07:02:51.038160 dv-neutron-830114-1-hyperv devstack@placement-api.service[103781]: [pid: 103781|app: 0|req: 173/345] 10.222.0.43 () {58 vars in 1390 bytes} [Mon Feb 21 07:02:51 2022] GET /placement/resource_providers/617a0bc2-8072-432f-8578-5957104899fa/inventories => generated 398 bytes in 19 msecs (HTTP/1.1 200) 6 headers in 224 bytes (1 switches on core 0)
Feb 21 07:02:51.045997 dv-neutron-830114-1-hyperv devstack@placement-api.service[103782]: DEBUG placement.requestlog [req-7bbf7a54-a5f1-4d4b-a0c0-6d87fdb0840a req-0a1e228d-3a49-46d7-b7d7-4a4a234dd224 None None] Starting request: 10.222.0.43 "GET /placement/resource_providers/617a0bc2-8072-432f-8578-5957104899fa/aggregates" {{(pid=103782) __call__ /opt/stack/placement/placement/requestlog.py:55}}
Feb 21 07:02:51.058201 dv-neutron-830114-1-hyperv devstack@placement-api.service[103782]: INFO placement.requestlog [req-7bbf7a54-a5f1-4d4b-a0c0-6d87fdb0840a req-0a1e228d-3a49-46d7-b7d7-4a4a234dd224 service placement] 10.222.0.43 "GET /placement/resource_providers/617a0bc2-8072-432f-8578-5957104899fa/aggregates" status: 200 len: 54 microversion: 1.19
Feb 21 07:02:51.058536 dv-neutron-830114-1-hyperv devstack@placement-api.service[103782]: [pid: 103782|app: 0|req: 173/346] 10.222.0.43 () {60 vars in 1431 bytes} [Mon Feb 21 07:02:51 2022] GET /placement/resource_providers/617a0bc2-8072-432f-8578-5957104899fa/aggregates => generated 54 bytes in 13 msecs (HTTP/1.1 200) 8 headers in 295 bytes (2 switches on core 0)
