Feb 16 12:03:00.486680 dv-neutron-829522-1-hyperv neutron-server[103283]: DEBUG neutron.api.rpc.handlers.dhcp_rpc [None req-bd5dc864-cf75-4751-88d6-67acc673160e None None] Network f671a769-5845-4d16-b3fa-b0f49a620175 requested from dv-neutron-829522-1-hyperv {{(pid=103283) get_network_info /opt/stack/neutron/neutron/api/rpc/handlers/dhcp_rpc.py:191}}
Feb 16 12:03:00.498017 dv-neutron-829522-1-hyperv neutron-server[103282]: DEBUG neutron.db.l3_dvrscheduler_db [None req-ff38ea80-e563-49f5-ac52-3abb9fa94851 tempest-BulkNetworkOpsIpV6Test-1885740909 tempest-BulkNetworkOpsIpV6Test-1885740909-project] Received port after_create {{(pid=103282) _notify_l3_agent_new_port /opt/stack/neutron/neutron/db/l3_dvrscheduler_db.py:536}}
Feb 16 12:03:00.505520 dv-neutron-829522-1-hyperv neutron-server[103282]: DEBUG neutron.pecan_wsgi.hooks.policy_enforcement [None req-ff38ea80-e563-49f5-ac52-3abb9fa94851 tempest-BulkNetworkOpsIpV6Test-1885740909 tempest-BulkNetworkOpsIpV6Test-1885740909-project] Attributes excluded by policy engine: ['standard_attr_id', 'binding:host_id', 'binding:profile', 'binding:vif_type', 'binding:vif_details', 'network'] {{(pid=103282) _exclude_attributes_by_policy /opt/stack/neutron/neutron/pecan_wsgi/hooks/policy_enforcement.py:255}}
Feb 16 12:03:00.510286 dv-neutron-829522-1-hyperv neutron-server[103282]: DEBUG neutron.pecan_wsgi.hooks.policy_enforcement [None req-ff38ea80-e563-49f5-ac52-3abb9fa94851 tempest-BulkNetworkOpsIpV6Test-1885740909 tempest-BulkNetworkOpsIpV6Test-1885740909-project] Attributes excluded by policy engine: ['standard_attr_id', 'binding:host_id', 'binding:profile', 'binding:vif_type', 'binding:vif_details', 'network'] {{(pid=103282) _exclude_attributes_by_policy /opt/stack/neutron/neutron/pecan_wsgi/hooks/policy_enforcement.py:255}}
Feb 16 12:03:00.510986 dv-neutron-829522-1-hyperv neutron-server[103282]: DEBUG neutron_lib.callbacks.manager [None req-ff38ea80-e563-49f5-ac52-3abb9fa94851 tempest-BulkNetworkOpsIpV6Test-1885740909 tempest-BulkNetworkOpsIpV6Test-1885740909-project] Publish callbacks ['neutron.notifiers.nova.Notifier._send_nova_notification-1030574'] for port (None), before_response {{(pid=103282) _notify_loop /usr/local/lib/python3.8/dist-packages/neutron_lib/callbacks/manager.py:176}}
Feb 16 12:03:00.542420 dv-neutron-829522-1-hyperv neutron-server[103281]: INFO neutron.wsgi [req-7b35f8b4-4bd3-468e-8862-2aa31c78bbac req-2331e362-d738-4d81-a7f5-0c8e34932ad6 service neutron] 10.222.0.24 "GET /v2.0/floatingips?fixed_ip_address=172.20.0.9&port_id=c7407e9c-5953-4021-b07d-b8fd612c0fa4 HTTP/1.1" status: 200 len: 217 time: 0.0700455
Feb 16 12:03:00.544262 dv-neutron-829522-1-hyperv neutron-server[103281]: DEBUG neutron.scheduler.dhcp_agent_scheduler [None req-fdb4749d-5577-4d29-b144-bf08aac4a528 tempest-RoutersAdminNegativeIpV6Test-1812760348 tempest-RoutersAdminNegativeIpV6Test-1812760348-project-admin] Network 31c463d1-cd35-43c5-9e8f-bcad113ec600 is already hosted by enough agents. {{(pid=103281) _get_dhcp_agents_hosting_network /opt/stack/neutron/neutron/scheduler/dhcp_agent_scheduler.py:275}}
Feb 16 12:03:00.548814 dv-neutron-829522-1-hyperv neutron-server[103281]: DEBUG neutron.api.rpc.handlers.resources_rpc [None req-fdb4749d-5577-4d29-b144-bf08aac4a528 tempest-RoutersAdminNegativeIpV6Test-1812760348 tempest-RoutersAdminNegativeIpV6Test-1812760348-project-admin] Pushing event updated for resources: {'Port': ['ID=6f9d6935-34ff-44fd-a91d-33ae88da5c2b,revision_number=1']} {{(pid=103281) push /opt/stack/neutron/neutron/api/rpc/handlers/resources_rpc.py:237}}
Feb 16 12:03:00.559220 dv-neutron-829522-1-hyperv neutron-server[103281]: DEBUG neutron.scheduler.base_scheduler [None req-fdb4749d-5577-4d29-b144-bf08aac4a528 tempest-RoutersAdminNegativeIpV6Test-1812760348 tempest-RoutersAdminNegativeIpV6Test-1812760348-project-admin] Resources bound (agent type, host, resource id): {{(pid=103281) schedule /opt/stack/neutron/neutron/scheduler/base_scheduler.py:57}}
Feb 16 12:03:00.571270 dv-neutron-829522-1-hyperv neutron-server[103281]: DEBUG neutron.db.l3_dvrscheduler_db [None req-fdb4749d-5577-4d29-b144-bf08aac4a528 tempest-RoutersAdminNegativeIpV6Test-1812760348 tempest-RoutersAdminNegativeIpV6Test-1812760348-project-admin] Received port after_create {{(pid=103281) _notify_l3_agent_new_port /opt/stack/neutron/neutron/db/l3_dvrscheduler_db.py:536}}
Feb 16 12:03:00.576968 dv-neutron-829522-1-hyperv neutron-server[103283]: DEBUG neutron.plugins.ml2.rpc [None req-7b939d0f-5809-46d7-84af-0115eb2a7d82 None None] Device 3a945534-c877-4b39-84e7-5696dbdd1c5f details requested by agent hyperv_hv-neutron-8295 with host hv-neutron-8295 {{(pid=103283) get_device_details /opt/stack/neutron/neutron/plugins/ml2/rpc.py:102}}
Feb 16 12:03:00.584922 dv-neutron-829522-1-hyperv neutron-server[103282]: INFO neutron.wsgi [None req-ff38ea80-e563-49f5-ac52-3abb9fa94851 tempest-BulkNetworkOpsIpV6Test-1885740909 tempest-BulkNetworkOpsIpV6Test-1885740909-project] 10.222.0.100 "POST /v2.0/ports HTTP/1.1" status: 201 len: 1450 time: 3.5429060
Feb 16 12:03:00.584922 dv-neutron-829522-1-hyperv neutron-server[103282]: DEBUG neutron_lib.callbacks.manager [None req-c35eca60-9963-45b0-a9c4-25946f253650 tempest-FloatingIPAdminTestJSON-2067668895 tempest-FloatingIPAdminTestJSON-2067668895-project] Publish callbacks ['neutron.plugins.ml2.plugin.SecurityGroupServerNotifierRpcMixin._notify_sg_on_port_change-1439116', 'neutron.plugins.ml2.ovo_rpc._ObjectChangeHandler.handle_event-969876', 'neutron.api.rpc.agentnotifiers.dhcp_rpc_agent_api.DhcpAgentNotifyAPI._native_event_send_dhcp_notification-746508', 'neutron.db.l3_dvrscheduler_db._notify_l3_agent_new_port-8748961677334', 'neutron.services.segments.plugin.NovaSegmentNotifier._notify_port_created_or_deleted-6465846'] for port (b953746c-dcd1-462b-969a-bd7564624372), after_create {{(pid=103282) _notify_loop /usr/local/lib/python3.8/dist-packages/neutron_lib/callbacks/manager.py:176}}
Feb 16 12:03:00.594525 dv-neutron-829522-1-hyperv neutron-server[103282]: DEBUG neutron.wsgi [-] (103282) accepted ('10.222.0.100', 36400) {{(pid=103282) server /usr/local/lib/python3.8/dist-packages/eventlet/wsgi.py:1004}}
Feb 16 12:03:00.654233 dv-neutron-829522-1-hyperv neutron-server[103282]: DEBUG neutron_lib.callbacks.manager [None req-68d2a44d-2df1-48af-9e67-aafa83da5bc2 admin admin] Publish callbacks [] for security_group (e4f78d03-c750-4141-b341-68f55aab0667), before_delete {{(pid=103282) _notify_loop /usr/local/lib/python3.8/dist-packages/neutron_lib/callbacks/manager.py:176}}
Feb 16 12:03:00.660196 dv-neutron-829522-1-hyperv neutron-server[103281]: DEBUG neutron_lib.callbacks.manager [None req-11773655-6da2-4e06-850c-bb7d3c91ea79 tempest-FloatingIPTestJSON-872115289 tempest-FloatingIPTestJSON-872115289-project] Publish callbacks [] for port (84131888-44d7-4ce5-be68-52e4c16a262e), precommit_update {{(pid=103281) _notify_loop /usr/local/lib/python3.8/dist-packages/neutron_lib/callbacks/manager.py:176}}
Feb 16 12:03:00.670361 dv-neutron-829522-1-hyperv neutron-server[103281]: DEBUG neutron.pecan_wsgi.hooks.policy_enforcement [None req-fdb4749d-5577-4d29-b144-bf08aac4a528 tempest-RoutersAdminNegativeIpV6Test-1812760348 tempest-RoutersAdminNegativeIpV6Test-1812760348-project-admin] Attributes excluded by policy engine: ['standard_attr_id', 'network'] {{(pid=103281) _exclude_attributes_by_policy /opt/stack/neutron/neutron/pecan_wsgi/hooks/policy_enforcement.py:255}}
Feb 16 12:03:00.670981 dv-neutron-829522-1-hyperv neutron-server[103281]: DEBUG neutron_lib.callbacks.manager [None req-fdb4749d-5577-4d29-b144-bf08aac4a528 tempest-RoutersAdminNegativeIpV6Test-1812760348 tempest-RoutersAdminNegativeIpV6Test-1812760348-project-admin] Publish callbacks ['neutron.notifiers.nova.Notifier._send_nova_notification-1030574'] for port (None), before_response {{(pid=103281) _notify_loop /usr/local/lib/python3.8/dist-packages/neutron_lib/callbacks/manager.py:176}}
Feb 16 12:03:00.674593 dv-neutron-829522-1-hyperv neutron-server[103281]: DEBUG neutron.pecan_wsgi.hooks.policy_enforcement [req-7b35f8b4-4bd3-468e-8862-2aa31c78bbac req-d1e78f92-6ea5-4fe5-aed4-49a5209e8331 service neutron] Attributes excluded by policy engine: ['standard_attr_id', 'shared', 'segment_id'] {{(pid=103281) _exclude_attributes_by_policy /opt/stack/neutron/neutron/pecan_wsgi/hooks/policy_enforcement.py:255}}
Feb 16 12:03:00.676687 dv-neutron-829522-1-hyperv neutron-server[103281]: INFO neutron.wsgi [req-7b35f8b4-4bd3-468e-8862-2aa31c78bbac req-d1e78f92-6ea5-4fe5-aed4-49a5209e8331 service neutron] 10.222.0.24 "GET /v2.0/subnets?id=3c3f2d38-9687-4d54-9708-ad161e93f474 HTTP/1.1" status: 200 len: 845 time: 0.1251304
Feb 16 12:03:00.678846 dv-neutron-829522-1-hyperv neutron-server[103281]: DEBUG neutron_lib.callbacks.manager [None req-11773655-6da2-4e06-850c-bb7d3c91ea79 tempest-FloatingIPTestJSON-872115289 tempest-FloatingIPTestJSON-872115289-project] Publish callbacks ['neutron.plugins.ml2.plugin.SecurityGroupServerNotifierRpcMixin._notify_sg_on_port_change-1439116', 'neutron.plugins.ml2.ovo_rpc._ObjectChangeHandler.handle_event-969876', 'neutron.api.rpc.agentnotifiers.dhcp_rpc_agent_api.DhcpAgentNotifyAPI._native_event_send_dhcp_notification-746508', 'neutron.db.l3_db.L3RpcNotifierMixin._notify_gateway_port_ip_changed-8748962102896', 'neutron.db.l3_dvrscheduler_db._notify_l3_agent_port_update-8748961677352', 'neutron.db.l3_hascheduler_db._notify_l3_agent_ha_port_update-8748961677370', 'neutron.services.segments.plugin.NovaSegmentNotifier._notify_port_updated-6290017'] for port (84131888-44d7-4ce5-be68-52e4c16a262e), after_update {{(pid=103281) _notify_loop /usr/local/lib/python3.8/dist-packages/neutron_lib/callbacks/manager.py:176}}
Feb 16 12:03:00.750114 dv-neutron-829522-1-hyperv neutron-server[103283]: DEBUG neutron.plugins.ml2.db [None req-7b939d0f-5809-46d7-84af-0115eb2a7d82 None None] For port 3a945534-c877-4b39-84e7-5696dbdd1c5f, host hv-neutron-8295, got binding levels [PortBindingLevel(driver='hyperv',host='hv-neutron-8295',level=0,port_id=3a945534-c877-4b39-84e7-5696dbdd1c5f,segment=NetworkSegment(0cbc7e13-80e1-4688-938f-1419f180ddac),segment_id=0cbc7e13-80e1-4688-938f-1419f180ddac)] {{(pid=103283) get_binding_level_objs /opt/stack/neutron/neutron/plugins/ml2/db.py:74}}
Feb 16 12:03:00.763791 dv-neutron-829522-1-hyperv neutron-server[103283]: DEBUG neutron.plugins.ml2.rpc [None req-7b939d0f-5809-46d7-84af-0115eb2a7d82 None None] Returning: {'device': '3a945534-c877-4b39-84e7-5696dbdd1c5f', 'network_id': '3b4b0ba7-d07a-4376-8640-aa6396b3246a', 'port_id': '3a945534-c877-4b39-84e7-5696dbdd1c5f', 'mac_address': 'fa:16:3e:4f:ee:22', 'admin_state_up': True, 'network_type': 'vlan', 'segmentation_id': 178, 'physical_network': 'physnet1', 'mtu': 1500, 'fixed_ips': [{'subnet_id': 'a2d514af-0e07-4c18-898b-cc9e88d1b759', 'ip_address': '172.20.0.10'}], 'device_owner': 'compute:nova', 'allowed_address_pairs': [], 'port_security_enabled': True, 'qos_policy_id': None, 'network_qos_policy_id': None, 'profile': {}, 'propagate_uplink_status': False} {{(pid=103283) _get_device_details /opt/stack/neutron/neutron/plugins/ml2/rpc.py:184}}
Feb 16 12:03:00.772092 dv-neutron-829522-1-hyperv neutron-server[103281]: INFO neutron.wsgi [None req-fdb4749d-5577-4d29-b144-bf08aac4a528 tempest-RoutersAdminNegativeIpV6Test-1812760348 tempest-RoutersAdminNegativeIpV6Test-1812760348-project-admin] 10.222.0.100 "POST /v2.0/ports HTTP/1.1" status: 201 len: 1036 time: 2.8772573
Feb 16 12:03:00.776297 dv-neutron-829522-1-hyperv neutron-server[103282]: DEBUG neutron.scheduler.dhcp_agent_scheduler [None req-c35eca60-9963-45b0-a9c4-25946f253650 tempest-FloatingIPAdminTestJSON-2067668895 tempest-FloatingIPAdminTestJSON-2067668895-project] Network 85f0eb10-df44-455c-b772-9b94f70a6424 is already hosted by enough agents. {{(pid=103282) _get_dhcp_agents_hosting_network /opt/stack/neutron/neutron/scheduler/dhcp_agent_scheduler.py:275}}
Feb 16 12:03:00.776659 dv-neutron-829522-1-hyperv neutron-server[103281]: DEBUG neutron.wsgi [-] (103281) accepted ('10.222.0.100', 36402) {{(pid=103281) server /usr/local/lib/python3.8/dist-packages/eventlet/wsgi.py:1004}}
Feb 16 12:03:00.787545 dv-neutron-829522-1-hyperv neutron-server[103281]: DEBUG neutron.api.v2.base [None req-cbb0e3c9-9de3-4725-9e5e-2156aa1ea944 tempest-RoutersAdminNegativeIpV6Test-1812760348 tempest-RoutersAdminNegativeIpV6Test-1812760348-project-admin] Request body: {'router': {'external_gateway_info': {'network_id': '31c463d1-cd35-43c5-9e8f-bcad113ec600', 'external_fixed_ips': [{'subnet_id': '3e460172-95fe-4dd1-b72e-853ad51c1b54', 'ip_address': '172.26.1.96'}]}}} {{(pid=103281) prepare_request_body /opt/stack/neutron/neutron/api/v2/base.py:729}}
Feb 16 12:03:00.796486 dv-neutron-829522-1-hyperv neutron-server[103282]: DEBUG neutron.scheduler.base_scheduler [None req-c35eca60-9963-45b0-a9c4-25946f253650 tempest-FloatingIPAdminTestJSON-2067668895 tempest-FloatingIPAdminTestJSON-2067668895-project] Resources bound (agent type, host, resource id): {{(pid=103282) schedule /opt/stack/neutron/neutron/scheduler/base_scheduler.py:57}}
Feb 16 12:03:00.808664 dv-neutron-829522-1-hyperv neutron-server[103281]: DEBUG neutron_lib.callbacks.manager [None req-11773655-6da2-4e06-850c-bb7d3c91ea79 tempest-FloatingIPTestJSON-872115289 tempest-FloatingIPTestJSON-872115289-project] Publish callbacks ['neutron.api.rpc.agentnotifiers.dhcp_rpc_agent_api.DhcpAgentNotifyAPI._after_router_interface_created-746526', 'neutron.services.l3_router.l3_router_plugin.DVRResourceOperationHandler._update_snat_v6_addrs_after_intf_update-393604'] for router_interface (6b275e22-547f-4ea6-9a1c-209fe76228ed), after_create {{(pid=103281) _notify_loop /usr/local/lib/python3.8/dist-packages/neutron_lib/callbacks/manager.py:176}}
Feb 16 12:03:00.819069 dv-neutron-829522-1-hyperv neutron-server[103281]: DEBUG neutron.api.rpc.handlers.resources_rpc [None req-11773655-6da2-4e06-850c-bb7d3c91ea79 tempest-FloatingIPTestJSON-872115289 tempest-FloatingIPTestJSON-872115289-project] Pushing event updated for resources: {'Port': ['ID=84131888-44d7-4ce5-be68-52e4c16a262e,revision_number=2']} {{(pid=103281) push /opt/stack/neutron/neutron/api/rpc/handlers/resources_rpc.py:237}}
Feb 16 12:03:00.826312 dv-neutron-829522-1-hyperv neutron-server[103282]: DEBUG neutron.pecan_wsgi.hooks.policy_enforcement [req-33f96138-1b43-4b28-b913-b78b27cfe6a0 req-84d14a16-8206-4170-a313-dd58dd8b80d6 tempest-ServersTestManualDisk-1865264132 tempest-ServersTestManualDisk-1865264132-project] Attributes excluded by policy engine: ['standard_attr_id', 'binding:profile', 'binding:host_id', 'binding:vif_type', 'binding:vif_details'] {{(pid=103282) _exclude_attributes_by_policy /opt/stack/neutron/neutron/pecan_wsgi/hooks/policy_enforcement.py:255}}
Feb 16 12:03:00.829810 dv-neutron-829522-1-hyperv neutron-server[103283]: DEBUG neutron.plugins.ml2.plugin [None req-7b939d0f-5809-46d7-84af-0115eb2a7d82 None None] Current status of the port 3a945534-c877-4b39-84e7-5696dbdd1c5f is: DOWN; New status is: BUILD {{(pid=103283) _update_individual_port_db_status /opt/stack/neutron/neutron/plugins/ml2/plugin.py:2232}}
Feb 16 12:03:00.830356 dv-neutron-829522-1-hyperv neutron-server[103283]: DEBUG neutron_lib.callbacks.manager [None req-7b939d0f-5809-46d7-84af-0115eb2a7d82 None None] Publish callbacks ['neutron.plugins.ml2.plugin.SecurityGroupDbMixin._ensure_default_security_group_handler-1439817'] for port (3a945534-c877-4b39-84e7-5696dbdd1c5f), before_update {{(pid=103283) _notify_loop /usr/local/lib/python3.8/dist-packages/neutron_lib/callbacks/manager.py:176}}
Feb 16 12:03:00.837606 dv-neutron-829522-1-hyperv neutron-server[103282]: INFO neutron.wsgi [req-33f96138-1b43-4b28-b913-b78b27cfe6a0 req-84d14a16-8206-4170-a313-dd58dd8b80d6 tempest-ServersTestManualDisk-1865264132 tempest-ServersTestManualDisk-1865264132-project] 10.222.0.100 "GET /v2.0/ports?device_id=4e4dc218-4a52-4c69-91f6-d2c94ad31a55 HTTP/1.1" status: 200 len: 944 time: 0.6613297
Feb 16 12:03:00.849022 dv-neutron-829522-1-hyperv neutron-server[103283]: DEBUG neutron.notifiers.nova [None req-7b939d0f-5809-46d7-84af-0115eb2a7d82 None None] Ignoring state change previous_port_status: DOWN current_port_status: BUILD port_id 3a945534-c877-4b39-84e7-5696dbdd1c5f {{(pid=103283) record_port_status_changed /opt/stack/neutron/neutron/notifiers/nova.py:233}}
Feb 16 12:03:00.850957 dv-neutron-829522-1-hyperv neutron-server[103281]: DEBUG neutron_lib.callbacks.manager [None req-cbb0e3c9-9de3-4725-9e5e-2156aa1ea944 tempest-RoutersAdminNegativeIpV6Test-1812760348 tempest-RoutersAdminNegativeIpV6Test-1812760348-project-admin] Publish callbacks ['neutron.services.l3_router.l3_router_plugin.L3_HA_NAT_db_mixin._before_router_create_handler-395602', 'neutron.services.l3_router.service_providers.driver_controller.DriverController._check_router_request-25211'] for router (24ddf976-580d-424b-b667-cceaff069d48), before_create {{(pid=103281) _notify_loop /usr/local/lib/python3.8/dist-packages/neutron_lib/callbacks/manager.py:176}}
Feb 16 12:03:00.852029 dv-neutron-829522-1-hyperv neutron-server[103281]: DEBUG neutron_lib.callbacks.manager [None req-cbb0e3c9-9de3-4725-9e5e-2156aa1ea944 tempest-RoutersAdminNegativeIpV6Test-1812760348 tempest-RoutersAdminNegativeIpV6Test-1812760348-project-admin] Publish callbacks ['neutron.services.l3_router.l3_router_plugin.L3_HA_NAT_db_mixin._precommit_router_create-395774', 'neutron.services.l3_router.l3_router_plugin.DVRResourceOperationHandler._set_distributed_flag-423960', 'neutron.services.l3_router.l3_router_plugin.RouterAvailabilityZoneMixin._process_az_request-604207', 'neutron.services.l3_router.service_providers.driver_controller.DriverController._set_router_provider-25196'] for router (24ddf976-580d-424b-b667-cceaff069d48), precommit_create {{(pid=103281) _notify_loop /usr/local/lib/python3.8/dist-packages/neutron_lib/callbacks/manager.py:176}}
Feb 16 12:03:00.852170 dv-neutron-829522-1-hyperv neutron-server[103282]: DEBUG neutron.db.l3_dvrscheduler_db [None req-c35eca60-9963-45b0-a9c4-25946f253650 tempest-FloatingIPAdminTestJSON-2067668895 tempest-FloatingIPAdminTestJSON-2067668895-project] Received port after_create {{(pid=103282) _notify_l3_agent_new_port /opt/stack/neutron/neutron/db/l3_dvrscheduler_db.py:536}}
Feb 16 12:03:00.857107 dv-neutron-829522-1-hyperv neutron-server[103282]: DEBUG neutron_lib.callbacks.manager [None req-68d2a44d-2df1-48af-9e67-aafa83da5bc2 admin admin] Publish callbacks [] for security_group (e4f78d03-c750-4141-b341-68f55aab0667), precommit_delete {{(pid=103282) _notify_loop /usr/local/lib/python3.8/dist-packages/neutron_lib/callbacks/manager.py:176}}
Feb 16 12:03:00.867984 dv-neutron-829522-1-hyperv neutron-server[103281]: DEBUG neutron.pecan_wsgi.hooks.policy_enforcement [req-7b35f8b4-4bd3-468e-8862-2aa31c78bbac req-a0572435-1047-4dda-85b5-bf3cd0c5c742 service neutron] Attributes excluded by policy engine: ['standard_attr_id'] {{(pid=103281) _exclude_attributes_by_policy /opt/stack/neutron/neutron/pecan_wsgi/hooks/policy_enforcement.py:255}}
Feb 16 12:03:00.869680 dv-neutron-829522-1-hyperv neutron-server[103282]: DEBUG neutron.api.rpc.handlers.resources_rpc [None req-c35eca60-9963-45b0-a9c4-25946f253650 tempest-FloatingIPAdminTestJSON-2067668895 tempest-FloatingIPAdminTestJSON-2067668895-project] Pushing event updated for resources: {'Port': ['ID=b953746c-dcd1-462b-969a-bd7564624372,revision_number=1']} {{(pid=103282) push /opt/stack/neutron/neutron/api/rpc/handlers/resources_rpc.py:237}}
Feb 16 12:03:00.869805 dv-neutron-829522-1-hyperv neutron-server[103281]: INFO neutron.wsgi [req-7b35f8b4-4bd3-468e-8862-2aa31c78bbac req-a0572435-1047-4dda-85b5-bf3cd0c5c742 service neutron] 10.222.0.24 "GET /v2.0/ports?network_id=2ee53d9a-c5ad-48e0-9839-55ea1f23f12e&device_owner=network%3Adhcp HTTP/1.1" status: 200 len: 1214 time: 0.1608791
Feb 16 12:03:00.875019 dv-neutron-829522-1-hyperv neutron-server[103283]: DEBUG neutron.plugins.ml2.db [None req-7b939d0f-5809-46d7-84af-0115eb2a7d82 None None] For port 3a945534-c877-4b39-84e7-5696dbdd1c5f, host hv-neutron-8295, got binding levels [PortBindingLevel(driver='hyperv',host='hv-neutron-8295',level=0,port_id=3a945534-c877-4b39-84e7-5696dbdd1c5f,segment=NetworkSegment(0cbc7e13-80e1-4688-938f-1419f180ddac),segment_id=0cbc7e13-80e1-4688-938f-1419f180ddac)] {{(pid=103283) get_binding_level_objs /opt/stack/neutron/neutron/plugins/ml2/db.py:74}}
Feb 16 12:03:00.883659 dv-neutron-829522-1-hyperv neutron-server[103283]: DEBUG neutron_lib.callbacks.manager [None req-7b939d0f-5809-46d7-84af-0115eb2a7d82 None None] Publish callbacks ['neutron.plugins.ml2.plugin.SecurityGroupServerNotifierRpcMixin._notify_sg_on_port_change-1439116', 'neutron.plugins.ml2.ovo_rpc._ObjectChangeHandler.handle_event-969876', 'neutron.api.rpc.agentnotifiers.dhcp_rpc_agent_api.DhcpAgentNotifyAPI._native_event_send_dhcp_notification-746508', 'neutron.db.l3_db.L3RpcNotifierMixin._notify_gateway_port_ip_changed-8748962102896', 'neutron.db.l3_dvrscheduler_db._notify_l3_agent_port_update-8748961677352', 'neutron.db.l3_hascheduler_db._notify_l3_agent_ha_port_update-8748961677370'] for port (3a945534-c877-4b39-84e7-5696dbdd1c5f), after_update {{(pid=103283) _notify_loop /usr/local/lib/python3.8/dist-packages/neutron_lib/callbacks/manager.py:176}}
Feb 16 12:03:00.932703 dv-neutron-829522-1-hyperv neutron-server[103282]: DEBUG neutron_lib.callbacks.manager [None req-f19c525b-ae5d-43e7-9c97-a43b16322c67 tempest-RoutersAdminTest-74050883 tempest-RoutersAdminTest-74050883-project-admin] Publish callbacks ['neutron.plugins.ml2.plugin.SecurityGroupServerNotifierRpcMixin._notify_sg_on_port_change-1439116', 'neutron.plugins.ml2.ovo_rpc._ObjectChangeHandler.handle_event-969876', 'neutron.api.rpc.agentnotifiers.dhcp_rpc_agent_api.DhcpAgentNotifyAPI._native_event_send_dhcp_notification-746508', 'neutron.db.l3_db.L3RpcNotifierMixin._notify_routers_callback-8748962102878', 'neutron.db.l3_dvrscheduler_db._notify_port_delete-8748961677343', 'neutron.services.segments.plugin.NovaSegmentNotifier._notify_port_created_or_deleted-6465846'] for port (36e35572-cda6-4ff9-b83c-611a2193e3c0), after_delete {{(pid=103282) _notify_loop /usr/local/lib/python3.8/dist-packages/neutron_lib/callbacks/manager.py:176}}
Feb 16 12:03:01.026713 dv-neutron-829522-1-hyperv neutron-server[103282]: DEBUG neutron.api.rpc.handlers.resources_rpc [None req-f19c525b-ae5d-43e7-9c97-a43b16322c67 tempest-RoutersAdminTest-74050883 tempest-RoutersAdminTest-74050883-project-admin] Pushing event deleted for resources: {'Port': ['ID=36e35572-cda6-4ff9-b83c-611a2193e3c0,revision_number=None']} {{(pid=103282) push /opt/stack/neutron/neutron/api/rpc/handlers/resources_rpc.py:237}}
Feb 16 12:03:01.057163 dv-neutron-829522-1-hyperv neutron-server[103282]: DEBUG neutron.pecan_wsgi.hooks.policy_enforcement [None req-3e84be4f-29ce-4d41-bb25-442a4c1d3100 tempest-BulkNetworkOpsIpV6Test-1885740909 tempest-BulkNetworkOpsIpV6Test-1885740909-project] Attributes excluded by policy engine: ['standard_attr_id', 'binding:profile', 'binding:host_id', 'binding:vif_type', 'binding:vif_details'] {{(pid=103282) _exclude_attributes_by_policy /opt/stack/neutron/neutron/pecan_wsgi/hooks/policy_enforcement.py:255}}
Feb 16 12:03:01.062924 dv-neutron-829522-1-hyperv neutron-server[103282]: DEBUG neutron.pecan_wsgi.hooks.policy_enforcement [None req-3e84be4f-29ce-4d41-bb25-442a4c1d3100 tempest-BulkNetworkOpsIpV6Test-1885740909 tempest-BulkNetworkOpsIpV6Test-1885740909-project] Attributes excluded by policy engine: ['standard_attr_id', 'binding:profile', 'binding:host_id', 'binding:vif_type', 'binding:vif_details'] {{(pid=103282) _exclude_attributes_by_policy /opt/stack/neutron/neutron/pecan_wsgi/hooks/policy_enforcement.py:255}}
Feb 16 12:03:01.064589 dv-neutron-829522-1-hyperv neutron-server[103282]: INFO neutron.wsgi [None req-3e84be4f-29ce-4d41-bb25-442a4c1d3100 tempest-BulkNetworkOpsIpV6Test-1885740909 tempest-BulkNetworkOpsIpV6Test-1885740909-project] 10.222.0.100 "GET /v2.0/ports HTTP/1.1" status: 200 len: 1445 time: 0.4568181
Feb 16 12:03:01.090050 dv-neutron-829522-1-hyperv neutron-server[103282]: DEBUG neutron.pecan_wsgi.hooks.policy_enforcement [None req-c35eca60-9963-45b0-a9c4-25946f253650 tempest-FloatingIPAdminTestJSON-2067668895 tempest-FloatingIPAdminTestJSON-2067668895-project] Attributes excluded by policy engine: ['standard_attr_id', 'binding:profile', 'binding:host_id', 'binding:vif_type', 'binding:vif_details', 'network'] {{(pid=103282) _exclude_attributes_by_policy /opt/stack/neutron/neutron/pecan_wsgi/hooks/policy_enforcement.py:255}}
Feb 16 12:03:01.090710 dv-neutron-829522-1-hyperv neutron-server[103282]: DEBUG neutron_lib.callbacks.manager [None req-c35eca60-9963-45b0-a9c4-25946f253650 tempest-FloatingIPAdminTestJSON-2067668895 tempest-FloatingIPAdminTestJSON-2067668895-project] Publish callbacks ['neutron.notifiers.nova.Notifier._send_nova_notification-1030574'] for port (None), before_response {{(pid=103282) _notify_loop /usr/local/lib/python3.8/dist-packages/neutron_lib/callbacks/manager.py:176}}
Feb 16 12:03:01.099305 dv-neutron-829522-1-hyperv neutron-server[103282]: DEBUG neutron.wsgi [-] (103282) accepted ('10.222.0.100', 36404) {{(pid=103282) server /usr/local/lib/python3.8/dist-packages/eventlet/wsgi.py:1004}}
Feb 16 12:03:01.118572 dv-neutron-829522-1-hyperv neutron-server[103283]: DEBUG neutron.api.rpc.handlers.resources_rpc [None req-7b939d0f-5809-46d7-84af-0115eb2a7d82 None None] Pushing event updated for resources: {'Port': ['ID=3a945534-c877-4b39-84e7-5696dbdd1c5f,revision_number=4']} {{(pid=103283) push /opt/stack/neutron/neutron/api/rpc/handlers/resources_rpc.py:237}}
Feb 16 12:03:01.123055 dv-neutron-829522-1-hyperv neutron-server[103282]: DEBUG neutron.pecan_wsgi.hooks.policy_enforcement [req-a8f649da-0647-4d81-8417-11752e62a9fc req-06d3520b-5f05-49fa-a73f-cf2224100c33 tempest-ServersTestJSON-1695209683 tempest-ServersTestJSON-1695209683-project] Attributes excluded by policy engine: ['standard_attr_id', 'binding:profile', 'binding:host_id', 'binding:vif_type', 'binding:vif_details'] {{(pid=103282) _exclude_attributes_by_policy /opt/stack/neutron/neutron/pecan_wsgi/hooks/policy_enforcement.py:255}}
Feb 16 12:03:01.124637 dv-neutron-829522-1-hyperv neutron-server[103282]: INFO neutron.wsgi [req-a8f649da-0647-4d81-8417-11752e62a9fc req-06d3520b-5f05-49fa-a73f-cf2224100c33 tempest-ServersTestJSON-1695209683 tempest-ServersTestJSON-1695209683-project] 10.222.0.100 "GET /v2.0/ports?device_id=999889bb-a226-42bd-b583-ee28e86222b2 HTTP/1.1" status: 200 len: 943 time: 0.6476116
Feb 16 12:03:01.159173 dv-neutron-829522-1-hyperv neutron-server[103283]: DEBUG neutron.db.provisioning_blocks [None req-6f259746-e2ca-4212-b736-2cf3d3899728 None None] Provisioning complete for port b953746c-dcd1-462b-969a-bd7564624372 triggered by entity DHCP. {{(pid=103283) provisioning_complete /opt/stack/neutron/neutron/db/provisioning_blocks.py:139}}
Feb 16 12:03:01.159704 dv-neutron-829522-1-hyperv neutron-server[103283]: DEBUG neutron_lib.callbacks.manager [None req-6f259746-e2ca-4212-b736-2cf3d3899728 None None] Publish callbacks ['neutron.plugins.ml2.plugin.Ml2Plugin._port_provisioned-1428126'] for port (b953746c-dcd1-462b-969a-bd7564624372), provisioning_complete {{(pid=103283) _notify_loop /usr/local/lib/python3.8/dist-packages/neutron_lib/callbacks/manager.py:176}}
Feb 16 12:03:01.185588 dv-neutron-829522-1-hyperv neutron-server[103283]: DEBUG neutron.plugins.ml2.db [None req-7b939d0f-5809-46d7-84af-0115eb2a7d82 None None] get_ports_and_sgs() called for port_ids ['3a945534-c877-4b39-84e7-5696dbdd1c5f'] {{(pid=103283) get_ports_and_sgs /opt/stack/neutron/neutron/plugins/ml2/db.py:156}}
Feb 16 12:03:01.217909 dv-neutron-829522-1-hyperv neutron-server[103282]: INFO neutron.wsgi [req-33f96138-1b43-4b28-b913-b78b27cfe6a0 req-f8ed6ae1-2a95-4eb3-b6ab-bec62c702ff0 tempest-ServersTestManualDisk-1865264132 tempest-ServersTestManualDisk-1865264132-project] 10.222.0.100 "GET /v2.0/security-groups?id=2f02c0ed-e831-41ca-8007-7f4fa51b5a50&fields=id&fields=name HTTP/1.1" status: 200 len: 312 time: 0.3578732
Feb 16 12:03:01.278539 dv-neutron-829522-1-hyperv neutron-server[103283]: DEBUG neutron.plugins.ml2.plugin [None req-6f259746-e2ca-4212-b736-2cf3d3899728 None None] Port b953746c-dcd1-462b-969a-bd7564624372 cannot update to ACTIVE because it is not bound. {{(pid=103283) _port_provisioned /opt/stack/neutron/neutron/plugins/ml2/plugin.py:343}}
Feb 16 12:03:01.283720 dv-neutron-829522-1-hyperv neutron-server[103282]: INFO neutron.wsgi [None req-c35eca60-9963-45b0-a9c4-25946f253650 tempest-FloatingIPAdminTestJSON-2067668895 tempest-FloatingIPAdminTestJSON-2067668895-project] 10.222.0.100 "POST /v2.0/ports HTTP/1.1" status: 201 len: 935 time: 2.6333902
Feb 16 12:03:01.291984 dv-neutron-829522-1-hyperv neutron-server[103281]: DEBUG neutron.wsgi [-] (103281) accepted ('10.222.0.100', 36406) {{(pid=103281) server /usr/local/lib/python3.8/dist-packages/eventlet/wsgi.py:1004}}
Feb 16 12:03:01.340111 dv-neutron-829522-1-hyperv neutron-server[103281]: DEBUG neutron_lib.callbacks.manager [None req-cbb0e3c9-9de3-4725-9e5e-2156aa1ea944 tempest-RoutersAdminNegativeIpV6Test-1812760348 tempest-RoutersAdminNegativeIpV6Test-1812760348-project-admin] Publish callbacks [] for router_controller (24ddf976-580d-424b-b667-cceaff069d48), precommit_add_association {{(pid=103281) _notify_loop /usr/local/lib/python3.8/dist-packages/neutron_lib/callbacks/manager.py:176}}
Feb 16 12:03:01.371945 dv-neutron-829522-1-hyperv neutron-server[103282]: DEBUG neutron_lib.callbacks.manager [None req-68d2a44d-2df1-48af-9e67-aafa83da5bc2 admin admin] Publish callbacks ['neutron.plugins.ml2.ovo_rpc._ObjectChangeHandler.handle_event-618807'] for security_group (e4f78d03-c750-4141-b341-68f55aab0667), after_delete {{(pid=103282) _notify_loop /usr/local/lib/python3.8/dist-packages/neutron_lib/callbacks/manager.py:176}}
Feb 16 12:03:01.374619 dv-neutron-829522-1-hyperv neutron-server[103282]: DEBUG neutron_lib.callbacks.manager [None req-68d2a44d-2df1-48af-9e67-aafa83da5bc2 admin admin] Publish callbacks [] for security_group (None), before_response {{(pid=103282) _notify_loop /usr/local/lib/python3.8/dist-packages/neutron_lib/callbacks/manager.py:176}}
Feb 16 12:03:01.384911 dv-neutron-829522-1-hyperv neutron-server[103282]: INFO neutron.wsgi [None req-68d2a44d-2df1-48af-9e67-aafa83da5bc2 admin admin] 10.222.0.100 "DELETE /v2.0/security-groups/e4f78d03-c750-4141-b341-68f55aab0667 HTTP/1.1" status: 204 len: 168 time: 1.4164615
Feb 16 12:03:01.398140 dv-neutron-829522-1-hyperv neutron-server[103282]: INFO neutron.wsgi [req-a8f649da-0647-4d81-8417-11752e62a9fc req-c5484104-b466-4112-b91c-e1336d39a401 tempest-ServersTestJSON-1695209683 tempest-ServersTestJSON-1695209683-project] 10.222.0.100 "GET /v2.0/security-groups?id=4115739d-9f5b-4fc7-9e55-185620425dbe&fields=id&fields=name HTTP/1.1" status: 200 len: 312 time: 0.2314904
Feb 16 12:03:01.406874 dv-neutron-829522-1-hyperv neutron-server[103282]: DEBUG neutron_lib.callbacks.manager [None req-f19c525b-ae5d-43e7-9c97-a43b16322c67 tempest-RoutersAdminTest-74050883 tempest-RoutersAdminTest-74050883-project-admin] Publish callbacks ['neutron.services.l3_router.l3_router_plugin.DVRResourceOperationHandler._delete_dvr_internal_ports-424105'] for router_gateway (b46acf40-483d-4f99-bd31-20c61c49acdc), after_delete {{(pid=103282) _notify_loop /usr/local/lib/python3.8/dist-packages/neutron_lib/callbacks/manager.py:176}}
Feb 16 12:03:01.437993 dv-neutron-829522-1-hyperv neutron-server[103281]: DEBUG neutron.scheduler.dhcp_agent_scheduler [None req-11773655-6da2-4e06-850c-bb7d3c91ea79 tempest-FloatingIPTestJSON-872115289 tempest-FloatingIPTestJSON-872115289-project] Network 72764142-1225-4cdc-8165-f74273d43a3a is already hosted by enough agents. {{(pid=103281) _get_dhcp_agents_hosting_network /opt/stack/neutron/neutron/scheduler/dhcp_agent_scheduler.py:275}}
Feb 16 12:03:01.443946 dv-neutron-829522-1-hyperv neutron-server[103281]: INFO neutron.wsgi [req-7b35f8b4-4bd3-468e-8862-2aa31c78bbac req-6f190a81-3fa0-41ac-9181-807aeca9e554 service neutron] 10.222.0.24 "GET /v2.0/networks/2ee53d9a-c5ad-48e0-9839-55ea1f23f12e?fields=segments HTTP/1.1" status: 200 len: 212 time: 0.5639331
Feb 16 12:03:01.444868 dv-neutron-829522-1-hyperv neutron-server[103281]: DEBUG neutron.scheduler.base_scheduler [None req-11773655-6da2-4e06-850c-bb7d3c91ea79 tempest-FloatingIPTestJSON-872115289 tempest-FloatingIPTestJSON-872115289-project] Resources bound (agent type, host, resource id): {{(pid=103281) schedule /opt/stack/neutron/neutron/scheduler/base_scheduler.py:57}}
Feb 16 12:03:01.537153 dv-neutron-829522-1-hyperv neutron-server[103282]: DEBUG neutron_lib.callbacks.manager [None req-f19c525b-ae5d-43e7-9c97-a43b16322c67 tempest-RoutersAdminTest-74050883 tempest-RoutersAdminTest-74050883-project-admin] Publish callbacks ['neutron.services.l3_router.l3_router_plugin.L3_HA_NAT_db_mixin._release_router_vr_id-395828', 'neutron.services.l3_router.service_providers.driver_controller.DriverController._clear_router_provider-25189'] for router (b46acf40-483d-4f99-bd31-20c61c49acdc), precommit_delete {{(pid=103282) _notify_loop /usr/local/lib/python3.8/dist-packages/neutron_lib/callbacks/manager.py:176}}
Feb 16 12:03:01.539680 dv-neutron-829522-1-hyperv neutron-server[103282]: DEBUG neutron_lib.callbacks.manager [None req-f19c525b-ae5d-43e7-9c97-a43b16322c67 tempest-RoutersAdminTest-74050883 tempest-RoutersAdminTest-74050883-project-admin] Publish callbacks [] for router_controller (b46acf40-483d-4f99-bd31-20c61c49acdc), precommit_delete_associations {{(pid=103282) _notify_loop /usr/local/lib/python3.8/dist-packages/neutron_lib/callbacks/manager.py:176}}
Feb 16 12:03:01.548922 dv-neutron-829522-1-hyperv neutron-server[103281]: DEBUG neutron_lib.callbacks.manager [None req-cbb0e3c9-9de3-4725-9e5e-2156aa1ea944 tempest-RoutersAdminNegativeIpV6Test-1812760348 tempest-RoutersAdminNegativeIpV6Test-1812760348-project-admin] Publish callbacks [] for router_gateway (24ddf976-580d-424b-b667-cceaff069d48), precommit_update {{(pid=103281) _notify_loop /usr/local/lib/python3.8/dist-packages/neutron_lib/callbacks/manager.py:176}}
Feb 16 12:03:01.624688 dv-neutron-829522-1-hyperv neutron-server[103282]: DEBUG neutron_lib.callbacks.manager [None req-f19c525b-ae5d-43e7-9c97-a43b16322c67 tempest-RoutersAdminTest-74050883 tempest-RoutersAdminTest-74050883-project-admin] Publish callbacks ['neutron.services.l3_router.l3_router_plugin.L3_HA_NAT_db_mixin._cleanup_ha_network_handler-395837'] for router (b46acf40-483d-4f99-bd31-20c61c49acdc), after_delete {{(pid=103282) _notify_loop /usr/local/lib/python3.8/dist-packages/neutron_lib/callbacks/manager.py:176}}
Feb 16 12:03:01.625266 dv-neutron-829522-1-hyperv neutron-server[103282]: DEBUG neutron.api.rpc.agentnotifiers.l3_rpc_agent_api [None req-f19c525b-ae5d-43e7-9c97-a43b16322c67 tempest-RoutersAdminTest-74050883 tempest-RoutersAdminTest-74050883-project-admin] Fanout notify agent at l3_agent the message router_deleted on router b46acf40-483d-4f99-bd31-20c61c49acdc {{(pid=103282) _notification_fanout /opt/stack/neutron/neutron/api/rpc/agentnotifiers/l3_rpc_agent_api.py:114}}
Feb 16 12:03:01.626941 dv-neutron-829522-1-hyperv neutron-server[103282]: DEBUG neutron.api.rpc.handlers.resources_rpc [None req-68d2a44d-2df1-48af-9e67-aafa83da5bc2 admin admin] Pushing event deleted for resources: {'SecurityGroup': ['ID=e4f78d03-c750-4141-b341-68f55aab0667,revision_number=None']} {{(pid=103282) push /opt/stack/neutron/neutron/api/rpc/handlers/resources_rpc.py:237}}
Feb 16 12:03:01.638846 dv-neutron-829522-1-hyperv neutron-server[103282]: DEBUG neutron_lib.callbacks.manager [None req-f19c525b-ae5d-43e7-9c97-a43b16322c67 tempest-RoutersAdminTest-74050883 tempest-RoutersAdminTest-74050883-project-admin] Publish callbacks [] for router (None), before_response {{(pid=103282) _notify_loop /usr/local/lib/python3.8/dist-packages/neutron_lib/callbacks/manager.py:176}}
Feb 16 12:03:01.640766 dv-neutron-829522-1-hyperv neutron-server[103282]: INFO neutron.wsgi [None req-f19c525b-ae5d-43e7-9c97-a43b16322c67 tempest-RoutersAdminTest-74050883 tempest-RoutersAdminTest-74050883-project-admin] 10.222.0.100 "DELETE /v2.0/routers/b46acf40-483d-4f99-bd31-20c61c49acdc HTTP/1.1" status: 204 len: 168 time: 2.8282518
Feb 16 12:03:01.644607 dv-neutron-829522-1-hyperv neutron-server[103282]: DEBUG neutron.wsgi [-] (103282) accepted ('10.222.0.100', 36412) {{(pid=103282) server /usr/local/lib/python3.8/dist-packages/eventlet/wsgi.py:1004}}
Feb 16 12:03:01.713019 dv-neutron-829522-1-hyperv neutron-server[103282]: DEBUG neutron.plugins.ml2.plugin [None req-021d2050-4b91-42ff-8306-77af90f6049b tempest-BulkNetworkOpsIpV6Test-1885740909 tempest-BulkNetworkOpsIpV6Test-1885740909-project] Deleting port 4762ff4d-e3c8-4227-ba1c-206bb7253c91 {{(pid=103282) _pre_delete_port /opt/stack/neutron/neutron/plugins/ml2/plugin.py:1978}}
Feb 16 12:03:01.713701 dv-neutron-829522-1-hyperv neutron-server[103282]: DEBUG neutron_lib.callbacks.manager [None req-021d2050-4b91-42ff-8306-77af90f6049b tempest-BulkNetworkOpsIpV6Test-1885740909 tempest-BulkNetworkOpsIpV6Test-1885740909-project] Publish callbacks ['neutron.db.l3_db.L3_NAT_dbonly_mixin._prevent_l3_port_delete_callback-8748962275831'] for port (4762ff4d-e3c8-4227-ba1c-206bb7253c91), before_delete {{(pid=103282) _notify_loop /usr/local/lib/python3.8/dist-packages/neutron_lib/callbacks/manager.py:176}}
Feb 16 12:03:01.742196 dv-neutron-829522-1-hyperv neutron-server[103281]: DEBUG neutron.api.v2.base [None req-e01eea17-35b2-434a-b091-f8483c2625a6 tempest-FloatingIPAdminTestJSON-1785849283 tempest-FloatingIPAdminTestJSON-1785849283-project-admin] Request body: {'floatingip': {'floating_network_id': '31c463d1-cd35-43c5-9e8f-bcad113ec600', 'project_id': 'cbe3cfb817bc483c91ef1dfe76e3ba6e', 'port_id': 'b953746c-dcd1-462b-969a-bd7564624372'}} {{(pid=103281) prepare_request_body /opt/stack/neutron/neutron/api/v2/base.py:729}}
Feb 16 12:03:01.752118 dv-neutron-829522-1-hyperv neutron-server[103281]: INFO neutron.wsgi [req-7b35f8b4-4bd3-468e-8862-2aa31c78bbac req-42e83c78-0174-48c9-8fc6-331fda83514e service neutron] 10.222.0.24 "GET /v2.0/networks/2ee53d9a-c5ad-48e0-9839-55ea1f23f12e?fields=provider%3Aphysical_network&fields=provider%3Anetwork_type HTTP/1.1" status: 200 len: 281 time: 0.2994018
Feb 16 12:03:01.759287 dv-neutron-829522-1-hyperv neutron-server[103282]: DEBUG neutron.db.db_base_plugin_v2 [None req-c7f99434-2b3c-4f6e-b7ee-1722c6738d8f tempest-RoutersAdminTest-74050883 tempest-RoutersAdminTest-74050883-project-admin] Deleting subnet d0d58a42-f1a2-4e73-ab9c-fc3601f8fbef {{(pid=103282) delete_subnet /opt/stack/neutron/neutron/db/db_base_plugin_v2.py:1065}}
Feb 16 12:03:01.775658 dv-neutron-829522-1-hyperv neutron-server[103281]: DEBUG neutron.scheduler.l3_agent_scheduler [None req-11773655-6da2-4e06-850c-bb7d3c91ea79 tempest-FloatingIPTestJSON-872115289 tempest-FloatingIPTestJSON-872115289-project] Router 6b275e22-547f-4ea6-9a1c-209fe76228ed has already been hosted by L3 agent a0b9f510-3075-4903-ac7c-db06560c00a0 {{(pid=103281) _get_candidates /opt/stack/neutron/neutron/scheduler/l3_agent_scheduler.py:126}}
Feb 16 12:03:01.790600 dv-neutron-829522-1-hyperv neutron-server[103282]: DEBUG neutron_lib.callbacks.manager [None req-c7f99434-2b3c-4f6e-b7ee-1722c6738d8f tempest-RoutersAdminTest-74050883 tempest-RoutersAdminTest-74050883-project-admin] Publish callbacks [] for subnet (d0d58a42-f1a2-4e73-ab9c-fc3601f8fbef), before_delete {{(pid=103282) _notify_loop /usr/local/lib/python3.8/dist-packages/neutron_lib/callbacks/manager.py:176}}
Feb 16 12:03:01.815712 dv-neutron-829522-1-hyperv neutron-server[103281]: DEBUG neutron_lib.callbacks.manager [None req-e01eea17-35b2-434a-b091-f8483c2625a6 tempest-FloatingIPAdminTestJSON-1785849283 tempest-FloatingIPAdminTestJSON-1785849283-project-admin] Publish callbacks [] for floatingip (None), before_create {{(pid=103281) _notify_loop /usr/local/lib/python3.8/dist-packages/neutron_lib/callbacks/manager.py:176}}
Feb 16 12:03:01.819218 dv-neutron-829522-1-hyperv neutron-server[103282]: DEBUG neutron_lib.callbacks.manager [None req-021d2050-4b91-42ff-8306-77af90f6049b tempest-BulkNetworkOpsIpV6Test-1885740909 tempest-BulkNetworkOpsIpV6Test-1885740909-project] Publish callbacks ['neutron.services.l3_router.l3_router_plugin.L3_NAT_dbonly_mixin._precommit_delete_port_callback-424391'] for port (4762ff4d-e3c8-4227-ba1c-206bb7253c91), precommit_delete {{(pid=103282) _notify_loop /usr/local/lib/python3.8/dist-packages/neutron_lib/callbacks/manager.py:176}}
Feb 16 12:03:01.847896 dv-neutron-829522-1-hyperv neutron-server[103282]: DEBUG neutron.plugins.ml2.plugin [None req-021d2050-4b91-42ff-8306-77af90f6049b tempest-BulkNetworkOpsIpV6Test-1885740909 tempest-BulkNetworkOpsIpV6Test-1885740909-project] Calling delete_port for 4762ff4d-e3c8-4227-ba1c-206bb7253c91 owned by {{(pid=103282) delete_port /opt/stack/neutron/neutron/plugins/ml2/plugin.py:2056}}
Feb 16 12:03:01.858001 dv-neutron-829522-1-hyperv neutron-server[103282]: DEBUG neutron_lib.callbacks.manager [None req-c7f99434-2b3c-4f6e-b7ee-1722c6738d8f tempest-RoutersAdminTest-74050883 tempest-RoutersAdminTest-74050883-project-admin] Publish callbacks ['neutron.services.segments.plugin.Plugin._validate_auto_address_subnet_delete-5733429'] for subnet (d0d58a42-f1a2-4e73-ab9c-fc3601f8fbef), precommit_delete_associations {{(pid=103282) _notify_loop /usr/local/lib/python3.8/dist-packages/neutron_lib/callbacks/manager.py:176}}
Feb 16 12:03:01.985679 dv-neutron-829522-1-hyperv neutron-server[103282]: DEBUG neutron_lib.callbacks.manager [None req-c7f99434-2b3c-4f6e-b7ee-1722c6738d8f tempest-RoutersAdminTest-74050883 tempest-RoutersAdminTest-74050883-project-admin] Publish callbacks ['neutron.plugins.ml2.plugin.Ml2Plugin._subnet_delete_precommit_handler-1431948'] for subnet (d0d58a42-f1a2-4e73-ab9c-fc3601f8fbef), precommit_delete {{(pid=103282) _notify_loop /usr/local/lib/python3.8/dist-packages/neutron_lib/callbacks/manager.py:176}}
Feb 16 12:03:02.000501 dv-neutron-829522-1-hyperv neutron-server[103281]: DEBUG neutron.pecan_wsgi.hooks.policy_enforcement [req-db9fb830-84a3-41a9-91bb-4d747fbf3867 req-47ff55b0-57d7-4483-8db0-f0892243f0c7 service neutron] Attributes excluded by policy engine: ['standard_attr_id'] {{(pid=103281) _exclude_attributes_by_policy /opt/stack/neutron/neutron/pecan_wsgi/hooks/policy_enforcement.py:255}}
Feb 16 12:03:02.002387 dv-neutron-829522-1-hyperv neutron-server[103281]: INFO neutron.wsgi [req-db9fb830-84a3-41a9-91bb-4d747fbf3867 req-47ff55b0-57d7-4483-8db0-f0892243f0c7 service neutron] 10.222.0.24 "GET /v2.0/ports?tenant_id=e3e2f51af2b7433ea3d6d1059eb52c7f&device_id=999889bb-a226-42bd-b583-ee28e86222b2 HTTP/1.1" status: 200 len: 1127 time: 0.1717973
Feb 16 12:03:02.010600 dv-neutron-829522-1-hyperv neutron-server[103282]: DEBUG neutron_lib.callbacks.manager [None req-021d2050-4b91-42ff-8306-77af90f6049b tempest-BulkNetworkOpsIpV6Test-1885740909 tempest-BulkNetworkOpsIpV6Test-1885740909-project] Publish callbacks ['neutron.plugins.ml2.plugin.SecurityGroupServerNotifierRpcMixin._notify_sg_on_port_change-1439116', 'neutron.plugins.ml2.ovo_rpc._ObjectChangeHandler.handle_event-969876', 'neutron.api.rpc.agentnotifiers.dhcp_rpc_agent_api.DhcpAgentNotifyAPI._native_event_send_dhcp_notification-746508', 'neutron.db.l3_db.L3RpcNotifierMixin._notify_routers_callback-8748962102878', 'neutron.db.l3_dvrscheduler_db._notify_port_delete-8748961677343', 'neutron.services.segments.plugin.NovaSegmentNotifier._notify_port_created_or_deleted-6465846'] for port (4762ff4d-e3c8-4227-ba1c-206bb7253c91), after_delete {{(pid=103282) _notify_loop /usr/local/lib/python3.8/dist-packages/neutron_lib/callbacks/manager.py:176}}
Feb 16 12:03:02.052637 dv-neutron-829522-1-hyperv neutron-server[103282]: DEBUG neutron.api.rpc.handlers.resources_rpc [None req-021d2050-4b91-42ff-8306-77af90f6049b tempest-BulkNetworkOpsIpV6Test-1885740909 tempest-BulkNetworkOpsIpV6Test-1885740909-project] Pushing event deleted for resources: {'Port': ['ID=4762ff4d-e3c8-4227-ba1c-206bb7253c91,revision_number=None']} {{(pid=103282) push /opt/stack/neutron/neutron/api/rpc/handlers/resources_rpc.py:237}}
Feb 16 12:03:02.064762 dv-neutron-829522-1-hyperv neutron-server[103282]: DEBUG neutron_lib.callbacks.manager [None req-021d2050-4b91-42ff-8306-77af90f6049b tempest-BulkNetworkOpsIpV6Test-1885740909 tempest-BulkNetworkOpsIpV6Test-1885740909-project] Publish callbacks ['neutron.notifiers.nova.Notifier._send_nova_notification-1030574'] for port (None), before_response {{(pid=103282) _notify_loop /usr/local/lib/python3.8/dist-packages/neutron_lib/callbacks/manager.py:176}}
Feb 16 12:03:02.068255 dv-neutron-829522-1-hyperv neutron-server[103282]: INFO neutron.wsgi [None req-021d2050-4b91-42ff-8306-77af90f6049b tempest-BulkNetworkOpsIpV6Test-1885740909 tempest-BulkNetworkOpsIpV6Test-1885740909-project] 10.222.0.100 "DELETE /v2.0/ports/4762ff4d-e3c8-4227-ba1c-206bb7253c91 HTTP/1.1" status: 204 len: 168 time: 0.9661200
Feb 16 12:03:02.075525 dv-neutron-829522-1-hyperv neutron-server[103282]: DEBUG neutron.wsgi [-] (103282) accepted ('10.222.0.100', 36424) {{(pid=103282) server /usr/local/lib/python3.8/dist-packages/eventlet/wsgi.py:1004}}
Feb 16 12:03:02.133554 dv-neutron-829522-1-hyperv neutron-server[103282]: DEBUG neutron_lib.callbacks.manager [None req-c7f99434-2b3c-4f6e-b7ee-1722c6738d8f tempest-RoutersAdminTest-74050883 tempest-RoutersAdminTest-74050883-project-admin] Publish callbacks ['neutron.plugins.ml2.plugin.Ml2Plugin._subnet_delete_after_delete_handler-1431941', 'neutron.plugins.ml2.ovo_rpc._ObjectChangeHandler.handle_event-645883', 'neutron.api.rpc.agentnotifiers.dhcp_rpc_agent_api.DhcpAgentNotifyAPI._native_event_send_dhcp_notification-746508', 'neutron.services.segments.plugin.NovaSegmentNotifier._notify_subnet_deleted-6465795', 'neutron.services.segments.plugin.SegmentHostRoutes.host_routes_after_delete-5679026'] for subnet (d0d58a42-f1a2-4e73-ab9c-fc3601f8fbef), after_delete {{(pid=103282) _notify_loop /usr/local/lib/python3.8/dist-packages/neutron_lib/callbacks/manager.py:176}}
Feb 16 12:03:02.179666 dv-neutron-829522-1-hyperv neutron-server[103282]: DEBUG neutron.api.rpc.handlers.resources_rpc [None req-c7f99434-2b3c-4f6e-b7ee-1722c6738d8f tempest-RoutersAdminTest-74050883 tempest-RoutersAdminTest-74050883-project-admin] Pushing event deleted for resources: {'Subnet': ['ID=d0d58a42-f1a2-4e73-ab9c-fc3601f8fbef,revision_number=None']} {{(pid=103282) push /opt/stack/neutron/neutron/api/rpc/handlers/resources_rpc.py:237}}
Feb 16 12:03:02.190669 dv-neutron-829522-1-hyperv neutron-server[103282]: DEBUG neutron_lib.callbacks.manager [None req-c7f99434-2b3c-4f6e-b7ee-1722c6738d8f tempest-RoutersAdminTest-74050883 tempest-RoutersAdminTest-74050883-project-admin] Publish callbacks [] for subnet (None), before_response {{(pid=103282) _notify_loop /usr/local/lib/python3.8/dist-packages/neutron_lib/callbacks/manager.py:176}}
Feb 16 12:03:02.198964 dv-neutron-829522-1-hyperv neutron-server[103282]: INFO neutron.wsgi [None req-c7f99434-2b3c-4f6e-b7ee-1722c6738d8f tempest-RoutersAdminTest-74050883 tempest-RoutersAdminTest-74050883-project-admin] 10.222.0.100 "DELETE /v2.0/subnets/d0d58a42-f1a2-4e73-ab9c-fc3601f8fbef HTTP/1.1" status: 204 len: 168 time: 0.5525787
Feb 16 12:03:02.201148 dv-neutron-829522-1-hyperv neutron-server[103282]: DEBUG neutron.wsgi [-] (103282) accepted ('10.222.0.100', 36428) {{(pid=103282) server /usr/local/lib/python3.8/dist-packages/eventlet/wsgi.py:1004}}
Feb 16 12:03:02.210144 dv-neutron-829522-1-hyperv neutron-server[103281]: DEBUG neutron.api.rpc.agentnotifiers.l3_rpc_agent_api [None req-11773655-6da2-4e06-850c-bb7d3c91ea79 tempest-FloatingIPTestJSON-872115289 tempest-FloatingIPTestJSON-872115289-project] Notify agent at l3_agent.dv-neutron-829522-1-hyperv the message routers_updated {{(pid=103281) _agent_notification /opt/stack/neutron/neutron/api/rpc/agentnotifiers/l3_rpc_agent_api.py:65}}
Feb 16 12:03:02.218247 dv-neutron-829522-1-hyperv neutron-server[103281]: INFO neutron.wsgi [None req-11773655-6da2-4e06-850c-bb7d3c91ea79 tempest-FloatingIPTestJSON-872115289 tempest-FloatingIPTestJSON-872115289-project] 10.222.0.100 "PUT /v2.0/routers/6b275e22-547f-4ea6-9a1c-209fe76228ed/add_router_interface HTTP/1.1" status: 200 len: 503 time: 7.8444812
Feb 16 12:03:02.223874 dv-neutron-829522-1-hyperv neutron-server[103281]: DEBUG neutron.wsgi [-] (103281) accepted ('10.222.0.100', 36430) {{(pid=103281) server /usr/local/lib/python3.8/dist-packages/eventlet/wsgi.py:1004}}
Feb 16 12:03:02.224535 dv-neutron-829522-1-hyperv neutron-server[103284]: DEBUG neutron.api.rpc.handlers.l3_rpc [None req-982e205d-78b6-4e36-9796-91dd92fa7de8 None None] Sync routers for ids ['6b275e22-547f-4ea6-9a1c-209fe76228ed'] in dv-neutron-829522-1-hyperv {{(pid=103284) sync_routers /opt/stack/neutron/neutron/api/rpc/handlers/l3_rpc.py:125}}
Feb 16 12:03:02.237885 dv-neutron-829522-1-hyperv neutron-server[103284]: DEBUG neutron.db.l3_dvrscheduler_db [None req-982e205d-78b6-4e36-9796-91dd92fa7de8 None None] Routers {'6b275e22-547f-4ea6-9a1c-209fe76228ed'} bound to L3 agent in host dv-neutron-829522-1-hyperv {{(pid=103284) _get_router_ids_for_agent /opt/stack/neutron/neutron/db/l3_dvrscheduler_db.py:421}}
