Feb 16 12:41:26.202139 dv-neutron-829487-1-hyperv neutron-server[88443]: DEBUG neutron.plugins.ml2.db [None req-a2e9037f-d8a8-42b9-915e-ca94b17f10e3 tempest-RoutersIpV6AdminTest-124738391 tempest-RoutersIpV6AdminTest-124738391-project-admin] For port 20978054-9706-4498-91ad-7b163f3592e9, host dv-neutron-829487-1-hyperv, got binding levels [PortBindingLevel(driver='openvswitch',host='dv-neutron-829487-1-hyperv',level=0,port_id=20978054-9706-4498-91ad-7b163f3592e9,segment=NetworkSegment(21fa5cd8-7118-49f2-9ef2-031979645940),segment_id=21fa5cd8-7118-49f2-9ef2-031979645940)] {{(pid=88443) get_binding_level_objs /opt/stack/neutron/neutron/plugins/ml2/db.py:75}}
Feb 16 12:41:26.202650 dv-neutron-829487-1-hyperv neutron-server[88443]: DEBUG neutron_lib.callbacks.manager [None req-a2e9037f-d8a8-42b9-915e-ca94b17f10e3 tempest-RoutersIpV6AdminTest-124738391 tempest-RoutersIpV6AdminTest-124738391-project-admin] Notify callbacks ['neutron.services.l3_router.l3_router_plugin.L3_NAT_dbonly_mixin._precommit_delete_port_callback-689089'] for port, precommit_delete {{(pid=88443) _notify_loop /usr/local/lib/python3.8/dist-packages/neutron_lib/callbacks/manager.py:192}}
Feb 16 12:41:26.204684 dv-neutron-829487-1-hyperv neutron-server[88445]: DEBUG neutron.db.l3_dvrscheduler_db [None req-0161d335-071b-48b4-b61a-2a69827dde42 None None] Routers {'acfa09c5-c493-4dbe-976e-6c88ad83f7e0'} bound to L3 agent in host dv-neutron-829487-1-hyperv {{(pid=88445) _get_router_ids_for_agent /opt/stack/neutron/neutron/db/l3_dvrscheduler_db.py:423}}
Feb 16 12:41:26.205388 dv-neutron-829487-1-hyperv neutron-server[88445]: DEBUG neutron.db.l3_hamode_db [None req-0161d335-071b-48b4-b61a-2a69827dde42 None None] neutron.services.l3_router.l3_router_plugin.L3RouterPlugin method get_ha_sync_data_for_host called with arguments (, 'dv-neutron-829487-1-hyperv', Agent(admin_state_up=True,agent_type='L3 agent',availability_zone='nova',binary='neutron-l3-agent',configurations={"agent_mode": "legacy", "ex_gw_ports": 1, "extensions": [], "floating_ips": 0, "handle_internal_only_routers": true, "interface_driver": "openvswitch", "interfaces": 1, "log_agent_heartbeats": false, "routers": 1},created_at=2022-02-16T12:32:36Z,description=,heartbeat_timestamp=2022-02-16T12:41:06Z,host='dv-neutron-829487-1-hyperv',id=f4e7d653-10d4-454b-90d2-b9e786d26395,load=0,resource_versions=,resources_synced=,started_at=2022-02-16T12:32:37Z,topic='l3_agent')) {'router_ids': ['acfa09c5-c493-4dbe-976e-6c88ad83f7e0'], 'active': True} {{(pid=88445) wrapper /usr/local/lib/python3.8/dist-packages/oslo_log/helpers.py:65}}
Feb 16 12:41:26.294612 dv-neutron-829487-1-hyperv neutron-server[88443]: DEBUG neutron_lib.callbacks.manager [None req-078fd57c-1ec4-44c5-bb98-79a38096407b tempest-FloatingIPNegativeTestJSON-1567990997 tempest-FloatingIPNegativeTestJSON-1567990997-project] Notify callbacks ['neutron.plugins.ml2.plugin.Ml2Plugin._handle_segment_change-3918992'] for segment, precommit_create {{(pid=88443) _notify_loop /usr/local/lib/python3.8/dist-packages/neutron_lib/callbacks/manager.py:192}}
Feb 16 12:41:26.294945 dv-neutron-829487-1-hyperv neutron-server[88443]: INFO neutron.db.segments_db [None req-078fd57c-1ec4-44c5-bb98-79a38096407b tempest-FloatingIPNegativeTestJSON-1567990997 tempest-FloatingIPNegativeTestJSON-1567990997-project] Added segment bcfa462b-7929-4ebf-b7b7-6c014d18966c of type vlan for network fedb5e46-9ff3-4c9f-9d66-3a48ea45d0f5
Feb 16 12:41:26.304768 dv-neutron-829487-1-hyperv neutron-server[88444]: DEBUG neutron_lib.callbacks.manager [None req-fbef769c-6bb8-468c-8efe-01d8ced85e76 tempest-ServersTestJSON-54163481 tempest-ServersTestJSON-54163481-project] Notify callbacks [] for security_group, precommit_create {{(pid=88444) _notify_loop /usr/local/lib/python3.8/dist-packages/neutron_lib/callbacks/manager.py:192}}
Feb 16 12:41:26.304959 dv-neutron-829487-1-hyperv neutron-server[88445]: DEBUG neutron.api.rpc.handlers.resources_rpc [None req-ce1fc9a3-72d7-40ef-b170-aaec36e39cd7 None None] Pushing event updated for resources: {'Port': ['ID=27c8cd8f-e9f3-4424-ae69-e03e480cc445,revision_number=4']} {{(pid=88445) push /opt/stack/neutron/neutron/api/rpc/handlers/resources_rpc.py:237}}
Feb 16 12:41:26.324777 dv-neutron-829487-1-hyperv neutron-server[88444]: DEBUG neutron.db.db_base_plugin_common [None req-3ea63124-09cb-4ec8-ba7c-875e90b423d0 tempest-AllowedAddressPairIpV6TestJSON-151054263 tempest-AllowedAddressPairIpV6TestJSON-151054263-project] Allocated IP 2001:db8::11d (efb9431a-889d-4681-a402-0ae5ba34cd8c/05b07ca0-4cc6-4e20-9dad-668c8ea02dc1/25bf5c96-3532-4fc4-8556-7018f2efdb63) {{(pid=88444) _store_ip_allocation /opt/stack/neutron/neutron/db/db_base_plugin_common.py:131}}
Feb 16 12:41:26.385087 dv-neutron-829487-1-hyperv neutron-server[88444]: DEBUG neutron_lib.callbacks.manager [None req-fbef769c-6bb8-468c-8efe-01d8ced85e76 tempest-ServersTestJSON-54163481 tempest-ServersTestJSON-54163481-project] Notify callbacks ['neutron.plugins.ml2.ovo_rpc._ObjectChangeHandler.handle_event-591162'] for security_group, after_create {{(pid=88444) _notify_loop /usr/local/lib/python3.8/dist-packages/neutron_lib/callbacks/manager.py:192}}
Feb 16 12:41:26.413322 dv-neutron-829487-1-hyperv neutron-server[88443]: DEBUG neutron.plugins.ml2.managers [None req-cd73746c-5622-4a5c-a48b-41a742115550 tempest-PortsAdminExtendedAttrsIpV6TestJSON-685675596 tempest-PortsAdminExtendedAttrsIpV6TestJSON-685675596-project-admin] Attempting to bind port 581329eb-0177-4b60-a271-84ffbc205799 on host hv-neutron-8294 for vnic_type normal with profile {{(pid=88443) bind_port /opt/stack/neutron/neutron/plugins/ml2/managers.py:790}}
Feb 16 12:41:26.414026 dv-neutron-829487-1-hyperv neutron-server[88443]: DEBUG neutron.plugins.ml2.managers [None req-cd73746c-5622-4a5c-a48b-41a742115550 tempest-PortsAdminExtendedAttrsIpV6TestJSON-685675596 tempest-PortsAdminExtendedAttrsIpV6TestJSON-685675596-project-admin] Attempting to bind port 581329eb-0177-4b60-a271-84ffbc205799 by drivers openvswitch,hyperv on host hv-neutron-8294 at level 0 using segments [{'id': '08eafdda-69c8-466d-86c5-c872028957f2', 'network_type': 'vlan', 'physical_network': 'physnet1', 'segmentation_id': 50, 'network_id': '86849418-afa1-43cb-a5dc-84de0abb2dbc'}] {{(pid=88443) _bind_port_level /opt/stack/neutron/neutron/plugins/ml2/managers.py:815}}
Feb 16 12:41:26.415764 dv-neutron-829487-1-hyperv neutron-server[88443]: DEBUG neutron.plugins.ml2.drivers.mech_agent [None req-cd73746c-5622-4a5c-a48b-41a742115550 tempest-PortsAdminExtendedAttrsIpV6TestJSON-685675596 tempest-PortsAdminExtendedAttrsIpV6TestJSON-685675596-project-admin] Attempting to bind port 581329eb-0177-4b60-a271-84ffbc205799 on network 86849418-afa1-43cb-a5dc-84de0abb2dbc {{(pid=88443) bind_port /opt/stack/neutron/neutron/plugins/ml2/drivers/mech_agent.py:86}}
Feb 16 12:41:26.424620 dv-neutron-829487-1-hyperv neutron-server[88446]: DEBUG neutron_lib.callbacks.manager [None req-8be03727-adcb-452f-8688-a14c5b2cfdaf None None] Notify callbacks [] for port, precommit_update {{(pid=88446) _notify_loop /usr/local/lib/python3.8/dist-packages/neutron_lib/callbacks/manager.py:192}}
Feb 16 12:41:26.440676 dv-neutron-829487-1-hyperv neutron-server[88444]: DEBUG neutron_lib.callbacks.manager [None req-ce65d53e-e07d-4081-a2ed-8b9796f9580c tempest-ServerActionsTestJSON-1015304402 tempest-ServerActionsTestJSON-1015304402-project] Notify callbacks [] for security_group, before_create {{(pid=88444) _notify_loop /usr/local/lib/python3.8/dist-packages/neutron_lib/callbacks/manager.py:192}}
Feb 16 12:41:26.446096 dv-neutron-829487-1-hyperv neutron-server[88446]: DEBUG neutron.db.provisioning_blocks [None req-8be03727-adcb-452f-8688-a14c5b2cfdaf None None] Transition to ACTIVE for port object bd5a33a0-7ddd-411f-8b80-fdcd2547cbcf will not be triggered until provisioned by entity L2. {{(pid=88446) add_provisioning_component /opt/stack/neutron/neutron/db/provisioning_blocks.py:73}}
Feb 16 12:41:26.471426 dv-neutron-829487-1-hyperv neutron-server[88445]: DEBUG neutron.db.l3_dvr_db [None req-0161d335-071b-48b4-b61a-2a69827dde42 None None] Set router acfa09c5-c493-4dbe-976e-6c88ad83f7e0 gateway port host: dv-neutron-829487-1-hyperv {{(pid=88445) _build_routers_list /opt/stack/neutron/neutron/db/l3_dvr_db.py:875}}
Feb 16 12:41:26.473847 dv-neutron-829487-1-hyperv neutron-server[88444]: DEBUG neutron_lib.callbacks.manager [None req-5ffec2e1-8ac9-453e-960a-92ac82d60a1b tempest-ExternalNetworksTestJSON-1062426481 tempest-ExternalNetworksTestJSON-1062426481-project-admin] Notify callbacks ['neutron.plugins.ml2.plugin.Ml2Plugin._subnet_delete_after_delete_handler-3925214', 'neutron.plugins.ml2.ovo_rpc._ObjectChangeHandler.handle_event-648339', 'neutron.api.rpc.agentnotifiers.dhcp_rpc_agent_api.DhcpAgentNotifyAPI._native_event_send_dhcp_notification-537215', 'neutron.services.segments.plugin.NovaSegmentNotifier._notify_subnet_deleted-1067622258', 'neutron.services.segments.plugin.SegmentHostRoutes.host_routes_after_delete-1067547817'] for subnet, after_delete {{(pid=88444) _notify_loop /usr/local/lib/python3.8/dist-packages/neutron_lib/callbacks/manager.py:192}}
Feb 16 12:41:26.500472 dv-neutron-829487-1-hyperv neutron-server[88443]: DEBUG neutron.plugins.ml2.drivers.mech_agent [None req-cd73746c-5622-4a5c-a48b-41a742115550 tempest-PortsAdminExtendedAttrsIpV6TestJSON-685675596 tempest-PortsAdminExtendedAttrsIpV6TestJSON-685675596-project-admin] Port 581329eb-0177-4b60-a271-84ffbc205799 on network 86849418-afa1-43cb-a5dc-84de0abb2dbc not bound, no agent of type Open vSwitch agent registered on host hv-neutron-8294 {{(pid=88443) bind_port /opt/stack/neutron/neutron/plugins/ml2/drivers/mech_agent.py:98}}
Feb 16 12:41:26.500891 dv-neutron-829487-1-hyperv neutron-server[88443]: ERROR neutron.plugins.ml2.managers [None req-cd73746c-5622-4a5c-a48b-41a742115550 tempest-PortsAdminExtendedAttrsIpV6TestJSON-685675596 tempest-PortsAdminExtendedAttrsIpV6TestJSON-685675596-project-admin] Failed to bind port 581329eb-0177-4b60-a271-84ffbc205799 on host hv-neutron-8294 for vnic_type normal using segments [{'id': '08eafdda-69c8-466d-86c5-c872028957f2', 'network_type': 'vlan', 'physical_network': 'physnet1', 'segmentation_id': 50, 'network_id': '86849418-afa1-43cb-a5dc-84de0abb2dbc'}]
Feb 16 12:41:26.511233 dv-neutron-829487-1-hyperv neutron-server[88443]: DEBUG neutron.plugins.ml2.plugin [None req-a2e9037f-d8a8-42b9-915e-ca94b17f10e3 tempest-RoutersIpV6AdminTest-124738391 tempest-RoutersIpV6AdminTest-124738391-project-admin] Calling delete_port for 20978054-9706-4498-91ad-7b163f3592e9 owned by network:router_gateway {{(pid=88443) delete_port /opt/stack/neutron/neutron/plugins/ml2/plugin.py:1987}}
Feb 16 12:41:26.537597 dv-neutron-829487-1-hyperv neutron-server[88444]: DEBUG neutron.db.quota.driver [None req-ce65d53e-e07d-4081-a2ed-8b9796f9580c tempest-ServerActionsTestJSON-1015304402 tempest-ServerActionsTestJSON-1015304402-project] Resources subnetpool have unlimited quota limit. It is not required to calculate headroom {{(pid=88444) make_reservation /opt/stack/neutron/neutron/db/quota/driver.py:219}}
Feb 16 12:41:26.537802 dv-neutron-829487-1-hyperv neutron-server[88443]: INFO neutron.plugins.ml2.plugin [None req-cd73746c-5622-4a5c-a48b-41a742115550 tempest-PortsAdminExtendedAttrsIpV6TestJSON-685675596 tempest-PortsAdminExtendedAttrsIpV6TestJSON-685675596-project-admin] Attempt 6 to bind port 581329eb-0177-4b60-a271-84ffbc205799
Feb 16 12:41:26.555064 dv-neutron-829487-1-hyperv neutron-server[88446]: DEBUG neutron_lib.callbacks.manager [None req-8be03727-adcb-452f-8688-a14c5b2cfdaf None None] Notify callbacks ['neutron.plugins.ml2.plugin.SecurityGroupServerNotifierRpcMixin.notify_sg_on_port_change-3770029', 'neutron.plugins.ml2.ovo_rpc._ObjectChangeHandler.handle_event-150999', 'neutron.api.rpc.agentnotifiers.dhcp_rpc_agent_api.DhcpAgentNotifyAPI._native_event_send_dhcp_notification-537215', 'neutron.db.l3_db.L3RpcNotifierMixin._notify_gateway_port_ip_changed-8748313417009', 'neutron.db.l3_dvrscheduler_db._notify_l3_agent_port_update-8748313026973', 'neutron.db.l3_hascheduler_db._notify_l3_agent_ha_port_update-8748313027018'] for port, after_update {{(pid=88446) _notify_loop /usr/local/lib/python3.8/dist-packages/neutron_lib/callbacks/manager.py:192}}
Feb 16 12:41:26.555270 dv-neutron-829487-1-hyperv neutron-server[88443]: DEBUG neutron_lib.callbacks.manager [None req-35e5a70c-8e19-4a9a-8d90-ed3fe7459b8c tempest-DHCPAgentSchedulersTestJSON-151528344 tempest-DHCPAgentSchedulersTestJSON-151528344-project] Notify callbacks ['neutron.plugins.ml2.plugin.Ml2Plugin._network_delete_precommit_handler-3931273', 'neutron.services.segments.db._delete_segments_for_network-8748313559471'] for network, precommit_delete {{(pid=88443) _notify_loop /usr/local/lib/python3.8/dist-packages/neutron_lib/callbacks/manager.py:192}}
Feb 16 12:41:26.611479 dv-neutron-829487-1-hyperv neutron-server[88443]: DEBUG neutron.plugins.ml2.managers [None req-cd73746c-5622-4a5c-a48b-41a742115550 tempest-PortsAdminExtendedAttrsIpV6TestJSON-685675596 tempest-PortsAdminExtendedAttrsIpV6TestJSON-685675596-project-admin] Attempting to bind port 581329eb-0177-4b60-a271-84ffbc205799 on host hv-neutron-8294 for vnic_type normal with profile {{(pid=88443) bind_port /opt/stack/neutron/neutron/plugins/ml2/managers.py:790}}
Feb 16 12:41:26.611814 dv-neutron-829487-1-hyperv neutron-server[88443]: DEBUG neutron.plugins.ml2.managers [None req-cd73746c-5622-4a5c-a48b-41a742115550 tempest-PortsAdminExtendedAttrsIpV6TestJSON-685675596 tempest-PortsAdminExtendedAttrsIpV6TestJSON-685675596-project-admin] Attempting to bind port 581329eb-0177-4b60-a271-84ffbc205799 by drivers openvswitch,hyperv on host hv-neutron-8294 at level 0 using segments [{'id': '08eafdda-69c8-466d-86c5-c872028957f2', 'network_type': 'vlan', 'physical_network': 'physnet1', 'segmentation_id': 50, 'network_id': '86849418-afa1-43cb-a5dc-84de0abb2dbc'}] {{(pid=88443) _bind_port_level /opt/stack/neutron/neutron/plugins/ml2/managers.py:815}}
Feb 16 12:41:26.612116 dv-neutron-829487-1-hyperv neutron-server[88443]: DEBUG neutron.plugins.ml2.drivers.mech_agent [None req-cd73746c-5622-4a5c-a48b-41a742115550 tempest-PortsAdminExtendedAttrsIpV6TestJSON-685675596 tempest-PortsAdminExtendedAttrsIpV6TestJSON-685675596-project-admin] Attempting to bind port 581329eb-0177-4b60-a271-84ffbc205799 on network 86849418-afa1-43cb-a5dc-84de0abb2dbc {{(pid=88443) bind_port /opt/stack/neutron/neutron/plugins/ml2/drivers/mech_agent.py:86}}
Feb 16 12:41:26.620548 dv-neutron-829487-1-hyperv neutron-server[88444]: DEBUG neutron.quota.resource [None req-ce65d53e-e07d-4081-a2ed-8b9796f9580c tempest-ServerActionsTestJSON-1015304402 tempest-ServerActionsTestJSON-1015304402-project] Usage tracker for resource:security_group_rule and tenant:c627c7c33d584442a9bd12e6fe547f03 is out of sync, need to count used quota {{(pid=88444) count_used /opt/stack/neutron/neutron/quota/resource.py:270}}
Feb 16 12:41:26.642027 dv-neutron-829487-1-hyperv neutron-server[88444]: DEBUG neutron.quota.resource [None req-ce65d53e-e07d-4081-a2ed-8b9796f9580c tempest-ServerActionsTestJSON-1015304402 tempest-ServerActionsTestJSON-1015304402-project] Quota usage for security_group_rule was recalculated. Used quota:4. {{(pid=88444) count_used /opt/stack/neutron/neutron/quota/resource.py:290}}
Feb 16 12:41:26.718017 dv-neutron-829487-1-hyperv neutron-server[88444]: DEBUG neutron.api.rpc.handlers.resources_rpc [None req-5ffec2e1-8ac9-453e-960a-92ac82d60a1b tempest-ExternalNetworksTestJSON-1062426481 tempest-ExternalNetworksTestJSON-1062426481-project-admin] Pushing event deleted for resources: {'Subnet': ['ID=b6412b18-816c-4d09-82f2-e2e57ff9d496,revision_number=None']} {{(pid=88444) push /opt/stack/neutron/neutron/api/rpc/handlers/resources_rpc.py:237}}
Feb 16 12:41:26.722305 dv-neutron-829487-1-hyperv neutron-server[88444]: DEBUG neutron.db.quota.driver [None req-ce65d53e-e07d-4081-a2ed-8b9796f9580c tempest-ServerActionsTestJSON-1015304402 tempest-ServerActionsTestJSON-1015304402-project] Attempting to reserve 2 items for resource security_group_rule. Total usage: 4; quota limit: 100; headroom:96 {{(pid=88444) make_reservation /opt/stack/neutron/neutron/db/quota/driver.py:246}}
Feb 16 12:41:26.727581 dv-neutron-829487-1-hyperv neutron-server[88443]: DEBUG neutron_lib.callbacks.manager [None req-078fd57c-1ec4-44c5-bb98-79a38096407b tempest-FloatingIPNegativeTestJSON-1567990997 tempest-FloatingIPNegativeTestJSON-1567990997-project] Notify callbacks ['neutron.services.auto_allocate.db._ensure_external_network_default_value_callback-8748312978957'] for network, precommit_create {{(pid=88443) _notify_loop /usr/local/lib/python3.8/dist-packages/neutron_lib/callbacks/manager.py:192}}
Feb 16 12:41:26.731201 dv-neutron-829487-1-hyperv neutron-server[88446]: DEBUG neutron.api.rpc.handlers.resources_rpc [None req-892576f1-7406-49e6-9ce0-e1c1af585489 None None] Pushing event updated for resources: {'Port': ['ID=bd5a33a0-7ddd-411f-8b80-fdcd2547cbcf,revision_number=3']} {{(pid=88446) push /opt/stack/neutron/neutron/api/rpc/handlers/resources_rpc.py:237}}
Feb 16 12:41:26.733228 dv-neutron-829487-1-hyperv neutron-server[88444]: DEBUG neutron.api.rpc.handlers.resources_rpc [None req-fbef769c-6bb8-468c-8efe-01d8ced85e76 tempest-ServersTestJSON-54163481 tempest-ServersTestJSON-54163481-project] Pushing event updated for resources: {'SecurityGroup': ['ID=13803170-bf93-441e-bd14-d12da659fc26,revision_number=1']} {{(pid=88444) push /opt/stack/neutron/neutron/api/rpc/handlers/resources_rpc.py:237}}
Feb 16 12:41:26.744823 dv-neutron-829487-1-hyperv neutron-server[88443]: DEBUG neutron_lib.callbacks.manager [None req-35e5a70c-8e19-4a9a-8d90-ed3fe7459b8c tempest-DHCPAgentSchedulersTestJSON-151528344 tempest-DHCPAgentSchedulersTestJSON-151528344-project] Subscribe: > segment before_delete 55550000 {{(pid=88443) subscribe /usr/local/lib/python3.8/dist-packages/neutron_lib/callbacks/manager.py:45}}
Feb 16 12:41:26.745181 dv-neutron-829487-1-hyperv neutron-server[88443]: DEBUG neutron_lib.callbacks.manager [None req-35e5a70c-8e19-4a9a-8d90-ed3fe7459b8c tempest-DHCPAgentSchedulersTestJSON-151528344 tempest-DHCPAgentSchedulersTestJSON-151528344-project] Subscribe: > subnet precommit_delete_associations 55550000 {{(pid=88443) subscribe /usr/local/lib/python3.8/dist-packages/neutron_lib/callbacks/manager.py:45}}
Feb 16 12:41:26.759486 dv-neutron-829487-1-hyperv neutron-server[88443]: DEBUG neutron_lib.callbacks.manager [None req-35e5a70c-8e19-4a9a-8d90-ed3fe7459b8c tempest-DHCPAgentSchedulersTestJSON-151528344 tempest-DHCPAgentSchedulersTestJSON-151528344-project] Subscribe: > segment_host_mapping after_create 55550000 {{(pid=88443) subscribe /usr/local/lib/python3.8/dist-packages/neutron_lib/callbacks/manager.py:45}}
Feb 16 12:41:26.760228 dv-neutron-829487-1-hyperv neutron-server[88443]: DEBUG neutron_lib.callbacks.manager [None req-35e5a70c-8e19-4a9a-8d90-ed3fe7459b8c tempest-DHCPAgentSchedulersTestJSON-151528344 tempest-DHCPAgentSchedulersTestJSON-151528344-project] Subscribe: > port after_create 55550000 {{(pid=88443) subscribe /usr/local/lib/python3.8/dist-packages/neutron_lib/callbacks/manager.py:45}}
Feb 16 12:41:26.760228 dv-neutron-829487-1-hyperv neutron-server[88443]: DEBUG neutron_lib.callbacks.manager [None req-35e5a70c-8e19-4a9a-8d90-ed3fe7459b8c tempest-DHCPAgentSchedulersTestJSON-151528344 tempest-DHCPAgentSchedulersTestJSON-151528344-project] Subscribe: > port after_delete 55550000 {{(pid=88443) subscribe /usr/local/lib/python3.8/dist-packages/neutron_lib/callbacks/manager.py:45}}
Feb 16 12:41:26.760489 dv-neutron-829487-1-hyperv neutron-server[88443]: DEBUG neutron_lib.callbacks.manager [None req-35e5a70c-8e19-4a9a-8d90-ed3fe7459b8c tempest-DHCPAgentSchedulersTestJSON-151528344 tempest-DHCPAgentSchedulersTestJSON-151528344-project] Subscribe: > port after_update 55550000 {{(pid=88443) subscribe /usr/local/lib/python3.8/dist-packages/neutron_lib/callbacks/manager.py:45}}
Feb 16 12:41:26.760809 dv-neutron-829487-1-hyperv neutron-server[88443]: DEBUG neutron_lib.callbacks.manager [None req-35e5a70c-8e19-4a9a-8d90-ed3fe7459b8c tempest-DHCPAgentSchedulersTestJSON-151528344 tempest-DHCPAgentSchedulersTestJSON-151528344-project] Subscribe: > segment after_delete 55550000 {{(pid=88443) subscribe /usr/local/lib/python3.8/dist-packages/neutron_lib/callbacks/manager.py:45}}
Feb 16 12:41:26.761144 dv-neutron-829487-1-hyperv neutron-server[88443]: DEBUG neutron_lib.callbacks.manager [None req-35e5a70c-8e19-4a9a-8d90-ed3fe7459b8c tempest-DHCPAgentSchedulersTestJSON-151528344 tempest-DHCPAgentSchedulersTestJSON-151528344-project] Subscribe: > subnet after_create 55550000 {{(pid=88443) subscribe /usr/local/lib/python3.8/dist-packages/neutron_lib/callbacks/manager.py:45}}
Feb 16 12:41:26.761488 dv-neutron-829487-1-hyperv neutron-server[88443]: DEBUG neutron_lib.callbacks.manager [None req-35e5a70c-8e19-4a9a-8d90-ed3fe7459b8c tempest-DHCPAgentSchedulersTestJSON-151528344 tempest-DHCPAgentSchedulersTestJSON-151528344-project] Subscribe: > subnet after_delete 55550000 {{(pid=88443) subscribe /usr/local/lib/python3.8/dist-packages/neutron_lib/callbacks/manager.py:45}}
Feb 16 12:41:26.761802 dv-neutron-829487-1-hyperv neutron-server[88443]: DEBUG neutron_lib.callbacks.manager [None req-35e5a70c-8e19-4a9a-8d90-ed3fe7459b8c tempest-DHCPAgentSchedulersTestJSON-151528344 tempest-DHCPAgentSchedulersTestJSON-151528344-project] Subscribe: > subnet after_update 55550000 {{(pid=88443) subscribe /usr/local/lib/python3.8/dist-packages/neutron_lib/callbacks/manager.py:45}}
Feb 16 12:41:26.784660 dv-neutron-829487-1-hyperv neutron-server[88444]: DEBUG neutron_lib.callbacks.manager [None req-5ffec2e1-8ac9-453e-960a-92ac82d60a1b tempest-ExternalNetworksTestJSON-1062426481 tempest-ExternalNetworksTestJSON-1062426481-project-admin] Notify callbacks ['neutron.plugins.ml2.plugin.Ml2Plugin._network_delete_precommit_handler-3931273', 'neutron.services.segments.db._delete_segments_for_network-8748313559471'] for network, precommit_delete {{(pid=88444) _notify_loop /usr/local/lib/python3.8/dist-packages/neutron_lib/callbacks/manager.py:192}}
Feb 16 12:41:26.811735 dv-neutron-829487-1-hyperv neutron-server[88444]: DEBUG neutron_lib.callbacks.manager [None req-fbef769c-6bb8-468c-8efe-01d8ced85e76 tempest-ServersTestJSON-54163481 tempest-ServersTestJSON-54163481-project] Notify callbacks [] for security_group, before_response {{(pid=88444) _notify_loop /usr/local/lib/python3.8/dist-packages/neutron_lib/callbacks/manager.py:192}}
Feb 16 12:41:26.813101 dv-neutron-829487-1-hyperv neutron-server[88444]: INFO neutron.wsgi [None req-fbef769c-6bb8-468c-8efe-01d8ced85e76 tempest-ServersTestJSON-54163481 tempest-ServersTestJSON-54163481-project] 10.222.0.47 "POST /v2.0/security-groups HTTP/1.1" status: 201 len: 1780 time: 1.3449402
Feb 16 12:41:26.833783 dv-neutron-829487-1-hyperv neutron-server[88444]: DEBUG neutron.wsgi [-] (88444) accepted ('10.222.0.47', 44490) {{(pid=88444) server /usr/local/lib/python3.8/dist-packages/eventlet/wsgi.py:992}}
Feb 16 12:41:26.851118 dv-neutron-829487-1-hyperv neutron-server[88444]: DEBUG neutron.services.segments.db [None req-5ffec2e1-8ac9-453e-960a-92ac82d60a1b tempest-ExternalNetworksTestJSON-1062426481 tempest-ExternalNetworksTestJSON-1062426481-project-admin] neutron.services.segments.plugin.Plugin method get_segments called with arguments (,) {'filters': {'network_id': ['eed9047b-cd56-449d-aee6-f9817f156a62']}} {{(pid=88444) wrapper /usr/local/lib/python3.8/dist-packages/oslo_log/helpers.py:65}}
Feb 16 12:41:26.863970 dv-neutron-829487-1-hyperv neutron-server[88444]: DEBUG neutron.api.v2.base [None req-24dfe6ce-5d86-4cd5-b1d3-ca0ef5c6e15d tempest-ServersTestJSON-54163481 tempest-ServersTestJSON-54163481-project] Request body: {'security_group_rule': {'security_group_id': '13803170-bf93-441e-bd14-d12da659fc26', 'protocol': 'tcp', 'ethertype': 'IPv4', 'port_range_min': 22, 'port_range_max': 22, 'direction': 'ingress'}} {{(pid=88444) prepare_request_body /opt/stack/neutron/neutron/api/v2/base.py:729}}
Feb 16 12:41:26.869692 dv-neutron-829487-1-hyperv neutron-server[88446]: DEBUG neutron.plugins.ml2.managers [None req-8be03727-adcb-452f-8688-a14c5b2cfdaf None None] Attempting to bind port bd5a33a0-7ddd-411f-8b80-fdcd2547cbcf on host dv-neutron-829487-1-hyperv for vnic_type normal with profile {{(pid=88446) bind_port /opt/stack/neutron/neutron/plugins/ml2/managers.py:790}}
Feb 16 12:41:26.870195 dv-neutron-829487-1-hyperv neutron-server[88446]: DEBUG neutron.plugins.ml2.managers [None req-8be03727-adcb-452f-8688-a14c5b2cfdaf None None] Attempting to bind port bd5a33a0-7ddd-411f-8b80-fdcd2547cbcf by drivers openvswitch,hyperv on host dv-neutron-829487-1-hyperv at level 0 using segments [{'id': 'ac4e769f-0407-4ec2-9d78-3bcb843c8680', 'network_type': 'vlan', 'physical_network': 'physnet1', 'segmentation_id': 70, 'network_id': '36e1f399-a6d1-471c-88c7-46719211fb88'}] {{(pid=88446) _bind_port_level /opt/stack/neutron/neutron/plugins/ml2/managers.py:815}}
Feb 16 12:41:26.871690 dv-neutron-829487-1-hyperv neutron-server[88446]: DEBUG neutron.plugins.ml2.drivers.mech_agent [None req-8be03727-adcb-452f-8688-a14c5b2cfdaf None None] Attempting to bind port bd5a33a0-7ddd-411f-8b80-fdcd2547cbcf on network 36e1f399-a6d1-471c-88c7-46719211fb88 {{(pid=88446) bind_port /opt/stack/neutron/neutron/plugins/ml2/drivers/mech_agent.py:86}}
Feb 16 12:41:26.882565 dv-neutron-829487-1-hyperv neutron-server[88446]: DEBUG neutron.plugins.ml2.drivers.mech_agent [None req-8be03727-adcb-452f-8688-a14c5b2cfdaf None None] Checking agent: {'id': 'd2862d4a-7a03-466b-9a38-92d141b1daca', 'agent_type': 'Open vSwitch agent', 'binary': 'neutron-openvswitch-agent', 'topic': 'N/A', 'host': 'dv-neutron-829487-1-hyperv', 'admin_state_up': True, 'created_at': datetime.datetime(2022, 2, 16, 12, 32, 37), 'started_at': datetime.datetime(2022, 2, 16, 12, 33, 7), 'heartbeat_timestamp': datetime.datetime(2022, 2, 16, 12, 41, 7), 'description': None, 'resources_synced': None, 'availability_zone': None, 'alive': True, 'configurations': {'arp_responder_enabled': False, 'baremetal_smartnic': False, 'bridge_mappings': {'physnet1': 'br-data'}, 'datapath_type': 'system', 'devices': 0, 'enable_distributed_routing': False, 'extensions': [], 'in_distributed_mode': False, 'integration_bridge': 'br-int', 'l2_population': False, 'log_agent_heartbeats': False, 'ovs_capabilities': {'datapath_types': ['netdev', 'system'], 'iface_types': ['erspan', 'geneve', 'gre', 'internal', 'ip6erspan', 'ip6gre', 'lisp', 'patch', 'stt', 'system', 'tap', 'vxlan']}, 'ovs_hybrid_plug': False, 'resource_provider_bandwidths': {}, 'resource_provider_hypervisors': {'br-data': 'dv-neutron-829487-1-hyperv'}, 'resource_provider_inventory_defaults': {'allocation_ratio': 1.0, 'min_unit': 1, 'step_size': 1, 'reserved': 0}, 'tunnel_types': [], 'tunneling_ip': None, 'vhostuser_socket_dir': '/var/run/openvswitch'}, 'resource_versions': {'AddressGroup': '1.2', 'ConntrackHelper': '1.0', 'Log': '1.0', 'Network': '1.1', 'Port': '1.7', 'PortForwarding': '1.2', 'QosPolicy': '1.8', 'SecurityGroup': '1.4', 'SecurityGroupRule': '1.2', 'SubPort': '1.0', 'Subnet': '1.1', 'Trunk': '1.1'}} {{(pid=88446) bind_port /opt/stack/neutron/neutron/plugins/ml2/drivers/mech_agent.py:105}}
Feb 16 12:41:26.887944 dv-neutron-829487-1-hyperv neutron-server[88446]: DEBUG neutron.plugins.ml2.drivers.mech_agent [None req-8be03727-adcb-452f-8688-a14c5b2cfdaf None None] Checking segment: {'id': 'ac4e769f-0407-4ec2-9d78-3bcb843c8680', 'network_type': 'vlan', 'physical_network': 'physnet1', 'segmentation_id': 70, 'network_id': '36e1f399-a6d1-471c-88c7-46719211fb88'} for mappings: {'physnet1': 'br-data'} with network types: ['local', 'flat', 'vlan'] {{(pid=88446) check_segment_for_agent /opt/stack/neutron/neutron/plugins/ml2/drivers/mech_agent.py:343}}
Feb 16 12:41:26.888081 dv-neutron-829487-1-hyperv neutron-server[88444]: DEBUG neutron.db.quota.driver [None req-24dfe6ce-5d86-4cd5-b1d3-ca0ef5c6e15d tempest-ServersTestJSON-54163481 tempest-ServersTestJSON-54163481-project] Resources subnetpool have unlimited quota limit. It is not required to calculate headroom {{(pid=88444) make_reservation /opt/stack/neutron/neutron/db/quota/driver.py:219}}
Feb 16 12:41:26.888586 dv-neutron-829487-1-hyperv neutron-server[88446]: DEBUG neutron_lib.callbacks.manager [None req-8be03727-adcb-452f-8688-a14c5b2cfdaf None None] Notify callbacks [] for ovs_bridge_name, before_read {{(pid=88446) _notify_loop /usr/local/lib/python3.8/dist-packages/neutron_lib/callbacks/manager.py:192}}
Feb 16 12:41:26.889041 dv-neutron-829487-1-hyperv neutron-server[88446]: DEBUG neutron.plugins.ml2.drivers.mech_agent [None req-8be03727-adcb-452f-8688-a14c5b2cfdaf None None] Bound using segment: {'id': 'ac4e769f-0407-4ec2-9d78-3bcb843c8680', 'network_type': 'vlan', 'physical_network': 'physnet1', 'segmentation_id': 70, 'network_id': '36e1f399-a6d1-471c-88c7-46719211fb88'} {{(pid=88446) bind_port /opt/stack/neutron/neutron/plugins/ml2/drivers/mech_agent.py:115}}
Feb 16 12:41:26.889546 dv-neutron-829487-1-hyperv neutron-server[88446]: DEBUG neutron.plugins.ml2.managers [None req-8be03727-adcb-452f-8688-a14c5b2cfdaf None None] Bound port: bd5a33a0-7ddd-411f-8b80-fdcd2547cbcf, host: dv-neutron-829487-1-hyperv, vif_type: ovs, vif_details: {"connectivity": "l2", "port_filter": true, "ovs_hybrid_plug": false, "datapath_type": "system", "bridge_name": "br-int"}, binding_levels: [{'bound_driver': 'openvswitch', 'bound_segment': {'id': 'ac4e769f-0407-4ec2-9d78-3bcb843c8680', 'network_type': 'vlan', 'physical_network': 'physnet1', 'segmentation_id': 70, 'network_id': '36e1f399-a6d1-471c-88c7-46719211fb88'}}] {{(pid=88446) _bind_port_level /opt/stack/neutron/neutron/plugins/ml2/managers.py:928}}
Feb 16 12:41:26.890087 dv-neutron-829487-1-hyperv neutron-server[88446]: DEBUG neutron_lib.callbacks.manager [None req-8be03727-adcb-452f-8688-a14c5b2cfdaf None None] Notify callbacks ['neutron.plugins.ml2.plugin.SecurityGroupDbMixin._ensure_default_security_group_handler-3770092'] for port, before_update {{(pid=88446) _notify_loop /usr/local/lib/python3.8/dist-packages/neutron_lib/callbacks/manager.py:192}}
Feb 16 12:41:26.898170 dv-neutron-829487-1-hyperv neutron-server[88444]: DEBUG neutron.services.segments.db [None req-5ffec2e1-8ac9-453e-960a-92ac82d60a1b tempest-ExternalNetworksTestJSON-1062426481 tempest-ExternalNetworksTestJSON-1062426481-project-admin] neutron.services.segments.plugin.Plugin method delete_segment called with arguments (, '13cec5a6-aa3c-47b3-aff1-c665d4be78c5') {'for_net_delete': True} {{(pid=88444) wrapper /usr/local/lib/python3.8/dist-packages/oslo_log/helpers.py:65}}
Feb 16 12:41:26.898473 dv-neutron-829487-1-hyperv neutron-server[88444]: DEBUG neutron.services.segments.db [None req-5ffec2e1-8ac9-453e-960a-92ac82d60a1b tempest-ExternalNetworksTestJSON-1062426481 tempest-ExternalNetworksTestJSON-1062426481-project-admin] neutron.services.segments.plugin.Plugin method get_segment called with arguments (, '13cec5a6-aa3c-47b3-aff1-c665d4be78c5') {} {{(pid=88444) wrapper /usr/local/lib/python3.8/dist-packages/oslo_log/helpers.py:65}}
Feb 16 12:41:26.907088 dv-neutron-829487-1-hyperv neutron-server[88444]: DEBUG neutron.quota.resource [None req-24dfe6ce-5d86-4cd5-b1d3-ca0ef5c6e15d tempest-ServersTestJSON-54163481 tempest-ServersTestJSON-54163481-project] Usage tracker for resource:security_group_rule and tenant:20642a7c8ad54f0a8e01f9fd81b9dc5b is out of sync, need to count used quota {{(pid=88444) count_used /opt/stack/neutron/neutron/quota/resource.py:270}}
Feb 16 12:41:26.917174 dv-neutron-829487-1-hyperv neutron-server[88444]: DEBUG neutron.quota.resource [None req-24dfe6ce-5d86-4cd5-b1d3-ca0ef5c6e15d tempest-ServersTestJSON-54163481 tempest-ServersTestJSON-54163481-project] Quota usage for security_group_rule was recalculated. Used quota:6. {{(pid=88444) count_used /opt/stack/neutron/neutron/quota/resource.py:290}}
Feb 16 12:41:26.937917 dv-neutron-829487-1-hyperv neutron-server[88444]: DEBUG neutron.db.quota.driver [None req-24dfe6ce-5d86-4cd5-b1d3-ca0ef5c6e15d tempest-ServersTestJSON-54163481 tempest-ServersTestJSON-54163481-project] Attempting to reserve 1 items for resource security_group_rule. Total usage: 6; quota limit: 100; headroom:94 {{(pid=88444) make_reservation /opt/stack/neutron/neutron/db/quota/driver.py:246}}
Feb 16 12:41:26.947789 dv-neutron-829487-1-hyperv neutron-server[88444]: DEBUG neutron_lib.callbacks.manager [None req-5ffec2e1-8ac9-453e-960a-92ac82d60a1b tempest-ExternalNetworksTestJSON-1062426481 tempest-ExternalNetworksTestJSON-1062426481-project-admin] Notify callbacks ['neutron.plugins.ml2.db._prevent_segment_delete_with_port_bound-8748313562570', 'neutron.services.segments.plugin.Plugin._prevent_segment_delete_with_subnet_associated-1067618326'] for segment, before_delete {{(pid=88444) _notify_loop /usr/local/lib/python3.8/dist-packages/neutron_lib/callbacks/manager.py:192}}
Feb 16 12:41:26.963364 dv-neutron-829487-1-hyperv neutron-server[88444]: DEBUG neutron_lib.callbacks.manager [None req-3ea63124-09cb-4ec8-ba7c-875e90b423d0 tempest-AllowedAddressPairIpV6TestJSON-151054263 tempest-AllowedAddressPairIpV6TestJSON-151054263-project] Notify callbacks [] for port, precommit_create {{(pid=88444) _notify_loop /usr/local/lib/python3.8/dist-packages/neutron_lib/callbacks/manager.py:192}}
Feb 16 12:41:26.972756 dv-neutron-829487-1-hyperv neutron-server[88443]: DEBUG neutron_lib.callbacks.manager [None req-35e5a70c-8e19-4a9a-8d90-ed3fe7459b8c tempest-DHCPAgentSchedulersTestJSON-151528344 tempest-DHCPAgentSchedulersTestJSON-151528344-project] Subscribe: > subnet after_create 55550000 {{(pid=88443) subscribe /usr/local/lib/python3.8/dist-packages/neutron_lib/callbacks/manager.py:45}}
Feb 16 12:41:26.973256 dv-neutron-829487-1-hyperv neutron-server[88443]: DEBUG neutron_lib.callbacks.manager [None req-35e5a70c-8e19-4a9a-8d90-ed3fe7459b8c tempest-DHCPAgentSchedulersTestJSON-151528344 tempest-DHCPAgentSchedulersTestJSON-151528344-project] Subscribe: > subnet after_delete 55550000 {{(pid=88443) subscribe /usr/local/lib/python3.8/dist-packages/neutron_lib/callbacks/manager.py:45}}
Feb 16 12:41:26.973413 dv-neutron-829487-1-hyperv neutron-server[88443]: DEBUG neutron_lib.callbacks.manager [None req-35e5a70c-8e19-4a9a-8d90-ed3fe7459b8c tempest-DHCPAgentSchedulersTestJSON-151528344 tempest-DHCPAgentSchedulersTestJSON-151528344-project] Subscribe: > subnet before_create 55550000 {{(pid=88443) subscribe /usr/local/lib/python3.8/dist-packages/neutron_lib/callbacks/manager.py:45}}
Feb 16 12:41:26.973732 dv-neutron-829487-1-hyperv neutron-server[88443]: DEBUG neutron_lib.callbacks.manager [None req-35e5a70c-8e19-4a9a-8d90-ed3fe7459b8c tempest-DHCPAgentSchedulersTestJSON-151528344 tempest-DHCPAgentSchedulersTestJSON-151528344-project] Subscribe: > subnet before_update 55550000 {{(pid=88443) subscribe /usr/local/lib/python3.8/dist-packages/neutron_lib/callbacks/manager.py:45}}
Feb 16 12:41:26.974256 dv-neutron-829487-1-hyperv neutron-server[88443]: DEBUG neutron.services.segments.db [None req-35e5a70c-8e19-4a9a-8d90-ed3fe7459b8c tempest-DHCPAgentSchedulersTestJSON-151528344 tempest-DHCPAgentSchedulersTestJSON-151528344-project] neutron.services.segments.plugin.Plugin method get_segments called with arguments (,) {'filters': {'network_id': ['b9fa90ce-cddc-4fd4-933f-81ef7e010974']}} {{(pid=88443) wrapper /usr/local/lib/python3.8/dist-packages/oslo_log/helpers.py:65}}
Feb 16 12:41:26.988713 dv-neutron-829487-1-hyperv neutron-server[88444]: DEBUG neutron_lib.callbacks.manager [None req-5ffec2e1-8ac9-453e-960a-92ac82d60a1b tempest-ExternalNetworksTestJSON-1062426481 tempest-ExternalNetworksTestJSON-1062426481-project-admin] Notify callbacks ['neutron.plugins.ml2.plugin.Ml2Plugin._handle_segment_change-3918992'] for segment, precommit_delete {{(pid=88444) _notify_loop /usr/local/lib/python3.8/dist-packages/neutron_lib/callbacks/manager.py:192}}
Feb 16 12:41:27.010371 dv-neutron-829487-1-hyperv neutron-server[88443]: DEBUG neutron.plugins.ml2.drivers.mech_agent [None req-cd73746c-5622-4a5c-a48b-41a742115550 tempest-PortsAdminExtendedAttrsIpV6TestJSON-685675596 tempest-PortsAdminExtendedAttrsIpV6TestJSON-685675596-project-admin] Port 581329eb-0177-4b60-a271-84ffbc205799 on network 86849418-afa1-43cb-a5dc-84de0abb2dbc not bound, no agent of type Open vSwitch agent registered on host hv-neutron-8294 {{(pid=88443) bind_port /opt/stack/neutron/neutron/plugins/ml2/drivers/mech_agent.py:98}}
Feb 16 12:41:27.010697 dv-neutron-829487-1-hyperv neutron-server[88443]: ERROR neutron.plugins.ml2.managers [None req-cd73746c-5622-4a5c-a48b-41a742115550 tempest-PortsAdminExtendedAttrsIpV6TestJSON-685675596 tempest-PortsAdminExtendedAttrsIpV6TestJSON-685675596-project-admin] Failed to bind port 581329eb-0177-4b60-a271-84ffbc205799 on host hv-neutron-8294 for vnic_type normal using segments [{'id': '08eafdda-69c8-466d-86c5-c872028957f2', 'network_type': 'vlan', 'physical_network': 'physnet1', 'segmentation_id': 50, 'network_id': '86849418-afa1-43cb-a5dc-84de0abb2dbc'}]
Feb 16 12:41:27.013792 dv-neutron-829487-1-hyperv neutron-server[88444]: DEBUG neutron.db.provisioning_blocks [None req-3ea63124-09cb-4ec8-ba7c-875e90b423d0 tempest-AllowedAddressPairIpV6TestJSON-151054263 tempest-AllowedAddressPairIpV6TestJSON-151054263-project] Transition to ACTIVE for port object 25bf5c96-3532-4fc4-8556-7018f2efdb63 will not be triggered until provisioned by entity DHCP. {{(pid=88444) add_provisioning_component /opt/stack/neutron/neutron/db/provisioning_blocks.py:73}}
Feb 16 12:41:27.015462 dv-neutron-829487-1-hyperv neutron-server[88443]: INFO neutron.plugins.ml2.plugin [None req-cd73746c-5622-4a5c-a48b-41a742115550 tempest-PortsAdminExtendedAttrsIpV6TestJSON-685675596 tempest-PortsAdminExtendedAttrsIpV6TestJSON-685675596-project-admin] Attempt 7 to bind port 581329eb-0177-4b60-a271-84ffbc205799
Feb 16 12:41:27.017720 dv-neutron-829487-1-hyperv neutron-server[88444]: DEBUG neutron.plugins.ml2.drivers.type_vlan [None req-5ffec2e1-8ac9-453e-960a-92ac82d60a1b tempest-ExternalNetworksTestJSON-1062426481 tempest-ExternalNetworksTestJSON-1062426481-project-admin] Releasing vlan 98 on physical network physnet1 to pool {{(pid=88444) release_segment /opt/stack/neutron/neutron/plugins/ml2/drivers/type_vlan.py:304}}
Feb 16 12:41:27.018360 dv-neutron-829487-1-hyperv neutron-server[88444]: DEBUG neutron_lib.callbacks.manager [None req-5ffec2e1-8ac9-453e-960a-92ac82d60a1b tempest-ExternalNetworksTestJSON-1062426481 tempest-ExternalNetworksTestJSON-1062426481-project-admin] Notify callbacks ['neutron.plugins.ml2.plugin.Ml2Plugin._handle_after_delete_segment_change-3918985', 'neutron.services.segments.plugin.NovaSegmentNotifier._notify_segment_deleted-1067622344'] for segment, after_delete {{(pid=88444) _notify_loop /usr/local/lib/python3.8/dist-packages/neutron_lib/callbacks/manager.py:192}}
Feb 16 12:41:27.036438 dv-neutron-829487-1-hyperv neutron-server[88443]: DEBUG neutron.services.segments.db [None req-35e5a70c-8e19-4a9a-8d90-ed3fe7459b8c tempest-DHCPAgentSchedulersTestJSON-151528344 tempest-DHCPAgentSchedulersTestJSON-151528344-project] neutron.services.segments.plugin.Plugin method delete_segment called with arguments (, 'a2b3311c-ea19-42bb-be27-fc2b5a950a8f') {'for_net_delete': True} {{(pid=88443) wrapper /usr/local/lib/python3.8/dist-packages/oslo_log/helpers.py:65}}
Feb 16 12:41:27.036986 dv-neutron-829487-1-hyperv neutron-server[88443]: DEBUG neutron.services.segments.db [None req-35e5a70c-8e19-4a9a-8d90-ed3fe7459b8c tempest-DHCPAgentSchedulersTestJSON-151528344 tempest-DHCPAgentSchedulersTestJSON-151528344-project] neutron.services.segments.plugin.Plugin method get_segment called with arguments (, 'a2b3311c-ea19-42bb-be27-fc2b5a950a8f') {} {{(pid=88443) wrapper /usr/local/lib/python3.8/dist-packages/oslo_log/helpers.py:65}}
Feb 16 12:41:27.037313 dv-neutron-829487-1-hyperv neutron-server[88444]: Traceback (most recent call last):
Feb 16 12:41:27.037313 dv-neutron-829487-1-hyperv neutron-server[88444]: File "/usr/local/lib/python3.8/dist-packages/eventlet/hubs/hub.py", line 476, in fire_timers
Feb 16 12:41:27.037313 dv-neutron-829487-1-hyperv neutron-server[88444]: timer()
Feb 16 12:41:27.037313 dv-neutron-829487-1-hyperv neutron-server[88444]: File "/usr/local/lib/python3.8/dist-packages/eventlet/hubs/timer.py", line 59, in __call__
Feb 16 12:41:27.037313 dv-neutron-829487-1-hyperv neutron-server[88444]: cb(*args, **kw)
Feb 16 12:41:27.037313 dv-neutron-829487-1-hyperv neutron-server[88444]: File "/opt/stack/neutron/neutron/common/utils.py", line 912, in wrapper
Feb 16 12:41:27.037313 dv-neutron-829487-1-hyperv neutron-server[88444]: return func(*args, **kwargs)
Feb 16 12:41:27.037313 dv-neutron-829487-1-hyperv neutron-server[88444]: File "/opt/stack/neutron/neutron/notifiers/batch_notifier.py", line 58, in synced_send
Feb 16 12:41:27.037313 dv-neutron-829487-1-hyperv neutron-server[88444]: self._notify()
Feb 16 12:41:27.037313 dv-neutron-829487-1-hyperv neutron-server[88444]: File "/opt/stack/neutron/neutron/notifiers/batch_notifier.py", line 69, in _notify
Feb 16 12:41:27.037313 dv-neutron-829487-1-hyperv neutron-server[88444]: self.callback(batched_events)
Feb 16 12:41:27.037313 dv-neutron-829487-1-hyperv neutron-server[88444]: File "/opt/stack/neutron/neutron/services/segments/plugin.py", line 211, in _send_notifications
Feb 16 12:41:27.037313 dv-neutron-829487-1-hyperv neutron-server[88444]: event.method(event)
Feb 16 12:41:27.037313 dv-neutron-829487-1-hyperv neutron-server[88444]: File "/opt/stack/neutron/neutron/services/segments/plugin.py", line 379, in _delete_nova_inventory
Feb 16 12:41:27.037313 dv-neutron-829487-1-hyperv neutron-server[88444]: aggregate_id = self._get_aggregate_id(event.segment_id)
Feb 16 12:41:27.037313 dv-neutron-829487-1-hyperv neutron-server[88444]: File "/opt/stack/neutron/neutron/services/segments/plugin.py", line 366, in _get_aggregate_id
Feb 16 12:41:27.037313 dv-neutron-829487-1-hyperv neutron-server[88444]: aggregate_uuid = self.p_client.list_aggregates(
Feb 16 12:41:27.037313 dv-neutron-829487-1-hyperv neutron-server[88444]: File "/usr/local/lib/python3.8/dist-packages/neutron_lib/placement/client.py", line 57, in wrapper
Feb 16 12:41:27.037313 dv-neutron-829487-1-hyperv neutron-server[88444]: return f(self, *a, **k)
Feb 16 12:41:27.037313 dv-neutron-829487-1-hyperv neutron-server[88444]: File "/usr/local/lib/python3.8/dist-packages/neutron_lib/placement/client.py", line 553, in list_aggregates
Feb 16 12:41:27.037313 dv-neutron-829487-1-hyperv neutron-server[88444]: return self._get(url).json()
Feb 16 12:41:27.037313 dv-neutron-829487-1-hyperv neutron-server[88444]: File "/usr/local/lib/python3.8/dist-packages/neutron_lib/placement/client.py", line 189, in _get
Feb 16 12:41:27.037313 dv-neutron-829487-1-hyperv neutron-server[88444]: return self._client.get(url, endpoint_filter=self._ks_filter,
Feb 16 12:41:27.037313 dv-neutron-829487-1-hyperv neutron-server[88444]: File "/usr/local/lib/python3.8/dist-packages/keystoneauth1/session.py", line 1141, in get
Feb 16 12:41:27.037313 dv-neutron-829487-1-hyperv neutron-server[88444]: return self.request(url, 'GET', **kwargs)
Feb 16 12:41:27.037313 dv-neutron-829487-1-hyperv neutron-server[88444]: File "/usr/local/lib/python3.8/dist-packages/keystoneauth1/session.py", line 811, in request
Feb 16 12:41:27.037313 dv-neutron-829487-1-hyperv neutron-server[88444]: base_url = self.get_endpoint(auth, allow=allow,
Feb 16 12:41:27.037313 dv-neutron-829487-1-hyperv neutron-server[88444]: File "/usr/local/lib/python3.8/dist-packages/keystoneauth1/session.py", line 1241, in get_endpoint
Feb 16 12:41:27.037313 dv-neutron-829487-1-hyperv neutron-server[88444]: auth = self._auth_required(auth, 'determine endpoint URL')
Feb 16 12:41:27.037313 dv-neutron-829487-1-hyperv neutron-server[88444]: File "/usr/local/lib/python3.8/dist-packages/keystoneauth1/session.py", line 1181, in _auth_required
Feb 16 12:41:27.037313 dv-neutron-829487-1-hyperv neutron-server[88444]: raise exceptions.MissingAuthPlugin(msg_fmt % msg)
Feb 16 12:41:27.037313 dv-neutron-829487-1-hyperv neutron-server[88444]: keystoneauth1.exceptions.auth_plugins.MissingAuthPlugin: An auth plugin is required to determine endpoint URL
Feb 16 12:41:27.069105 dv-neutron-829487-1-hyperv neutron-server[88445]: DEBUG neutron.db.l3_hamode_db [None req-0161d335-071b-48b4-b61a-2a69827dde42 None None] neutron.services.l3_router.l3_router_plugin.L3RouterPlugin method _process_sync_ha_data called with arguments (, [{'id': 'acfa09c5-c493-4dbe-976e-6c88ad83f7e0', 'name': 'tempest-ServersTestJSON-383127520-router', 'tenant_id': '20642a7c8ad54f0a8e01f9fd81b9dc5b', 'admin_state_up': True, 'status': 'ACTIVE', 'external_gateway_info': {'network_id': '899eec45-c7b7-4526-b2b5-ff758a8c35fb', 'external_fixed_ips': [{'subnet_id': 'c9189abb-b336-4670-a330-04a109614ae9', 'ip_address': '172.26.6.191'}], 'enable_snat': True}, 'gw_port_id': '9be8a8a9-8c90-4bb0-8011-efca8b6cae39', 'description': '', 'availability_zones': ['nova'], 'distributed': False, 'ha': False, 'ha_vr_id': 0, 'availability_zone_hints': [], 'routes': [], 'flavor_id': None, 'tags': [], 'created_at': '2022-02-16T12:41:05Z', 'updated_at': '2022-02-16T12:41:21Z', 'revision_number': 4, 'project_id': '20642a7c8ad54f0a8e01f9fd81b9dc5b', 'gw_port': {'id': '9be8a8a9-8c90-4bb0-8011-efca8b6cae39', 'name': '', 'network_id': '899eec45-c7b7-4526-b2b5-ff758a8c35fb', 'tenant_id': '', 'mac_address': 'fa:16:3e:cd:18:3f', 'admin_state_up': True, 'status': 'ACTIVE', 'device_id': 'acfa09c5-c493-4dbe-976e-6c88ad83f7e0', 'device_owner': 'network:router_gateway', 'standard_attr_id': 93, 'fixed_ips': [{'subnet_id': 'c9189abb-b336-4670-a330-04a109614ae9', 'ip_address': '172.26.6.191', 'prefixlen': 24}], 'allowed_address_pairs': [], 'extra_dhcp_opts': [], 'security_groups': [], 'description': '', 'binding:vnic_type': 'normal', 'binding:profile': {}, 'binding:host_id': 'dv-neutron-829487-1-hyperv', 'binding:vif_type': 'ovs', 'binding:vif_details': {'connectivity': 'l2', 'port_filter': True, 'ovs_hybrid_plug': False, 'datapath_type': 'system', 'bridge_name': 'br-int'}, 'port_security_enabled': False, 'tags': [], 'created_at': '2022-02-16T12:41:07Z', 'updated_at': '2022-02-16T12:41:20Z', 'revision_number': 4, 'project_id': '', 'subnets': [{'id': 'c9189abb-b336-4670-a330-04a109614ae9', 'cidr': '172.26.6.0/24', 'gateway_ip': '172.26.6.1', 'dns_nameservers': [], 'ipv6_ra_mode': None, 'subnetpool_id': None}], 'extra_subnets': [], 'address_scopes': {4: None, 6: None}, 'mtu': 1500}, 'enable_snat': True, 'gw_port_host': 'dv-neutron-829487-1-hyperv', '_interfaces': [{'id': '27c8cd8f-e9f3-4424-ae69-e03e480cc445', 'name': '', 'network_id': '0364b0f6-bd6f-4fb2-b786-64c5ec6cd88f', 'tenant_id': '20642a7c8ad54f0a8e01f9fd81b9dc5b', 'mac_address': 'fa:16:3e:a0:d9:b9', 'admin_state_up': True, 'status': 'DOWN', 'device_id': 'acfa09c5-c493-4dbe-976e-6c88ad83f7e0', 'device_owner': 'network:router_interface', 'standard_attr_id': 129, 'fixed_ips': [{'subnet_id': 'babdde1c-242e-47ce-8104-d34de9bf4946', 'ip_address': '172.20.0.1', 'prefixlen': 28}], 'allowed_address_pairs': [], 'extra_dhcp_opts': [], 'security_groups': [], 'description': '', 'binding:vnic_type': 'normal', 'binding:profile': {}, 'binding:host_id': 'dv-neutron-829487-1-hyperv', 'binding:vif_type': 'ovs', 'binding:vif_details': {'connectivity': 'l2', 'port_filter': True, 'ovs_hybrid_plug': False, 'datapath_type': 'system', 'bridge_name': 'br-int'}, 'port_security_enabled': False, 'tags': [], 'created_at': '2022-02-16T12:41:17Z', 'updated_at': '2022-02-16T12:41:26Z', 'revision_number': 4, 'project_id': '20642a7c8ad54f0a8e01f9fd81b9dc5b', 'subnets': [{'id': 'babdde1c-242e-47ce-8104-d34de9bf4946', 'cidr': '172.20.0.0/28', 'gateway_ip': '172.20.0.1', 'dns_nameservers': [], 'ipv6_ra_mode': None, 'subnetpool_id': None}], 'extra_subnets': [], 'address_scopes': {4: None, 6: None}, 'mtu': 1500}]}], 'dv-neutron-829487-1-hyperv', False) {} {{(pid=88445) wrapper /usr/local/lib/python3.8/dist-packages/oslo_log/helpers.py:65}}
