Mar 15 08:03:17.868769 dv-neutron-829161-4-hyperv neutron-server[104217]: DEBUG neutron.api.rpc.handlers.resources_rpc [None req-9c17eaca-2a7f-4d55-a06d-bc0993303ae4 admin admin] Pushing event updated for resources: {'Network': ['ID=c420c54f-0e07-49d1-95c8-a204b1f57cc9,revision_number=1']} {{(pid=104217) push /opt/stack/neutron/neutron/api/rpc/handlers/resources_rpc.py:237}}
Mar 15 08:03:17.878387 dv-neutron-829161-4-hyperv neutron-server[104218]: DEBUG neutron_lib.callbacks.manager [None req-8d16b1d8-4a12-4aeb-b545-ba6f4f0c71c9 admin admin] Publish callbacks ['neutron.services.auto_allocate.db._ensure_external_network_default_value_callback-8771753825711'] for network (23726d1c-bf48-448e-9406-58d5fc276c73), precommit_create {{(pid=104218) _notify_loop /usr/local/lib/python3.8/dist-packages/neutron_lib/callbacks/manager.py:176}}
Mar 15 08:03:17.882450 dv-neutron-829161-4-hyperv neutron-server[104217]: INFO neutron.wsgi [None req-50050e97-8320-48f7-86a3-70c6f258081e admin admin] 10.222.0.18 "POST /v2.0/networks HTTP/1.1" status: 201 len: 879 time: 0.8610759
Mar 15 08:03:17.884251 dv-neutron-829161-4-hyperv neutron-server[104217]: DEBUG neutron.wsgi [-] (104217) accepted ('10.222.0.18', 53398) {{(pid=104217) server /usr/local/lib/python3.8/dist-packages/eventlet/wsgi.py:1004}}
Mar 15 08:03:17.890081 dv-neutron-829161-4-hyperv neutron-server[104217]: DEBUG neutron.api.v2.base [None req-09a12c6c-1dde-4c83-990f-c1b48d8ed01b admin admin] Request body: {'subnet': {'network_id': '3913c7c1-08f2-4c4a-803f-cd33c38da05e', 'cidr': '172.20.0.0/28', 'name': 'tempest-ServersTestJSON-1301513703-subnet', 'tenant_id': '064b71d06bb546f089644d7107465977', 'enable_dhcp': True, 'ip_version': 4}} {{(pid=104217) prepare_request_body /opt/stack/neutron/neutron/api/v2/base.py:729}}
Mar 15 08:03:17.908221 dv-neutron-829161-4-hyperv neutron-server[104218]: DEBUG neutron_lib.callbacks.manager [None req-8d16b1d8-4a12-4aeb-b545-ba6f4f0c71c9 admin admin] Publish callbacks ['neutron.plugins.ml2.ovo_rpc._ObjectChangeHandler.handle_event-547824', 'neutron.api.rpc.agentnotifiers.dhcp_rpc_agent_api.DhcpAgentNotifyAPI._native_event_send_dhcp_notification-581389'] for network (23726d1c-bf48-448e-9406-58d5fc276c73), after_create {{(pid=104218) _notify_loop /usr/local/lib/python3.8/dist-packages/neutron_lib/callbacks/manager.py:176}}
Mar 15 08:03:17.909414 dv-neutron-829161-4-hyperv neutron-server[104218]: DEBUG neutron.pecan_wsgi.hooks.policy_enforcement [None req-8d16b1d8-4a12-4aeb-b545-ba6f4f0c71c9 admin admin] Attributes excluded by policy engine: ['standard_attr_id', 'vlan_transparent'] {{(pid=104218) _exclude_attributes_by_policy /opt/stack/neutron/neutron/pecan_wsgi/hooks/policy_enforcement.py:255}}
Mar 15 08:03:17.910060 dv-neutron-829161-4-hyperv neutron-server[104218]: DEBUG neutron_lib.callbacks.manager [None req-8d16b1d8-4a12-4aeb-b545-ba6f4f0c71c9 admin admin] Publish callbacks ['neutron.api.rpc.agentnotifiers.dhcp_rpc_agent_api.DhcpAgentNotifyAPI._send_dhcp_notification-581439'] for network (None), before_response {{(pid=104218) _notify_loop /usr/local/lib/python3.8/dist-packages/neutron_lib/callbacks/manager.py:176}}
Mar 15 08:03:17.914386 dv-neutron-829161-4-hyperv neutron-server[104217]: INFO neutron.wsgi [None req-9c17eaca-2a7f-4d55-a06d-bc0993303ae4 admin admin] 10.222.0.18 "POST /v2.0/networks HTTP/1.1" status: 201 len: 884 time: 0.7756279
Mar 15 08:03:17.915767 dv-neutron-829161-4-hyperv neutron-server[104217]: DEBUG neutron.wsgi [-] (104217) accepted ('10.222.0.18', 53400) {{(pid=104217) server /usr/local/lib/python3.8/dist-packages/eventlet/wsgi.py:1004}}
Mar 15 08:03:17.916903 dv-neutron-829161-4-hyperv neutron-server[104217]: DEBUG neutron.pecan_wsgi.hooks.quota_enforcement [None req-09a12c6c-1dde-4c83-990f-c1b48d8ed01b admin admin] Made reservation on behalf of 064b71d06bb546f089644d7107465977 for: {'subnet': 1} {{(pid=104217) before /opt/stack/neutron/neutron/pecan_wsgi/hooks/quota_enforcement.py:53}}
Mar 15 08:03:17.919423 dv-neutron-829161-4-hyperv neutron-server[104217]: DEBUG neutron_lib.callbacks.manager [None req-09a12c6c-1dde-4c83-990f-c1b48d8ed01b admin admin] Publish callbacks [] for subnet (None), before_create {{(pid=104217) _notify_loop /usr/local/lib/python3.8/dist-packages/neutron_lib/callbacks/manager.py:176}}
Mar 15 08:03:17.925669 dv-neutron-829161-4-hyperv neutron-server[104217]: DEBUG neutron.api.v2.base [None req-aeb08eec-f468-4cad-81c2-436df4a08396 admin admin] Request body: {'subnet': {'network_id': 'c420c54f-0e07-49d1-95c8-a204b1f57cc9', 'cidr': '172.20.0.0/28', 'name': 'tempest-ServerActionsTestJSON-274952032-subnet', 'tenant_id': '5abcbe1edc3d47e39529e7d99ff1e488', 'enable_dhcp': True, 'ip_version': 4}} {{(pid=104217) prepare_request_body /opt/stack/neutron/neutron/api/v2/base.py:729}}
Mar 15 08:03:17.969200 dv-neutron-829161-4-hyperv neutron-server[104219]: DEBUG neutron.plugins.ml2.rpc [None req-527b0795-501e-4075-8018-cc2096d392a2 None None] Network c420c54f-0e07-49d1-95c8-a204b1f57cc9 details requested by agent ovs-agent-dv-neutron-829161-4-hyperv with host dv-neutron-829161-4-hyperv {{(pid=104219) get_network_details /opt/stack/neutron/neutron/plugins/ml2/rpc.py:248}}
Mar 15 08:03:17.986824 dv-neutron-829161-4-hyperv neutron-server[104218]: DEBUG neutron.api.rpc.handlers.resources_rpc [None req-8d16b1d8-4a12-4aeb-b545-ba6f4f0c71c9 admin admin] Pushing event updated for resources: {'Network': ['ID=23726d1c-bf48-448e-9406-58d5fc276c73,revision_number=1']} {{(pid=104218) push /opt/stack/neutron/neutron/api/rpc/handlers/resources_rpc.py:237}}
Mar 15 08:03:17.992383 dv-neutron-829161-4-hyperv neutron-server[104218]: INFO neutron.wsgi [None req-8d16b1d8-4a12-4aeb-b545-ba6f4f0c71c9 admin admin] 10.222.0.18 "POST /v2.0/networks HTTP/1.1" status: 201 len: 884 time: 0.8219373
Mar 15 08:03:17.995460 dv-neutron-829161-4-hyperv neutron-server[104218]: DEBUG neutron.wsgi [-] (104218) accepted ('10.222.0.18', 53402) {{(pid=104218) server /usr/local/lib/python3.8/dist-packages/eventlet/wsgi.py:1004}}
Mar 15 08:03:18.001357 dv-neutron-829161-4-hyperv neutron-server[104218]: DEBUG neutron.api.v2.base [None req-be1e2792-43c5-449e-8fa8-4b25839a0aa8 admin admin] Request body: {'subnet': {'network_id': '23726d1c-bf48-448e-9406-58d5fc276c73', 'cidr': '172.20.0.0/28', 'name': 'tempest-ServersTestManualDisk-311460973-subnet', 'tenant_id': 'd1e25d4917794bb7aa341079f9818069', 'enable_dhcp': True, 'ip_version': 4}} {{(pid=104218) prepare_request_body /opt/stack/neutron/neutron/api/v2/base.py:729}}
Mar 15 08:03:18.008474 dv-neutron-829161-4-hyperv neutron-server[104217]: DEBUG neutron.api.rpc.handlers.resources_rpc [None req-9c17eaca-2a7f-4d55-a06d-bc0993303ae4 admin admin] Pushing event updated for resources: {'SecurityGroup': ['ID=f0a65531-74fd-46ff-80e0-ad968d4054b6,revision_number=1']} {{(pid=104217) push /opt/stack/neutron/neutron/api/rpc/handlers/resources_rpc.py:237}}
Mar 15 08:03:18.022558 dv-neutron-829161-4-hyperv neutron-server[104217]: DEBUG neutron.pecan_wsgi.hooks.quota_enforcement [None req-aeb08eec-f468-4cad-81c2-436df4a08396 admin admin] Made reservation on behalf of 5abcbe1edc3d47e39529e7d99ff1e488 for: {'subnet': 1} {{(pid=104217) before /opt/stack/neutron/neutron/pecan_wsgi/hooks/quota_enforcement.py:53}}
Mar 15 08:03:18.026346 dv-neutron-829161-4-hyperv neutron-server[104217]: DEBUG neutron_lib.callbacks.manager [None req-aeb08eec-f468-4cad-81c2-436df4a08396 admin admin] Publish callbacks [] for subnet (None), before_create {{(pid=104217) _notify_loop /usr/local/lib/python3.8/dist-packages/neutron_lib/callbacks/manager.py:176}}
Mar 15 08:03:18.026607 dv-neutron-829161-4-hyperv neutron-server[104218]: DEBUG neutron.pecan_wsgi.hooks.quota_enforcement [None req-be1e2792-43c5-449e-8fa8-4b25839a0aa8 admin admin] Made reservation on behalf of d1e25d4917794bb7aa341079f9818069 for: {'subnet': 1} {{(pid=104218) before /opt/stack/neutron/neutron/pecan_wsgi/hooks/quota_enforcement.py:53}}
Mar 15 08:03:18.030365 dv-neutron-829161-4-hyperv neutron-server[104218]: DEBUG neutron_lib.callbacks.manager [None req-be1e2792-43c5-449e-8fa8-4b25839a0aa8 admin admin] Publish callbacks [] for subnet (None), before_create {{(pid=104218) _notify_loop /usr/local/lib/python3.8/dist-packages/neutron_lib/callbacks/manager.py:176}}
Mar 15 08:03:18.063179 dv-neutron-829161-4-hyperv neutron-server[104219]: DEBUG neutron.plugins.ml2.rpc [None req-527b0795-501e-4075-8018-cc2096d392a2 None None] Network 23726d1c-bf48-448e-9406-58d5fc276c73 details requested by agent ovs-agent-dv-neutron-829161-4-hyperv with host dv-neutron-829161-4-hyperv {{(pid=104219) get_network_details /opt/stack/neutron/neutron/plugins/ml2/rpc.py:248}}
Mar 15 08:03:18.324548 dv-neutron-829161-4-hyperv neutron-server[104217]: DEBUG neutron_lib.callbacks.manager [None req-aeb08eec-f468-4cad-81c2-436df4a08396 admin admin] Publish callbacks ['neutron.plugins.ml2.ovo_rpc._ObjectChangeHandler.handle_event-564719', 'neutron.api.rpc.agentnotifiers.dhcp_rpc_agent_api.DhcpAgentNotifyAPI._native_event_send_dhcp_notification-581389'] for subnet (d018cf23-212a-459e-b38a-116c464a2496), after_create {{(pid=104217) _notify_loop /usr/local/lib/python3.8/dist-packages/neutron_lib/callbacks/manager.py:176}}
Mar 15 08:03:18.376500 dv-neutron-829161-4-hyperv neutron-server[104218]: DEBUG neutron_lib.callbacks.manager [None req-be1e2792-43c5-449e-8fa8-4b25839a0aa8 admin admin] Publish callbacks ['neutron.plugins.ml2.ovo_rpc._ObjectChangeHandler.handle_event-564719', 'neutron.api.rpc.agentnotifiers.dhcp_rpc_agent_api.DhcpAgentNotifyAPI._native_event_send_dhcp_notification-581389'] for subnet (b56416ff-9ad0-4f9e-a141-41c9936b8f25), after_create {{(pid=104218) _notify_loop /usr/local/lib/python3.8/dist-packages/neutron_lib/callbacks/manager.py:176}}
Mar 15 08:03:18.423724 dv-neutron-829161-4-hyperv neutron-server[104217]: DEBUG neutron.plugins.ml2.drivers.mech_agent [None req-aeb08eec-f468-4cad-81c2-436df4a08396 admin admin] Checking segment: {'id': '5c13993d-75f3-4b80-a3e5-b7b3db8859fb', 'network_type': 'vlan', 'physical_network': 'physnet1', 'segmentation_id': 107, 'network_id': 'c420c54f-0e07-49d1-95c8-a204b1f57cc9'} for mappings: {'physnet1': 'br-data'} with network types: ['local', 'flat', 'vlan'] {{(pid=104217) check_segment_for_agent /opt/stack/neutron/neutron/plugins/ml2/drivers/mech_agent.py:373}}
Mar 15 08:03:18.424102 dv-neutron-829161-4-hyperv neutron-server[104217]: DEBUG neutron.scheduler.dhcp_agent_scheduler [None req-aeb08eec-f468-4cad-81c2-436df4a08396 admin admin] Network hostable DHCP agents. Network: c420c54f-0e07-49d1-95c8-a204b1f57cc9, hostable agents: ['eba909d0-8130-4420-81aa-90bcbedf0f69'], hosted agents: [] {{(pid=104217) _get_network_hostable_dhcp_agents /opt/stack/neutron/neutron/scheduler/dhcp_agent_scheduler.py:329}}
Mar 15 08:03:18.430896 dv-neutron-829161-4-hyperv neutron-server[104217]: DEBUG neutron.api.rpc.handlers.resources_rpc [None req-aeb08eec-f468-4cad-81c2-436df4a08396 admin admin] Pushing event updated for resources: {'Subnet': ['ID=d018cf23-212a-459e-b38a-116c464a2496,revision_number=0']} {{(pid=104217) push /opt/stack/neutron/neutron/api/rpc/handlers/resources_rpc.py:237}}
Mar 15 08:03:18.445768 dv-neutron-829161-4-hyperv neutron-server[104218]: DEBUG neutron.api.rpc.handlers.resources_rpc [None req-be1e2792-43c5-449e-8fa8-4b25839a0aa8 admin admin] Pushing event updated for resources: {'Subnet': ['ID=b56416ff-9ad0-4f9e-a141-41c9936b8f25,revision_number=0']} {{(pid=104218) push /opt/stack/neutron/neutron/api/rpc/handlers/resources_rpc.py:237}}
Mar 15 08:03:18.456420 dv-neutron-829161-4-hyperv neutron-server[104218]: DEBUG neutron.plugins.ml2.drivers.mech_agent [None req-be1e2792-43c5-449e-8fa8-4b25839a0aa8 admin admin] Checking segment: {'id': 'a578792b-0fb2-4d69-8454-e0abc22d9711', 'network_type': 'vlan', 'physical_network': 'physnet1', 'segmentation_id': 100, 'network_id': '23726d1c-bf48-448e-9406-58d5fc276c73'} for mappings: {'physnet1': 'br-data'} with network types: ['local', 'flat', 'vlan'] {{(pid=104218) check_segment_for_agent /opt/stack/neutron/neutron/plugins/ml2/drivers/mech_agent.py:373}}
Mar 15 08:03:18.456772 dv-neutron-829161-4-hyperv neutron-server[104218]: DEBUG neutron.scheduler.dhcp_agent_scheduler [None req-be1e2792-43c5-449e-8fa8-4b25839a0aa8 admin admin] Network hostable DHCP agents. Network: 23726d1c-bf48-448e-9406-58d5fc276c73, hostable agents: ['eba909d0-8130-4420-81aa-90bcbedf0f69'], hosted agents: [] {{(pid=104218) _get_network_hostable_dhcp_agents /opt/stack/neutron/neutron/scheduler/dhcp_agent_scheduler.py:329}}
Mar 15 08:03:18.476005 dv-neutron-829161-4-hyperv neutron-server[104218]: DEBUG neutron.scheduler.dhcp_agent_scheduler [None req-be1e2792-43c5-449e-8fa8-4b25839a0aa8 admin admin] Network 23726d1c-bf48-448e-9406-58d5fc276c73 is scheduled to be hosted by DHCP agent eba909d0-8130-4420-81aa-90bcbedf0f69 with binding_index 1 {{(pid=104218) bind /opt/stack/neutron/neutron/scheduler/dhcp_agent_scheduler.py:227}}
Mar 15 08:03:18.492664 dv-neutron-829161-4-hyperv neutron-server[104217]: DEBUG neutron.scheduler.dhcp_agent_scheduler [None req-aeb08eec-f468-4cad-81c2-436df4a08396 admin admin] Network c420c54f-0e07-49d1-95c8-a204b1f57cc9 is scheduled to be hosted by DHCP agent eba909d0-8130-4420-81aa-90bcbedf0f69 with binding_index 1 {{(pid=104217) bind /opt/stack/neutron/neutron/scheduler/dhcp_agent_scheduler.py:227}}
Mar 15 08:03:18.498319 dv-neutron-829161-4-hyperv neutron-server[104218]: DEBUG neutron.scheduler.base_scheduler [None req-be1e2792-43c5-449e-8fa8-4b25839a0aa8 admin admin] Resources bound (agent type, host, resource id): (DHCP agent, dv-neutron-829161-4-hyperv, 23726d1c-bf48-448e-9406-58d5fc276c73) {{(pid=104218) schedule /opt/stack/neutron/neutron/scheduler/base_scheduler.py:57}}
Mar 15 08:03:18.504089 dv-neutron-829161-4-hyperv neutron-server[104218]: DEBUG neutron.pecan_wsgi.hooks.policy_enforcement [None req-be1e2792-43c5-449e-8fa8-4b25839a0aa8 admin admin] Attributes excluded by policy engine: ['standard_attr_id', 'shared', 'network'] {{(pid=104218) _exclude_attributes_by_policy /opt/stack/neutron/neutron/pecan_wsgi/hooks/policy_enforcement.py:255}}
Mar 15 08:03:18.505017 dv-neutron-829161-4-hyperv neutron-server[104218]: DEBUG neutron_lib.callbacks.manager [None req-be1e2792-43c5-449e-8fa8-4b25839a0aa8 admin admin] Publish callbacks ['neutron.api.rpc.agentnotifiers.dhcp_rpc_agent_api.DhcpAgentNotifyAPI._send_dhcp_notification-581439'] for subnet (None), before_response {{(pid=104218) _notify_loop /usr/local/lib/python3.8/dist-packages/neutron_lib/callbacks/manager.py:176}}
Mar 15 08:03:18.511153 dv-neutron-829161-4-hyperv neutron-server[104219]: DEBUG neutron.api.rpc.handlers.dhcp_rpc [None req-2b64f944-5e7e-405f-95b3-1982b5273b32 None None] Network 23726d1c-bf48-448e-9406-58d5fc276c73 requested from dv-neutron-829161-4-hyperv {{(pid=104219) get_network_info /opt/stack/neutron/neutron/api/rpc/handlers/dhcp_rpc.py:191}}
Mar 15 08:03:18.538336 dv-neutron-829161-4-hyperv neutron-server[104217]: DEBUG neutron.scheduler.base_scheduler [None req-aeb08eec-f468-4cad-81c2-436df4a08396 admin admin] Resources bound (agent type, host, resource id): (DHCP agent, dv-neutron-829161-4-hyperv, c420c54f-0e07-49d1-95c8-a204b1f57cc9) {{(pid=104217) schedule /opt/stack/neutron/neutron/scheduler/base_scheduler.py:57}}
Mar 15 08:03:18.544524 dv-neutron-829161-4-hyperv neutron-server[104218]: INFO neutron.wsgi [None req-be1e2792-43c5-449e-8fa8-4b25839a0aa8 admin admin] 10.222.0.18 "POST /v2.0/subnets HTTP/1.1" status: 201 len: 847 time: 0.5442803
Mar 15 08:03:18.544858 dv-neutron-829161-4-hyperv neutron-server[104218]: DEBUG neutron.wsgi [-] (104218) accepted ('10.222.0.18', 53422) {{(pid=104218) server /usr/local/lib/python3.8/dist-packages/eventlet/wsgi.py:1004}}
Mar 15 08:03:18.553083 dv-neutron-829161-4-hyperv neutron-server[104218]: DEBUG neutron.api.v2.base [None req-ba671fba-9611-499b-8bd8-54e87e41f19c admin admin] Request body: {'router': {'name': 'tempest-ServersTestManualDisk-311460973-router', 'tenant_id': 'd1e25d4917794bb7aa341079f9818069', 'external_gateway_info': {'network_id': '7d8fb0c0-f5fb-4b6d-9dac-6db3c2ca0ecb'}}} {{(pid=104218) prepare_request_body /opt/stack/neutron/neutron/api/v2/base.py:729}}
Mar 15 08:03:18.563372 dv-neutron-829161-4-hyperv neutron-server[104217]: DEBUG neutron.pecan_wsgi.hooks.policy_enforcement [None req-aeb08eec-f468-4cad-81c2-436df4a08396 admin admin] Attributes excluded by policy engine: ['standard_attr_id', 'shared', 'network'] {{(pid=104217) _exclude_attributes_by_policy /opt/stack/neutron/neutron/pecan_wsgi/hooks/policy_enforcement.py:255}}
Mar 15 08:03:18.571913 dv-neutron-829161-4-hyperv neutron-server[104219]: DEBUG neutron.api.rpc.handlers.dhcp_rpc [None req-e88d69f5-d605-4b20-8291-8eca58414d5f None None] Network c420c54f-0e07-49d1-95c8-a204b1f57cc9 requested from dv-neutron-829161-4-hyperv {{(pid=104219) get_network_info /opt/stack/neutron/neutron/api/rpc/handlers/dhcp_rpc.py:191}}
Mar 15 08:03:18.572748 dv-neutron-829161-4-hyperv neutron-server[104217]: DEBUG neutron_lib.callbacks.manager [None req-aeb08eec-f468-4cad-81c2-436df4a08396 admin admin] Publish callbacks ['neutron.api.rpc.agentnotifiers.dhcp_rpc_agent_api.DhcpAgentNotifyAPI._send_dhcp_notification-581439'] for subnet (None), before_response {{(pid=104217) _notify_loop /usr/local/lib/python3.8/dist-packages/neutron_lib/callbacks/manager.py:176}}
Mar 15 08:03:18.588532 dv-neutron-829161-4-hyperv neutron-server[104218]: DEBUG neutron_lib.callbacks.manager [None req-ba671fba-9611-499b-8bd8-54e87e41f19c admin admin] Publish callbacks ['neutron.services.l3_router.l3_router_plugin.L3_HA_NAT_db_mixin._before_router_create_handler-756081', 'neutron.services.l3_router.service_providers.driver_controller.DriverController._check_router_request-9468'] for router (26ad1fb4-4af6-4c72-80bb-9e5cf6f582bf), before_create {{(pid=104218) _notify_loop /usr/local/lib/python3.8/dist-packages/neutron_lib/callbacks/manager.py:176}}
Mar 15 08:03:18.590297 dv-neutron-829161-4-hyperv neutron-server[104218]: DEBUG neutron_lib.callbacks.manager [None req-ba671fba-9611-499b-8bd8-54e87e41f19c admin admin] Publish callbacks ['neutron.services.l3_router.l3_router_plugin.L3_HA_NAT_db_mixin._precommit_router_create-756197', 'neutron.services.l3_router.l3_router_plugin.DVRResourceOperationHandler._set_distributed_flag-756667', 'neutron.services.l3_router.l3_router_plugin.RouterAvailabilityZoneMixin._process_az_request-573234', 'neutron.services.l3_router.service_providers.driver_controller.DriverController._set_router_provider-9415'] for router (26ad1fb4-4af6-4c72-80bb-9e5cf6f582bf), precommit_create {{(pid=104218) _notify_loop /usr/local/lib/python3.8/dist-packages/neutron_lib/callbacks/manager.py:176}}
Mar 15 08:03:18.601779 dv-neutron-829161-4-hyperv neutron-server[104217]: DEBUG neutron_lib.callbacks.manager [None req-09a12c6c-1dde-4c83-990f-c1b48d8ed01b admin admin] Publish callbacks ['neutron.plugins.ml2.ovo_rpc._ObjectChangeHandler.handle_event-564719', 'neutron.api.rpc.agentnotifiers.dhcp_rpc_agent_api.DhcpAgentNotifyAPI._native_event_send_dhcp_notification-581389'] for subnet (364294e8-0c47-41b5-a17d-d8d1be9403cc), after_create {{(pid=104217) _notify_loop /usr/local/lib/python3.8/dist-packages/neutron_lib/callbacks/manager.py:176}}
Mar 15 08:03:18.652582 dv-neutron-829161-4-hyperv neutron-server[104217]: DEBUG neutron.api.rpc.handlers.resources_rpc [None req-09a12c6c-1dde-4c83-990f-c1b48d8ed01b admin admin] Pushing event updated for resources: {'Subnet': ['ID=364294e8-0c47-41b5-a17d-d8d1be9403cc,revision_number=0']} {{(pid=104217) push /opt/stack/neutron/neutron/api/rpc/handlers/resources_rpc.py:237}}
Mar 15 08:03:18.660872 dv-neutron-829161-4-hyperv neutron-server[104217]: INFO neutron.wsgi [None req-aeb08eec-f468-4cad-81c2-436df4a08396 admin admin] 10.222.0.18 "POST /v2.0/subnets HTTP/1.1" status: 201 len: 847 time: 0.7388065
Mar 15 08:03:18.662303 dv-neutron-829161-4-hyperv neutron-server[104217]: DEBUG neutron.wsgi [-] (104217) accepted ('10.222.0.18', 53424) {{(pid=104217) server /usr/local/lib/python3.8/dist-packages/eventlet/wsgi.py:1004}}
Mar 15 08:03:18.670898 dv-neutron-829161-4-hyperv neutron-server[104217]: DEBUG neutron.api.v2.base [None req-27fb16b6-0d2e-4c2e-9412-98cafd14f775 admin admin] Request body: {'router': {'name': 'tempest-ServerActionsTestJSON-274952032-router', 'tenant_id': '5abcbe1edc3d47e39529e7d99ff1e488', 'external_gateway_info': {'network_id': '7d8fb0c0-f5fb-4b6d-9dac-6db3c2ca0ecb'}}} {{(pid=104217) prepare_request_body /opt/stack/neutron/neutron/api/v2/base.py:729}}
Mar 15 08:03:18.702946 dv-neutron-829161-4-hyperv neutron-server[104217]: DEBUG neutron_lib.callbacks.manager [None req-27fb16b6-0d2e-4c2e-9412-98cafd14f775 admin admin] Publish callbacks ['neutron.services.l3_router.l3_router_plugin.L3_HA_NAT_db_mixin._before_router_create_handler-756081', 'neutron.services.l3_router.service_providers.driver_controller.DriverController._check_router_request-9468'] for router (ad6770d7-7536-4f22-98f6-f3a84a629bdb), before_create {{(pid=104217) _notify_loop /usr/local/lib/python3.8/dist-packages/neutron_lib/callbacks/manager.py:176}}
Mar 15 08:03:18.704243 dv-neutron-829161-4-hyperv neutron-server[104217]: DEBUG neutron_lib.callbacks.manager [None req-27fb16b6-0d2e-4c2e-9412-98cafd14f775 admin admin] Publish callbacks ['neutron.services.l3_router.l3_router_plugin.L3_HA_NAT_db_mixin._precommit_router_create-756197', 'neutron.services.l3_router.l3_router_plugin.DVRResourceOperationHandler._set_distributed_flag-756667', 'neutron.services.l3_router.l3_router_plugin.RouterAvailabilityZoneMixin._process_az_request-573234', 'neutron.services.l3_router.service_providers.driver_controller.DriverController._set_router_provider-9415'] for router (ad6770d7-7536-4f22-98f6-f3a84a629bdb), precommit_create {{(pid=104217) _notify_loop /usr/local/lib/python3.8/dist-packages/neutron_lib/callbacks/manager.py:176}}
Mar 15 08:03:18.710703 dv-neutron-829161-4-hyperv neutron-server[104219]: DEBUG neutron.api.rpc.handlers.dhcp_rpc [None req-668d1c57-aecb-4d5c-b0c0-8635ce9b4640 None None] Create dhcp port {'port': {'name': '', 'admin_state_up': True, 'device_id': 'dhcp3bdf561d-e4e7-5eef-8de6-0f9f12e50833-23726d1c-bf48-448e-9406-58d5fc276c73', 'network_id': '23726d1c-bf48-448e-9406-58d5fc276c73', 'project_id': 'd1e25d4917794bb7aa341079f9818069', 'fixed_ips': [{'subnet_id': 'b56416ff-9ad0-4f9e-a141-41c9936b8f25'}]}} from dv-neutron-829161-4-hyperv. {{(pid=104219) create_dhcp_port /opt/stack/neutron/neutron/api/rpc/handlers/dhcp_rpc.py:268}}
Mar 15 08:03:18.715943 dv-neutron-829161-4-hyperv neutron-server[104219]: DEBUG neutron_lib.callbacks.manager [None req-668d1c57-aecb-4d5c-b0c0-8635ce9b4640 None None] Publish callbacks ['neutron.plugins.ml2.plugin.SecurityGroupDbMixin._ensure_default_security_group_handler-1551628'] for port (None), before_create {{(pid=104219) _notify_loop /usr/local/lib/python3.8/dist-packages/neutron_lib/callbacks/manager.py:176}}
Mar 15 08:03:18.764548 dv-neutron-829161-4-hyperv neutron-server[104217]: DEBUG neutron.wsgi [-] (104217) accepted ('10.222.0.18', 53428) {{(pid=104217) server /usr/local/lib/python3.8/dist-packages/eventlet/wsgi.py:1004}}
Mar 15 08:03:18.787679 dv-neutron-829161-4-hyperv neutron-server[104217]: DEBUG neutron_lib.callbacks.manager [None req-27fb16b6-0d2e-4c2e-9412-98cafd14f775 admin admin] Publish callbacks [] for router_controller (ad6770d7-7536-4f22-98f6-f3a84a629bdb), precommit_add_association {{(pid=104217) _notify_loop /usr/local/lib/python3.8/dist-packages/neutron_lib/callbacks/manager.py:176}}
Mar 15 08:03:18.794020 dv-neutron-829161-4-hyperv neutron-server[104217]: DEBUG neutron.plugins.ml2.drivers.mech_agent [None req-09a12c6c-1dde-4c83-990f-c1b48d8ed01b admin admin] Checking segment: {'id': '1363cb9d-6940-4f4a-a718-db3b508a5e5b', 'network_type': 'vlan', 'physical_network': 'physnet1', 'segmentation_id': 113, 'network_id': '3913c7c1-08f2-4c4a-803f-cd33c38da05e'} for mappings: {'physnet1': 'br-data'} with network types: ['local', 'flat', 'vlan'] {{(pid=104217) check_segment_for_agent /opt/stack/neutron/neutron/plugins/ml2/drivers/mech_agent.py:373}}
Mar 15 08:03:18.794467 dv-neutron-829161-4-hyperv neutron-server[104217]: DEBUG neutron.scheduler.dhcp_agent_scheduler [None req-09a12c6c-1dde-4c83-990f-c1b48d8ed01b admin admin] Network hostable DHCP agents. Network: 3913c7c1-08f2-4c4a-803f-cd33c38da05e, hostable agents: ['eba909d0-8130-4420-81aa-90bcbedf0f69'], hosted agents: [] {{(pid=104217) _get_network_hostable_dhcp_agents /opt/stack/neutron/neutron/scheduler/dhcp_agent_scheduler.py:329}}
Mar 15 08:03:18.801899 dv-neutron-829161-4-hyperv neutron-server[104219]: DEBUG neutron.api.rpc.handlers.dhcp_rpc [None req-bd0d5954-accf-4cd1-b577-b64092d3d8f1 None None] Create dhcp port {'port': {'name': '', 'admin_state_up': True, 'device_id': 'dhcp3bdf561d-e4e7-5eef-8de6-0f9f12e50833-c420c54f-0e07-49d1-95c8-a204b1f57cc9', 'network_id': 'c420c54f-0e07-49d1-95c8-a204b1f57cc9', 'project_id': '5abcbe1edc3d47e39529e7d99ff1e488', 'fixed_ips': [{'subnet_id': 'd018cf23-212a-459e-b38a-116c464a2496'}]}} from dv-neutron-829161-4-hyperv. {{(pid=104219) create_dhcp_port /opt/stack/neutron/neutron/api/rpc/handlers/dhcp_rpc.py:268}}
Mar 15 08:03:18.802763 dv-neutron-829161-4-hyperv neutron-server[104219]: DEBUG neutron_lib.callbacks.manager [None req-bd0d5954-accf-4cd1-b577-b64092d3d8f1 None None] Publish callbacks ['neutron.plugins.ml2.plugin.SecurityGroupDbMixin._ensure_default_security_group_handler-1551628'] for port (None), before_create {{(pid=104219) _notify_loop /usr/local/lib/python3.8/dist-packages/neutron_lib/callbacks/manager.py:176}}
Mar 15 08:03:18.818681 dv-neutron-829161-4-hyperv neutron-server[104218]: DEBUG neutron_lib.callbacks.manager [None req-ba671fba-9611-499b-8bd8-54e87e41f19c admin admin] Publish callbacks [] for router_controller (26ad1fb4-4af6-4c72-80bb-9e5cf6f582bf), precommit_add_association {{(pid=104218) _notify_loop /usr/local/lib/python3.8/dist-packages/neutron_lib/callbacks/manager.py:176}}
Mar 15 08:03:18.990919 dv-neutron-829161-4-hyperv neutron-server[104219]: DEBUG neutron.db.db_base_plugin_common [None req-bd0d5954-accf-4cd1-b577-b64092d3d8f1 None None] Allocated IP 172.20.0.2 (c420c54f-0e07-49d1-95c8-a204b1f57cc9/d018cf23-212a-459e-b38a-116c464a2496/ccf1e8aa-d37e-485a-8585-b8e6fc27eb3c) {{(pid=104219) _store_ip_allocation /opt/stack/neutron/neutron/db/db_base_plugin_common.py:131}}
Mar 15 08:03:19.003014 dv-neutron-829161-4-hyperv neutron-server[104219]: DEBUG neutron_lib.callbacks.manager [None req-996b3aa3-8fc9-4e7b-987d-0ffe3f993136 None None] Publish callbacks ['neutron.services.segments.db._update_segment_host_mapping_for_agent-8771754332335', 'neutron.plugins.ml2.plugin.Ml2Plugin._retry_binding_revived_agents-1133472'] for agent (eba909d0-8130-4420-81aa-90bcbedf0f69), after_update {{(pid=104219) _notify_loop /usr/local/lib/python3.8/dist-packages/neutron_lib/callbacks/manager.py:176}}
Mar 15 08:03:19.008640 dv-neutron-829161-4-hyperv neutron-server[104217]: DEBUG neutron.scheduler.dhcp_agent_scheduler [None req-09a12c6c-1dde-4c83-990f-c1b48d8ed01b admin admin] Network 3913c7c1-08f2-4c4a-803f-cd33c38da05e is scheduled to be hosted by DHCP agent eba909d0-8130-4420-81aa-90bcbedf0f69 with binding_index 1 {{(pid=104217) bind /opt/stack/neutron/neutron/scheduler/dhcp_agent_scheduler.py:227}}
Mar 15 08:03:19.017110 dv-neutron-829161-4-hyperv neutron-server[104218]: DEBUG neutron_lib.callbacks.manager [None req-ba671fba-9611-499b-8bd8-54e87e41f19c admin admin] Publish callbacks [] for router_gateway (26ad1fb4-4af6-4c72-80bb-9e5cf6f582bf), precommit_update {{(pid=104218) _notify_loop /usr/local/lib/python3.8/dist-packages/neutron_lib/callbacks/manager.py:176}}
Mar 15 08:03:19.066887 dv-neutron-829161-4-hyperv neutron-server[104217]: DEBUG neutron.wsgi [-] (104217) accepted ('10.222.0.18', 53436) {{(pid=104217) server /usr/local/lib/python3.8/dist-packages/eventlet/wsgi.py:1004}}
Mar 15 08:03:19.067824 dv-neutron-829161-4-hyperv neutron-server[104217]: DEBUG neutron.wsgi [-] (104217) accepted ('10.222.0.18', 53438) {{(pid=104217) server /usr/local/lib/python3.8/dist-packages/eventlet/wsgi.py:1004}}
Mar 15 08:03:19.115855 dv-neutron-829161-4-hyperv neutron-server[104217]: DEBUG neutron.scheduler.base_scheduler [None req-09a12c6c-1dde-4c83-990f-c1b48d8ed01b admin admin] Resources bound (agent type, host, resource id): (DHCP agent, dv-neutron-829161-4-hyperv, 3913c7c1-08f2-4c4a-803f-cd33c38da05e) {{(pid=104217) schedule /opt/stack/neutron/neutron/scheduler/base_scheduler.py:57}}
Mar 15 08:03:19.124780 dv-neutron-829161-4-hyperv neutron-server[104217]: DEBUG neutron.pecan_wsgi.hooks.policy_enforcement [None req-09a12c6c-1dde-4c83-990f-c1b48d8ed01b admin admin] Attributes excluded by policy engine: ['standard_attr_id', 'shared', 'network'] {{(pid=104217) _exclude_attributes_by_policy /opt/stack/neutron/neutron/pecan_wsgi/hooks/policy_enforcement.py:255}}
Mar 15 08:03:19.125800 dv-neutron-829161-4-hyperv neutron-server[104217]: DEBUG neutron_lib.callbacks.manager [None req-09a12c6c-1dde-4c83-990f-c1b48d8ed01b admin admin] Publish callbacks ['neutron.api.rpc.agentnotifiers.dhcp_rpc_agent_api.DhcpAgentNotifyAPI._send_dhcp_notification-581439'] for subnet (None), before_response {{(pid=104217) _notify_loop /usr/local/lib/python3.8/dist-packages/neutron_lib/callbacks/manager.py:176}}
Mar 15 08:03:19.133984 dv-neutron-829161-4-hyperv neutron-server[104219]: DEBUG neutron.api.rpc.handlers.dhcp_rpc [None req-8df02d2c-8e18-4d8b-a80e-4724a41f3f0d None None] Network 3913c7c1-08f2-4c4a-803f-cd33c38da05e requested from dv-neutron-829161-4-hyperv {{(pid=104219) get_network_info /opt/stack/neutron/neutron/api/rpc/handlers/dhcp_rpc.py:191}}
Mar 15 08:03:19.145808 dv-neutron-829161-4-hyperv neutron-server[104217]: DEBUG neutron_lib.callbacks.manager [None req-27fb16b6-0d2e-4c2e-9412-98cafd14f775 admin admin] Publish callbacks [] for router_gateway (ad6770d7-7536-4f22-98f6-f3a84a629bdb), precommit_update {{(pid=104217) _notify_loop /usr/local/lib/python3.8/dist-packages/neutron_lib/callbacks/manager.py:176}}
Mar 15 08:03:19.157021 dv-neutron-829161-4-hyperv neutron-server[104217]: INFO neutron.wsgi [None req-09a12c6c-1dde-4c83-990f-c1b48d8ed01b admin admin] 10.222.0.18 "POST /v2.0/subnets HTTP/1.1" status: 201 len: 842 time: 1.2706857
Mar 15 08:03:19.160627 dv-neutron-829161-4-hyperv neutron-server[104217]: DEBUG neutron.wsgi [-] (104217) accepted ('10.222.0.18', 53444) {{(pid=104217) server /usr/local/lib/python3.8/dist-packages/eventlet/wsgi.py:1004}}
Mar 15 08:03:19.166654 dv-neutron-829161-4-hyperv neutron-server[104217]: DEBUG neutron.api.v2.base [None req-a29de684-6976-402f-8f52-9cc6367b831f admin admin] Request body: {'router': {'name': 'tempest-ServersTestJSON-1301513703-router', 'tenant_id': '064b71d06bb546f089644d7107465977', 'external_gateway_info': {'network_id': '7d8fb0c0-f5fb-4b6d-9dac-6db3c2ca0ecb'}}} {{(pid=104217) prepare_request_body /opt/stack/neutron/neutron/api/v2/base.py:729}}
Mar 15 08:03:19.276123 dv-neutron-829161-4-hyperv neutron-server[104217]: DEBUG neutron_lib.callbacks.manager [None req-a29de684-6976-402f-8f52-9cc6367b831f admin admin] Publish callbacks ['neutron.services.l3_router.l3_router_plugin.L3_HA_NAT_db_mixin._before_router_create_handler-756081', 'neutron.services.l3_router.service_providers.driver_controller.DriverController._check_router_request-9468'] for router (a1707765-9063-40d4-aa4a-8e47634073b5), before_create {{(pid=104217) _notify_loop /usr/local/lib/python3.8/dist-packages/neutron_lib/callbacks/manager.py:176}}
Mar 15 08:03:19.277210 dv-neutron-829161-4-hyperv neutron-server[104217]: DEBUG neutron_lib.callbacks.manager [None req-a29de684-6976-402f-8f52-9cc6367b831f admin admin] Publish callbacks ['neutron.services.l3_router.l3_router_plugin.L3_HA_NAT_db_mixin._precommit_router_create-756197', 'neutron.services.l3_router.l3_router_plugin.DVRResourceOperationHandler._set_distributed_flag-756667', 'neutron.services.l3_router.l3_router_plugin.RouterAvailabilityZoneMixin._process_az_request-573234', 'neutron.services.l3_router.service_providers.driver_controller.DriverController._set_router_provider-9415'] for router (a1707765-9063-40d4-aa4a-8e47634073b5), precommit_create {{(pid=104217) _notify_loop /usr/local/lib/python3.8/dist-packages/neutron_lib/callbacks/manager.py:176}}
Mar 15 08:03:19.287121 dv-neutron-829161-4-hyperv neutron-server[104217]: DEBUG neutron.api.v2.base [None req-d61aae30-9816-4b48-adfb-c324e4b89121 tempest-QuotasNegativeTest-499186430 tempest-QuotasNegativeTest-499186430-project-admin] Request body: {'quota': {'network': 2}} {{(pid=104217) prepare_request_body /opt/stack/neutron/neutron/api/v2/base.py:729}}
Mar 15 08:03:19.295801 dv-neutron-829161-4-hyperv neutron-server[104218]: DEBUG neutron.wsgi [-] (104218) accepted ('10.222.0.18', 53446) {{(pid=104218) server /usr/local/lib/python3.8/dist-packages/eventlet/wsgi.py:1004}}
Mar 15 08:03:19.402138 dv-neutron-829161-4-hyperv neutron-server[104218]: DEBUG neutron_lib.callbacks.manager [None req-ba671fba-9611-499b-8bd8-54e87e41f19c admin admin] Publish callbacks [] for router_gateway (26ad1fb4-4af6-4c72-80bb-9e5cf6f582bf), before_create {{(pid=104218) _notify_loop /usr/local/lib/python3.8/dist-packages/neutron_lib/callbacks/manager.py:176}}
Mar 15 08:03:19.425215 dv-neutron-829161-4-hyperv neutron-server[104218]: DEBUG neutron_lib.callbacks.manager [None req-ba671fba-9611-499b-8bd8-54e87e41f19c admin admin] Publish callbacks ['neutron.plugins.ml2.plugin.SecurityGroupDbMixin._ensure_default_security_group_handler-1551628'] for port (None), before_create {{(pid=104218) _notify_loop /usr/local/lib/python3.8/dist-packages/neutron_lib/callbacks/manager.py:176}}
Mar 15 08:03:19.427030 dv-neutron-829161-4-hyperv neutron-server[104217]: DEBUG neutron_lib.callbacks.manager [None req-a29de684-6976-402f-8f52-9cc6367b831f admin admin] Publish callbacks [] for router_controller (a1707765-9063-40d4-aa4a-8e47634073b5), precommit_add_association {{(pid=104217) _notify_loop /usr/local/lib/python3.8/dist-packages/neutron_lib/callbacks/manager.py:176}}
Mar 15 08:03:19.460056 dv-neutron-829161-4-hyperv neutron-server[104219]: DEBUG neutron.db.db_base_plugin_common [None req-668d1c57-aecb-4d5c-b0c0-8635ce9b4640 None None] Allocated IP 172.20.0.2 (23726d1c-bf48-448e-9406-58d5fc276c73/b56416ff-9ad0-4f9e-a141-41c9936b8f25/6264103c-2fbd-4a5f-accb-8a8b5d9ed4c0) {{(pid=104219) _store_ip_allocation /opt/stack/neutron/neutron/db/db_base_plugin_common.py:131}}
Mar 15 08:03:19.498607 dv-neutron-829161-4-hyperv neutron-server[104218]: DEBUG neutron.api.v2.base [None req-43169c9d-f3eb-40fb-9f67-4f7cecca6777 tempest-DHCPAgentSchedulersTestJSON-665031015 tempest-DHCPAgentSchedulersTestJSON-665031015-project] Request body: {'network': {'name': 'tempest-DHCPAgentSchedulersTestJSON-test-network-672453499'}} {{(pid=104218) prepare_request_body /opt/stack/neutron/neutron/api/v2/base.py:729}}
Mar 15 08:03:19.508006 dv-neutron-829161-4-hyperv neutron-server[104217]: DEBUG neutron.api.v2.base [None req-acb34f68-1a7d-4e6a-85a0-102926466d4c tempest-MeteringIpV6TestJSON-973803827 tempest-MeteringIpV6TestJSON-973803827-project-admin] Request body: {'metering_label': {'description': 'metering label created by tempest', 'name': 'tempest-metering-label-1939228852'}} {{(pid=104217) prepare_request_body /opt/stack/neutron/neutron/api/v2/base.py:729}}
Mar 15 08:03:19.508856 dv-neutron-829161-4-hyperv neutron-server[104217]: DEBUG neutron.api.v2.base [None req-acb34f68-1a7d-4e6a-85a0-102926466d4c tempest-MeteringIpV6TestJSON-973803827 tempest-MeteringIpV6TestJSON-973803827-project-admin] Unknown quota resources ['metering_label']. {{(pid=104217) _create /opt/stack/neutron/neutron/api/v2/base.py:496}}
Mar 15 08:03:19.543821 dv-neutron-829161-4-hyperv neutron-server[104219]: DEBUG neutron.api.rpc.handlers.dhcp_rpc [None req-0948ad14-321f-4247-8bef-fe8a8d2f35b5 None None] Create dhcp port {'port': {'name': '', 'admin_state_up': True, 'device_id': 'dhcp3bdf561d-e4e7-5eef-8de6-0f9f12e50833-3913c7c1-08f2-4c4a-803f-cd33c38da05e', 'network_id': '3913c7c1-08f2-4c4a-803f-cd33c38da05e', 'project_id': '064b71d06bb546f089644d7107465977', 'fixed_ips': [{'subnet_id': '364294e8-0c47-41b5-a17d-d8d1be9403cc'}]}} from dv-neutron-829161-4-hyperv. {{(pid=104219) create_dhcp_port /opt/stack/neutron/neutron/api/rpc/handlers/dhcp_rpc.py:268}}
Mar 15 08:03:19.544686 dv-neutron-829161-4-hyperv neutron-server[104219]: DEBUG neutron_lib.callbacks.manager [None req-0948ad14-321f-4247-8bef-fe8a8d2f35b5 None None] Publish callbacks ['neutron.plugins.ml2.plugin.SecurityGroupDbMixin._ensure_default_security_group_handler-1551628'] for port (None), before_create {{(pid=104219) _notify_loop /usr/local/lib/python3.8/dist-packages/neutron_lib/callbacks/manager.py:176}}
Mar 15 08:03:19.553707 dv-neutron-829161-4-hyperv neutron-server[104217]: DEBUG neutron.api.v2.base [None req-08495dec-f09d-456d-975d-f7d8036de358 tempest-ExternalNetworksAdminNegativeTestJSON-1496226984 tempest-ExternalNetworksAdminNegativeTestJSON-1496226984-project-admin] Request body: {'floatingip': {'floating_network_id': '7d8fb0c0-f5fb-4b6d-9dac-6db3c2ca0ecb'}} {{(pid=104217) prepare_request_body /opt/stack/neutron/neutron/api/v2/base.py:729}}
Mar 15 08:03:19.570125 dv-neutron-829161-4-hyperv neutron-server[104218]: DEBUG neutron.pecan_wsgi.hooks.quota_enforcement [None req-43169c9d-f3eb-40fb-9f67-4f7cecca6777 tempest-DHCPAgentSchedulersTestJSON-665031015 tempest-DHCPAgentSchedulersTestJSON-665031015-project] Made reservation on behalf of 4c55e2f598814f53a52dd4f913da826a for: {'network': 1} {{(pid=104218) before /opt/stack/neutron/neutron/pecan_wsgi/hooks/quota_enforcement.py:53}}
Mar 15 08:03:19.573599 dv-neutron-829161-4-hyperv neutron-server[104218]: DEBUG neutron_lib.callbacks.manager [None req-43169c9d-f3eb-40fb-9f67-4f7cecca6777 tempest-DHCPAgentSchedulersTestJSON-665031015 tempest-DHCPAgentSchedulersTestJSON-665031015-project] Publish callbacks ['neutron.plugins.ml2.plugin.SecurityGroupDbMixin._ensure_default_security_group_handler-1551628'] for network (None), before_create {{(pid=104218) _notify_loop /usr/local/lib/python3.8/dist-packages/neutron_lib/callbacks/manager.py:176}}
Mar 15 08:03:19.583895 dv-neutron-829161-4-hyperv neutron-server[104218]: DEBUG neutron_lib.callbacks.manager [None req-43169c9d-f3eb-40fb-9f67-4f7cecca6777 tempest-DHCPAgentSchedulersTestJSON-665031015 tempest-DHCPAgentSchedulersTestJSON-665031015-project] Publish callbacks [] for security_group (None), before_create {{(pid=104218) _notify_loop /usr/local/lib/python3.8/dist-packages/neutron_lib/callbacks/manager.py:176}}
Mar 15 08:03:19.589982 dv-neutron-829161-4-hyperv neutron-server[104219]: DEBUG neutron_lib.callbacks.manager [None req-bd0d5954-accf-4cd1-b577-b64092d3d8f1 None None] Publish callbacks [] for port (ccf1e8aa-d37e-485a-8585-b8e6fc27eb3c), precommit_create {{(pid=104219) _notify_loop /usr/local/lib/python3.8/dist-packages/neutron_lib/callbacks/manager.py:176}}
Mar 15 08:03:19.614150 dv-neutron-829161-4-hyperv neutron-server[104219]: DEBUG neutron_lib.callbacks.manager [None req-bd0d5954-accf-4cd1-b577-b64092d3d8f1 None None] Publish callbacks ['neutron.plugins.ml2.plugin.SecurityGroupServerNotifierRpcMixin._notify_sg_on_port_change-1551736', 'neutron.plugins.ml2.ovo_rpc._ObjectChangeHandler.handle_event-85272', 'neutron.api.rpc.agentnotifiers.dhcp_rpc_agent_api.DhcpAgentNotifyAPI._native_event_send_dhcp_notification-581389', 'neutron.db.l3_dvrscheduler_db._notify_l3_agent_new_port-8771753806412'] for port (ccf1e8aa-d37e-485a-8585-b8e6fc27eb3c), after_create {{(pid=104219) _notify_loop /usr/local/lib/python3.8/dist-packages/neutron_lib/callbacks/manager.py:176}}
Mar 15 08:03:19.632713 dv-neutron-829161-4-hyperv neutron-server[104217]: INFO neutron.wsgi [None req-d61aae30-9816-4b48-adfb-c324e4b89121 tempest-QuotasNegativeTest-499186430 tempest-QuotasNegativeTest-499186430-project-admin] 10.222.0.18 "PUT /v2.0/quotas/b7136bcf21ef4ca99e94c22522269b3f HTTP/1.1" status: 200 len: 368 time: 0.8619711
Mar 15 08:03:19.634050 dv-neutron-829161-4-hyperv neutron-server[104217]: DEBUG neutron.wsgi [-] (104217) accepted ('10.222.0.18', 53460) {{(pid=104217) server /usr/local/lib/python3.8/dist-packages/eventlet/wsgi.py:1004}}
Mar 15 08:03:19.642858 dv-neutron-829161-4-hyperv neutron-server[104217]: DEBUG neutron.api.v2.base [None req-d8c02820-f0c8-4296-b84f-ae62fd113437 tempest-QuotasNegativeTest-499186430 tempest-QuotasNegativeTest-499186430-project-admin] Request body: {'network': {'project_id': 'b7136bcf21ef4ca99e94c22522269b3f'}} {{(pid=104217) prepare_request_body /opt/stack/neutron/neutron/api/v2/base.py:729}}
Mar 15 08:03:19.675611 dv-neutron-829161-4-hyperv neutron-server[104218]: DEBUG neutron_lib.callbacks.manager [None req-43169c9d-f3eb-40fb-9f67-4f7cecca6777 tempest-DHCPAgentSchedulersTestJSON-665031015 tempest-DHCPAgentSchedulersTestJSON-665031015-project] Publish callbacks [] for security_group (c59f0a89-dc3e-498f-9e9c-8791619a6bf4), precommit_create {{(pid=104218) _notify_loop /usr/local/lib/python3.8/dist-packages/neutron_lib/callbacks/manager.py:176}}
Mar 15 08:03:19.687184 dv-neutron-829161-4-hyperv neutron-server[104218]: DEBUG neutron_lib.callbacks.manager [None req-43169c9d-f3eb-40fb-9f67-4f7cecca6777 tempest-DHCPAgentSchedulersTestJSON-665031015 tempest-DHCPAgentSchedulersTestJSON-665031015-project] Publish callbacks ['neutron.plugins.ml2.ovo_rpc._ObjectChangeHandler.handle_event-542020'] for security_group (c59f0a89-dc3e-498f-9e9c-8791619a6bf4), after_create {{(pid=104218) _notify_loop /usr/local/lib/python3.8/dist-packages/neutron_lib/callbacks/manager.py:176}}
Mar 15 08:03:19.693833 dv-neutron-829161-4-hyperv neutron-server[104219]: DEBUG neutron.scheduler.dhcp_agent_scheduler [None req-bd0d5954-accf-4cd1-b577-b64092d3d8f1 None None] Network c420c54f-0e07-49d1-95c8-a204b1f57cc9 is already hosted by enough agents. {{(pid=104219) _get_dhcp_agents_hosting_network /opt/stack/neutron/neutron/scheduler/dhcp_agent_scheduler.py:275}}
Mar 15 08:03:19.708527 dv-neutron-829161-4-hyperv neutron-server[104218]: DEBUG neutron.plugins.ml2.drivers.helpers [None req-43169c9d-f3eb-40fb-9f67-4f7cecca6777 tempest-DHCPAgentSchedulersTestJSON-665031015 tempest-DHCPAgentSchedulersTestJSON-665031015-project] vlan segment allocate from pool success with {'vlan_id': 104, 'physical_network': 'physnet1'} {{(pid=104218) allocate_partially_specified_segment /opt/stack/neutron/neutron/plugins/ml2/drivers/helpers.py:153}}
Mar 15 08:03:19.744773 dv-neutron-829161-4-hyperv neutron-server[104218]: DEBUG neutron.db.db_base_plugin_common [None req-ba671fba-9611-499b-8bd8-54e87e41f19c admin admin] Allocated IP 172.26.2.79 (7d8fb0c0-f5fb-4b6d-9dac-6db3c2ca0ecb/5a78a7f2-1aed-4765-99e9-d4cf69b30cba/c6bddaef-ecf5-4214-af46-56bb25d271fa) {{(pid=104218) _store_ip_allocation /opt/stack/neutron/neutron/db/db_base_plugin_common.py:131}}
Mar 15 08:03:19.756666 dv-neutron-829161-4-hyperv neutron-server[104218]: DEBUG neutron_lib.callbacks.manager [None req-43169c9d-f3eb-40fb-9f67-4f7cecca6777 tempest-DHCPAgentSchedulersTestJSON-665031015 tempest-DHCPAgentSchedulersTestJSON-665031015-project] Publish callbacks ['neutron.plugins.ml2.plugin.Ml2Plugin._handle_segment_change-1155647'] for segment (75ed65d3-c42c-4a9d-aa89-9f208ff4d742), precommit_create {{(pid=104218) _notify_loop /usr/local/lib/python3.8/dist-packages/neutron_lib/callbacks/manager.py:176}}
Mar 15 08:03:19.757009 dv-neutron-829161-4-hyperv neutron-server[104218]: INFO neutron.db.segments_db [None req-43169c9d-f3eb-40fb-9f67-4f7cecca6777 tempest-DHCPAgentSchedulersTestJSON-665031015 tempest-DHCPAgentSchedulersTestJSON-665031015-project] Added segment 75ed65d3-c42c-4a9d-aa89-9f208ff4d742 of type vlan for network 70b6f882-2cd1-4902-bca3-c7591467a757
Mar 15 08:03:19.805229 dv-neutron-829161-4-hyperv neutron-server[104218]: DEBUG neutron.api.rpc.handlers.resources_rpc [None req-43169c9d-f3eb-40fb-9f67-4f7cecca6777 tempest-DHCPAgentSchedulersTestJSON-665031015 tempest-DHCPAgentSchedulersTestJSON-665031015-project] Pushing event updated for resources: {'SecurityGroup': ['ID=c59f0a89-dc3e-498f-9e9c-8791619a6bf4,revision_number=1']} {{(pid=104218) push /opt/stack/neutron/neutron/api/rpc/handlers/resources_rpc.py:237}}
Mar 15 08:03:19.834683 dv-neutron-829161-4-hyperv neutron-server[104219]: DEBUG neutron.db.db_base_plugin_common [None req-0948ad14-321f-4247-8bef-fe8a8d2f35b5 None None] Allocated IP 172.20.0.2 (3913c7c1-08f2-4c4a-803f-cd33c38da05e/364294e8-0c47-41b5-a17d-d8d1be9403cc/30c378d8-a4f0-4a02-8ee3-205d72737fa9) {{(pid=104219) _store_ip_allocation /opt/stack/neutron/neutron/db/db_base_plugin_common.py:131}}
Mar 15 08:03:19.864455 dv-neutron-829161-4-hyperv neutron-server[104218]: DEBUG neutron_lib.callbacks.manager [None req-43169c9d-f3eb-40fb-9f67-4f7cecca6777 tempest-DHCPAgentSchedulersTestJSON-665031015 tempest-DHCPAgentSchedulersTestJSON-665031015-project] Publish callbacks ['neutron.services.auto_allocate.db._ensure_external_network_default_value_callback-8771753825711'] for network (70b6f882-2cd1-4902-bca3-c7591467a757), precommit_create {{(pid=104218) _notify_loop /usr/local/lib/python3.8/dist-packages/neutron_lib/callbacks/manager.py:176}}
Mar 15 08:03:19.908290 dv-neutron-829161-4-hyperv neutron-server[104219]: DEBUG neutron.api.rpc.handlers.resources_rpc [None req-bd0d5954-accf-4cd1-b577-b64092d3d8f1 None None] Pushing event updated for resources: {'Port': ['ID=ccf1e8aa-d37e-485a-8585-b8e6fc27eb3c,revision_number=1']} {{(pid=104219) push /opt/stack/neutron/neutron/api/rpc/handlers/resources_rpc.py:237}}
Mar 15 08:03:19.912658 dv-neutron-829161-4-hyperv neutron-server[104218]: DEBUG neutron_lib.callbacks.manager [None req-43169c9d-f3eb-40fb-9f67-4f7cecca6777 tempest-DHCPAgentSchedulersTestJSON-665031015 tempest-DHCPAgentSchedulersTestJSON-665031015-project] Publish callbacks ['neutron.plugins.ml2.ovo_rpc._ObjectChangeHandler.handle_event-547824', 'neutron.api.rpc.agentnotifiers.dhcp_rpc_agent_api.DhcpAgentNotifyAPI._native_event_send_dhcp_notification-581389'] for network (70b6f882-2cd1-4902-bca3-c7591467a757), after_create {{(pid=104218) _notify_loop /usr/local/lib/python3.8/dist-packages/neutron_lib/callbacks/manager.py:176}}
Mar 15 08:03:19.918126 dv-neutron-829161-4-hyperv neutron-server[104219]: DEBUG neutron.scheduler.base_scheduler [None req-bd0d5954-accf-4cd1-b577-b64092d3d8f1 None None] Resources bound (agent type, host, resource id): {{(pid=104219) schedule /opt/stack/neutron/neutron/scheduler/base_scheduler.py:57}}
Mar 15 08:03:19.918367 dv-neutron-829161-4-hyperv neutron-server[104218]: DEBUG neutron.pecan_wsgi.hooks.policy_enforcement [None req-43169c9d-f3eb-40fb-9f67-4f7cecca6777 tempest-DHCPAgentSchedulersTestJSON-665031015 tempest-DHCPAgentSchedulersTestJSON-665031015-project] Attributes excluded by policy engine: ['standard_attr_id', 'provider:network_type', 'provider:physical_network', 'provider:segmentation_id', 'vlan_transparent'] {{(pid=104218) _exclude_attributes_by_policy /opt/stack/neutron/neutron/pecan_wsgi/hooks/policy_enforcement.py:255}}
Mar 15 08:03:19.918841 dv-neutron-829161-4-hyperv neutron-server[104218]: DEBUG neutron_lib.callbacks.manager [None req-43169c9d-f3eb-40fb-9f67-4f7cecca6777 tempest-DHCPAgentSchedulersTestJSON-665031015 tempest-DHCPAgentSchedulersTestJSON-665031015-project] Publish callbacks ['neutron.api.rpc.agentnotifiers.dhcp_rpc_agent_api.DhcpAgentNotifyAPI._send_dhcp_notification-581439'] for network (None), before_response {{(pid=104218) _notify_loop /usr/local/lib/python3.8/dist-packages/neutron_lib/callbacks/manager.py:176}}
Mar 15 08:03:19.943792 dv-neutron-829161-4-hyperv neutron-server[104218]: DEBUG neutron.wsgi [-] (104218) accepted ('10.222.0.18', 53468) {{(pid=104218) server /usr/local/lib/python3.8/dist-packages/eventlet/wsgi.py:1004}}
Mar 15 08:03:19.951032 dv-neutron-829161-4-hyperv neutron-server[104219]: DEBUG neutron.api.rpc.callbacks.version_manager [None req-bd0d5954-accf-4cd1-b577-b64092d3d8f1 None None] Version for resource type AddressGroup changed None to 1.2 on consumer Open vSwitch agent@dv-neutron-829161-4-hyperv {{(pid=104219) _set_version /opt/stack/neutron/neutron/api/rpc/callbacks/version_manager.py:113}}
Mar 15 08:03:19.951389 dv-neutron-829161-4-hyperv neutron-server[104219]: DEBUG neutron.api.rpc.callbacks.version_manager [None req-bd0d5954-accf-4cd1-b577-b64092d3d8f1 None None] Version for resource type Agent changed None to 1.1 on consumer Open vSwitch agent@dv-neutron-829161-4-hyperv {{(pid=104219) _set_version /opt/stack/neutron/neutron/api/rpc/callbacks/version_manager.py:113}}
Mar 15 08:03:19.951757 dv-neutron-829161-4-hyperv neutron-server[104219]: DEBUG neutron.api.rpc.callbacks.version_manager [None req-bd0d5954-accf-4cd1-b577-b64092d3d8f1 None None] Version for resource type ConntrackHelper changed None to 1.0 on consumer Open vSwitch agent@dv-neutron-829161-4-hyperv {{(pid=104219) _set_version /opt/stack/neutron/neutron/api/rpc/callbacks/version_manager.py:113}}
Mar 15 08:03:19.952097 dv-neutron-829161-4-hyperv neutron-server[104219]: DEBUG neutron.api.rpc.callbacks.version_manager [None req-bd0d5954-accf-4cd1-b577-b64092d3d8f1 None None] Version for resource type LocalIPAssociation changed None to 1.0 on consumer Open vSwitch agent@dv-neutron-829161-4-hyperv {{(pid=104219) _set_version /opt/stack/neutron/neutron/api/rpc/callbacks/version_manager.py:113}}
Mar 15 08:03:19.952429 dv-neutron-829161-4-hyperv neutron-server[104219]: DEBUG neutron.api.rpc.callbacks.version_manager [None req-bd0d5954-accf-4cd1-b577-b64092d3d8f1 None None] Version for resource type Log changed None to 1.0 on consumer Open vSwitch agent@dv-neutron-829161-4-hyperv {{(pid=104219) _set_version /opt/stack/neutron/neutron/api/rpc/callbacks/version_manager.py:113}}
