Feb 15 00:02:50.329324 dv-neutron-829139-1-hyperv neutron-server[103384]: DEBUG neutron.db.l3_hamode_db [None req-213c2bde-5de3-4000-97ac-fe55d48cc2a3 None None] neutron.services.l3_router.l3_router_plugin.L3RouterPlugin method _process_sync_ha_data called with arguments (, [{'id': '6c028a89-d3e5-4902-9118-16ec5af4c218', 'name': 'tempest-ServersTestJSON-913361345-router', 'tenant_id': '088235e2101d469ba3fa0e95f0cc6ed0', 'admin_state_up': True, 'status': 'ACTIVE', 'external_gateway_info': {'network_id': '06703ee7-ffbf-40e7-83b7-364ce0154039', 'external_fixed_ips': [{'subnet_id': 'b65d4ad8-2a19-43ce-866e-4260222c26b3', 'ip_address': '172.26.4.216'}], 'enable_snat': True}, 'gw_port_id': '565de15a-e4a5-4646-a4c0-02d55aa284a9', 'description': '', 'availability_zones': ['nova'], 'distributed': False, 'ha': False, 'ha_vr_id': 0, 'availability_zone_hints': [], 'routes': [], 'flavor_id': None, 'tags': [], 'created_at': '2022-02-15T00:02:45Z', 'updated_at': '2022-02-15T00:02:47Z', 'revision_number': 3, 'project_id': '088235e2101d469ba3fa0e95f0cc6ed0', 'gw_port': {'id': '565de15a-e4a5-4646-a4c0-02d55aa284a9', 'name': '', 'network_id': '06703ee7-ffbf-40e7-83b7-364ce0154039', 'tenant_id': '', 'mac_address': 'fa:16:3e:43:20:f4', 'admin_state_up': True, 'status': 'DOWN', 'device_id': '6c028a89-d3e5-4902-9118-16ec5af4c218', 'device_owner': 'network:router_gateway', 'standard_attr_id': 52, 'fixed_ips': [{'subnet_id': 'b65d4ad8-2a19-43ce-866e-4260222c26b3', 'ip_address': '172.26.4.216', 'prefixlen': 24}], 'allowed_address_pairs': [], 'extra_dhcp_opts': [], 'security_groups': [], 'description': '', 'binding:vnic_type': 'normal', 'binding:profile': {}, 'binding:host_id': '', 'binding:vif_type': 'unbound', 'binding:vif_details': {}, 'port_security_enabled': False, 'tags': [], 'created_at': '2022-02-15T00:02:46Z', 'updated_at': '2022-02-15T00:02:46Z', 'revision_number': 1, 'project_id': '', 'subnets': [{'id': 'b65d4ad8-2a19-43ce-866e-4260222c26b3', 'cidr': '172.26.4.0/24', 'gateway_ip': '172.26.4.1', 'dns_nameservers': [], 'ipv6_ra_mode': None, 'subnetpool_id': None}], 'extra_subnets': [], 'address_scopes': {4: None, 6: None}, 'mtu': 1500}, 'enable_snat': True, 'gw_port_host': 'dv-neutron-829139-1-hyperv'}], 'dv-neutron-829139-1-hyperv', False) {} {{(pid=103384) wrapper /usr/local/lib/python3.8/dist-packages/oslo_log/helpers.py:65}}
Feb 15 00:02:50.336677 dv-neutron-829139-1-hyperv neutron-server[103384]: DEBUG neutron.plugins.ml2.plugin [None req-e6d5a7fb-c422-422f-bdc9-b57dd6dfbb7f None None] Current status of the port 1458b96d-5597-4a09-befe-c907dec8d895 is: DOWN; New status is: ACTIVE {{(pid=103384) _update_individual_port_db_status /opt/stack/neutron/neutron/plugins/ml2/plugin.py:2232}}
Feb 15 00:02:50.337149 dv-neutron-829139-1-hyperv neutron-server[103384]: DEBUG neutron_lib.callbacks.manager [None req-e6d5a7fb-c422-422f-bdc9-b57dd6dfbb7f None None] Publish callbacks ['neutron.plugins.ml2.plugin.SecurityGroupDbMixin._ensure_default_security_group_handler-8355747'] for port (1458b96d-5597-4a09-befe-c907dec8d895), before_update {{(pid=103384) _notify_loop /usr/local/lib/python3.8/dist-packages/neutron_lib/callbacks/manager.py:176}}
Feb 15 00:02:50.355114 dv-neutron-829139-1-hyperv neutron-server[103383]: DEBUG neutron_lib.callbacks.manager [None req-85b9a057-381b-460a-84d4-a96219bdb805 tempest-ExternalNetworksAdminNegativeTestJSON-1122212262 tempest-ExternalNetworksAdminNegativeTestJSON-1122212262-project-admin] Publish callbacks ['neutron.plugins.ml2.plugin.SecurityGroupServerNotifierRpcMixin._notify_sg_on_port_change-8355639', 'neutron.plugins.ml2.ovo_rpc._ObjectChangeHandler.handle_event-171352', 'neutron.api.rpc.agentnotifiers.dhcp_rpc_agent_api.DhcpAgentNotifyAPI._native_event_send_dhcp_notification-966232', 'neutron.db.l3_db.L3RpcNotifierMixin._notify_gateway_port_ip_changed-8768364129729', 'neutron.db.l3_dvrscheduler_db._notify_l3_agent_port_update-8768363623765', 'neutron.db.l3_hascheduler_db._notify_l3_agent_ha_port_update-8768363623783'] for port (c36bcc69-d6be-4b5d-bb37-7bd1b2b650d5), after_update {{(pid=103383) _notify_loop /usr/local/lib/python3.8/dist-packages/neutron_lib/callbacks/manager.py:176}}
Feb 15 00:02:50.379625 dv-neutron-829139-1-hyperv neutron-server[103384]: DEBUG neutron.api.rpc.handlers.l3_rpc [None req-213c2bde-5de3-4000-97ac-fe55d48cc2a3 None None] Checking router: 6c028a89-d3e5-4902-9118-16ec5af4c218 for host: dv-neutron-829139-1-hyperv {{(pid=103384) _ensure_host_set_on_ports /opt/stack/neutron/neutron/api/rpc/handlers/l3_rpc.py:155}}
Feb 15 00:02:50.380071 dv-neutron-829139-1-hyperv neutron-server[103384]: DEBUG neutron.api.rpc.handlers.l3_rpc [None req-213c2bde-5de3-4000-97ac-fe55d48cc2a3 None None] Updating router 6c028a89-d3e5-4902-9118-16ec5af4c218 port 565de15a-e4a5-4646-a4c0-02d55aa284a9 binding host dv-neutron-829139-1-hyperv {{(pid=103384) _ensure_host_set_on_port /opt/stack/neutron/neutron/api/rpc/handlers/l3_rpc.py:205}}
Feb 15 00:02:50.414676 dv-neutron-829139-1-hyperv neutron-server[103384]: DEBUG neutron.plugins.ml2.db [None req-e6d5a7fb-c422-422f-bdc9-b57dd6dfbb7f None None] For port 1458b96d-5597-4a09-befe-c907dec8d895, host dv-neutron-829139-1-hyperv, got binding levels [PortBindingLevel(driver='openvswitch',host='dv-neutron-829139-1-hyperv',level=0,port_id=1458b96d-5597-4a09-befe-c907dec8d895,segment=NetworkSegment(f43eb2da-034c-46d7-8d50-296ccf415d0f),segment_id=f43eb2da-034c-46d7-8d50-296ccf415d0f)] {{(pid=103384) get_binding_level_objs /opt/stack/neutron/neutron/plugins/ml2/db.py:74}}
Feb 15 00:02:50.432909 dv-neutron-829139-1-hyperv neutron-server[103384]: DEBUG neutron_lib.callbacks.manager [None req-e6d5a7fb-c422-422f-bdc9-b57dd6dfbb7f None None] Publish callbacks ['neutron.plugins.ml2.plugin.SecurityGroupServerNotifierRpcMixin._notify_sg_on_port_change-8355639', 'neutron.plugins.ml2.ovo_rpc._ObjectChangeHandler.handle_event-171352', 'neutron.api.rpc.agentnotifiers.dhcp_rpc_agent_api.DhcpAgentNotifyAPI._native_event_send_dhcp_notification-966232', 'neutron.db.l3_db.L3RpcNotifierMixin._notify_gateway_port_ip_changed-8768364129729', 'neutron.db.l3_dvrscheduler_db._notify_l3_agent_port_update-8768363623765', 'neutron.db.l3_hascheduler_db._notify_l3_agent_ha_port_update-8768363623783'] for port (1458b96d-5597-4a09-befe-c907dec8d895), after_update {{(pid=103384) _notify_loop /usr/local/lib/python3.8/dist-packages/neutron_lib/callbacks/manager.py:176}}
Feb 15 00:02:50.441267 dv-neutron-829139-1-hyperv neutron-server[103384]: DEBUG neutron.db.provisioning_blocks [None req-4e9dca0b-28d5-4345-aaf6-0a5d6126f19c None None] Provisioning complete for port d47a9a34-b6c7-4d45-98f2-24ad4418f55f triggered by entity DHCP. {{(pid=103384) provisioning_complete /opt/stack/neutron/neutron/db/provisioning_blocks.py:139}}
Feb 15 00:02:50.441848 dv-neutron-829139-1-hyperv neutron-server[103384]: DEBUG neutron_lib.callbacks.manager [None req-4e9dca0b-28d5-4345-aaf6-0a5d6126f19c None None] Publish callbacks ['neutron.plugins.ml2.plugin.Ml2Plugin._port_provisioned-8159851'] for port (d47a9a34-b6c7-4d45-98f2-24ad4418f55f), provisioning_complete {{(pid=103384) _notify_loop /usr/local/lib/python3.8/dist-packages/neutron_lib/callbacks/manager.py:176}}
Feb 15 00:02:50.446559 dv-neutron-829139-1-hyperv neutron-server[103384]: DEBUG neutron_lib.callbacks.manager [None req-213c2bde-5de3-4000-97ac-fe55d48cc2a3 None None] Publish callbacks ['neutron.plugins.ml2.plugin.SecurityGroupDbMixin._ensure_default_security_group_handler-8355747'] for port (565de15a-e4a5-4646-a4c0-02d55aa284a9), before_update {{(pid=103384) _notify_loop /usr/local/lib/python3.8/dist-packages/neutron_lib/callbacks/manager.py:176}}
Feb 15 00:02:50.448898 dv-neutron-829139-1-hyperv neutron-server[103382]: DEBUG neutron_lib.callbacks.manager [None req-18d0f56e-90b3-4672-8ca4-ca92a348a3fc tempest-ExternalNetworksTestJSON-841810828 tempest-ExternalNetworksTestJSON-841810828-project-admin] Publish callbacks ['neutron.plugins.ml2.plugin.Ml2Plugin._handle_segment_change-8189821'] for segment (4a738d37-7597-47fa-9ba2-21763d37a20d), precommit_create {{(pid=103382) _notify_loop /usr/local/lib/python3.8/dist-packages/neutron_lib/callbacks/manager.py:176}}
Feb 15 00:02:50.449333 dv-neutron-829139-1-hyperv neutron-server[103382]: INFO neutron.db.segments_db [None req-18d0f56e-90b3-4672-8ca4-ca92a348a3fc tempest-ExternalNetworksTestJSON-841810828 tempest-ExternalNetworksTestJSON-841810828-project-admin] Added segment 4a738d37-7597-47fa-9ba2-21763d37a20d of type vlan for network eb999a5c-73c6-40d2-829a-a0510f7b223d
Feb 15 00:02:50.464136 dv-neutron-829139-1-hyperv neutron-server[103383]: DEBUG neutron_lib.callbacks.manager [None req-85b9a057-381b-460a-84d4-a96219bdb805 tempest-ExternalNetworksAdminNegativeTestJSON-1122212262 tempest-ExternalNetworksAdminNegativeTestJSON-1122212262-project-admin] Publish callbacks ['neutron.services.l3_router.l3_router_plugin.DVRResourceOperationHandler._create_dvr_floating_gw_port-525601'] for floatingip (2b1bf509-2cf1-408c-af39-6b20c47f777e), after_create {{(pid=103383) _notify_loop /usr/local/lib/python3.8/dist-packages/neutron_lib/callbacks/manager.py:176}}
Feb 15 00:02:50.501856 dv-neutron-829139-1-hyperv neutron-server[103383]: DEBUG neutron.api.rpc.handlers.resources_rpc [None req-85b9a057-381b-460a-84d4-a96219bdb805 tempest-ExternalNetworksAdminNegativeTestJSON-1122212262 tempest-ExternalNetworksAdminNegativeTestJSON-1122212262-project-admin] Pushing event updated for resources: {'Port': ['ID=c36bcc69-d6be-4b5d-bb37-7bd1b2b650d5,revision_number=2']} {{(pid=103383) push /opt/stack/neutron/neutron/api/rpc/handlers/resources_rpc.py:237}}
Feb 15 00:02:50.527701 dv-neutron-829139-1-hyperv neutron-server[103383]: DEBUG neutron_lib.callbacks.manager [None req-85b9a057-381b-460a-84d4-a96219bdb805 tempest-ExternalNetworksAdminNegativeTestJSON-1122212262 tempest-ExternalNetworksAdminNegativeTestJSON-1122212262-project-admin] Publish callbacks ['neutron.notifiers.nova.Notifier._send_nova_notification-109508'] for floatingip (None), before_response {{(pid=103383) _notify_loop /usr/local/lib/python3.8/dist-packages/neutron_lib/callbacks/manager.py:176}}
Feb 15 00:02:50.532173 dv-neutron-829139-1-hyperv neutron-server[103383]: INFO neutron.wsgi [None req-85b9a057-381b-460a-84d4-a96219bdb805 tempest-ExternalNetworksAdminNegativeTestJSON-1122212262 tempest-ExternalNetworksAdminNegativeTestJSON-1122212262-project-admin] 10.222.0.30 "POST /v2.0/floatingips HTTP/1.1" status: 201 len: 692 time: 5.0445881
Feb 15 00:02:50.540601 dv-neutron-829139-1-hyperv neutron-server[103382]: DEBUG neutron.wsgi [-] (103382) accepted ('10.222.0.30', 41640) {{(pid=103382) server /usr/local/lib/python3.8/dist-packages/eventlet/wsgi.py:1004}}
Feb 15 00:02:50.540958 dv-neutron-829139-1-hyperv neutron-server[103382]: DEBUG neutron.wsgi [-] (103382) accepted ('10.222.0.30', 41642) {{(pid=103382) server /usr/local/lib/python3.8/dist-packages/eventlet/wsgi.py:1004}}
Feb 15 00:02:50.550907 dv-neutron-829139-1-hyperv neutron-server[103382]: DEBUG neutron.api.v2.base [None req-dc7ec530-2c10-4f1c-ad38-2ff9b10a6246 tempest-ExternalNetworksAdminNegativeTestJSON-1122212262 tempest-ExternalNetworksAdminNegativeTestJSON-1122212262-project-admin] Request body: {'port': {'name': 'tempest-ExternalNetworksAdminNegativeTestJSON-779974383', 'network_id': '06703ee7-ffbf-40e7-83b7-364ce0154039', 'fixed_ips': [{'ip_address': '172.26.4.24'}]}} {{(pid=103382) prepare_request_body /opt/stack/neutron/neutron/api/v2/base.py:729}}
Feb 15 00:02:50.581335 dv-neutron-829139-1-hyperv neutron-server[103383]: DEBUG neutron_lib.callbacks.manager [None req-94ddd9bb-4c47-467f-9cde-683d1afe6ccb admin admin] Publish callbacks ['neutron.plugins.ml2.plugin.SecurityGroupDbMixin._ensure_default_security_group_handler-8355747'] for port (d47a9a34-b6c7-4d45-98f2-24ad4418f55f), before_update {{(pid=103383) _notify_loop /usr/local/lib/python3.8/dist-packages/neutron_lib/callbacks/manager.py:176}}
Feb 15 00:02:50.604437 dv-neutron-829139-1-hyperv neutron-server[103383]: DEBUG neutron_lib.callbacks.manager [None req-45ea7875-74ab-408f-bcf1-3196b68d99ae tempest-FloatingIPAdminTestJSON-1202011796 tempest-FloatingIPAdminTestJSON-1202011796-project] Publish callbacks [] for port (e7b7c0d2-f5cd-41b5-acce-4f48cb85b513), precommit_create {{(pid=103383) _notify_loop /usr/local/lib/python3.8/dist-packages/neutron_lib/callbacks/manager.py:176}}
Feb 15 00:02:50.615848 dv-neutron-829139-1-hyperv neutron-server[103384]: DEBUG neutron.plugins.ml2.plugin [None req-4e9dca0b-28d5-4345-aaf6-0a5d6126f19c None None] Port d47a9a34-b6c7-4d45-98f2-24ad4418f55f cannot update to ACTIVE because it is not bound. {{(pid=103384) _port_provisioned /opt/stack/neutron/neutron/plugins/ml2/plugin.py:343}}
Feb 15 00:02:50.616252 dv-neutron-829139-1-hyperv neutron-server[103382]: DEBUG neutron_lib.callbacks.manager [None req-18d0f56e-90b3-4672-8ca4-ca92a348a3fc tempest-ExternalNetworksTestJSON-841810828 tempest-ExternalNetworksTestJSON-841810828-project-admin] Publish callbacks ['neutron.services.auto_allocate.db._ensure_external_network_default_value_callback-8768363641766'] for network (eb999a5c-73c6-40d2-829a-a0510f7b223d), precommit_create {{(pid=103382) _notify_loop /usr/local/lib/python3.8/dist-packages/neutron_lib/callbacks/manager.py:176}}
Feb 15 00:02:50.622026 dv-neutron-829139-1-hyperv neutron-server[103384]: DEBUG neutron.api.rpc.handlers.resources_rpc [None req-e6d5a7fb-c422-422f-bdc9-b57dd6dfbb7f None None] Pushing event updated for resources: {'Port': ['ID=1458b96d-5597-4a09-befe-c907dec8d895,revision_number=4']} {{(pid=103384) push /opt/stack/neutron/neutron/api/rpc/handlers/resources_rpc.py:237}}
Feb 15 00:02:50.667945 dv-neutron-829139-1-hyperv neutron-server[103383]: DEBUG neutron_lib.callbacks.manager [None req-45ea7875-74ab-408f-bcf1-3196b68d99ae tempest-FloatingIPAdminTestJSON-1202011796 tempest-FloatingIPAdminTestJSON-1202011796-project] Publish callbacks ['neutron.plugins.ml2.plugin.SecurityGroupServerNotifierRpcMixin._notify_sg_on_port_change-8355639', 'neutron.plugins.ml2.ovo_rpc._ObjectChangeHandler.handle_event-171352', 'neutron.api.rpc.agentnotifiers.dhcp_rpc_agent_api.DhcpAgentNotifyAPI._native_event_send_dhcp_notification-966232', 'neutron.db.l3_dvrscheduler_db._notify_l3_agent_new_port-8768363623747'] for port (e7b7c0d2-f5cd-41b5-acce-4f48cb85b513), after_create {{(pid=103383) _notify_loop /usr/local/lib/python3.8/dist-packages/neutron_lib/callbacks/manager.py:176}}
Feb 15 00:02:50.782968 dv-neutron-829139-1-hyperv neutron-server[103382]: DEBUG neutron_lib.callbacks.manager [None req-f6647398-5764-47f3-8026-dd7530fdf17c tempest-MeteringIpV6TestJSON-935843636 tempest-MeteringIpV6TestJSON-935843636-project-admin] Publish callbacks [] for metering_label (None), before_response {{(pid=103382) _notify_loop /usr/local/lib/python3.8/dist-packages/neutron_lib/callbacks/manager.py:176}}
Feb 15 00:02:50.784035 dv-neutron-829139-1-hyperv neutron-server[103382]: INFO neutron.wsgi [None req-f6647398-5764-47f3-8026-dd7530fdf17c tempest-MeteringIpV6TestJSON-935843636 tempest-MeteringIpV6TestJSON-935843636-project-admin] 10.222.0.30 "POST /v2.0/metering/metering-labels HTTP/1.1" status: 201 len: 469 time: 0.9194798
Feb 15 00:02:50.786265 dv-neutron-829139-1-hyperv neutron-server[103382]: DEBUG neutron_lib.db.resource_extend [None req-18d0f56e-90b3-4672-8ca4-ca92a348a3fc tempest-ExternalNetworksTestJSON-841810828 tempest-ExternalNetworksTestJSON-841810828-project-admin] It took 0.16 seconds to run function 'neutron_lib.db.resource_extend.apply_funcs' {{(pid=103382) wrapper /usr/local/lib/python3.8/dist-packages/oslo_utils/timeutils.py:386}}
Feb 15 00:02:50.821231 dv-neutron-829139-1-hyperv neutron-server[103383]: DEBUG neutron.wsgi [-] (103383) accepted ('10.222.0.30', 41648) {{(pid=103383) server /usr/local/lib/python3.8/dist-packages/eventlet/wsgi.py:1004}}
Feb 15 00:02:50.843634 dv-neutron-829139-1-hyperv neutron-server[103384]: DEBUG neutron_lib.callbacks.manager [None req-213c2bde-5de3-4000-97ac-fe55d48cc2a3 None None] Publish callbacks [] for port (565de15a-e4a5-4646-a4c0-02d55aa284a9), precommit_update {{(pid=103384) _notify_loop /usr/local/lib/python3.8/dist-packages/neutron_lib/callbacks/manager.py:176}}
Feb 15 00:02:50.844205 dv-neutron-829139-1-hyperv neutron-server[103383]: DEBUG neutron.scheduler.dhcp_agent_scheduler [None req-45ea7875-74ab-408f-bcf1-3196b68d99ae tempest-FloatingIPAdminTestJSON-1202011796 tempest-FloatingIPAdminTestJSON-1202011796-project] Network 06703ee7-ffbf-40e7-83b7-364ce0154039 is already hosted by enough agents. {{(pid=103383) _get_dhcp_agents_hosting_network /opt/stack/neutron/neutron/scheduler/dhcp_agent_scheduler.py:275}}
Feb 15 00:02:50.849064 dv-neutron-829139-1-hyperv neutron-server[103384]: DEBUG neutron_lib.callbacks.manager [None req-213c2bde-5de3-4000-97ac-fe55d48cc2a3 None None] Publish callbacks ['neutron.plugins.ml2.plugin.SecurityGroupServerNotifierRpcMixin._notify_sg_on_port_change-8355639', 'neutron.plugins.ml2.ovo_rpc._ObjectChangeHandler.handle_event-171352', 'neutron.api.rpc.agentnotifiers.dhcp_rpc_agent_api.DhcpAgentNotifyAPI._native_event_send_dhcp_notification-966232', 'neutron.db.l3_db.L3RpcNotifierMixin._notify_gateway_port_ip_changed-8768364129729', 'neutron.db.l3_dvrscheduler_db._notify_l3_agent_port_update-8768363623765', 'neutron.db.l3_hascheduler_db._notify_l3_agent_ha_port_update-8768363623783'] for port (565de15a-e4a5-4646-a4c0-02d55aa284a9), after_update {{(pid=103384) _notify_loop /usr/local/lib/python3.8/dist-packages/neutron_lib/callbacks/manager.py:176}}
Feb 15 00:02:50.862360 dv-neutron-829139-1-hyperv neutron-server[103382]: DEBUG neutron.pecan_wsgi.hooks.quota_enforcement [None req-dc7ec530-2c10-4f1c-ad38-2ff9b10a6246 tempest-ExternalNetworksAdminNegativeTestJSON-1122212262 tempest-ExternalNetworksAdminNegativeTestJSON-1122212262-project-admin] Made reservation on behalf of 1cfee2c8bda840b0ae6183a0567d2d06 for: {'port': 1} {{(pid=103382) before /opt/stack/neutron/neutron/pecan_wsgi/hooks/quota_enforcement.py:53}}
Feb 15 00:02:50.864949 dv-neutron-829139-1-hyperv neutron-server[103382]: DEBUG neutron_lib.callbacks.manager [None req-dc7ec530-2c10-4f1c-ad38-2ff9b10a6246 tempest-ExternalNetworksAdminNegativeTestJSON-1122212262 tempest-ExternalNetworksAdminNegativeTestJSON-1122212262-project-admin] Publish callbacks ['neutron.plugins.ml2.plugin.SecurityGroupDbMixin._ensure_default_security_group_handler-8355747'] for port (None), before_create {{(pid=103382) _notify_loop /usr/local/lib/python3.8/dist-packages/neutron_lib/callbacks/manager.py:176}}
Feb 15 00:02:50.870329 dv-neutron-829139-1-hyperv neutron-server[103382]: DEBUG neutron_lib.callbacks.manager [None req-ec070b95-088b-4a68-b6ce-668b279459cd admin admin] Publish callbacks [] for security_group (None), before_create {{(pid=103382) _notify_loop /usr/local/lib/python3.8/dist-packages/neutron_lib/callbacks/manager.py:176}}
Feb 15 00:02:50.890813 dv-neutron-829139-1-hyperv neutron-server[103383]: DEBUG neutron.scheduler.base_scheduler [None req-45ea7875-74ab-408f-bcf1-3196b68d99ae tempest-FloatingIPAdminTestJSON-1202011796 tempest-FloatingIPAdminTestJSON-1202011796-project] Resources bound (agent type, host, resource id): {{(pid=103383) schedule /opt/stack/neutron/neutron/scheduler/base_scheduler.py:57}}
Feb 15 00:02:50.910288 dv-neutron-829139-1-hyperv neutron-server[103384]: DEBUG neutron.api.rpc.handlers.resources_rpc [None req-82fabe40-9f3d-498f-9d7a-4ac87cc47eb6 None None] Pushing event updated for resources: {'Port': ['ID=565de15a-e4a5-4646-a4c0-02d55aa284a9,revision_number=2']} {{(pid=103384) push /opt/stack/neutron/neutron/api/rpc/handlers/resources_rpc.py:237}}
Feb 15 00:02:50.914672 dv-neutron-829139-1-hyperv neutron-server[103384]: DEBUG neutron.plugins.ml2.managers [None req-213c2bde-5de3-4000-97ac-fe55d48cc2a3 None None] Attempting to bind port 565de15a-e4a5-4646-a4c0-02d55aa284a9 on host dv-neutron-829139-1-hyperv for vnic_type normal with profile {{(pid=103384) bind_port /opt/stack/neutron/neutron/plugins/ml2/managers.py:795}}
Feb 15 00:02:50.915150 dv-neutron-829139-1-hyperv neutron-server[103384]: DEBUG neutron.plugins.ml2.managers [None req-213c2bde-5de3-4000-97ac-fe55d48cc2a3 None None] Attempting to bind port 565de15a-e4a5-4646-a4c0-02d55aa284a9 by drivers openvswitch,hyperv on host dv-neutron-829139-1-hyperv at level 0 using segments [{'id': 'f43eb2da-034c-46d7-8d50-296ccf415d0f', 'network_type': 'flat', 'physical_network': 'physnet1', 'segmentation_id': None, 'network_id': '06703ee7-ffbf-40e7-83b7-364ce0154039'}] {{(pid=103384) _bind_port_level /opt/stack/neutron/neutron/plugins/ml2/managers.py:820}}
Feb 15 00:02:50.915591 dv-neutron-829139-1-hyperv neutron-server[103384]: DEBUG neutron.plugins.ml2.drivers.mech_agent [None req-213c2bde-5de3-4000-97ac-fe55d48cc2a3 None None] Attempting to bind port 565de15a-e4a5-4646-a4c0-02d55aa284a9 on network 06703ee7-ffbf-40e7-83b7-364ce0154039 {{(pid=103384) bind_port /opt/stack/neutron/neutron/plugins/ml2/drivers/mech_agent.py:91}}
Feb 15 00:02:50.923981 dv-neutron-829139-1-hyperv neutron-server[103384]: DEBUG neutron.plugins.ml2.drivers.mech_agent [None req-213c2bde-5de3-4000-97ac-fe55d48cc2a3 None None] Checking agent: {'id': 'c9fece95-0233-4b20-aa5e-ecc2db7ecf61', 'agent_type': 'Open vSwitch agent', 'binary': 'neutron-openvswitch-agent', 'topic': 'N/A', 'host': 'dv-neutron-829139-1-hyperv', 'admin_state_up': True, 'created_at': datetime.datetime(2022, 2, 14, 23, 55, 32), 'started_at': datetime.datetime(2022, 2, 14, 23, 56, 2), 'heartbeat_timestamp': datetime.datetime(2022, 2, 15, 0, 2, 32), 'description': None, 'resources_synced': None, 'availability_zone': None, 'alive': True, 'configurations': {'arp_responder_enabled': False, 'baremetal_smartnic': False, 'bridge_mappings': {'physnet1': 'br-data'}, 'datapath_type': 'system', 'devices': 0, 'enable_distributed_routing': False, 'extensions': [], 'in_distributed_mode': False, 'integration_bridge': 'br-int', 'l2_population': False, 'log_agent_heartbeats': False, 'ovs_capabilities': {'datapath_types': ['netdev', 'system'], 'iface_types': ['erspan', 'geneve', 'gre', 'internal', 'ip6erspan', 'ip6gre', 'lisp', 'patch', 'stt', 'system', 'tap', 'vxlan']}, 'ovs_hybrid_plug': False, 'resource_provider_bandwidths': {}, 'resource_provider_hypervisors': {'br-data': 'dv-neutron-829139-1-hyperv'}, 'resource_provider_inventory_defaults': {'allocation_ratio': 1.0, 'min_unit': 1, 'step_size': 1, 'reserved': 0}, 'resource_provider_packet_processing_inventory_defaults': {'allocation_ratio': 1.0, 'min_unit': 1, 'step_size': 1, 'reserved': 0}, 'resource_provider_packet_processing_with_direction': {}, 'resource_provider_packet_processing_without_direction': {}, 'tunnel_types': [], 'tunneling_ip': None, 'vhostuser_socket_dir': '/var/run/openvswitch'}, 'resource_versions': {'AddressGroup': '1.2', 'ConntrackHelper': '1.0', 'LocalIPAssociation': '1.0', 'Log': '1.0', 'Network': '1.1', 'Port': '1.7', 'PortForwarding': '1.2', 'QosPolicy': '1.10', 'SecurityGroup': '1.5', 'SecurityGroupRule': '1.2', 'SubPort': '1.0', 'Subnet': '1.1', 'Trunk': '1.1'}} {{(pid=103384) bind_port /opt/stack/neutron/neutron/plugins/ml2/drivers/mech_agent.py:110}}
Feb 15 00:02:50.924356 dv-neutron-829139-1-hyperv neutron-server[103384]: DEBUG neutron.plugins.ml2.drivers.mech_agent [None req-213c2bde-5de3-4000-97ac-fe55d48cc2a3 None None] Checking segment: {'id': 'f43eb2da-034c-46d7-8d50-296ccf415d0f', 'network_type': 'flat', 'physical_network': 'physnet1', 'segmentation_id': None, 'network_id': '06703ee7-ffbf-40e7-83b7-364ce0154039'} for mappings: {'physnet1': 'br-data'} with network types: ['local', 'flat', 'vlan'] {{(pid=103384) check_segment_for_agent /opt/stack/neutron/neutron/plugins/ml2/drivers/mech_agent.py:373}}
Feb 15 00:02:50.924755 dv-neutron-829139-1-hyperv neutron-server[103384]: DEBUG neutron_lib.callbacks.manager [None req-213c2bde-5de3-4000-97ac-fe55d48cc2a3 None None] Publish callbacks [] for ovs_bridge_name (None), before_read {{(pid=103384) _notify_loop /usr/local/lib/python3.8/dist-packages/neutron_lib/callbacks/manager.py:176}}
Feb 15 00:02:50.925143 dv-neutron-829139-1-hyperv neutron-server[103384]: DEBUG neutron.plugins.ml2.drivers.mech_agent [None req-213c2bde-5de3-4000-97ac-fe55d48cc2a3 None None] Bound using segment: {'id': 'f43eb2da-034c-46d7-8d50-296ccf415d0f', 'network_type': 'flat', 'physical_network': 'physnet1', 'segmentation_id': None, 'network_id': '06703ee7-ffbf-40e7-83b7-364ce0154039'} {{(pid=103384) bind_port /opt/stack/neutron/neutron/plugins/ml2/drivers/mech_agent.py:120}}
Feb 15 00:02:50.925605 dv-neutron-829139-1-hyperv neutron-server[103384]: DEBUG neutron.plugins.ml2.managers [None req-213c2bde-5de3-4000-97ac-fe55d48cc2a3 None None] Bound port: 565de15a-e4a5-4646-a4c0-02d55aa284a9, host: dv-neutron-829139-1-hyperv, vif_type: ovs, vif_details: {"connectivity": "l2", "port_filter": true, "ovs_hybrid_plug": false, "datapath_type": "system", "bridge_name": "br-int"}, binding_levels: [{'bound_driver': 'openvswitch', 'bound_segment': {'id': 'f43eb2da-034c-46d7-8d50-296ccf415d0f', 'network_type': 'flat', 'physical_network': 'physnet1', 'segmentation_id': None, 'network_id': '06703ee7-ffbf-40e7-83b7-364ce0154039'}}] {{(pid=103384) _bind_port_level /opt/stack/neutron/neutron/plugins/ml2/managers.py:932}}
Feb 15 00:02:50.926006 dv-neutron-829139-1-hyperv neutron-server[103384]: DEBUG neutron_lib.callbacks.manager [None req-213c2bde-5de3-4000-97ac-fe55d48cc2a3 None None] Publish callbacks ['neutron.plugins.ml2.plugin.SecurityGroupDbMixin._ensure_default_security_group_handler-8355747'] for port (565de15a-e4a5-4646-a4c0-02d55aa284a9), before_update {{(pid=103384) _notify_loop /usr/local/lib/python3.8/dist-packages/neutron_lib/callbacks/manager.py:176}}
Feb 15 00:02:50.944312 dv-neutron-829139-1-hyperv neutron-server[103382]: DEBUG neutron_lib.callbacks.manager [None req-dc7ec530-2c10-4f1c-ad38-2ff9b10a6246 tempest-ExternalNetworksAdminNegativeTestJSON-1122212262 tempest-ExternalNetworksAdminNegativeTestJSON-1122212262-project-admin] Publish callbacks [] for security_group (None), before_create {{(pid=103382) _notify_loop /usr/local/lib/python3.8/dist-packages/neutron_lib/callbacks/manager.py:176}}
Feb 15 00:02:50.955025 dv-neutron-829139-1-hyperv neutron-server[103383]: DEBUG neutron.db.l3_dvrscheduler_db [None req-45ea7875-74ab-408f-bcf1-3196b68d99ae tempest-FloatingIPAdminTestJSON-1202011796 tempest-FloatingIPAdminTestJSON-1202011796-project] Received port after_create {{(pid=103383) _notify_l3_agent_new_port /opt/stack/neutron/neutron/db/l3_dvrscheduler_db.py:536}}
Feb 15 00:02:50.969039 dv-neutron-829139-1-hyperv neutron-server[103383]: DEBUG neutron.api.rpc.handlers.resources_rpc [None req-45ea7875-74ab-408f-bcf1-3196b68d99ae tempest-FloatingIPAdminTestJSON-1202011796 tempest-FloatingIPAdminTestJSON-1202011796-project] Pushing event updated for resources: {'Port': ['ID=e7b7c0d2-f5cd-41b5-acce-4f48cb85b513,revision_number=1']} {{(pid=103383) push /opt/stack/neutron/neutron/api/rpc/handlers/resources_rpc.py:237}}
Feb 15 00:02:50.975067 dv-neutron-829139-1-hyperv neutron-server[103383]: INFO neutron.wsgi [None req-bc7bfe71-560e-42a6-950b-29cabac77018 tempest-MeteringIpV6TestJSON-935843636 tempest-MeteringIpV6TestJSON-935843636-project-admin] 10.222.0.30 "GET /v2.0/metering/metering-labels?id=113c0fbd-2b03-4845-a5a1-b4320a37bb87 HTTP/1.1" status: 200 len: 467 time: 0.1514626
Feb 15 00:02:50.979075 dv-neutron-829139-1-hyperv neutron-server[103383]: DEBUG neutron.wsgi [-] (103383) accepted ('10.222.0.30', 41650) {{(pid=103383) server /usr/local/lib/python3.8/dist-packages/eventlet/wsgi.py:1004}}
Feb 15 00:02:50.988149 dv-neutron-829139-1-hyperv neutron-server[103384]: DEBUG neutron.plugins.ml2.db [None req-213c2bde-5de3-4000-97ac-fe55d48cc2a3 None None] For port 565de15a-e4a5-4646-a4c0-02d55aa284a9, host dv-neutron-829139-1-hyperv, cleared binding levels {{(pid=103384) clear_binding_levels /opt/stack/neutron/neutron/plugins/ml2/db.py:87}}
Feb 15 00:02:50.991309 dv-neutron-829139-1-hyperv neutron-server[103384]: DEBUG neutron.plugins.ml2.db [None req-213c2bde-5de3-4000-97ac-fe55d48cc2a3 None None] For port 565de15a-e4a5-4646-a4c0-02d55aa284a9, host dv-neutron-829139-1-hyperv, set binding levels [PortBindingLevel(driver='openvswitch',host='dv-neutron-829139-1-hyperv',level=0,port_id=565de15a-e4a5-4646-a4c0-02d55aa284a9,segment=NetworkSegment(f43eb2da-034c-46d7-8d50-296ccf415d0f),segment_id=f43eb2da-034c-46d7-8d50-296ccf415d0f)] {{(pid=103384) set_binding_levels /opt/stack/neutron/neutron/plugins/ml2/db.py:59}}
Feb 15 00:02:50.994742 dv-neutron-829139-1-hyperv neutron-server[103382]: DEBUG neutron_lib.callbacks.manager [None req-18d0f56e-90b3-4672-8ca4-ca92a348a3fc tempest-ExternalNetworksTestJSON-841810828 tempest-ExternalNetworksTestJSON-841810828-project-admin] Publish callbacks ['neutron.plugins.ml2.ovo_rpc._ObjectChangeHandler.handle_event-740881', 'neutron.api.rpc.agentnotifiers.dhcp_rpc_agent_api.DhcpAgentNotifyAPI._native_event_send_dhcp_notification-966232'] for network (eb999a5c-73c6-40d2-829a-a0510f7b223d), after_create {{(pid=103382) _notify_loop /usr/local/lib/python3.8/dist-packages/neutron_lib/callbacks/manager.py:176}}
Feb 15 00:02:50.995727 dv-neutron-829139-1-hyperv neutron-server[103382]: DEBUG neutron.pecan_wsgi.hooks.policy_enforcement [None req-18d0f56e-90b3-4672-8ca4-ca92a348a3fc tempest-ExternalNetworksTestJSON-841810828 tempest-ExternalNetworksTestJSON-841810828-project-admin] Attributes excluded by policy engine: ['standard_attr_id', 'vlan_transparent'] {{(pid=103382) _exclude_attributes_by_policy /opt/stack/neutron/neutron/pecan_wsgi/hooks/policy_enforcement.py:255}}
Feb 15 00:02:50.996330 dv-neutron-829139-1-hyperv neutron-server[103382]: DEBUG neutron_lib.callbacks.manager [None req-18d0f56e-90b3-4672-8ca4-ca92a348a3fc tempest-ExternalNetworksTestJSON-841810828 tempest-ExternalNetworksTestJSON-841810828-project-admin] Publish callbacks ['neutron.api.rpc.agentnotifiers.dhcp_rpc_agent_api.DhcpAgentNotifyAPI._send_dhcp_notification-966314'] for network (None), before_response {{(pid=103382) _notify_loop /usr/local/lib/python3.8/dist-packages/neutron_lib/callbacks/manager.py:176}}
Feb 15 00:02:50.996637 dv-neutron-829139-1-hyperv neutron-server[103384]: DEBUG neutron_lib.callbacks.manager [None req-213c2bde-5de3-4000-97ac-fe55d48cc2a3 None None] Publish callbacks ['neutron.plugins.ml2.plugin.SecurityGroupServerNotifierRpcMixin._notify_sg_on_port_change-8355639', 'neutron.plugins.ml2.ovo_rpc._ObjectChangeHandler.handle_event-171352', 'neutron.api.rpc.agentnotifiers.dhcp_rpc_agent_api.DhcpAgentNotifyAPI._native_event_send_dhcp_notification-966232', 'neutron.db.l3_db.L3RpcNotifierMixin._notify_gateway_port_ip_changed-8768364129729', 'neutron.db.l3_dvrscheduler_db._notify_l3_agent_port_update-8768363623765', 'neutron.db.l3_hascheduler_db._notify_l3_agent_ha_port_update-8768363623783'] for port (565de15a-e4a5-4646-a4c0-02d55aa284a9), after_update {{(pid=103384) _notify_loop /usr/local/lib/python3.8/dist-packages/neutron_lib/callbacks/manager.py:176}}
Feb 15 00:02:51.014110 dv-neutron-829139-1-hyperv neutron-server[103382]: DEBUG neutron_lib.callbacks.manager [None req-868f1be2-7d69-4e82-8d87-4de26d57f0de tempest-MeteringTestJSON-133495002 tempest-MeteringTestJSON-133495002-project-admin] Publish callbacks [] for metering_label (None), before_response {{(pid=103382) _notify_loop /usr/local/lib/python3.8/dist-packages/neutron_lib/callbacks/manager.py:176}}
Feb 15 00:02:51.017792 dv-neutron-829139-1-hyperv neutron-server[103382]: INFO neutron.wsgi [None req-868f1be2-7d69-4e82-8d87-4de26d57f0de tempest-MeteringTestJSON-133495002 tempest-MeteringTestJSON-133495002-project-admin] 10.222.0.30 "POST /v2.0/metering/metering-labels HTTP/1.1" status: 201 len: 468 time: 0.7880609
Feb 15 00:02:51.034528 dv-neutron-829139-1-hyperv neutron-server[103382]: DEBUG neutron.wsgi [-] (103382) accepted ('10.222.0.30', 41652) {{(pid=103382) server /usr/local/lib/python3.8/dist-packages/eventlet/wsgi.py:1004}}
Feb 15 00:02:51.062464 dv-neutron-829139-1-hyperv neutron-server[103384]: DEBUG neutron.api.rpc.handlers.resources_rpc [None req-82fabe40-9f3d-498f-9d7a-4ac87cc47eb6 None None] Pushing event updated for resources: {'Port': ['ID=565de15a-e4a5-4646-a4c0-02d55aa284a9,revision_number=3']} {{(pid=103384) push /opt/stack/neutron/neutron/api/rpc/handlers/resources_rpc.py:237}}
Feb 15 00:02:51.071191 dv-neutron-829139-1-hyperv neutron-server[103384]: DEBUG neutron.db.l3_dvrscheduler_db [None req-213c2bde-5de3-4000-97ac-fe55d48cc2a3 None None] Routers {'6c028a89-d3e5-4902-9118-16ec5af4c218'} bound to L3 agent in host dv-neutron-829139-1-hyperv {{(pid=103384) _get_router_ids_for_agent /opt/stack/neutron/neutron/db/l3_dvrscheduler_db.py:421}}
Feb 15 00:02:51.071810 dv-neutron-829139-1-hyperv neutron-server[103384]: DEBUG neutron.db.l3_hamode_db [None req-213c2bde-5de3-4000-97ac-fe55d48cc2a3 None None] neutron.services.l3_router.l3_router_plugin.L3RouterPlugin method get_ha_sync_data_for_host called with arguments (, 'dv-neutron-829139-1-hyperv', Agent(admin_state_up=True,agent_type='L3 agent',availability_zone='nova',binary='neutron-l3-agent',configurations={"agent_mode": "legacy", "ex_gw_ports": 1, "extensions": [], "floating_ips": 0, "handle_internal_only_routers": true, "interface_driver": "openvswitch", "interfaces": 1, "log_agent_heartbeats": false, "routers": 1},created_at=2022-02-14T23:55:28Z,description=,heartbeat_timestamp=2022-02-15T00:02:28Z,host='dv-neutron-829139-1-hyperv',id=fcb9ce61-b6a7-4ae2-af7d-1d410fa147b7,load=0,resource_versions=,resources_synced=,started_at=2022-02-14T23:55:28Z,topic='l3_agent')) {'router_ids': ['6c028a89-d3e5-4902-9118-16ec5af4c218'], 'active': True} {{(pid=103384) wrapper /usr/local/lib/python3.8/dist-packages/oslo_log/helpers.py:65}}
Feb 15 00:02:51.161570 dv-neutron-829139-1-hyperv neutron-server[103383]: DEBUG neutron_lib.callbacks.manager [None req-45ea7875-74ab-408f-bcf1-3196b68d99ae tempest-FloatingIPAdminTestJSON-1202011796 tempest-FloatingIPAdminTestJSON-1202011796-project] Publish callbacks [] for floatingip (e91aa52e-efb6-4dcf-a65c-17d79f9b8c7a), precommit_create {{(pid=103383) _notify_loop /usr/local/lib/python3.8/dist-packages/neutron_lib/callbacks/manager.py:176}}
Feb 15 00:02:51.227351 dv-neutron-829139-1-hyperv neutron-server[103384]: DEBUG neutron.db.l3_dvr_db [None req-213c2bde-5de3-4000-97ac-fe55d48cc2a3 None None] Set router 6c028a89-d3e5-4902-9118-16ec5af4c218 gateway port host: dv-neutron-829139-1-hyperv {{(pid=103384) _build_routers_list /opt/stack/neutron/neutron/db/l3_dvr_db.py:906}}
Feb 15 00:02:51.269603 dv-neutron-829139-1-hyperv neutron-server[103384]: DEBUG neutron.plugins.ml2.rpc [None req-e6d5a7fb-c422-422f-bdc9-b57dd6dfbb7f None None] Device e3b4bd2f-1d90-4c42-9ace-81360b7fc79b up at agent ovs-agent-dv-neutron-829139-1-hyperv {{(pid=103384) update_device_up /opt/stack/neutron/neutron/plugins/ml2/rpc.py:296}}
Feb 15 00:02:51.325457 dv-neutron-829139-1-hyperv neutron-server[103383]: DEBUG neutron_lib.callbacks.manager [None req-b82bc337-213d-46c9-9a85-ae8149b44ae0 tempest-MeteringIpV6TestJSON-935843636 tempest-MeteringIpV6TestJSON-935843636-project-admin] Publish callbacks [] for metering_label (None), before_response {{(pid=103383) _notify_loop /usr/local/lib/python3.8/dist-packages/neutron_lib/callbacks/manager.py:176}}
Feb 15 00:02:51.329117 dv-neutron-829139-1-hyperv neutron-server[103383]: INFO neutron.wsgi [None req-b82bc337-213d-46c9-9a85-ae8149b44ae0 tempest-MeteringIpV6TestJSON-935843636 tempest-MeteringIpV6TestJSON-935843636-project-admin] 10.222.0.30 "DELETE /v2.0/metering/metering-labels/113c0fbd-2b03-4845-a5a1-b4320a37bb87 HTTP/1.1" status: 204 len: 168 time: 0.3471498
Feb 15 00:02:51.332501 dv-neutron-829139-1-hyperv neutron-server[103383]: DEBUG neutron.wsgi [-] (103383) accepted ('10.222.0.30', 41654) {{(pid=103383) server /usr/local/lib/python3.8/dist-packages/eventlet/wsgi.py:1004}}
Feb 15 00:02:51.341877 dv-neutron-829139-1-hyperv neutron-server[103383]: DEBUG neutron_lib.callbacks.manager [None req-45ea7875-74ab-408f-bcf1-3196b68d99ae tempest-FloatingIPAdminTestJSON-1202011796 tempest-FloatingIPAdminTestJSON-1202011796-project] Publish callbacks ['neutron.plugins.ml2.plugin.SecurityGroupDbMixin._ensure_default_security_group_handler-8355747'] for port (e7b7c0d2-f5cd-41b5-acce-4f48cb85b513), before_update {{(pid=103383) _notify_loop /usr/local/lib/python3.8/dist-packages/neutron_lib/callbacks/manager.py:176}}
Feb 15 00:02:51.351350 dv-neutron-829139-1-hyperv neutron-server[103382]: INFO neutron.wsgi [None req-18d0f56e-90b3-4672-8ca4-ca92a348a3fc tempest-ExternalNetworksTestJSON-841810828 tempest-ExternalNetworksTestJSON-841810828-project-admin] 10.222.0.30 "POST /v2.0/networks HTTP/1.1" status: 201 len: 863 time: 2.4848354
Feb 15 00:02:51.352991 dv-neutron-829139-1-hyperv neutron-server[103383]: DEBUG neutron_lib.callbacks.manager [None req-94ddd9bb-4c47-467f-9cde-683d1afe6ccb admin admin] Publish callbacks [] for port (d47a9a34-b6c7-4d45-98f2-24ad4418f55f), precommit_update {{(pid=103383) _notify_loop /usr/local/lib/python3.8/dist-packages/neutron_lib/callbacks/manager.py:176}}
Feb 15 00:02:51.363442 dv-neutron-829139-1-hyperv neutron-server[103382]: INFO neutron.wsgi [None req-7e5c0d42-3743-4fa5-9cae-b9d1aa20b79d tempest-MeteringTestJSON-133495002 tempest-MeteringTestJSON-133495002-project-admin] 10.222.0.30 "GET /v2.0/metering/metering-labels?id=730c1eb7-caf4-49e3-a9a1-7a2b659979e5 HTTP/1.1" status: 200 len: 466 time: 0.3269680
Feb 15 00:02:51.365697 dv-neutron-829139-1-hyperv neutron-server[103382]: DEBUG neutron.wsgi [-] (103382) accepted ('10.222.0.30', 41656) {{(pid=103382) server /usr/local/lib/python3.8/dist-packages/eventlet/wsgi.py:1004}}
Feb 15 00:02:51.366066 dv-neutron-829139-1-hyperv neutron-server[103382]: DEBUG neutron.wsgi [-] (103382) accepted ('10.222.0.30', 41658) {{(pid=103382) server /usr/local/lib/python3.8/dist-packages/eventlet/wsgi.py:1004}}
Feb 15 00:02:51.374058 dv-neutron-829139-1-hyperv neutron-server[103382]: DEBUG neutron.api.rpc.handlers.resources_rpc [None req-18d0f56e-90b3-4672-8ca4-ca92a348a3fc tempest-ExternalNetworksTestJSON-841810828 tempest-ExternalNetworksTestJSON-841810828-project-admin] Pushing event updated for resources: {'Network': ['ID=eb999a5c-73c6-40d2-829a-a0510f7b223d,revision_number=1']} {{(pid=103382) push /opt/stack/neutron/neutron/api/rpc/handlers/resources_rpc.py:237}}
Feb 15 00:02:51.383691 dv-neutron-829139-1-hyperv neutron-server[103383]: INFO neutron.wsgi [None req-b5dc28f4-83ce-43a5-85f7-0ea9d3882dc8 tempest-MeteringIpV6TestJSON-935843636 tempest-MeteringIpV6TestJSON-935843636-project-admin] 10.222.0.30 "GET /v2.0/metering/metering-labels?id=113c0fbd-2b03-4845-a5a1-b4320a37bb87 HTTP/1.1" status: 200 len: 216 time: 0.0460868
Feb 15 00:02:51.383691 dv-neutron-829139-1-hyperv neutron-server[103383]: DEBUG neutron_lib.callbacks.manager [None req-94ddd9bb-4c47-467f-9cde-683d1afe6ccb admin admin] Publish callbacks ['neutron.plugins.ml2.plugin.SecurityGroupServerNotifierRpcMixin._notify_sg_on_port_change-8355639', 'neutron.plugins.ml2.ovo_rpc._ObjectChangeHandler.handle_event-171352', 'neutron.api.rpc.agentnotifiers.dhcp_rpc_agent_api.DhcpAgentNotifyAPI._native_event_send_dhcp_notification-966232', 'neutron.db.l3_db.L3RpcNotifierMixin._notify_gateway_port_ip_changed-8768364129729', 'neutron.db.l3_dvrscheduler_db._notify_l3_agent_port_update-8768363623765', 'neutron.db.l3_hascheduler_db._notify_l3_agent_ha_port_update-8768363623783'] for port (d47a9a34-b6c7-4d45-98f2-24ad4418f55f), after_update {{(pid=103383) _notify_loop /usr/local/lib/python3.8/dist-packages/neutron_lib/callbacks/manager.py:176}}
Feb 15 00:02:51.383937 dv-neutron-829139-1-hyperv neutron-server[103383]: DEBUG neutron_lib.callbacks.manager [None req-94ddd9bb-4c47-467f-9cde-683d1afe6ccb admin admin] Publish callbacks ['neutron.api.rpc.agentnotifiers.dhcp_rpc_agent_api.DhcpAgentNotifyAPI._after_router_interface_created-966262', 'neutron.services.l3_router.l3_router_plugin.DVRResourceOperationHandler._update_snat_v6_addrs_after_intf_update-525760'] for router_interface (aba866c0-6a26-4176-aa5d-802d750e0c4d), after_create {{(pid=103383) _notify_loop /usr/local/lib/python3.8/dist-packages/neutron_lib/callbacks/manager.py:176}}
Feb 15 00:02:51.385939 dv-neutron-829139-1-hyperv neutron-server[103383]: DEBUG neutron.wsgi [-] (103383) accepted ('10.222.0.30', 41660) {{(pid=103383) server /usr/local/lib/python3.8/dist-packages/eventlet/wsgi.py:1004}}
Feb 15 00:02:51.416881 dv-neutron-829139-1-hyperv neutron-server[103384]: DEBUG neutron.plugins.ml2.rpc [None req-e6d5a7fb-c422-422f-bdc9-b57dd6dfbb7f None None] Network eb999a5c-73c6-40d2-829a-a0510f7b223d details requested by agent ovs-agent-dv-neutron-829139-1-hyperv with host dv-neutron-829139-1-hyperv {{(pid=103384) get_network_details /opt/stack/neutron/neutron/plugins/ml2/rpc.py:248}}
Feb 15 00:02:51.439915 dv-neutron-829139-1-hyperv neutron-server[103383]: INFO neutron.wsgi [None req-441f3713-19ca-4bea-b400-b760915e958f tempest-MeteringIpV6TestJSON-935843636 tempest-MeteringIpV6TestJSON-935843636-project-admin] 10.222.0.30 "GET /v2.0/metering/metering-label-rules?id=33 HTTP/1.1" status: 200 len: 221 time: 0.0483930
Feb 15 00:02:51.440885 dv-neutron-829139-1-hyperv neutron-server[103383]: DEBUG neutron.wsgi [-] (103383) accepted ('10.222.0.30', 41662) {{(pid=103383) server /usr/local/lib/python3.8/dist-packages/eventlet/wsgi.py:1004}}
Feb 15 00:02:51.492799 dv-neutron-829139-1-hyperv neutron-server[103384]: DEBUG neutron.db.provisioning_blocks [None req-e6d5a7fb-c422-422f-bdc9-b57dd6dfbb7f None None] Provisioning complete for port e3b4bd2f-1d90-4c42-9ace-81360b7fc79b triggered by entity L2. {{(pid=103384) provisioning_complete /opt/stack/neutron/neutron/db/provisioning_blocks.py:139}}
Feb 15 00:02:51.493332 dv-neutron-829139-1-hyperv neutron-server[103384]: DEBUG neutron_lib.callbacks.manager [None req-e6d5a7fb-c422-422f-bdc9-b57dd6dfbb7f None None] Publish callbacks ['neutron.plugins.ml2.plugin.Ml2Plugin._port_provisioned-8159851'] for port (e3b4bd2f-1d90-4c42-9ace-81360b7fc79b), provisioning_complete {{(pid=103384) _notify_loop /usr/local/lib/python3.8/dist-packages/neutron_lib/callbacks/manager.py:176}}
Feb 15 00:02:51.498121 dv-neutron-829139-1-hyperv neutron-server[103383]: DEBUG neutron.api.rpc.handlers.resources_rpc [None req-94ddd9bb-4c47-467f-9cde-683d1afe6ccb admin admin] Pushing event updated for resources: {'Port': ['ID=d47a9a34-b6c7-4d45-98f2-24ad4418f55f,revision_number=2']} {{(pid=103383) push /opt/stack/neutron/neutron/api/rpc/handlers/resources_rpc.py:237}}
Feb 15 00:02:51.521721 dv-neutron-829139-1-hyperv neutron-server[103383]: INFO neutron.wsgi [None req-2a49ee7b-2b33-4b80-8b86-194ea07f6264 tempest-MeteringIpV6TestJSON-935843636 tempest-MeteringIpV6TestJSON-935843636-project-admin] 10.222.0.30 "GET /v2.0/metering/metering-labels?id=33 HTTP/1.1" status: 200 len: 216 time: 0.0797942
Feb 15 00:02:51.528583 dv-neutron-829139-1-hyperv neutron-server[103383]: DEBUG neutron.wsgi [-] (103383) accepted ('10.222.0.30', 41664) {{(pid=103383) server /usr/local/lib/python3.8/dist-packages/eventlet/wsgi.py:1004}}
Feb 15 00:02:51.628931 dv-neutron-829139-1-hyperv neutron-server[103384]: DEBUG neutron.db.l3_hamode_db [None req-213c2bde-5de3-4000-97ac-fe55d48cc2a3 None None] neutron.services.l3_router.l3_router_plugin.L3RouterPlugin method _process_sync_ha_data called with arguments (, [{'id': '6c028a89-d3e5-4902-9118-16ec5af4c218', 'name': 'tempest-ServersTestJSON-913361345-router', 'tenant_id': '088235e2101d469ba3fa0e95f0cc6ed0', 'admin_state_up': True, 'status': 'ACTIVE', 'external_gateway_info': {'network_id': '06703ee7-ffbf-40e7-83b7-364ce0154039', 'external_fixed_ips': [{'subnet_id': 'b65d4ad8-2a19-43ce-866e-4260222c26b3', 'ip_address': '172.26.4.216'}], 'enable_snat': True}, 'gw_port_id': '565de15a-e4a5-4646-a4c0-02d55aa284a9', 'description': '', 'availability_zones': ['nova'], 'distributed': False, 'ha': False, 'ha_vr_id': 0, 'availability_zone_hints': [], 'routes': [], 'flavor_id': None, 'tags': [], 'created_at': '2022-02-15T00:02:45Z', 'updated_at': '2022-02-15T00:02:47Z', 'revision_number': 3, 'project_id': '088235e2101d469ba3fa0e95f0cc6ed0', 'gw_port': {'id': '565de15a-e4a5-4646-a4c0-02d55aa284a9', 'name': '', 'network_id': '06703ee7-ffbf-40e7-83b7-364ce0154039', 'tenant_id': '', 'mac_address': 'fa:16:3e:43:20:f4', 'admin_state_up': True, 'status': 'DOWN', 'device_id': '6c028a89-d3e5-4902-9118-16ec5af4c218', 'device_owner': 'network:router_gateway', 'standard_attr_id': 52, 'fixed_ips': [{'subnet_id': 'b65d4ad8-2a19-43ce-866e-4260222c26b3', 'ip_address': '172.26.4.216', 'prefixlen': 24}], 'allowed_address_pairs': [], 'extra_dhcp_opts': [], 'security_groups': [], 'description': '', 'binding:vnic_type': 'normal', 'binding:profile': {}, 'binding:host_id': 'dv-neutron-829139-1-hyperv', 'binding:vif_type': 'ovs', 'binding:vif_details': {'connectivity': 'l2', 'port_filter': True, 'ovs_hybrid_plug': False, 'datapath_type': 'system', 'bridge_name': 'br-int', 'bound_drivers': {'0': 'openvswitch'}}, 'port_security_enabled': False, 'tags': [], 'created_at': '2022-02-15T00:02:46Z', 'updated_at': '2022-02-15T00:02:50Z', 'revision_number': 3, 'project_id': '', 'subnets': [{'id': 'b65d4ad8-2a19-43ce-866e-4260222c26b3', 'cidr': '172.26.4.0/24', 'gateway_ip': '172.26.4.1', 'dns_nameservers': [], 'ipv6_ra_mode': None, 'subnetpool_id': None}], 'extra_subnets': [], 'address_scopes': {4: None, 6: None}, 'mtu': 1500}, 'enable_snat': True, 'gw_port_host': 'dv-neutron-829139-1-hyperv'}], 'dv-neutron-829139-1-hyperv', False) {} {{(pid=103384) wrapper /usr/local/lib/python3.8/dist-packages/oslo_log/helpers.py:65}}
Feb 15 00:02:51.634309 dv-neutron-829139-1-hyperv neutron-server[103383]: INFO neutron.wsgi [None req-d8c56eb9-253b-4090-be0d-76a4d47741d1 tempest-MeteringIpV6TestJSON-935843636 tempest-MeteringIpV6TestJSON-935843636-project-admin] 10.222.0.30 "GET /v2.0/metering/metering-labels/62736421-a7a2-4f84-b3fe-6795c8d4ca08 HTTP/1.1" status: 200 len: 473 time: 0.0774112
Feb 15 00:02:51.634482 dv-neutron-829139-1-hyperv neutron-server[103384]: DEBUG neutron.plugins.ml2.plugin [None req-e6d5a7fb-c422-422f-bdc9-b57dd6dfbb7f None None] Current status of the port e3b4bd2f-1d90-4c42-9ace-81360b7fc79b is: ACTIVE; New status is: ACTIVE {{(pid=103384) _update_individual_port_db_status /opt/stack/neutron/neutron/plugins/ml2/plugin.py:2232}}
Feb 15 00:02:51.634482 dv-neutron-829139-1-hyperv neutron-server[103384]: DEBUG neutron.plugins.ml2.rpc [None req-e6d5a7fb-c422-422f-bdc9-b57dd6dfbb7f None None] Device 1458b96d-5597-4a09-befe-c907dec8d895 up at agent ovs-agent-dv-neutron-829139-1-hyperv {{(pid=103384) update_device_up /opt/stack/neutron/neutron/plugins/ml2/rpc.py:296}}
Feb 15 00:02:51.635108 dv-neutron-829139-1-hyperv neutron-server[103382]: DEBUG neutron.wsgi [-] (103382) accepted ('10.222.0.30', 41666) {{(pid=103382) server /usr/local/lib/python3.8/dist-packages/eventlet/wsgi.py:1004}}
Feb 15 00:02:51.675866 dv-neutron-829139-1-hyperv neutron-server[103383]: DEBUG neutron.scheduler.dhcp_agent_scheduler [None req-94ddd9bb-4c47-467f-9cde-683d1afe6ccb admin admin] Network d0b2c754-78e5-4977-b8c7-1798168c1957 is already hosted by enough agents. {{(pid=103383) _get_dhcp_agents_hosting_network /opt/stack/neutron/neutron/scheduler/dhcp_agent_scheduler.py:275}}
Feb 15 00:02:51.678772 dv-neutron-829139-1-hyperv neutron-server[103383]: DEBUG neutron.scheduler.base_scheduler [None req-94ddd9bb-4c47-467f-9cde-683d1afe6ccb admin admin] Resources bound (agent type, host, resource id): {{(pid=103383) schedule /opt/stack/neutron/neutron/scheduler/base_scheduler.py:57}}
