Feb 15 00:02:46.755623 dv-neutron-829139-1-hyperv neutron-server[103384]: DEBUG neutron.plugins.ml2.drivers.mech_agent [None req-b16bc6ee-1cd6-4614-bb9c-300e74f0259c None None] Checking segment: {'id': '5e616f3a-8c74-4dca-8783-904e10a1fc0b', 'network_type': 'vlan', 'physical_network': 'physnet1', 'segmentation_id': 268, 'network_id': 'aaf4e924-6b30-4e83-b61a-e2489d0bca33'} for mappings: {'physnet1': 'br-data'} with network types: ['local', 'flat', 'vlan'] {{(pid=103384) check_segment_for_agent /opt/stack/neutron/neutron/plugins/ml2/drivers/mech_agent.py:373}}
Feb 15 00:02:46.756163 dv-neutron-829139-1-hyperv neutron-server[103384]: DEBUG neutron_lib.callbacks.manager [None req-b16bc6ee-1cd6-4614-bb9c-300e74f0259c None None] Publish callbacks [] for ovs_bridge_name (None), before_read {{(pid=103384) _notify_loop /usr/local/lib/python3.8/dist-packages/neutron_lib/callbacks/manager.py:176}}
Feb 15 00:02:46.756916 dv-neutron-829139-1-hyperv neutron-server[103384]: DEBUG neutron.plugins.ml2.drivers.mech_agent [None req-b16bc6ee-1cd6-4614-bb9c-300e74f0259c None None] Bound using segment: {'id': '5e616f3a-8c74-4dca-8783-904e10a1fc0b', 'network_type': 'vlan', 'physical_network': 'physnet1', 'segmentation_id': 268, 'network_id': 'aaf4e924-6b30-4e83-b61a-e2489d0bca33'} {{(pid=103384) bind_port /opt/stack/neutron/neutron/plugins/ml2/drivers/mech_agent.py:120}}
Feb 15 00:02:46.758474 dv-neutron-829139-1-hyperv neutron-server[103384]: DEBUG neutron.plugins.ml2.managers [None req-b16bc6ee-1cd6-4614-bb9c-300e74f0259c None None] Bound port: e3b4bd2f-1d90-4c42-9ace-81360b7fc79b, host: dv-neutron-829139-1-hyperv, vif_type: ovs, vif_details: {"connectivity": "l2", "port_filter": true, "ovs_hybrid_plug": false, "datapath_type": "system", "bridge_name": "br-int"}, binding_levels: [{'bound_driver': 'openvswitch', 'bound_segment': {'id': '5e616f3a-8c74-4dca-8783-904e10a1fc0b', 'network_type': 'vlan', 'physical_network': 'physnet1', 'segmentation_id': 268, 'network_id': 'aaf4e924-6b30-4e83-b61a-e2489d0bca33'}}] {{(pid=103384) _bind_port_level /opt/stack/neutron/neutron/plugins/ml2/managers.py:932}}
Feb 15 00:02:46.761179 dv-neutron-829139-1-hyperv neutron-server[103384]: DEBUG neutron_lib.callbacks.manager [None req-b16bc6ee-1cd6-4614-bb9c-300e74f0259c None None] Publish callbacks ['neutron.plugins.ml2.plugin.SecurityGroupDbMixin._ensure_default_security_group_handler-8355747'] for port (e3b4bd2f-1d90-4c42-9ace-81360b7fc79b), before_update {{(pid=103384) _notify_loop /usr/local/lib/python3.8/dist-packages/neutron_lib/callbacks/manager.py:176}}
Feb 15 00:02:46.768645 dv-neutron-829139-1-hyperv neutron-server[103382]: DEBUG neutron.api.rpc.handlers.resources_rpc [None req-8b07fe15-8d9c-4718-98c9-096ac39ad7c7 admin admin] Pushing event updated for resources: {'Port': ['ID=565de15a-e4a5-4646-a4c0-02d55aa284a9,revision_number=1']} {{(pid=103382) push /opt/stack/neutron/neutron/api/rpc/handlers/resources_rpc.py:237}}
Feb 15 00:02:46.809998 dv-neutron-829139-1-hyperv neutron-server[103382]: DEBUG neutron.scheduler.dhcp_agent_scheduler [None req-8b07fe15-8d9c-4718-98c9-096ac39ad7c7 admin admin] Network 06703ee7-ffbf-40e7-83b7-364ce0154039 is already hosted by enough agents. {{(pid=103382) _get_dhcp_agents_hosting_network /opt/stack/neutron/neutron/scheduler/dhcp_agent_scheduler.py:275}}
Feb 15 00:02:46.814935 dv-neutron-829139-1-hyperv neutron-server[103382]: DEBUG neutron.scheduler.base_scheduler [None req-8b07fe15-8d9c-4718-98c9-096ac39ad7c7 admin admin] Resources bound (agent type, host, resource id): {{(pid=103382) schedule /opt/stack/neutron/neutron/scheduler/base_scheduler.py:57}}
Feb 15 00:02:46.826618 dv-neutron-829139-1-hyperv neutron-server[103382]: DEBUG neutron.db.l3_dvrscheduler_db [None req-8b07fe15-8d9c-4718-98c9-096ac39ad7c7 admin admin] Received port after_create {{(pid=103382) _notify_l3_agent_new_port /opt/stack/neutron/neutron/db/l3_dvrscheduler_db.py:536}}
Feb 15 00:02:46.911411 dv-neutron-829139-1-hyperv neutron-server[103384]: DEBUG neutron.db.provisioning_blocks [None req-30e23e94-4724-48e1-acd5-7f5f8fc295d4 None None] Provisioning complete for port 859627cc-633d-4e14-a686-9dc7f7dd1a04 triggered by entity DHCP. {{(pid=103384) provisioning_complete /opt/stack/neutron/neutron/db/provisioning_blocks.py:139}}
Feb 15 00:02:46.911815 dv-neutron-829139-1-hyperv neutron-server[103384]: DEBUG neutron_lib.callbacks.manager [None req-30e23e94-4724-48e1-acd5-7f5f8fc295d4 None None] Publish callbacks ['neutron.plugins.ml2.plugin.Ml2Plugin._port_provisioned-8159851'] for port (859627cc-633d-4e14-a686-9dc7f7dd1a04), provisioning_complete {{(pid=103384) _notify_loop /usr/local/lib/python3.8/dist-packages/neutron_lib/callbacks/manager.py:176}}
Feb 15 00:02:46.923413 dv-neutron-829139-1-hyperv neutron-server[103382]: DEBUG neutron.api.v2.base [None req-c836ab2f-eda8-4c1b-ac60-8bcf9a19cb2b tempest-MeteringIpV6TestJSON-935843636 tempest-MeteringIpV6TestJSON-935843636-project-admin] Request body: {'metering_label': {'description': 'metering label created by tempest', 'name': 'tempest-metering-label-1028244946'}} {{(pid=103382) prepare_request_body /opt/stack/neutron/neutron/api/v2/base.py:729}}
Feb 15 00:02:46.924458 dv-neutron-829139-1-hyperv neutron-server[103382]: DEBUG neutron.api.v2.base [None req-c836ab2f-eda8-4c1b-ac60-8bcf9a19cb2b tempest-MeteringIpV6TestJSON-935843636 tempest-MeteringIpV6TestJSON-935843636-project-admin] Unknown quota resources ['metering_label']. {{(pid=103382) _create /opt/stack/neutron/neutron/api/v2/base.py:496}}
Feb 15 00:02:46.989282 dv-neutron-829139-1-hyperv neutron-server[103385]: DEBUG neutron_lib.callbacks.manager [None req-a967d5ca-cf2b-48c4-8b6e-45093e63108b None None] Publish callbacks [] for port (1458b96d-5597-4a09-befe-c907dec8d895), precommit_update {{(pid=103385) _notify_loop /usr/local/lib/python3.8/dist-packages/neutron_lib/callbacks/manager.py:176}}
Feb 15 00:02:47.004571 dv-neutron-829139-1-hyperv neutron-server[103385]: DEBUG neutron_lib.callbacks.manager [None req-a967d5ca-cf2b-48c4-8b6e-45093e63108b None None] Publish callbacks ['neutron.plugins.ml2.plugin.SecurityGroupServerNotifierRpcMixin._notify_sg_on_port_change-8355639', 'neutron.plugins.ml2.ovo_rpc._ObjectChangeHandler.handle_event-171352', 'neutron.api.rpc.agentnotifiers.dhcp_rpc_agent_api.DhcpAgentNotifyAPI._native_event_send_dhcp_notification-966232', 'neutron.db.l3_db.L3RpcNotifierMixin._notify_gateway_port_ip_changed-8768364129729', 'neutron.db.l3_dvrscheduler_db._notify_l3_agent_port_update-8768363623765', 'neutron.db.l3_hascheduler_db._notify_l3_agent_ha_port_update-8768363623783'] for port (1458b96d-5597-4a09-befe-c907dec8d895), after_update {{(pid=103385) _notify_loop /usr/local/lib/python3.8/dist-packages/neutron_lib/callbacks/manager.py:176}}
Feb 15 00:02:47.065280 dv-neutron-829139-1-hyperv neutron-server[103385]: DEBUG neutron.plugins.ml2.managers [None req-a967d5ca-cf2b-48c4-8b6e-45093e63108b None None] Attempting to bind port 1458b96d-5597-4a09-befe-c907dec8d895 on host dv-neutron-829139-1-hyperv for vnic_type normal with profile {{(pid=103385) bind_port /opt/stack/neutron/neutron/plugins/ml2/managers.py:795}}
Feb 15 00:02:47.065939 dv-neutron-829139-1-hyperv neutron-server[103385]: DEBUG neutron.plugins.ml2.managers [None req-a967d5ca-cf2b-48c4-8b6e-45093e63108b None None] Attempting to bind port 1458b96d-5597-4a09-befe-c907dec8d895 by drivers openvswitch,hyperv on host dv-neutron-829139-1-hyperv at level 0 using segments [{'id': 'f43eb2da-034c-46d7-8d50-296ccf415d0f', 'network_type': 'flat', 'physical_network': 'physnet1', 'segmentation_id': None, 'network_id': '06703ee7-ffbf-40e7-83b7-364ce0154039'}] {{(pid=103385) _bind_port_level /opt/stack/neutron/neutron/plugins/ml2/managers.py:820}}
Feb 15 00:02:47.066721 dv-neutron-829139-1-hyperv neutron-server[103385]: DEBUG neutron.plugins.ml2.drivers.mech_agent [None req-a967d5ca-cf2b-48c4-8b6e-45093e63108b None None] Attempting to bind port 1458b96d-5597-4a09-befe-c907dec8d895 on network 06703ee7-ffbf-40e7-83b7-364ce0154039 {{(pid=103385) bind_port /opt/stack/neutron/neutron/plugins/ml2/drivers/mech_agent.py:91}}
Feb 15 00:02:47.069513 dv-neutron-829139-1-hyperv neutron-server[103382]: DEBUG neutron.pecan_wsgi.hooks.quota_enforcement [None req-4d57d4b1-38a8-45aa-ab38-08712806052b tempest-ExternalNetworksTestJSON-1750028323 tempest-ExternalNetworksTestJSON-1750028323-project] Made reservation on behalf of 38c7f78e08fd4691950ad4bb34f2506a for: {'network': 1} {{(pid=103382) before /opt/stack/neutron/neutron/pecan_wsgi/hooks/quota_enforcement.py:53}}
Feb 15 00:02:47.076949 dv-neutron-829139-1-hyperv neutron-server[103385]: DEBUG neutron.api.rpc.handlers.resources_rpc [None req-48909c1d-8eaa-4a09-b382-8dfebcfd2f0e None None] Pushing event updated for resources: {'Port': ['ID=1458b96d-5597-4a09-befe-c907dec8d895,revision_number=2']} {{(pid=103385) push /opt/stack/neutron/neutron/api/rpc/handlers/resources_rpc.py:237}}
Feb 15 00:02:47.079591 dv-neutron-829139-1-hyperv neutron-server[103385]: DEBUG neutron.plugins.ml2.drivers.mech_agent [None req-a967d5ca-cf2b-48c4-8b6e-45093e63108b None None] Checking agent: {'id': 'c9fece95-0233-4b20-aa5e-ecc2db7ecf61', 'agent_type': 'Open vSwitch agent', 'binary': 'neutron-openvswitch-agent', 'topic': 'N/A', 'host': 'dv-neutron-829139-1-hyperv', 'admin_state_up': True, 'created_at': datetime.datetime(2022, 2, 14, 23, 55, 32), 'started_at': datetime.datetime(2022, 2, 14, 23, 56, 2), 'heartbeat_timestamp': datetime.datetime(2022, 2, 15, 0, 2, 32), 'description': None, 'resources_synced': None, 'availability_zone': None, 'alive': True, 'configurations': {'arp_responder_enabled': False, 'baremetal_smartnic': False, 'bridge_mappings': {'physnet1': 'br-data'}, 'datapath_type': 'system', 'devices': 0, 'enable_distributed_routing': False, 'extensions': [], 'in_distributed_mode': False, 'integration_bridge': 'br-int', 'l2_population': False, 'log_agent_heartbeats': False, 'ovs_capabilities': {'datapath_types': ['netdev', 'system'], 'iface_types': ['erspan', 'geneve', 'gre', 'internal', 'ip6erspan', 'ip6gre', 'lisp', 'patch', 'stt', 'system', 'tap', 'vxlan']}, 'ovs_hybrid_plug': False, 'resource_provider_bandwidths': {}, 'resource_provider_hypervisors': {'br-data': 'dv-neutron-829139-1-hyperv'}, 'resource_provider_inventory_defaults': {'allocation_ratio': 1.0, 'min_unit': 1, 'step_size': 1, 'reserved': 0}, 'resource_provider_packet_processing_inventory_defaults': {'allocation_ratio': 1.0, 'min_unit': 1, 'step_size': 1, 'reserved': 0}, 'resource_provider_packet_processing_with_direction': {}, 'resource_provider_packet_processing_without_direction': {}, 'tunnel_types': [], 'tunneling_ip': None, 'vhostuser_socket_dir': '/var/run/openvswitch'}, 'resource_versions': {'AddressGroup': '1.2', 'ConntrackHelper': '1.0', 'LocalIPAssociation': '1.0', 'Log': '1.0', 'Network': '1.1', 'Port': '1.7', 'PortForwarding': '1.2', 'QosPolicy': '1.10', 'SecurityGroup': '1.5', 'SecurityGroupRule': '1.2', 'SubPort': '1.0', 'Subnet': '1.1', 'Trunk': '1.1'}} {{(pid=103385) bind_port /opt/stack/neutron/neutron/plugins/ml2/drivers/mech_agent.py:110}}
Feb 15 00:02:47.079916 dv-neutron-829139-1-hyperv neutron-server[103382]: DEBUG neutron_lib.callbacks.manager [None req-4d57d4b1-38a8-45aa-ab38-08712806052b tempest-ExternalNetworksTestJSON-1750028323 tempest-ExternalNetworksTestJSON-1750028323-project] Publish callbacks ['neutron.plugins.ml2.plugin.SecurityGroupDbMixin._ensure_default_security_group_handler-8355747'] for network (None), before_create {{(pid=103382) _notify_loop /usr/local/lib/python3.8/dist-packages/neutron_lib/callbacks/manager.py:176}}
Feb 15 00:02:47.080778 dv-neutron-829139-1-hyperv neutron-server[103385]: DEBUG neutron.plugins.ml2.drivers.mech_agent [None req-a967d5ca-cf2b-48c4-8b6e-45093e63108b None None] Checking segment: {'id': 'f43eb2da-034c-46d7-8d50-296ccf415d0f', 'network_type': 'flat', 'physical_network': 'physnet1', 'segmentation_id': None, 'network_id': '06703ee7-ffbf-40e7-83b7-364ce0154039'} for mappings: {'physnet1': 'br-data'} with network types: ['local', 'flat', 'vlan'] {{(pid=103385) check_segment_for_agent /opt/stack/neutron/neutron/plugins/ml2/drivers/mech_agent.py:373}}
Feb 15 00:02:47.081406 dv-neutron-829139-1-hyperv neutron-server[103385]: DEBUG neutron_lib.callbacks.manager [None req-a967d5ca-cf2b-48c4-8b6e-45093e63108b None None] Publish callbacks [] for ovs_bridge_name (None), before_read {{(pid=103385) _notify_loop /usr/local/lib/python3.8/dist-packages/neutron_lib/callbacks/manager.py:176}}
Feb 15 00:02:47.082006 dv-neutron-829139-1-hyperv neutron-server[103385]: DEBUG neutron.plugins.ml2.drivers.mech_agent [None req-a967d5ca-cf2b-48c4-8b6e-45093e63108b None None] Bound using segment: {'id': 'f43eb2da-034c-46d7-8d50-296ccf415d0f', 'network_type': 'flat', 'physical_network': 'physnet1', 'segmentation_id': None, 'network_id': '06703ee7-ffbf-40e7-83b7-364ce0154039'} {{(pid=103385) bind_port /opt/stack/neutron/neutron/plugins/ml2/drivers/mech_agent.py:120}}
Feb 15 00:02:47.083360 dv-neutron-829139-1-hyperv neutron-server[103385]: DEBUG neutron.plugins.ml2.managers [None req-a967d5ca-cf2b-48c4-8b6e-45093e63108b None None] Bound port: 1458b96d-5597-4a09-befe-c907dec8d895, host: dv-neutron-829139-1-hyperv, vif_type: ovs, vif_details: {"connectivity": "l2", "port_filter": true, "ovs_hybrid_plug": false, "datapath_type": "system", "bridge_name": "br-int"}, binding_levels: [{'bound_driver': 'openvswitch', 'bound_segment': {'id': 'f43eb2da-034c-46d7-8d50-296ccf415d0f', 'network_type': 'flat', 'physical_network': 'physnet1', 'segmentation_id': None, 'network_id': '06703ee7-ffbf-40e7-83b7-364ce0154039'}}] {{(pid=103385) _bind_port_level /opt/stack/neutron/neutron/plugins/ml2/managers.py:932}}
Feb 15 00:02:47.083990 dv-neutron-829139-1-hyperv neutron-server[103385]: DEBUG neutron_lib.callbacks.manager [None req-a967d5ca-cf2b-48c4-8b6e-45093e63108b None None] Publish callbacks ['neutron.plugins.ml2.plugin.SecurityGroupDbMixin._ensure_default_security_group_handler-8355747'] for port (1458b96d-5597-4a09-befe-c907dec8d895), before_update {{(pid=103385) _notify_loop /usr/local/lib/python3.8/dist-packages/neutron_lib/callbacks/manager.py:176}}
Feb 15 00:02:47.108440 dv-neutron-829139-1-hyperv neutron-server[103382]: DEBUG neutron.api.v2.base [None req-ea0a31b9-ff1d-41d2-b096-36a5c9df493c tempest-QuotasTest-1455866999 tempest-QuotasTest-1455866999-project-admin] Request body: {'quota': {'network': 0, 'port': 0}} {{(pid=103382) prepare_request_body /opt/stack/neutron/neutron/api/v2/base.py:729}}
Feb 15 00:02:47.116707 dv-neutron-829139-1-hyperv neutron-server[103385]: DEBUG neutron.api.rpc.callbacks.version_manager [None req-48909c1d-8eaa-4a09-b382-8dfebcfd2f0e None None] Version for resource type AddressGroup changed None to 1.2 on consumer Open vSwitch agent@dv-neutron-829139-1-hyperv {{(pid=103385) _set_version /opt/stack/neutron/neutron/api/rpc/callbacks/version_manager.py:113}}
Feb 15 00:02:47.117434 dv-neutron-829139-1-hyperv neutron-server[103385]: DEBUG neutron.api.rpc.callbacks.version_manager [None req-48909c1d-8eaa-4a09-b382-8dfebcfd2f0e None None] Version for resource type ConntrackHelper changed None to 1.0 on consumer Open vSwitch agent@dv-neutron-829139-1-hyperv {{(pid=103385) _set_version /opt/stack/neutron/neutron/api/rpc/callbacks/version_manager.py:113}}
Feb 15 00:02:47.118011 dv-neutron-829139-1-hyperv neutron-server[103385]: DEBUG neutron.api.rpc.callbacks.version_manager [None req-48909c1d-8eaa-4a09-b382-8dfebcfd2f0e None None] Version for resource type LocalIPAssociation changed None to 1.0 on consumer Open vSwitch agent@dv-neutron-829139-1-hyperv {{(pid=103385) _set_version /opt/stack/neutron/neutron/api/rpc/callbacks/version_manager.py:113}}
Feb 15 00:02:47.118615 dv-neutron-829139-1-hyperv neutron-server[103385]: DEBUG neutron.api.rpc.callbacks.version_manager [None req-48909c1d-8eaa-4a09-b382-8dfebcfd2f0e None None] Version for resource type Log changed None to 1.0 on consumer Open vSwitch agent@dv-neutron-829139-1-hyperv {{(pid=103385) _set_version /opt/stack/neutron/neutron/api/rpc/callbacks/version_manager.py:113}}
Feb 15 00:02:47.119761 dv-neutron-829139-1-hyperv neutron-server[103385]: DEBUG neutron.api.rpc.callbacks.version_manager [None req-48909c1d-8eaa-4a09-b382-8dfebcfd2f0e None None] Version for resource type Network changed None to 1.1 on consumer Open vSwitch agent@dv-neutron-829139-1-hyperv {{(pid=103385) _set_version /opt/stack/neutron/neutron/api/rpc/callbacks/version_manager.py:113}}
Feb 15 00:02:47.120342 dv-neutron-829139-1-hyperv neutron-server[103385]: DEBUG neutron.api.rpc.callbacks.version_manager [None req-48909c1d-8eaa-4a09-b382-8dfebcfd2f0e None None] Version for resource type Port changed None to 1.7 on consumer Open vSwitch agent@dv-neutron-829139-1-hyperv {{(pid=103385) _set_version /opt/stack/neutron/neutron/api/rpc/callbacks/version_manager.py:113}}
Feb 15 00:02:47.120999 dv-neutron-829139-1-hyperv neutron-server[103385]: DEBUG neutron.api.rpc.callbacks.version_manager [None req-48909c1d-8eaa-4a09-b382-8dfebcfd2f0e None None] Version for resource type PortForwarding changed None to 1.2 on consumer Open vSwitch agent@dv-neutron-829139-1-hyperv {{(pid=103385) _set_version /opt/stack/neutron/neutron/api/rpc/callbacks/version_manager.py:113}}
Feb 15 00:02:47.121572 dv-neutron-829139-1-hyperv neutron-server[103385]: DEBUG neutron.api.rpc.callbacks.version_manager [None req-48909c1d-8eaa-4a09-b382-8dfebcfd2f0e None None] Version for resource type QosPolicy changed None to 1.10 on consumer Open vSwitch agent@dv-neutron-829139-1-hyperv {{(pid=103385) _set_version /opt/stack/neutron/neutron/api/rpc/callbacks/version_manager.py:113}}
Feb 15 00:02:47.122162 dv-neutron-829139-1-hyperv neutron-server[103385]: DEBUG neutron.api.rpc.callbacks.version_manager [None req-48909c1d-8eaa-4a09-b382-8dfebcfd2f0e None None] Version for resource type SecurityGroup changed None to 1.5 on consumer Open vSwitch agent@dv-neutron-829139-1-hyperv {{(pid=103385) _set_version /opt/stack/neutron/neutron/api/rpc/callbacks/version_manager.py:113}}
Feb 15 00:02:47.122770 dv-neutron-829139-1-hyperv neutron-server[103385]: DEBUG neutron.api.rpc.callbacks.version_manager [None req-48909c1d-8eaa-4a09-b382-8dfebcfd2f0e None None] Version for resource type SecurityGroupRule changed None to 1.2 on consumer Open vSwitch agent@dv-neutron-829139-1-hyperv {{(pid=103385) _set_version /opt/stack/neutron/neutron/api/rpc/callbacks/version_manager.py:113}}
Feb 15 00:02:47.123352 dv-neutron-829139-1-hyperv neutron-server[103385]: DEBUG neutron.api.rpc.callbacks.version_manager [None req-48909c1d-8eaa-4a09-b382-8dfebcfd2f0e None None] Version for resource type SubPort changed None to 1.0 on consumer Open vSwitch agent@dv-neutron-829139-1-hyperv {{(pid=103385) _set_version /opt/stack/neutron/neutron/api/rpc/callbacks/version_manager.py:113}}
Feb 15 00:02:47.124074 dv-neutron-829139-1-hyperv neutron-server[103385]: DEBUG neutron.api.rpc.callbacks.version_manager [None req-48909c1d-8eaa-4a09-b382-8dfebcfd2f0e None None] Version for resource type Subnet changed None to 1.1 on consumer Open vSwitch agent@dv-neutron-829139-1-hyperv {{(pid=103385) _set_version /opt/stack/neutron/neutron/api/rpc/callbacks/version_manager.py:113}}
Feb 15 00:02:47.124622 dv-neutron-829139-1-hyperv neutron-server[103385]: DEBUG neutron.api.rpc.callbacks.version_manager [None req-48909c1d-8eaa-4a09-b382-8dfebcfd2f0e None None] Version for resource type Trunk changed None to 1.1 on consumer Open vSwitch agent@dv-neutron-829139-1-hyperv {{(pid=103385) _set_version /opt/stack/neutron/neutron/api/rpc/callbacks/version_manager.py:113}}
Feb 15 00:02:47.126291 dv-neutron-829139-1-hyperv neutron-server[103385]: DEBUG neutron.api.rpc.callbacks.version_manager [None req-48909c1d-8eaa-4a09-b382-8dfebcfd2f0e None None] Tracked resource versions report:
Feb 15 00:02:47.126291 dv-neutron-829139-1-hyperv neutron-server[103385]: pushed versions:
Feb 15 00:02:47.126291 dv-neutron-829139-1-hyperv neutron-server[103385]: { 'AddressGroup': {'1.2'},
Feb 15 00:02:47.126291 dv-neutron-829139-1-hyperv neutron-server[103385]: 'ConntrackHelper': {'1.0'},
Feb 15 00:02:47.126291 dv-neutron-829139-1-hyperv neutron-server[103385]: 'LocalIPAssociation': {'1.0'},
Feb 15 00:02:47.126291 dv-neutron-829139-1-hyperv neutron-server[103385]: 'Log': {'1.0'},
Feb 15 00:02:47.126291 dv-neutron-829139-1-hyperv neutron-server[103385]: 'Network': {'1.1'},
Feb 15 00:02:47.126291 dv-neutron-829139-1-hyperv neutron-server[103385]: 'Port': {'1.7'},
Feb 15 00:02:47.126291 dv-neutron-829139-1-hyperv neutron-server[103385]: 'PortForwarding': {'1.2'},
Feb 15 00:02:47.126291 dv-neutron-829139-1-hyperv neutron-server[103385]: 'QosPolicy': {'1.10'},
Feb 15 00:02:47.126291 dv-neutron-829139-1-hyperv neutron-server[103385]: 'SecurityGroup': {'1.5'},
Feb 15 00:02:47.126291 dv-neutron-829139-1-hyperv neutron-server[103385]: 'SecurityGroupRule': {'1.2'},
Feb 15 00:02:47.126291 dv-neutron-829139-1-hyperv neutron-server[103385]: 'SubPort': {'1.0'},
Feb 15 00:02:47.126291 dv-neutron-829139-1-hyperv neutron-server[103385]: 'Subnet': {'1.1'},
Feb 15 00:02:47.126291 dv-neutron-829139-1-hyperv neutron-server[103385]: 'Trunk': {'1.1'}}
Feb 15 00:02:47.126291 dv-neutron-829139-1-hyperv neutron-server[103385]: consumer versions:
Feb 15 00:02:47.126291 dv-neutron-829139-1-hyperv neutron-server[103385]: { DHCP agent@dv-neutron-829139-1-hyperv: {},
Feb 15 00:02:47.126291 dv-neutron-829139-1-hyperv neutron-server[103385]: HyperV agent@hv-neutron-8291: {},
Feb 15 00:02:47.126291 dv-neutron-829139-1-hyperv neutron-server[103385]: L3 agent@dv-neutron-829139-1-hyperv: {},
Feb 15 00:02:47.126291 dv-neutron-829139-1-hyperv neutron-server[103385]: Metadata agent@dv-neutron-829139-1-hyperv: {},
Feb 15 00:02:47.126291 dv-neutron-829139-1-hyperv neutron-server[103385]: Metering agent@dv-neutron-829139-1-hyperv: {},
Feb 15 00:02:47.126291 dv-neutron-829139-1-hyperv neutron-server[103385]: Open vSwitch agent@dv-neutron-829139-1-hyperv: { 'AddressGroup': '1.2',
Feb 15 00:02:47.126291 dv-neutron-829139-1-hyperv neutron-server[103385]: 'ConntrackHelper': '1.0',
Feb 15 00:02:47.126291 dv-neutron-829139-1-hyperv neutron-server[103385]: 'LocalIPAssociation': '1.0',
Feb 15 00:02:47.126291 dv-neutron-829139-1-hyperv neutron-server[103385]: 'Log': '1.0',
Feb 15 00:02:47.126291 dv-neutron-829139-1-hyperv neutron-server[103385]: 'Network': '1.1',
Feb 15 00:02:47.126291 dv-neutron-829139-1-hyperv neutron-server[103385]: 'Port': '1.7',
Feb 15 00:02:47.126291 dv-neutron-829139-1-hyperv neutron-server[103385]: 'PortForwarding': '1.2',
Feb 15 00:02:47.126291 dv-neutron-829139-1-hyperv neutron-server[103385]: 'QosPolicy': '1.10',
Feb 15 00:02:47.126291 dv-neutron-829139-1-hyperv neutron-server[103385]: 'SecurityGroup': '1.5',
Feb 15 00:02:47.126291 dv-neutron-829139-1-hyperv neutron-server[103385]: 'SecurityGroupRule': '1.2',
Feb 15 00:02:47.126291 dv-neutron-829139-1-hyperv neutron-server[103385]: 'SubPort': '1.0',
Feb 15 00:02:47.126291 dv-neutron-829139-1-hyperv neutron-server[103385]: 'Subnet': '1.1',
Feb 15 00:02:47.126291 dv-neutron-829139-1-hyperv neutron-server[103385]: 'Trunk': '1.1'}}
Feb 15 00:02:47.126291 dv-neutron-829139-1-hyperv neutron-server[103385]: {{(pid=103385) report /opt/stack/neutron/neutron/api/rpc/callbacks/version_manager.py:175}}
Feb 15 00:02:47.154346 dv-neutron-829139-1-hyperv neutron-server[103384]: DEBUG neutron.plugins.ml2.plugin [None req-e6d5a7fb-c422-422f-bdc9-b57dd6dfbb7f None None] Current status of the port 859627cc-633d-4e14-a686-9dc7f7dd1a04 is: ACTIVE; New status is: ACTIVE {{(pid=103384) _update_individual_port_db_status /opt/stack/neutron/neutron/plugins/ml2/plugin.py:2232}}
Feb 15 00:02:47.176918 dv-neutron-829139-1-hyperv neutron-server[103385]: DEBUG neutron.plugins.ml2.db [None req-a967d5ca-cf2b-48c4-8b6e-45093e63108b None None] For port 1458b96d-5597-4a09-befe-c907dec8d895, host dv-neutron-829139-1-hyperv, cleared binding levels {{(pid=103385) clear_binding_levels /opt/stack/neutron/neutron/plugins/ml2/db.py:87}}
Feb 15 00:02:47.185290 dv-neutron-829139-1-hyperv neutron-server[103385]: DEBUG neutron.plugins.ml2.db [None req-a967d5ca-cf2b-48c4-8b6e-45093e63108b None None] For port 1458b96d-5597-4a09-befe-c907dec8d895, host dv-neutron-829139-1-hyperv, set binding levels [PortBindingLevel(driver='openvswitch',host='dv-neutron-829139-1-hyperv',level=0,port_id=1458b96d-5597-4a09-befe-c907dec8d895,segment=NetworkSegment(f43eb2da-034c-46d7-8d50-296ccf415d0f),segment_id=f43eb2da-034c-46d7-8d50-296ccf415d0f)] {{(pid=103385) set_binding_levels /opt/stack/neutron/neutron/plugins/ml2/db.py:59}}
Feb 15 00:02:47.198889 dv-neutron-829139-1-hyperv neutron-server[103384]: DEBUG neutron.plugins.ml2.db [None req-b16bc6ee-1cd6-4614-bb9c-300e74f0259c None None] For port e3b4bd2f-1d90-4c42-9ace-81360b7fc79b, host dv-neutron-829139-1-hyperv, cleared binding levels {{(pid=103384) clear_binding_levels /opt/stack/neutron/neutron/plugins/ml2/db.py:87}}
Feb 15 00:02:47.200378 dv-neutron-829139-1-hyperv neutron-server[103385]: DEBUG neutron_lib.callbacks.manager [None req-a967d5ca-cf2b-48c4-8b6e-45093e63108b None None] Publish callbacks ['neutron.plugins.ml2.plugin.SecurityGroupServerNotifierRpcMixin._notify_sg_on_port_change-8355639', 'neutron.plugins.ml2.ovo_rpc._ObjectChangeHandler.handle_event-171352', 'neutron.api.rpc.agentnotifiers.dhcp_rpc_agent_api.DhcpAgentNotifyAPI._native_event_send_dhcp_notification-966232', 'neutron.db.l3_db.L3RpcNotifierMixin._notify_gateway_port_ip_changed-8768364129729', 'neutron.db.l3_dvrscheduler_db._notify_l3_agent_port_update-8768363623765', 'neutron.db.l3_hascheduler_db._notify_l3_agent_ha_port_update-8768363623783'] for port (1458b96d-5597-4a09-befe-c907dec8d895), after_update {{(pid=103385) _notify_loop /usr/local/lib/python3.8/dist-packages/neutron_lib/callbacks/manager.py:176}}
Feb 15 00:02:47.208255 dv-neutron-829139-1-hyperv neutron-server[103384]: DEBUG neutron.plugins.ml2.db [None req-b16bc6ee-1cd6-4614-bb9c-300e74f0259c None None] For port e3b4bd2f-1d90-4c42-9ace-81360b7fc79b, host dv-neutron-829139-1-hyperv, set binding levels [PortBindingLevel(driver='openvswitch',host='dv-neutron-829139-1-hyperv',level=0,port_id=e3b4bd2f-1d90-4c42-9ace-81360b7fc79b,segment=NetworkSegment(5e616f3a-8c74-4dca-8783-904e10a1fc0b),segment_id=5e616f3a-8c74-4dca-8783-904e10a1fc0b)] {{(pid=103384) set_binding_levels /opt/stack/neutron/neutron/plugins/ml2/db.py:59}}
Feb 15 00:02:47.211815 dv-neutron-829139-1-hyperv neutron-server[103382]: DEBUG neutron_lib.callbacks.manager [None req-4d57d4b1-38a8-45aa-ab38-08712806052b tempest-ExternalNetworksTestJSON-1750028323 tempest-ExternalNetworksTestJSON-1750028323-project] Publish callbacks [] for security_group (None), before_create {{(pid=103382) _notify_loop /usr/local/lib/python3.8/dist-packages/neutron_lib/callbacks/manager.py:176}}
Feb 15 00:02:47.227399 dv-neutron-829139-1-hyperv neutron-server[103383]: DEBUG neutron.db.db_base_plugin_common [None req-85b9a057-381b-460a-84d4-a96219bdb805 tempest-ExternalNetworksAdminNegativeTestJSON-1122212262 tempest-ExternalNetworksAdminNegativeTestJSON-1122212262-project-admin] Allocated IP 172.26.4.24 (06703ee7-ffbf-40e7-83b7-364ce0154039/b65d4ad8-2a19-43ce-866e-4260222c26b3/c36bcc69-d6be-4b5d-bb37-7bd1b2b650d5) {{(pid=103383) _store_ip_allocation /opt/stack/neutron/neutron/db/db_base_plugin_common.py:131}}
Feb 15 00:02:47.264997 dv-neutron-829139-1-hyperv neutron-server[103384]: DEBUG neutron_lib.callbacks.manager [None req-b16bc6ee-1cd6-4614-bb9c-300e74f0259c None None] Publish callbacks ['neutron.plugins.ml2.plugin.SecurityGroupServerNotifierRpcMixin._notify_sg_on_port_change-8355639', 'neutron.plugins.ml2.ovo_rpc._ObjectChangeHandler.handle_event-171352', 'neutron.api.rpc.agentnotifiers.dhcp_rpc_agent_api.DhcpAgentNotifyAPI._native_event_send_dhcp_notification-966232', 'neutron.db.l3_db.L3RpcNotifierMixin._notify_gateway_port_ip_changed-8768364129729', 'neutron.db.l3_dvrscheduler_db._notify_l3_agent_port_update-8768363623765', 'neutron.db.l3_hascheduler_db._notify_l3_agent_ha_port_update-8768363623783'] for port (e3b4bd2f-1d90-4c42-9ace-81360b7fc79b), after_update {{(pid=103384) _notify_loop /usr/local/lib/python3.8/dist-packages/neutron_lib/callbacks/manager.py:176}}
Feb 15 00:02:47.265702 dv-neutron-829139-1-hyperv neutron-server[103385]: DEBUG neutron.api.rpc.handlers.resources_rpc [None req-48909c1d-8eaa-4a09-b382-8dfebcfd2f0e None None] Pushing event updated for resources: {'Port': ['ID=1458b96d-5597-4a09-befe-c907dec8d895,revision_number=3']} {{(pid=103385) push /opt/stack/neutron/neutron/api/rpc/handlers/resources_rpc.py:237}}
Feb 15 00:02:47.285573 dv-neutron-829139-1-hyperv neutron-server[103385]: DEBUG neutron.db.l3_dvrscheduler_db [None req-a967d5ca-cf2b-48c4-8b6e-45093e63108b None None] Routers {'aba866c0-6a26-4176-aa5d-802d750e0c4d'} bound to L3 agent in host dv-neutron-829139-1-hyperv {{(pid=103385) _get_router_ids_for_agent /opt/stack/neutron/neutron/db/l3_dvrscheduler_db.py:421}}
Feb 15 00:02:47.286483 dv-neutron-829139-1-hyperv neutron-server[103385]: DEBUG neutron.db.l3_hamode_db [None req-a967d5ca-cf2b-48c4-8b6e-45093e63108b None None] neutron.services.l3_router.l3_router_plugin.L3RouterPlugin method get_ha_sync_data_for_host called with arguments (, 'dv-neutron-829139-1-hyperv', Agent(admin_state_up=True,agent_type='L3 agent',availability_zone='nova',binary='neutron-l3-agent',configurations={"agent_mode": "legacy", "ex_gw_ports": 1, "extensions": [], "floating_ips": 0, "handle_internal_only_routers": true, "interface_driver": "openvswitch", "interfaces": 1, "log_agent_heartbeats": false, "routers": 1},created_at=2022-02-14T23:55:28Z,description=,heartbeat_timestamp=2022-02-15T00:02:28Z,host='dv-neutron-829139-1-hyperv',id=fcb9ce61-b6a7-4ae2-af7d-1d410fa147b7,load=0,resource_versions=,resources_synced=,started_at=2022-02-14T23:55:28Z,topic='l3_agent')) {'router_ids': ['aba866c0-6a26-4176-aa5d-802d750e0c4d'], 'active': True} {{(pid=103385) wrapper /usr/local/lib/python3.8/dist-packages/oslo_log/helpers.py:65}}
Feb 15 00:02:47.317589 dv-neutron-829139-1-hyperv neutron-server[103384]: DEBUG neutron.plugins.ml2.plugin [None req-30e23e94-4724-48e1-acd5-7f5f8fc295d4 None None] Current status of the port 859627cc-633d-4e14-a686-9dc7f7dd1a04 is: ACTIVE; New status is: ACTIVE {{(pid=103384) _update_individual_port_db_status /opt/stack/neutron/neutron/plugins/ml2/plugin.py:2232}}
Feb 15 00:02:47.362772 dv-neutron-829139-1-hyperv neutron-server[103384]: DEBUG neutron.plugins.ml2.rpc [None req-e6d5a7fb-c422-422f-bdc9-b57dd6dfbb7f None None] Device 859627cc-633d-4e14-a686-9dc7f7dd1a04 up at agent ovs-agent-dv-neutron-829139-1-hyperv {{(pid=103384) update_device_up /opt/stack/neutron/neutron/plugins/ml2/rpc.py:296}}
Feb 15 00:02:47.442441 dv-neutron-829139-1-hyperv neutron-server[103385]: DEBUG neutron.db.l3_dvr_db [None req-a967d5ca-cf2b-48c4-8b6e-45093e63108b None None] Set router aba866c0-6a26-4176-aa5d-802d750e0c4d gateway port host: dv-neutron-829139-1-hyperv {{(pid=103385) _build_routers_list /opt/stack/neutron/neutron/db/l3_dvr_db.py:906}}
Feb 15 00:02:47.448466 dv-neutron-829139-1-hyperv neutron-server[103384]: DEBUG neutron.api.rpc.handlers.resources_rpc [None req-b16bc6ee-1cd6-4614-bb9c-300e74f0259c None None] Pushing event updated for resources: {'Port': ['ID=e3b4bd2f-1d90-4c42-9ace-81360b7fc79b,revision_number=2']} {{(pid=103384) push /opt/stack/neutron/neutron/api/rpc/handlers/resources_rpc.py:237}}
Feb 15 00:02:47.479789 dv-neutron-829139-1-hyperv neutron-server[103384]: DEBUG neutron.db.provisioning_blocks [None req-e6d5a7fb-c422-422f-bdc9-b57dd6dfbb7f None None] Provisioning complete for port 859627cc-633d-4e14-a686-9dc7f7dd1a04 triggered by entity L2. {{(pid=103384) provisioning_complete /opt/stack/neutron/neutron/db/provisioning_blocks.py:139}}
Feb 15 00:02:47.480164 dv-neutron-829139-1-hyperv neutron-server[103384]: DEBUG neutron_lib.callbacks.manager [None req-e6d5a7fb-c422-422f-bdc9-b57dd6dfbb7f None None] Publish callbacks ['neutron.plugins.ml2.plugin.Ml2Plugin._port_provisioned-8159851'] for port (859627cc-633d-4e14-a686-9dc7f7dd1a04), provisioning_complete {{(pid=103384) _notify_loop /usr/local/lib/python3.8/dist-packages/neutron_lib/callbacks/manager.py:176}}
Feb 15 00:02:47.532876 dv-neutron-829139-1-hyperv neutron-server[103383]: DEBUG neutron.wsgi [-] (103383) accepted ('10.222.0.30', 41570) {{(pid=103383) server /usr/local/lib/python3.8/dist-packages/eventlet/wsgi.py:1004}}
Feb 15 00:02:47.569377 dv-neutron-829139-1-hyperv neutron-server[103382]: DEBUG neutron.api.v2.base [None req-a143b6d0-3071-4840-8d93-0696895a4fa8 tempest-MeteringTestJSON-133495002 tempest-MeteringTestJSON-133495002-project-admin] Request body: {'metering_label': {'description': 'metering label created by tempest', 'name': 'tempest-metering-label-1271862981'}} {{(pid=103382) prepare_request_body /opt/stack/neutron/neutron/api/v2/base.py:729}}
Feb 15 00:02:47.569914 dv-neutron-829139-1-hyperv neutron-server[103382]: DEBUG neutron.api.v2.base [None req-a143b6d0-3071-4840-8d93-0696895a4fa8 tempest-MeteringTestJSON-133495002 tempest-MeteringTestJSON-133495002-project-admin] Unknown quota resources ['metering_label']. {{(pid=103382) _create /opt/stack/neutron/neutron/api/v2/base.py:496}}
Feb 15 00:02:47.628191 dv-neutron-829139-1-hyperv neutron-server[103384]: DEBUG neutron.plugins.ml2.plugin [None req-e6d5a7fb-c422-422f-bdc9-b57dd6dfbb7f None None] Current status of the port 859627cc-633d-4e14-a686-9dc7f7dd1a04 is: ACTIVE; New status is: ACTIVE {{(pid=103384) _update_individual_port_db_status /opt/stack/neutron/neutron/plugins/ml2/plugin.py:2232}}
Feb 15 00:02:47.686506 dv-neutron-829139-1-hyperv neutron-server[103383]: DEBUG neutron_lib.callbacks.manager [None req-94ddd9bb-4c47-467f-9cde-683d1afe6ccb admin admin] Publish callbacks ['neutron.plugins.ml2.plugin.SecurityGroupDbMixin._ensure_default_security_group_handler-8355747'] for port (None), before_create {{(pid=103383) _notify_loop /usr/local/lib/python3.8/dist-packages/neutron_lib/callbacks/manager.py:176}}
Feb 15 00:02:47.691280 dv-neutron-829139-1-hyperv neutron-server[103383]: DEBUG neutron_lib.callbacks.manager [None req-85b9a057-381b-460a-84d4-a96219bdb805 tempest-ExternalNetworksAdminNegativeTestJSON-1122212262 tempest-ExternalNetworksAdminNegativeTestJSON-1122212262-project-admin] Publish callbacks [] for port (c36bcc69-d6be-4b5d-bb37-7bd1b2b650d5), precommit_create {{(pid=103383) _notify_loop /usr/local/lib/python3.8/dist-packages/neutron_lib/callbacks/manager.py:176}}
Feb 15 00:02:47.766201 dv-neutron-829139-1-hyperv neutron-server[103382]: DEBUG neutron_lib.callbacks.manager [None req-c836ab2f-eda8-4c1b-ac60-8bcf9a19cb2b tempest-MeteringIpV6TestJSON-935843636 tempest-MeteringIpV6TestJSON-935843636-project-admin] Publish callbacks [] for metering_label (None), before_response {{(pid=103382) _notify_loop /usr/local/lib/python3.8/dist-packages/neutron_lib/callbacks/manager.py:176}}
Feb 15 00:02:47.770631 dv-neutron-829139-1-hyperv neutron-server[103382]: INFO neutron.wsgi [None req-c836ab2f-eda8-4c1b-ac60-8bcf9a19cb2b tempest-MeteringIpV6TestJSON-935843636 tempest-MeteringIpV6TestJSON-935843636-project-admin] 10.222.0.30 "POST /v2.0/metering/metering-labels HTTP/1.1" status: 201 len: 478 time: 1.3740125
Feb 15 00:02:47.782500 dv-neutron-829139-1-hyperv neutron-server[103383]: DEBUG neutron.wsgi [-] (103383) accepted ('10.222.0.30', 41576) {{(pid=103383) server /usr/local/lib/python3.8/dist-packages/eventlet/wsgi.py:1004}}
Feb 15 00:02:47.860621 dv-neutron-829139-1-hyperv neutron-server[103385]: DEBUG neutron.db.l3_hamode_db [None req-a967d5ca-cf2b-48c4-8b6e-45093e63108b None None] neutron.services.l3_router.l3_router_plugin.L3RouterPlugin method _process_sync_ha_data called with arguments (, [{'id': 'aba866c0-6a26-4176-aa5d-802d750e0c4d', 'name': 'tempest-ServerActionsTestJSON-569079354-router', 'tenant_id': '6f150351e2d7486aaafb400f41124ead', 'admin_state_up': True, 'status': 'ACTIVE', 'external_gateway_info': {'network_id': '06703ee7-ffbf-40e7-83b7-364ce0154039', 'external_fixed_ips': [{'subnet_id': 'b65d4ad8-2a19-43ce-866e-4260222c26b3', 'ip_address': '172.26.4.250'}], 'enable_snat': True}, 'gw_port_id': '1458b96d-5597-4a09-befe-c907dec8d895', 'description': '', 'availability_zones': ['nova'], 'distributed': False, 'ha': False, 'ha_vr_id': 0, 'availability_zone_hints': [], 'routes': [], 'flavor_id': None, 'tags': [], 'created_at': '2022-02-15T00:02:43Z', 'updated_at': '2022-02-15T00:02:44Z', 'revision_number': 3, 'project_id': '6f150351e2d7486aaafb400f41124ead', 'gw_port': {'id': '1458b96d-5597-4a09-befe-c907dec8d895', 'name': '', 'network_id': '06703ee7-ffbf-40e7-83b7-364ce0154039', 'tenant_id': '', 'mac_address': 'fa:16:3e:e9:f2:89', 'admin_state_up': True, 'status': 'DOWN', 'device_id': 'aba866c0-6a26-4176-aa5d-802d750e0c4d', 'device_owner': 'network:router_gateway', 'standard_attr_id': 41, 'fixed_ips': [{'subnet_id': 'b65d4ad8-2a19-43ce-866e-4260222c26b3', 'ip_address': '172.26.4.250', 'prefixlen': 24}], 'allowed_address_pairs': [], 'extra_dhcp_opts': [], 'security_groups': [], 'description': '', 'binding:vnic_type': 'normal', 'binding:profile': {}, 'binding:host_id': 'dv-neutron-829139-1-hyperv', 'binding:vif_type': 'ovs', 'binding:vif_details': {'connectivity': 'l2', 'port_filter': True, 'ovs_hybrid_plug': False, 'datapath_type': 'system', 'bridge_name': 'br-int', 'bound_drivers': {'0': 'openvswitch'}}, 'port_security_enabled': False, 'tags': [], 'created_at': '2022-02-15T00:02:43Z', 'updated_at': '2022-02-15T00:02:47Z', 'revision_number': 3, 'project_id': '', 'subnets': [{'id': 'b65d4ad8-2a19-43ce-866e-4260222c26b3', 'cidr': '172.26.4.0/24', 'gateway_ip': '172.26.4.1', 'dns_nameservers': [], 'ipv6_ra_mode': None, 'subnetpool_id': None}], 'extra_subnets': [], 'address_scopes': {4: None, 6: None}, 'mtu': 1500}, 'enable_snat': True, 'gw_port_host': 'dv-neutron-829139-1-hyperv'}], 'dv-neutron-829139-1-hyperv', False) {} {{(pid=103385) wrapper /usr/local/lib/python3.8/dist-packages/oslo_log/helpers.py:65}}
Feb 15 00:02:47.860905 dv-neutron-829139-1-hyperv neutron-server[103383]: DEBUG neutron.api.v2.base [None req-1a558b94-9f32-4a2b-a194-c14286105636 tempest-MeteringIpV6TestJSON-935843636 tempest-MeteringIpV6TestJSON-935843636-project-admin] Request body: {'metering_label_rule': {'remote_ip_prefix': 'fd02::/64', 'direction': 'ingress', 'metering_label_id': '62736421-a7a2-4f84-b3fe-6795c8d4ca08'}} {{(pid=103383) prepare_request_body /opt/stack/neutron/neutron/api/v2/base.py:729}}
Feb 15 00:02:47.862109 dv-neutron-829139-1-hyperv neutron-server[103383]: DEBUG neutron.api.v2.base [None req-1a558b94-9f32-4a2b-a194-c14286105636 tempest-MeteringIpV6TestJSON-935843636 tempest-MeteringIpV6TestJSON-935843636-project-admin] Unknown quota resources ['metering_label_rule']. {{(pid=103383) _create /opt/stack/neutron/neutron/api/v2/base.py:496}}
Feb 15 00:02:47.891237 dv-neutron-829139-1-hyperv neutron-server[103382]: INFO neutron.wsgi [None req-ea0a31b9-ff1d-41d2-b096-36a5c9df493c tempest-QuotasTest-1455866999 tempest-QuotasTest-1455866999-project-admin] 10.222.0.30 "PUT /v2.0/quotas/e0f9a35589884efbb1ba8b2b295284b8 HTTP/1.1" status: 200 len: 366 time: 1.5913765
Feb 15 00:02:47.892004 dv-neutron-829139-1-hyperv neutron-server[103382]: DEBUG neutron.wsgi [-] (103382) accepted ('10.222.0.30', 41580) {{(pid=103382) server /usr/local/lib/python3.8/dist-packages/eventlet/wsgi.py:1004}}
Feb 15 00:02:47.896328 dv-neutron-829139-1-hyperv neutron-server[103385]: DEBUG neutron.api.rpc.handlers.l3_rpc [None req-a967d5ca-cf2b-48c4-8b6e-45093e63108b None None] The sync data for ids ['aba866c0-6a26-4176-aa5d-802d750e0c4d'] in dv-neutron-829139-1-hyperv is: [{'id': 'aba866c0-6a26-4176-aa5d-802d750e0c4d', 'name': 'tempest-ServerActionsTestJSON-569079354-router', 'tenant_id': '6f150351e2d7486aaafb400f41124ead', 'admin_state_up': True, 'status': 'ACTIVE', 'external_gateway_info': {'network_id': '06703ee7-ffbf-40e7-83b7-364ce0154039', 'external_fixed_ips': [{'subnet_id': 'b65d4ad8-2a19-43ce-866e-4260222c26b3', 'ip_address': '172.26.4.250'}], 'enable_snat': True}, 'gw_port_id': '1458b96d-5597-4a09-befe-c907dec8d895', 'description': '', 'availability_zones': ['nova'], 'distributed': False, 'ha': False, 'ha_vr_id': 0, 'availability_zone_hints': [], 'routes': [], 'flavor_id': None, 'tags': [], 'created_at': '2022-02-15T00:02:43Z', 'updated_at': '2022-02-15T00:02:44Z', 'revision_number': 3, 'project_id': '6f150351e2d7486aaafb400f41124ead', 'gw_port': {'id': '1458b96d-5597-4a09-befe-c907dec8d895', 'name': '', 'network_id': '06703ee7-ffbf-40e7-83b7-364ce0154039', 'tenant_id': '', 'mac_address': 'fa:16:3e:e9:f2:89', 'admin_state_up': True, 'status': 'DOWN', 'device_id': 'aba866c0-6a26-4176-aa5d-802d750e0c4d', 'device_owner': 'network:router_gateway', 'standard_attr_id': 41, 'fixed_ips': [{'subnet_id': 'b65d4ad8-2a19-43ce-866e-4260222c26b3', 'ip_address': '172.26.4.250', 'prefixlen': 24}], 'allowed_address_pairs': [], 'extra_dhcp_opts': [], 'security_groups': [], 'description': '', 'binding:vnic_type': 'normal', 'binding:profile': {}, 'binding:host_id': 'dv-neutron-829139-1-hyperv', 'binding:vif_type': 'ovs', 'binding:vif_details': {'connectivity': 'l2', 'port_filter': True, 'ovs_hybrid_plug': False, 'datapath_type': 'system', 'bridge_name': 'br-int', 'bound_drivers': {'0': 'openvswitch'}}, 'port_security_enabled': False, 'tags': [], 'created_at': '2022-02-15T00:02:43Z', 'updated_at': '2022-02-15T00:02:47Z', 'revision_number': 3, 'project_id': '', 'subnets': [{'id': 'b65d4ad8-2a19-43ce-866e-4260222c26b3', 'cidr': '172.26.4.0/24', 'gateway_ip': '172.26.4.1', 'dns_nameservers': [], 'ipv6_ra_mode': None, 'subnetpool_id': None}], 'extra_subnets': [], 'address_scopes': {4: None, 6: None}, 'mtu': 1500}, 'enable_snat': True, 'gw_port_host': 'dv-neutron-829139-1-hyperv'}] {{(pid=103385) sync_routers /opt/stack/neutron/neutron/api/rpc/handlers/l3_rpc.py:137}}
Feb 15 00:02:47.958632 dv-neutron-829139-1-hyperv neutron-server[103382]: DEBUG neutron_lib.callbacks.manager [None req-a143b6d0-3071-4840-8d93-0696895a4fa8 tempest-MeteringTestJSON-133495002 tempest-MeteringTestJSON-133495002-project-admin] Publish callbacks [] for metering_label (None), before_response {{(pid=103382) _notify_loop /usr/local/lib/python3.8/dist-packages/neutron_lib/callbacks/manager.py:176}}
Feb 15 00:02:47.958962 dv-neutron-829139-1-hyperv neutron-server[103383]: DEBUG neutron.api.v2.base [None req-45ea7875-74ab-408f-bcf1-3196b68d99ae tempest-FloatingIPAdminTestJSON-1202011796 tempest-FloatingIPAdminTestJSON-1202011796-project] Request body: {'floatingip': {'floating_network_id': '06703ee7-ffbf-40e7-83b7-364ce0154039'}} {{(pid=103383) prepare_request_body /opt/stack/neutron/neutron/api/v2/base.py:729}}
Feb 15 00:02:47.962864 dv-neutron-829139-1-hyperv neutron-server[103382]: INFO neutron.wsgi [None req-a143b6d0-3071-4840-8d93-0696895a4fa8 tempest-MeteringTestJSON-133495002 tempest-MeteringTestJSON-133495002-project-admin] 10.222.0.30 "POST /v2.0/metering/metering-labels HTTP/1.1" status: 201 len: 478 time: 1.1777136
Feb 15 00:02:47.966786 dv-neutron-829139-1-hyperv neutron-server[103382]: DEBUG neutron.wsgi [-] (103382) accepted ('10.222.0.30', 41584) {{(pid=103382) server /usr/local/lib/python3.8/dist-packages/eventlet/wsgi.py:1004}}
Feb 15 00:02:47.980596 dv-neutron-829139-1-hyperv neutron-server[103383]: WARNING neutron.services.metering.metering_plugin [None req-1a558b94-9f32-4a2b-a194-c14286105636 tempest-MeteringIpV6TestJSON-935843636 tempest-MeteringIpV6TestJSON-935843636-project-admin] The use of 'remote_ip_prefix' in metering label rules is deprecated and will be removed in future releases. One should use instead the 'source_ip_prefix' and/or 'destination_ip_prefix' parameters. For more details, you can check the spec: https://review.opendev.org/#/c/744702/.
Feb 15 00:02:48.006318 dv-neutron-829139-1-hyperv neutron-server[103382]: DEBUG neutron.api.v2.base [None req-beffaf33-3bbf-4eca-8dd4-d02fe0aad8b0 tempest-MeteringTestJSON-133495002 tempest-MeteringTestJSON-133495002-project-admin] Request body: {'metering_label_rule': {'remote_ip_prefix': '10.0.0.0/24', 'direction': 'ingress', 'metering_label_id': '523a990a-6d97-44e6-849e-7b46e74c3ecd'}} {{(pid=103382) prepare_request_body /opt/stack/neutron/neutron/api/v2/base.py:729}}
Feb 15 00:02:48.007597 dv-neutron-829139-1-hyperv neutron-server[103382]: DEBUG neutron.api.v2.base [None req-beffaf33-3bbf-4eca-8dd4-d02fe0aad8b0 tempest-MeteringTestJSON-133495002 tempest-MeteringTestJSON-133495002-project-admin] Unknown quota resources ['metering_label_rule']. {{(pid=103382) _create /opt/stack/neutron/neutron/api/v2/base.py:496}}
Feb 15 00:02:48.012619 dv-neutron-829139-1-hyperv neutron-server[103382]: INFO neutron.wsgi [None req-6682c41b-e8f0-4ca3-b7f9-2123e6edc007 tempest-QuotasTest-1455866999 tempest-QuotasTest-1455866999-project-admin] 10.222.0.30 "GET /v2.0/quotas HTTP/1.1" status: 200 len: 468 time: 0.0695343
Feb 15 00:02:48.019054 dv-neutron-829139-1-hyperv neutron-server[103383]: DEBUG neutron.wsgi [-] (103383) accepted ('10.222.0.30', 41586) {{(pid=103383) server /usr/local/lib/python3.8/dist-packages/eventlet/wsgi.py:1004}}
Feb 15 00:02:48.125584 dv-neutron-829139-1-hyperv neutron-server[103383]: DEBUG neutron_lib.callbacks.manager [None req-85b9a057-381b-460a-84d4-a96219bdb805 tempest-ExternalNetworksAdminNegativeTestJSON-1122212262 tempest-ExternalNetworksAdminNegativeTestJSON-1122212262-project-admin] Publish callbacks ['neutron.plugins.ml2.plugin.SecurityGroupServerNotifierRpcMixin._notify_sg_on_port_change-8355639', 'neutron.plugins.ml2.ovo_rpc._ObjectChangeHandler.handle_event-171352', 'neutron.api.rpc.agentnotifiers.dhcp_rpc_agent_api.DhcpAgentNotifyAPI._native_event_send_dhcp_notification-966232', 'neutron.db.l3_dvrscheduler_db._notify_l3_agent_new_port-8768363623747'] for port (c36bcc69-d6be-4b5d-bb37-7bd1b2b650d5), after_create {{(pid=103383) _notify_loop /usr/local/lib/python3.8/dist-packages/neutron_lib/callbacks/manager.py:176}}
Feb 15 00:02:48.130022 dv-neutron-829139-1-hyperv neutron-server[103382]: WARNING neutron.services.metering.metering_plugin [None req-beffaf33-3bbf-4eca-8dd4-d02fe0aad8b0 tempest-MeteringTestJSON-133495002 tempest-MeteringTestJSON-133495002-project-admin] The use of 'remote_ip_prefix' in metering label rules is deprecated and will be removed in future releases. One should use instead the 'source_ip_prefix' and/or 'destination_ip_prefix' parameters. For more details, you can check the spec: https://review.opendev.org/#/c/744702/.
Feb 15 00:02:48.197618 dv-neutron-829139-1-hyperv neutron-server[103383]: INFO neutron.wsgi [None req-2981c2ed-017f-471b-9ad9-c2e7162ff01c tempest-QuotasTest-1455866999 tempest-QuotasTest-1455866999-project-admin] 10.222.0.30 "GET /v2.0/quotas/e0f9a35589884efbb1ba8b2b295284b8 HTTP/1.1" status: 200 len: 366 time: 0.1307962
Feb 15 00:02:48.206869 dv-neutron-829139-1-hyperv neutron-server[103383]: DEBUG neutron.wsgi [-] (103383) accepted ('10.222.0.30', 41592) {{(pid=103383) server /usr/local/lib/python3.8/dist-packages/eventlet/wsgi.py:1004}}
Feb 15 00:02:48.209732 dv-neutron-829139-1-hyperv neutron-server[103383]: DEBUG neutron_lib.callbacks.manager [None req-1a558b94-9f32-4a2b-a194-c14286105636 tempest-MeteringIpV6TestJSON-935843636 tempest-MeteringIpV6TestJSON-935843636-project-admin] Publish callbacks [] for metering_label_rule (None), before_response {{(pid=103383) _notify_loop /usr/local/lib/python3.8/dist-packages/neutron_lib/callbacks/manager.py:176}}
Feb 15 00:02:48.211124 dv-neutron-829139-1-hyperv neutron-server[103383]: INFO neutron.wsgi [None req-1a558b94-9f32-4a2b-a194-c14286105636 tempest-MeteringIpV6TestJSON-935843636 tempest-MeteringIpV6TestJSON-935843636-project-admin] 10.222.0.30 "POST /v2.0/metering/metering-label-rules HTTP/1.1" status: 201 len: 464 time: 0.4212232
Feb 15 00:02:48.216914 dv-neutron-829139-1-hyperv neutron-server[103383]: DEBUG neutron.wsgi [-] (103383) accepted ('10.222.0.30', 41594) {{(pid=103383) server /usr/local/lib/python3.8/dist-packages/eventlet/wsgi.py:1004}}
Feb 15 00:02:48.234104 dv-neutron-829139-1-hyperv neutron-server[103383]: DEBUG neutron.api.v2.base [None req-a57b504d-ada6-4829-b924-a7403e466e01 tempest-MeteringIpV6TestJSON-935843636 tempest-MeteringIpV6TestJSON-935843636-project-admin] Request body: {'metering_label_rule': {'remote_ip_prefix': 'fd03::/64', 'direction': 'ingress', 'metering_label_id': '62736421-a7a2-4f84-b3fe-6795c8d4ca08'}} {{(pid=103383) prepare_request_body /opt/stack/neutron/neutron/api/v2/base.py:729}}
Feb 15 00:02:48.235316 dv-neutron-829139-1-hyperv neutron-server[103383]: DEBUG neutron.api.v2.base [None req-a57b504d-ada6-4829-b924-a7403e466e01 tempest-MeteringIpV6TestJSON-935843636 tempest-MeteringIpV6TestJSON-935843636-project-admin] Unknown quota resources ['metering_label_rule']. {{(pid=103383) _create /opt/stack/neutron/neutron/api/v2/base.py:496}}
Feb 15 00:02:48.262938 dv-neutron-829139-1-hyperv neutron-server[103383]: DEBUG neutron_lib.callbacks.manager [None req-45ea7875-74ab-408f-bcf1-3196b68d99ae tempest-FloatingIPAdminTestJSON-1202011796 tempest-FloatingIPAdminTestJSON-1202011796-project] Publish callbacks [] for floatingip (None), before_create {{(pid=103383) _notify_loop /usr/local/lib/python3.8/dist-packages/neutron_lib/callbacks/manager.py:176}}
Feb 15 00:02:48.316608 dv-neutron-829139-1-hyperv neutron-server[103383]: DEBUG neutron.scheduler.dhcp_agent_scheduler [None req-85b9a057-381b-460a-84d4-a96219bdb805 tempest-ExternalNetworksAdminNegativeTestJSON-1122212262 tempest-ExternalNetworksAdminNegativeTestJSON-1122212262-project-admin] Network 06703ee7-ffbf-40e7-83b7-364ce0154039 is already hosted by enough agents. {{(pid=103383) _get_dhcp_agents_hosting_network /opt/stack/neutron/neutron/scheduler/dhcp_agent_scheduler.py:275}}
