Mar 02 08:59:50.683010 dv-neutron-828796-1-hyperv neutron-server[88402]: DEBUG neutron.db.provisioning_blocks [None req-a9f4784d-e656-4adf-98fb-62c4322ff2d6 None None] Provisioning complete for port 547ebecc-0119-489e-a754-0fae400381cc triggered by entity DHCP. {{(pid=88402) provisioning_complete /opt/stack/neutron/neutron/db/provisioning_blocks.py:139}}
Mar 02 08:59:50.683445 dv-neutron-828796-1-hyperv neutron-server[88402]: DEBUG neutron_lib.callbacks.manager [None req-a9f4784d-e656-4adf-98fb-62c4322ff2d6 None None] Notify callbacks ['neutron.plugins.ml2.plugin.Ml2Plugin._port_provisioned-3484565'] for port, provisioning_complete {{(pid=88402) _notify_loop /usr/local/lib/python3.8/dist-packages/neutron_lib/callbacks/manager.py:192}}
Mar 02 08:59:50.737876 dv-neutron-828796-1-hyperv neutron-server[88402]: DEBUG neutron.plugins.ml2.db [None req-eec846f9-8300-47c7-b64f-138d5b6238ae None None] For port 20a9eb5f-9960-46b6-8985-defa8affe660, host dv-neutron-828796-1-hyperv, got binding levels [PortBindingLevel(driver='openvswitch',host='dv-neutron-828796-1-hyperv',level=0,port_id=20a9eb5f-9960-46b6-8985-defa8affe660,segment=NetworkSegment(f2059301-9871-4d22-a366-d52343a8aa64),segment_id=f2059301-9871-4d22-a366-d52343a8aa64)] {{(pid=88402) get_binding_level_objs /opt/stack/neutron/neutron/plugins/ml2/db.py:75}}
Mar 02 08:59:50.749554 dv-neutron-828796-1-hyperv neutron-server[88402]: DEBUG neutron_lib.callbacks.manager [None req-ec9fc67f-ffe9-4c41-9b2a-e23c31d3374c None None] Notify callbacks ['neutron.plugins.ml2.plugin.SecurityGroupServerNotifierRpcMixin.notify_sg_on_port_change-544441', 'neutron.plugins.ml2.ovo_rpc._ObjectChangeHandler.handle_event-250683', 'neutron.api.rpc.agentnotifiers.dhcp_rpc_agent_api.DhcpAgentNotifyAPI._native_event_send_dhcp_notification-3672940', 'neutron.db.l3_db.L3RpcNotifierMixin._notify_gateway_port_ip_changed-8769683602670', 'neutron.db.l3_dvrscheduler_db._notify_l3_agent_port_update-8769683222330', 'neutron.db.l3_hascheduler_db._notify_l3_agent_ha_port_update-8769683222375'] for port, after_update {{(pid=88402) _notify_loop /usr/local/lib/python3.8/dist-packages/neutron_lib/callbacks/manager.py:192}}
Mar 02 08:59:50.753249 dv-neutron-828796-1-hyperv neutron-server[88400]: DEBUG neutron.scheduler.dhcp_agent_scheduler [None req-73048715-0644-4668-ae29-b730bb77a9e1 tempest-PortsAdminExtendedAttrsTestJSON-886378035 tempest-PortsAdminExtendedAttrsTestJSON-886378035-project-admin] Network 7e1aa611-975c-4128-a697-5afbb38d6ae1 is already hosted by enough agents. {{(pid=88400) _get_dhcp_agents_hosting_network /opt/stack/neutron/neutron/scheduler/dhcp_agent_scheduler.py:275}}
Mar 02 08:59:50.763258 dv-neutron-828796-1-hyperv neutron-server[88400]: DEBUG neutron.scheduler.base_scheduler [None req-73048715-0644-4668-ae29-b730bb77a9e1 tempest-PortsAdminExtendedAttrsTestJSON-886378035 tempest-PortsAdminExtendedAttrsTestJSON-886378035-project-admin] Resources bound (agent type, host, resource id): {{(pid=88400) schedule /opt/stack/neutron/neutron/scheduler/base_scheduler.py:57}}
Mar 02 08:59:50.771041 dv-neutron-828796-1-hyperv neutron-server[88400]: DEBUG neutron.plugins.ml2.db [None req-9f8091b9-a65f-4452-8d9d-4bf61e049a50 tempest-PortsAdminExtendedAttrsIpV6TestJSON-347416291 tempest-PortsAdminExtendedAttrsIpV6TestJSON-347416291-project-admin] For port 6f44f54b-154d-49b6-9836-c4ba9f2224a7, host hv-neutron-8287, got binding levels [] {{(pid=88400) get_binding_level_objs /opt/stack/neutron/neutron/plugins/ml2/db.py:75}}
Mar 02 08:59:50.771397 dv-neutron-828796-1-hyperv neutron-server[88400]: DEBUG neutron_lib.callbacks.manager [None req-9f8091b9-a65f-4452-8d9d-4bf61e049a50 tempest-PortsAdminExtendedAttrsIpV6TestJSON-347416291 tempest-PortsAdminExtendedAttrsIpV6TestJSON-347416291-project-admin] Notify callbacks ['neutron.services.l3_router.l3_router_plugin.L3_NAT_dbonly_mixin._precommit_delete_port_callback-3870949'] for port, precommit_delete {{(pid=88400) _notify_loop /usr/local/lib/python3.8/dist-packages/neutron_lib/callbacks/manager.py:192}}
Mar 02 08:59:50.783467 dv-neutron-828796-1-hyperv neutron-server[88400]: DEBUG neutron.db.l3_dvrscheduler_db [None req-73048715-0644-4668-ae29-b730bb77a9e1 tempest-PortsAdminExtendedAttrsTestJSON-886378035 tempest-PortsAdminExtendedAttrsTestJSON-886378035-project-admin] Received port after_create {{(pid=88400) _notify_l3_agent_new_port /opt/stack/neutron/neutron/db/l3_dvrscheduler_db.py:538}}
Mar 02 08:59:50.784378 dv-neutron-828796-1-hyperv neutron-server[88400]: DEBUG neutron.pecan_wsgi.hooks.policy_enforcement [None req-73048715-0644-4668-ae29-b730bb77a9e1 tempest-PortsAdminExtendedAttrsTestJSON-886378035 tempest-PortsAdminExtendedAttrsTestJSON-886378035-project-admin] Attributes excluded by policy engine: ['standard_attr_id', 'network'] {{(pid=88400) _exclude_attributes_by_policy /opt/stack/neutron/neutron/pecan_wsgi/hooks/policy_enforcement.py:255}}
Mar 02 08:59:50.784962 dv-neutron-828796-1-hyperv neutron-server[88400]: DEBUG neutron_lib.callbacks.manager [None req-73048715-0644-4668-ae29-b730bb77a9e1 tempest-PortsAdminExtendedAttrsTestJSON-886378035 tempest-PortsAdminExtendedAttrsTestJSON-886378035-project-admin] Notify callbacks ['neutron.notifiers.nova.Notifier._send_nova_notification-137542'] for port, before_response {{(pid=88400) _notify_loop /usr/local/lib/python3.8/dist-packages/neutron_lib/callbacks/manager.py:192}}
Mar 02 08:59:50.789473 dv-neutron-828796-1-hyperv neutron-server[88400]: DEBUG neutron.api.rpc.handlers.resources_rpc [None req-73048715-0644-4668-ae29-b730bb77a9e1 tempest-PortsAdminExtendedAttrsTestJSON-886378035 tempest-PortsAdminExtendedAttrsTestJSON-886378035-project-admin] Pushing event updated for resources: {'Port': ['ID=48a9e29c-18a6-4ae3-80e1-966b53a949b0,revision_number=1']} {{(pid=88400) push /opt/stack/neutron/neutron/api/rpc/handlers/resources_rpc.py:237}}
Mar 02 08:59:50.847804 dv-neutron-828796-1-hyperv neutron-server[88402]: DEBUG neutron_lib.callbacks.manager [None req-eec846f9-8300-47c7-b64f-138d5b6238ae None None] Notify callbacks ['neutron.plugins.ml2.plugin.SecurityGroupServerNotifierRpcMixin.notify_sg_on_port_change-544441', 'neutron.plugins.ml2.ovo_rpc._ObjectChangeHandler.handle_event-250683', 'neutron.api.rpc.agentnotifiers.dhcp_rpc_agent_api.DhcpAgentNotifyAPI._native_event_send_dhcp_notification-3672940', 'neutron.db.l3_db.L3RpcNotifierMixin._notify_gateway_port_ip_changed-8769683602670', 'neutron.db.l3_dvrscheduler_db._notify_l3_agent_port_update-8769683222330', 'neutron.db.l3_hascheduler_db._notify_l3_agent_ha_port_update-8769683222375'] for port, after_update {{(pid=88402) _notify_loop /usr/local/lib/python3.8/dist-packages/neutron_lib/callbacks/manager.py:192}}
Mar 02 08:59:50.888061 dv-neutron-828796-1-hyperv neutron-server[88402]: DEBUG neutron.plugins.ml2.plugin [None req-a9f4784d-e656-4adf-98fb-62c4322ff2d6 None None] Port 547ebecc-0119-489e-a754-0fae400381cc cannot update to ACTIVE because it is not bound. {{(pid=88402) _port_provisioned /opt/stack/neutron/neutron/plugins/ml2/plugin.py:337}}
Mar 02 08:59:50.901606 dv-neutron-828796-1-hyperv neutron-server[88402]: DEBUG neutron.plugins.ml2.managers [None req-17dfa912-bb0d-41af-b55e-c29f619e7584 None None] Attempting to bind port f3af7662-c764-4a45-877d-c95144df9a91 on host dv-neutron-828796-1-hyperv for vnic_type normal with profile {{(pid=88402) bind_port /opt/stack/neutron/neutron/plugins/ml2/managers.py:790}}
Mar 02 08:59:50.901988 dv-neutron-828796-1-hyperv neutron-server[88402]: DEBUG neutron.plugins.ml2.managers [None req-17dfa912-bb0d-41af-b55e-c29f619e7584 None None] Attempting to bind port f3af7662-c764-4a45-877d-c95144df9a91 by drivers openvswitch,hyperv on host dv-neutron-828796-1-hyperv at level 0 using segments [{'id': '38bdfdc2-f944-4096-9d5e-1e271fec130b', 'network_type': 'vlan', 'physical_network': 'physnet1', 'segmentation_id': 107, 'network_id': '7ff63a9f-e6dd-4a2c-bf86-91707c35e4ca'}] {{(pid=88402) _bind_port_level /opt/stack/neutron/neutron/plugins/ml2/managers.py:815}}
Mar 02 08:59:50.902344 dv-neutron-828796-1-hyperv neutron-server[88402]: DEBUG neutron.plugins.ml2.drivers.mech_agent [None req-17dfa912-bb0d-41af-b55e-c29f619e7584 None None] Attempting to bind port f3af7662-c764-4a45-877d-c95144df9a91 on network 7ff63a9f-e6dd-4a2c-bf86-91707c35e4ca {{(pid=88402) bind_port /opt/stack/neutron/neutron/plugins/ml2/drivers/mech_agent.py:86}}
Mar 02 08:59:50.916643 dv-neutron-828796-1-hyperv neutron-server[88402]: DEBUG neutron.db.l3_dvrscheduler_db [None req-ec9fc67f-ffe9-4c41-9b2a-e23c31d3374c None None] Routers {'460de7d1-2c0d-417a-8cc3-669a3881bced'} bound to L3 agent in host dv-neutron-828796-1-hyperv {{(pid=88402) _get_router_ids_for_agent /opt/stack/neutron/neutron/db/l3_dvrscheduler_db.py:423}}
Mar 02 08:59:50.917302 dv-neutron-828796-1-hyperv neutron-server[88402]: DEBUG neutron.db.l3_hamode_db [None req-ec9fc67f-ffe9-4c41-9b2a-e23c31d3374c None None] neutron.services.l3_router.l3_router_plugin.L3RouterPlugin method get_ha_sync_data_for_host called with arguments (, 'dv-neutron-828796-1-hyperv', Agent(admin_state_up=True,agent_type='L3 agent',availability_zone='nova',binary='neutron-l3-agent',configurations={"agent_mode": "legacy", "ex_gw_ports": 1, "extensions": [], "floating_ips": 0, "handle_internal_only_routers": true, "interface_driver": "openvswitch", "interfaces": 1, "log_agent_heartbeats": false, "routers": 1},created_at=2022-03-02T08:51:22Z,description=,heartbeat_timestamp=2022-03-02T08:59:22Z,host='dv-neutron-828796-1-hyperv',id=e7fbf801-f64b-4ea8-8e21-682b9056f657,load=0,resource_versions=,resources_synced=,started_at=2022-03-02T08:51:22Z,topic='l3_agent')) {'router_ids': ['460de7d1-2c0d-417a-8cc3-669a3881bced'], 'active': True} {{(pid=88402) wrapper /usr/local/lib/python3.8/dist-packages/oslo_log/helpers.py:65}}
Mar 02 08:59:50.966630 dv-neutron-828796-1-hyperv neutron-server[88402]: DEBUG neutron.plugins.ml2.drivers.mech_agent [None req-17dfa912-bb0d-41af-b55e-c29f619e7584 None None] Checking agent: {'id': '18a1c2e9-e952-4f39-ba32-f00962d61308', 'agent_type': 'Open vSwitch agent', 'binary': 'neutron-openvswitch-agent', 'topic': 'N/A', 'host': 'dv-neutron-828796-1-hyperv', 'admin_state_up': True, 'created_at': datetime.datetime(2022, 3, 2, 8, 51, 23), 'started_at': datetime.datetime(2022, 3, 2, 8, 51, 53), 'heartbeat_timestamp': datetime.datetime(2022, 3, 2, 8, 59, 23), 'description': None, 'resources_synced': None, 'availability_zone': None, 'alive': True, 'configurations': {'arp_responder_enabled': False, 'baremetal_smartnic': False, 'bridge_mappings': {'physnet1': 'br-data'}, 'datapath_type': 'system', 'devices': 0, 'enable_distributed_routing': False, 'extensions': [], 'in_distributed_mode': False, 'integration_bridge': 'br-int', 'l2_population': False, 'log_agent_heartbeats': False, 'ovs_capabilities': {'datapath_types': ['netdev', 'system'], 'iface_types': ['erspan', 'geneve', 'gre', 'internal', 'ip6erspan', 'ip6gre', 'lisp', 'patch', 'stt', 'system', 'tap', 'vxlan']}, 'ovs_hybrid_plug': False, 'resource_provider_bandwidths': {}, 'resource_provider_hypervisors': {'br-data': 'dv-neutron-828796-1-hyperv'}, 'resource_provider_inventory_defaults': {'allocation_ratio': 1.0, 'min_unit': 1, 'step_size': 1, 'reserved': 0}, 'tunnel_types': [], 'tunneling_ip': None, 'vhostuser_socket_dir': '/var/run/openvswitch'}, 'resource_versions': {'AddressGroup': '1.2', 'ConntrackHelper': '1.0', 'Log': '1.0', 'Network': '1.1', 'Port': '1.7', 'PortForwarding': '1.2', 'QosPolicy': '1.8', 'SecurityGroup': '1.4', 'SecurityGroupRule': '1.2', 'SubPort': '1.0', 'Subnet': '1.1', 'Trunk': '1.1'}} {{(pid=88402) bind_port /opt/stack/neutron/neutron/plugins/ml2/drivers/mech_agent.py:105}}
Mar 02 08:59:50.967560 dv-neutron-828796-1-hyperv neutron-server[88402]: DEBUG neutron.plugins.ml2.drivers.mech_agent [None req-17dfa912-bb0d-41af-b55e-c29f619e7584 None None] Checking segment: {'id': '38bdfdc2-f944-4096-9d5e-1e271fec130b', 'network_type': 'vlan', 'physical_network': 'physnet1', 'segmentation_id': 107, 'network_id': '7ff63a9f-e6dd-4a2c-bf86-91707c35e4ca'} for mappings: {'physnet1': 'br-data'} with network types: ['local', 'flat', 'vlan'] {{(pid=88402) check_segment_for_agent /opt/stack/neutron/neutron/plugins/ml2/drivers/mech_agent.py:343}}
Mar 02 08:59:50.967926 dv-neutron-828796-1-hyperv neutron-server[88402]: DEBUG neutron_lib.callbacks.manager [None req-17dfa912-bb0d-41af-b55e-c29f619e7584 None None] Notify callbacks [] for ovs_bridge_name, before_read {{(pid=88402) _notify_loop /usr/local/lib/python3.8/dist-packages/neutron_lib/callbacks/manager.py:192}}
Mar 02 08:59:50.968322 dv-neutron-828796-1-hyperv neutron-server[88402]: DEBUG neutron.plugins.ml2.drivers.mech_agent [None req-17dfa912-bb0d-41af-b55e-c29f619e7584 None None] Bound using segment: {'id': '38bdfdc2-f944-4096-9d5e-1e271fec130b', 'network_type': 'vlan', 'physical_network': 'physnet1', 'segmentation_id': 107, 'network_id': '7ff63a9f-e6dd-4a2c-bf86-91707c35e4ca'} {{(pid=88402) bind_port /opt/stack/neutron/neutron/plugins/ml2/drivers/mech_agent.py:115}}
Mar 02 08:59:50.968969 dv-neutron-828796-1-hyperv neutron-server[88402]: DEBUG neutron.plugins.ml2.managers [None req-17dfa912-bb0d-41af-b55e-c29f619e7584 None None] Bound port: f3af7662-c764-4a45-877d-c95144df9a91, host: dv-neutron-828796-1-hyperv, vif_type: ovs, vif_details: {"connectivity": "l2", "port_filter": true, "ovs_hybrid_plug": false, "datapath_type": "system", "bridge_name": "br-int"}, binding_levels: [{'bound_driver': 'openvswitch', 'bound_segment': {'id': '38bdfdc2-f944-4096-9d5e-1e271fec130b', 'network_type': 'vlan', 'physical_network': 'physnet1', 'segmentation_id': 107, 'network_id': '7ff63a9f-e6dd-4a2c-bf86-91707c35e4ca'}}] {{(pid=88402) _bind_port_level /opt/stack/neutron/neutron/plugins/ml2/managers.py:928}}
Mar 02 08:59:50.969239 dv-neutron-828796-1-hyperv neutron-server[88402]: DEBUG neutron_lib.callbacks.manager [None req-17dfa912-bb0d-41af-b55e-c29f619e7584 None None] Notify callbacks ['neutron.plugins.ml2.plugin.SecurityGroupDbMixin._ensure_default_security_group_handler-543092'] for port, before_update {{(pid=88402) _notify_loop /usr/local/lib/python3.8/dist-packages/neutron_lib/callbacks/manager.py:192}}
Mar 02 08:59:50.985494 dv-neutron-828796-1-hyperv neutron-server[88402]: DEBUG neutron.api.rpc.handlers.resources_rpc [None req-6c921a88-97d0-4644-b65c-5ee5fb1bc320 None None] Pushing event updated for resources: {'Port': ['ID=256185ac-0888-4b8d-831b-c3ab68a50b8f,revision_number=3']} {{(pid=88402) push /opt/stack/neutron/neutron/api/rpc/handlers/resources_rpc.py:237}}
Mar 02 08:59:50.991303 dv-neutron-828796-1-hyperv neutron-server[88400]: DEBUG neutron.plugins.ml2.plugin [None req-9f8091b9-a65f-4452-8d9d-4bf61e049a50 tempest-PortsAdminExtendedAttrsIpV6TestJSON-347416291 tempest-PortsAdminExtendedAttrsIpV6TestJSON-347416291-project-admin] Calling delete_port for 6f44f54b-154d-49b6-9836-c4ba9f2224a7 owned by {{(pid=88400) delete_port /opt/stack/neutron/neutron/plugins/ml2/plugin.py:1987}}
Mar 02 08:59:51.024154 dv-neutron-828796-1-hyperv neutron-server[88400]: INFO neutron.wsgi [None req-03cf5bc0-3a8b-4081-8386-567382f09382 tempest-DHCPAgentSchedulersTestJSON-406127182 tempest-DHCPAgentSchedulersTestJSON-406127182-project-admin] 10.222.0.10 "GET /v2.0/agents/c1dfe4f4-d73a-4372-b2b9-1f8fb52754dc/dhcp-networks HTTP/1.1" status: 200 len: 8849 time: 0.7128201
Mar 02 08:59:51.030109 dv-neutron-828796-1-hyperv neutron-server[88401]: DEBUG neutron.wsgi [-] (88401) accepted ('10.222.0.10', 55004) {{(pid=88401) server /usr/local/lib/python3.8/dist-packages/eventlet/wsgi.py:992}}
Mar 02 08:59:51.070929 dv-neutron-828796-1-hyperv neutron-server[88400]: INFO neutron.wsgi [None req-73048715-0644-4668-ae29-b730bb77a9e1 tempest-PortsAdminExtendedAttrsTestJSON-886378035 tempest-PortsAdminExtendedAttrsTestJSON-886378035-project-admin] 10.222.0.10 "POST /v2.0/ports HTTP/1.1" status: 201 len: 960 time: 1.9797857
Mar 02 08:59:51.080782 dv-neutron-828796-1-hyperv neutron-server[88401]: DEBUG neutron.wsgi [-] (88401) accepted ('10.222.0.10', 55008) {{(pid=88401) server /usr/local/lib/python3.8/dist-packages/eventlet/wsgi.py:992}}
Mar 02 08:59:51.096614 dv-neutron-828796-1-hyperv neutron-server[88402]: DEBUG neutron.db.provisioning_blocks [None req-a9f4784d-e656-4adf-98fb-62c4322ff2d6 None None] Provisioning for port a72f8570-ce5f-4724-8cda-426f1b2a46ad completed by entity DHCP. {{(pid=88402) provisioning_complete /opt/stack/neutron/neutron/db/provisioning_blocks.py:133}}
Mar 02 08:59:51.098048 dv-neutron-828796-1-hyperv neutron-server[88401]: DEBUG neutron.db.db_base_plugin_common [None req-64ab41f5-b6e8-4040-b5ee-ea3c453ac7a1 admin admin] Allocated IP 172.20.0.1 (43aa9e5b-557a-4bfa-8385-0ab2334b2ce2/6d3925aa-8737-4a16-8b77-5b00fc03bcf0/db4b7050-0a7f-4381-a16b-8c480b47a4c2) {{(pid=88401) _store_ip_allocation /opt/stack/neutron/neutron/db/db_base_plugin_common.py:131}}
Mar 02 08:59:51.103260 dv-neutron-828796-1-hyperv neutron-server[88401]: DEBUG neutron.api.v2.base [None req-029981b0-28c6-4633-883e-d1868558ca68 tempest-PortsAdminExtendedAttrsTestJSON-886378035 tempest-PortsAdminExtendedAttrsTestJSON-886378035-project-admin] Request body: {'port': {'binding:host_id': 'hv-neutron-8287'}} {{(pid=88401) prepare_request_body /opt/stack/neutron/neutron/api/v2/base.py:729}}
Mar 02 08:59:51.126488 dv-neutron-828796-1-hyperv neutron-server[88402]: DEBUG neutron.db.provisioning_blocks [None req-a9f4784d-e656-4adf-98fb-62c4322ff2d6 None None] Provisioning complete for port a72f8570-ce5f-4724-8cda-426f1b2a46ad triggered by entity DHCP. {{(pid=88402) provisioning_complete /opt/stack/neutron/neutron/db/provisioning_blocks.py:139}}
Mar 02 08:59:51.126855 dv-neutron-828796-1-hyperv neutron-server[88402]: DEBUG neutron_lib.callbacks.manager [None req-a9f4784d-e656-4adf-98fb-62c4322ff2d6 None None] Notify callbacks ['neutron.plugins.ml2.plugin.Ml2Plugin._port_provisioned-3484565'] for port, provisioning_complete {{(pid=88402) _notify_loop /usr/local/lib/python3.8/dist-packages/neutron_lib/callbacks/manager.py:192}}
Mar 02 08:59:51.149093 dv-neutron-828796-1-hyperv neutron-server[88401]: DEBUG neutron_lib.callbacks.manager [None req-71172e5b-6340-4085-98cd-be94831dd180 tempest-ExtraDHCPOptionsIpV6TestJSON-1694554747 tempest-ExtraDHCPOptionsIpV6TestJSON-1694554747-project] Notify callbacks ['neutron.services.l3_router.l3_router_plugin.L3_NAT_dbonly_mixin._precommit_delete_port_callback-3870949'] for port, precommit_delete {{(pid=88401) _notify_loop /usr/local/lib/python3.8/dist-packages/neutron_lib/callbacks/manager.py:192}}
Mar 02 08:59:51.167046 dv-neutron-828796-1-hyperv neutron-server[88401]: INFO neutron.wsgi [None req-601daddf-e360-4d1a-aed9-c6b21b11b273 tempest-DHCPAgentSchedulersTestJSON-406127182 tempest-DHCPAgentSchedulersTestJSON-406127182-project-admin] 10.222.0.10 "GET /v2.0/networks/90af4a64-d6a4-4a40-aa16-ac68c1646c9c/dhcp-agents HTTP/1.1" status: 200 len: 809 time: 0.1284051
Mar 02 08:59:51.167256 dv-neutron-828796-1-hyperv neutron-server[88401]: DEBUG neutron_lib.callbacks.manager [None req-1ec45522-9d56-4883-8580-a0b99d0467a8 admin admin] Notify callbacks [] for port, precommit_update {{(pid=88401) _notify_loop /usr/local/lib/python3.8/dist-packages/neutron_lib/callbacks/manager.py:192}}
Mar 02 08:59:51.179264 dv-neutron-828796-1-hyperv neutron-server[88401]: DEBUG neutron.wsgi [-] (88401) accepted ('10.222.0.10', 55014) {{(pid=88401) server /usr/local/lib/python3.8/dist-packages/eventlet/wsgi.py:992}}
Mar 02 08:59:51.207220 dv-neutron-828796-1-hyperv neutron-server[88400]: DEBUG neutron_lib.callbacks.manager [None req-9f8091b9-a65f-4452-8d9d-4bf61e049a50 tempest-PortsAdminExtendedAttrsIpV6TestJSON-347416291 tempest-PortsAdminExtendedAttrsIpV6TestJSON-347416291-project-admin] Notify callbacks ['neutron.plugins.ml2.plugin.SecurityGroupServerNotifierRpcMixin.notify_sg_on_port_change-544441', 'neutron.plugins.ml2.ovo_rpc._ObjectChangeHandler.handle_event-250683', 'neutron.api.rpc.agentnotifiers.dhcp_rpc_agent_api.DhcpAgentNotifyAPI._native_event_send_dhcp_notification-3672940', 'neutron.db.l3_db.L3RpcNotifierMixin._notify_routers_callback-8769683602652', 'neutron.db.l3_dvrscheduler_db._notify_port_delete-8769683222321'] for port, after_delete {{(pid=88400) _notify_loop /usr/local/lib/python3.8/dist-packages/neutron_lib/callbacks/manager.py:192}}
Mar 02 08:59:51.263007 dv-neutron-828796-1-hyperv neutron-server[88402]: DEBUG neutron.api.rpc.handlers.resources_rpc [None req-eec846f9-8300-47c7-b64f-138d5b6238ae None None] Pushing event updated for resources: {'Port': ['ID=20a9eb5f-9960-46b6-8985-defa8affe660,revision_number=4']} {{(pid=88402) push /opt/stack/neutron/neutron/api/rpc/handlers/resources_rpc.py:237}}
Mar 02 08:59:51.268407 dv-neutron-828796-1-hyperv neutron-server[88400]: DEBUG neutron.api.rpc.handlers.resources_rpc [None req-9f8091b9-a65f-4452-8d9d-4bf61e049a50 tempest-PortsAdminExtendedAttrsIpV6TestJSON-347416291 tempest-PortsAdminExtendedAttrsIpV6TestJSON-347416291-project-admin] Pushing event deleted for resources: {'Port': ['ID=6f44f54b-154d-49b6-9836-c4ba9f2224a7,revision_number=None']} {{(pid=88400) push /opt/stack/neutron/neutron/api/rpc/handlers/resources_rpc.py:237}}
Mar 02 08:59:51.288929 dv-neutron-828796-1-hyperv neutron-server[88402]: DEBUG neutron.plugins.ml2.plugin [None req-a9f4784d-e656-4adf-98fb-62c4322ff2d6 None None] Port a72f8570-ce5f-4724-8cda-426f1b2a46ad cannot update to ACTIVE because it is not bound. {{(pid=88402) _port_provisioned /opt/stack/neutron/neutron/plugins/ml2/plugin.py:337}}
Mar 02 08:59:51.302264 dv-neutron-828796-1-hyperv neutron-server[88402]: DEBUG neutron.plugins.ml2.db [None req-17dfa912-bb0d-41af-b55e-c29f619e7584 None None] For port f3af7662-c764-4a45-877d-c95144df9a91, host dv-neutron-828796-1-hyperv, cleared binding levels {{(pid=88402) clear_binding_levels /opt/stack/neutron/neutron/plugins/ml2/db.py:88}}
Mar 02 08:59:51.305213 dv-neutron-828796-1-hyperv neutron-server[88402]: DEBUG neutron.db.l3_dvr_db [None req-ec9fc67f-ffe9-4c41-9b2a-e23c31d3374c None None] Set router 460de7d1-2c0d-417a-8cc3-669a3881bced gateway port host: dv-neutron-828796-1-hyperv {{(pid=88402) _build_routers_list /opt/stack/neutron/neutron/db/l3_dvr_db.py:875}}
Mar 02 08:59:51.319557 dv-neutron-828796-1-hyperv neutron-server[88401]: DEBUG neutron.plugins.ml2.plugin [None req-71172e5b-6340-4085-98cd-be94831dd180 tempest-ExtraDHCPOptionsIpV6TestJSON-1694554747 tempest-ExtraDHCPOptionsIpV6TestJSON-1694554747-project] Calling delete_port for 29fb22f8-da22-4187-86b7-4e2040bb5610 owned by {{(pid=88401) delete_port /opt/stack/neutron/neutron/plugins/ml2/plugin.py:1987}}
Mar 02 08:59:51.331944 dv-neutron-828796-1-hyperv neutron-server[88400]: DEBUG neutron_lib.callbacks.manager [None req-9f8091b9-a65f-4452-8d9d-4bf61e049a50 tempest-PortsAdminExtendedAttrsIpV6TestJSON-347416291 tempest-PortsAdminExtendedAttrsIpV6TestJSON-347416291-project-admin] Notify callbacks ['neutron.notifiers.nova.Notifier._send_nova_notification-137542'] for port, before_response {{(pid=88400) _notify_loop /usr/local/lib/python3.8/dist-packages/neutron_lib/callbacks/manager.py:192}}
Mar 02 08:59:51.360451 dv-neutron-828796-1-hyperv neutron-server[88401]: DEBUG neutron_lib.callbacks.manager [None req-1ec45522-9d56-4883-8580-a0b99d0467a8 admin admin] Notify callbacks ['neutron.plugins.ml2.plugin.SecurityGroupServerNotifierRpcMixin.notify_sg_on_port_change-544441', 'neutron.plugins.ml2.ovo_rpc._ObjectChangeHandler.handle_event-250683', 'neutron.api.rpc.agentnotifiers.dhcp_rpc_agent_api.DhcpAgentNotifyAPI._native_event_send_dhcp_notification-3672940', 'neutron.db.l3_db.L3RpcNotifierMixin._notify_gateway_port_ip_changed-8769683602670', 'neutron.db.l3_dvrscheduler_db._notify_l3_agent_port_update-8769683222330', 'neutron.db.l3_hascheduler_db._notify_l3_agent_ha_port_update-8769683222375'] for port, after_update {{(pid=88401) _notify_loop /usr/local/lib/python3.8/dist-packages/neutron_lib/callbacks/manager.py:192}}
Mar 02 08:59:51.361162 dv-neutron-828796-1-hyperv neutron-server[88401]: DEBUG neutron_lib.callbacks.manager [None req-1ec45522-9d56-4883-8580-a0b99d0467a8 admin admin] Notify callbacks ['neutron.api.rpc.agentnotifiers.dhcp_rpc_agent_api.DhcpAgentNotifyAPI._after_router_interface_created-3672990', 'neutron.services.l3_router.l3_router_plugin.DVRResourceOperationHandler._update_snat_v6_addrs_after_intf_update-3871707'] for router_interface, after_create {{(pid=88401) _notify_loop /usr/local/lib/python3.8/dist-packages/neutron_lib/callbacks/manager.py:192}}
Mar 02 08:59:51.370998 dv-neutron-828796-1-hyperv neutron-server[88400]: INFO neutron.wsgi [None req-9f8091b9-a65f-4452-8d9d-4bf61e049a50 tempest-PortsAdminExtendedAttrsIpV6TestJSON-347416291 tempest-PortsAdminExtendedAttrsIpV6TestJSON-347416291-project-admin] 10.222.0.10 "DELETE /v2.0/ports/6f44f54b-154d-49b6-9836-c4ba9f2224a7 HTTP/1.1" status: 204 len: 168 time: 1.5084267
Mar 02 08:59:51.377324 dv-neutron-828796-1-hyperv neutron-server[88400]: DEBUG neutron.wsgi [-] (88400) accepted ('10.222.0.10', 55018) {{(pid=88400) server /usr/local/lib/python3.8/dist-packages/eventlet/wsgi.py:992}}
Mar 02 08:59:51.415640 dv-neutron-828796-1-hyperv neutron-server[88402]: DEBUG neutron.plugins.ml2.db [None req-17dfa912-bb0d-41af-b55e-c29f619e7584 None None] For port f3af7662-c764-4a45-877d-c95144df9a91, host dv-neutron-828796-1-hyperv, set binding levels [PortBindingLevel(driver='openvswitch',host='dv-neutron-828796-1-hyperv',level=0,port_id=f3af7662-c764-4a45-877d-c95144df9a91,segment=NetworkSegment(38bdfdc2-f944-4096-9d5e-1e271fec130b),segment_id=38bdfdc2-f944-4096-9d5e-1e271fec130b)] {{(pid=88402) set_binding_levels /opt/stack/neutron/neutron/plugins/ml2/db.py:60}}
Mar 02 08:59:51.427400 dv-neutron-828796-1-hyperv neutron-server[88400]: INFO neutron.pecan_wsgi.hooks.translation [None req-dd8d2445-4774-4c8a-92cc-936ae03fce23 tempest-PortsAdminExtendedAttrsIpV6TestJSON-347416291 tempest-PortsAdminExtendedAttrsIpV6TestJSON-347416291-project-admin] GET failed (client error): The resource could not be found.
Mar 02 08:59:51.427925 dv-neutron-828796-1-hyperv neutron-server[88400]: DEBUG neutron.quota.resource [None req-dd8d2445-4774-4c8a-92cc-936ae03fce23 tempest-PortsAdminExtendedAttrsIpV6TestJSON-347416291 tempest-PortsAdminExtendedAttrsIpV6TestJSON-347416291-project-admin] Synchronizing usage tracker for tenant:cf05d5667c454bee8ba0bdbd7fdbeeb5 on resource:port {{(pid=88400) resync /opt/stack/neutron/neutron/quota/resource.py:241}}
Mar 02 08:59:51.442566 dv-neutron-828796-1-hyperv neutron-server[88400]: DEBUG neutron_lib.callbacks.manager [None req-87108891-ddb9-499a-a846-3ba9434ace6c tempest-RoutersIpV6AdminTest-781345278 tempest-RoutersIpV6AdminTest-781345278-project-admin] Notify callbacks [] for router_gateway, before_create {{(pid=88400) _notify_loop /usr/local/lib/python3.8/dist-packages/neutron_lib/callbacks/manager.py:192}}
Mar 02 08:59:51.463442 dv-neutron-828796-1-hyperv neutron-server[88402]: DEBUG neutron.plugins.ml2.rpc [None req-eec846f9-8300-47c7-b64f-138d5b6238ae None None] Device 20a9eb5f-9960-46b6-8985-defa8affe660 up at agent ovs-agent-dv-neutron-828796-1-hyperv {{(pid=88402) update_device_up /opt/stack/neutron/neutron/plugins/ml2/rpc.py:278}}
Mar 02 08:59:51.480732 dv-neutron-828796-1-hyperv neutron-server[88401]: INFO neutron.wsgi [None req-4f8e4152-4cb8-40f9-803c-57fcdf715b7e tempest-DHCPAgentSchedulersTestJSON-406127182 tempest-DHCPAgentSchedulersTestJSON-406127182-project-admin] 10.222.0.10 "GET /v2.0/networks/90af4a64-d6a4-4a40-aa16-ac68c1646c9c/dhcp-agents HTTP/1.1" status: 200 len: 809 time: 0.2979443
Mar 02 08:59:51.482517 dv-neutron-828796-1-hyperv neutron-server[88400]: DEBUG neutron.wsgi [-] (88400) accepted ('10.222.0.10', 55024) {{(pid=88400) server /usr/local/lib/python3.8/dist-packages/eventlet/wsgi.py:992}}
Mar 02 08:59:51.483650 dv-neutron-828796-1-hyperv neutron-server[88400]: DEBUG neutron_lib.callbacks.manager [None req-87108891-ddb9-499a-a846-3ba9434ace6c tempest-RoutersIpV6AdminTest-781345278 tempest-RoutersIpV6AdminTest-781345278-project-admin] Notify callbacks ['neutron.plugins.ml2.plugin.SecurityGroupDbMixin._ensure_default_security_group_handler-543092'] for port, before_create {{(pid=88400) _notify_loop /usr/local/lib/python3.8/dist-packages/neutron_lib/callbacks/manager.py:192}}
Mar 02 08:59:51.568317 dv-neutron-828796-1-hyperv neutron-server[88400]: DEBUG neutron.quota.resource [None req-dd8d2445-4774-4c8a-92cc-936ae03fce23 tempest-PortsAdminExtendedAttrsIpV6TestJSON-347416291 tempest-PortsAdminExtendedAttrsIpV6TestJSON-347416291-project-admin] Unset dirty status for tenant:cf05d5667c454bee8ba0bdbd7fdbeeb5 on resource:port {{(pid=88400) _resync /opt/stack/neutron/neutron/quota/resource.py:233}}
Mar 02 08:59:51.573146 dv-neutron-828796-1-hyperv neutron-server[88400]: INFO neutron.wsgi [None req-dd8d2445-4774-4c8a-92cc-936ae03fce23 tempest-PortsAdminExtendedAttrsIpV6TestJSON-347416291 tempest-PortsAdminExtendedAttrsIpV6TestJSON-347416291-project-admin] 10.222.0.10 "GET /v2.0/ports/6f44f54b-154d-49b6-9836-c4ba9f2224a7 HTTP/1.1" status: 404 len: 333 time: 0.1954148
Mar 02 08:59:51.573780 dv-neutron-828796-1-hyperv neutron-server[88400]: DEBUG neutron.wsgi [-] (88400) accepted ('10.222.0.10', 55028) {{(pid=88400) server /usr/local/lib/python3.8/dist-packages/eventlet/wsgi.py:992}}
Mar 02 08:59:51.596382 dv-neutron-828796-1-hyperv neutron-server[88400]: DEBUG neutron.api.v2.base [None req-d3fb5d47-de5d-4a51-ab2f-45b9d72233da tempest-PortsAdminExtendedAttrsIpV6TestJSON-347416291 tempest-PortsAdminExtendedAttrsIpV6TestJSON-347416291-project-admin] Request body: {'port': {'network_id': '9b838e7c-596e-4eec-a60d-df2e4101c07f', 'name': 'tempest-PortsAdminExtendedAttrsIpV6TestJSON-487553978'}} {{(pid=88400) prepare_request_body /opt/stack/neutron/neutron/api/v2/base.py:729}}
Mar 02 08:59:51.597191 dv-neutron-828796-1-hyperv neutron-server[88402]: DEBUG neutron_lib.callbacks.manager [None req-17dfa912-bb0d-41af-b55e-c29f619e7584 None None] Notify callbacks ['neutron.plugins.ml2.plugin.SecurityGroupServerNotifierRpcMixin.notify_sg_on_port_change-544441', 'neutron.plugins.ml2.ovo_rpc._ObjectChangeHandler.handle_event-250683', 'neutron.api.rpc.agentnotifiers.dhcp_rpc_agent_api.DhcpAgentNotifyAPI._native_event_send_dhcp_notification-3672940', 'neutron.db.l3_db.L3RpcNotifierMixin._notify_gateway_port_ip_changed-8769683602670', 'neutron.db.l3_dvrscheduler_db._notify_l3_agent_port_update-8769683222330', 'neutron.db.l3_hascheduler_db._notify_l3_agent_ha_port_update-8769683222375'] for port, after_update {{(pid=88402) _notify_loop /usr/local/lib/python3.8/dist-packages/neutron_lib/callbacks/manager.py:192}}
Mar 02 08:59:51.605156 dv-neutron-828796-1-hyperv neutron-server[88400]: DEBUG neutron.db.quota.driver [None req-d3fb5d47-de5d-4a51-ab2f-45b9d72233da tempest-PortsAdminExtendedAttrsIpV6TestJSON-347416291 tempest-PortsAdminExtendedAttrsIpV6TestJSON-347416291-project-admin] Resources subnetpool have unlimited quota limit. It is not required to calculate headroom {{(pid=88400) make_reservation /opt/stack/neutron/neutron/db/quota/driver.py:219}}
Mar 02 08:59:51.606856 dv-neutron-828796-1-hyperv neutron-server[88401]: DEBUG neutron.api.rpc.handlers.resources_rpc [None req-1ec45522-9d56-4883-8580-a0b99d0467a8 admin admin] Pushing event updated for resources: {'Port': ['ID=a72f8570-ce5f-4724-8cda-426f1b2a46ad,revision_number=2']} {{(pid=88401) push /opt/stack/neutron/neutron/api/rpc/handlers/resources_rpc.py:237}}
Mar 02 08:59:51.705053 dv-neutron-828796-1-hyperv neutron-server[88400]: DEBUG neutron.db.quota.driver [None req-d3fb5d47-de5d-4a51-ab2f-45b9d72233da tempest-PortsAdminExtendedAttrsIpV6TestJSON-347416291 tempest-PortsAdminExtendedAttrsIpV6TestJSON-347416291-project-admin] Attempting to reserve 1 items for resource port. Total usage: 0; quota limit: 500; headroom:500 {{(pid=88400) make_reservation /opt/stack/neutron/neutron/db/quota/driver.py:246}}
Mar 02 08:59:51.764800 dv-neutron-828796-1-hyperv neutron-server[88402]: DEBUG neutron.db.provisioning_blocks [None req-eec846f9-8300-47c7-b64f-138d5b6238ae None None] Provisioning complete for port 20a9eb5f-9960-46b6-8985-defa8affe660 triggered by entity L2. {{(pid=88402) provisioning_complete /opt/stack/neutron/neutron/db/provisioning_blocks.py:139}}
Mar 02 08:59:51.765539 dv-neutron-828796-1-hyperv neutron-server[88402]: DEBUG neutron_lib.callbacks.manager [None req-eec846f9-8300-47c7-b64f-138d5b6238ae None None] Notify callbacks ['neutron.plugins.ml2.plugin.Ml2Plugin._port_provisioned-3484565'] for port, provisioning_complete {{(pid=88402) _notify_loop /usr/local/lib/python3.8/dist-packages/neutron_lib/callbacks/manager.py:192}}
Mar 02 08:59:51.835216 dv-neutron-828796-1-hyperv neutron-server[88400]: DEBUG neutron.pecan_wsgi.hooks.quota_enforcement [None req-d3fb5d47-de5d-4a51-ab2f-45b9d72233da tempest-PortsAdminExtendedAttrsIpV6TestJSON-347416291 tempest-PortsAdminExtendedAttrsIpV6TestJSON-347416291-project-admin] Made reservation on behalf of cf05d5667c454bee8ba0bdbd7fdbeeb5 for: {'port': 1} {{(pid=88400) before /opt/stack/neutron/neutron/pecan_wsgi/hooks/quota_enforcement.py:53}}
Mar 02 08:59:51.837518 dv-neutron-828796-1-hyperv neutron-server[88400]: DEBUG neutron_lib.callbacks.manager [None req-d3fb5d47-de5d-4a51-ab2f-45b9d72233da tempest-PortsAdminExtendedAttrsIpV6TestJSON-347416291 tempest-PortsAdminExtendedAttrsIpV6TestJSON-347416291-project-admin] Notify callbacks ['neutron.plugins.ml2.plugin.SecurityGroupDbMixin._ensure_default_security_group_handler-543092'] for port, before_create {{(pid=88400) _notify_loop /usr/local/lib/python3.8/dist-packages/neutron_lib/callbacks/manager.py:192}}
Mar 02 08:59:51.852055 dv-neutron-828796-1-hyperv neutron-server[88400]: INFO neutron.wsgi [None req-72db8381-f39d-42cf-ab22-ccff24723143 tempest-DHCPAgentSchedulersTestJSON-406127182 tempest-DHCPAgentSchedulersTestJSON-406127182-project-admin] 10.222.0.10 "GET /v2.0/agents/c1dfe4f4-d73a-4372-b2b9-1f8fb52754dc/dhcp-networks HTTP/1.1" status: 200 len: 8849 time: 0.3626127
Mar 02 08:59:51.853566 dv-neutron-828796-1-hyperv neutron-server[88400]: DEBUG neutron.wsgi [-] (88400) accepted ('10.222.0.10', 55032) {{(pid=88400) server /usr/local/lib/python3.8/dist-packages/eventlet/wsgi.py:992}}
Mar 02 08:59:51.875743 dv-neutron-828796-1-hyperv neutron-server[88402]: DEBUG neutron.api.rpc.handlers.resources_rpc [None req-17dfa912-bb0d-41af-b55e-c29f619e7584 None None] Pushing event updated for resources: {'Port': ['ID=f3af7662-c764-4a45-877d-c95144df9a91,revision_number=2']} {{(pid=88402) push /opt/stack/neutron/neutron/api/rpc/handlers/resources_rpc.py:237}}
Mar 02 08:59:51.888488 dv-neutron-828796-1-hyperv neutron-server[88401]: DEBUG neutron_lib.callbacks.manager [None req-db057e88-60d2-4974-879b-db634c675306 tempest-FloatingIPAdminTestJSON-552693396 tempest-FloatingIPAdminTestJSON-552693396-project] Notify callbacks [] for router_gateway, before_create {{(pid=88401) _notify_loop /usr/local/lib/python3.8/dist-packages/neutron_lib/callbacks/manager.py:192}}
Mar 02 08:59:51.913751 dv-neutron-828796-1-hyperv neutron-server[88400]: DEBUG neutron.db.db_base_plugin_common [None req-87108891-ddb9-499a-a846-3ba9434ace6c tempest-RoutersIpV6AdminTest-781345278 tempest-RoutersIpV6AdminTest-781345278-project-admin] Allocated IP 2001:db8::161 (64c346d4-1e11-48a6-97e1-d89d312a85ab/3ab477b8-abbd-4568-85db-88ba968fc85c/0ec268bf-edf3-45b4-b74e-09eb4f1932da) {{(pid=88400) _store_ip_allocation /opt/stack/neutron/neutron/db/db_base_plugin_common.py:131}}
Mar 02 08:59:51.916078 dv-neutron-828796-1-hyperv neutron-server[88400]: DEBUG neutron.notifiers.nova [None req-d3fb5d47-de5d-4a51-ab2f-45b9d72233da tempest-PortsAdminExtendedAttrsIpV6TestJSON-347416291 tempest-PortsAdminExtendedAttrsIpV6TestJSON-347416291-project-admin] device_id is not set on port a512e013-662f-43d5-89ec-c5f2072fc446 yet. {{(pid=88400) _can_notify /opt/stack/neutron/neutron/notifiers/nova.py:199}}
Mar 02 08:59:51.924887 dv-neutron-828796-1-hyperv neutron-server[88401]: DEBUG neutron_lib.callbacks.manager [None req-029981b0-28c6-4633-883e-d1868558ca68 tempest-PortsAdminExtendedAttrsTestJSON-886378035 tempest-PortsAdminExtendedAttrsTestJSON-886378035-project-admin] Notify callbacks ['neutron.plugins.ml2.plugin.SecurityGroupDbMixin._ensure_default_security_group_handler-543092'] for port, before_update {{(pid=88401) _notify_loop /usr/local/lib/python3.8/dist-packages/neutron_lib/callbacks/manager.py:192}}
Mar 02 08:59:51.960742 dv-neutron-828796-1-hyperv neutron-server[88402]: DEBUG neutron.db.l3_hamode_db [None req-ec9fc67f-ffe9-4c41-9b2a-e23c31d3374c None None] neutron.services.l3_router.l3_router_plugin.L3RouterPlugin method _process_sync_ha_data called with arguments (, [{'id': '460de7d1-2c0d-417a-8cc3-669a3881bced', 'name': 'tempest-ServersTestManualDisk-1439515870-router', 'tenant_id': '2fab3e94ce60419d8ffa7baee0093f48', 'admin_state_up': True, 'status': 'ACTIVE', 'external_gateway_info': {'network_id': 'f2ef0f26-7db5-42d6-9038-b47354122d02', 'external_fixed_ips': [{'subnet_id': '9f87e120-1fbf-42e0-91ce-78547f4fe79a', 'ip_address': '172.26.3.66'}], 'enable_snat': True}, 'gw_port_id': '256185ac-0888-4b8d-831b-c3ab68a50b8f', 'description': '', 'availability_zones': ['nova'], 'distributed': False, 'ha': False, 'ha_vr_id': 0, 'availability_zone_hints': [], 'routes': [], 'flavor_id': None, 'tags': [], 'created_at': '2022-03-02T08:59:37Z', 'updated_at': '2022-03-02T08:59:42Z', 'revision_number': 3, 'project_id': '2fab3e94ce60419d8ffa7baee0093f48', 'gw_port': {'id': '256185ac-0888-4b8d-831b-c3ab68a50b8f', 'name': '', 'network_id': 'f2ef0f26-7db5-42d6-9038-b47354122d02', 'tenant_id': '', 'mac_address': 'fa:16:3e:1f:ce:28', 'admin_state_up': True, 'status': 'DOWN', 'device_id': '460de7d1-2c0d-417a-8cc3-669a3881bced', 'device_owner': 'network:router_gateway', 'standard_attr_id': 87, 'fixed_ips': [{'subnet_id': '9f87e120-1fbf-42e0-91ce-78547f4fe79a', 'ip_address': '172.26.3.66', 'prefixlen': 24}], 'allowed_address_pairs': [], 'extra_dhcp_opts': [], 'security_groups': [], 'description': '', 'binding:vnic_type': 'normal', 'binding:profile': {}, 'binding:host_id': 'dv-neutron-828796-1-hyperv', 'binding:vif_type': 'ovs', 'binding:vif_details': {'connectivity': 'l2', 'port_filter': True, 'ovs_hybrid_plug': False, 'datapath_type': 'system', 'bridge_name': 'br-int'}, 'port_security_enabled': False, 'tags': [], 'created_at': '2022-03-02T08:59:39Z', 'updated_at': '2022-03-02T08:59:50Z', 'revision_number': 3, 'project_id': '', 'subnets': [{'id': '9f87e120-1fbf-42e0-91ce-78547f4fe79a', 'cidr': '172.26.3.0/24', 'gateway_ip': '172.26.3.1', 'dns_nameservers': [], 'ipv6_ra_mode': None, 'subnetpool_id': None}], 'extra_subnets': [], 'address_scopes': {4: None, 6: None}, 'mtu': 1500}, 'enable_snat': True, 'gw_port_host': 'dv-neutron-828796-1-hyperv'}], 'dv-neutron-828796-1-hyperv', False) {} {{(pid=88402) wrapper /usr/local/lib/python3.8/dist-packages/oslo_log/helpers.py:65}}
Mar 02 08:59:51.960968 dv-neutron-828796-1-hyperv neutron-server[88401]: DEBUG neutron_lib.callbacks.manager [None req-db057e88-60d2-4974-879b-db634c675306 tempest-FloatingIPAdminTestJSON-552693396 tempest-FloatingIPAdminTestJSON-552693396-project] Notify callbacks ['neutron.plugins.ml2.plugin.SecurityGroupDbMixin._ensure_default_security_group_handler-543092'] for port, before_create {{(pid=88401) _notify_loop /usr/local/lib/python3.8/dist-packages/neutron_lib/callbacks/manager.py:192}}
Mar 02 08:59:51.970563 dv-neutron-828796-1-hyperv neutron-server[88402]: DEBUG neutron.api.rpc.handlers.l3_rpc [None req-ec9fc67f-ffe9-4c41-9b2a-e23c31d3374c None None] The sync data for ids ['460de7d1-2c0d-417a-8cc3-669a3881bced'] in dv-neutron-828796-1-hyperv is: [{'id': '460de7d1-2c0d-417a-8cc3-669a3881bced', 'name': 'tempest-ServersTestManualDisk-1439515870-router', 'tenant_id': '2fab3e94ce60419d8ffa7baee0093f48', 'admin_state_up': True, 'status': 'ACTIVE', 'external_gateway_info': {'network_id': 'f2ef0f26-7db5-42d6-9038-b47354122d02', 'external_fixed_ips': [{'subnet_id': '9f87e120-1fbf-42e0-91ce-78547f4fe79a', 'ip_address': '172.26.3.66'}], 'enable_snat': True}, 'gw_port_id': '256185ac-0888-4b8d-831b-c3ab68a50b8f', 'description': '', 'availability_zones': ['nova'], 'distributed': False, 'ha': False, 'ha_vr_id': 0, 'availability_zone_hints': [], 'routes': [], 'flavor_id': None, 'tags': [], 'created_at': '2022-03-02T08:59:37Z', 'updated_at': '2022-03-02T08:59:42Z', 'revision_number': 3, 'project_id': '2fab3e94ce60419d8ffa7baee0093f48', 'gw_port': {'id': '256185ac-0888-4b8d-831b-c3ab68a50b8f', 'name': '', 'network_id': 'f2ef0f26-7db5-42d6-9038-b47354122d02', 'tenant_id': '', 'mac_address': 'fa:16:3e:1f:ce:28', 'admin_state_up': True, 'status': 'DOWN', 'device_id': '460de7d1-2c0d-417a-8cc3-669a3881bced', 'device_owner': 'network:router_gateway', 'standard_attr_id': 87, 'fixed_ips': [{'subnet_id': '9f87e120-1fbf-42e0-91ce-78547f4fe79a', 'ip_address': '172.26.3.66', 'prefixlen': 24}], 'allowed_address_pairs': [], 'extra_dhcp_opts': [], 'security_groups': [], 'description': '', 'binding:vnic_type': 'normal', 'binding:profile': {}, 'binding:host_id': 'dv-neutron-828796-1-hyperv', 'binding:vif_type': 'ovs', 'binding:vif_details': {'connectivity': 'l2', 'port_filter': True, 'ovs_hybrid_plug': False, 'datapath_type': 'system', 'bridge_name': 'br-int'}, 'port_security_enabled': False, 'tags': [], 'created_at': '2022-03-02T08:59:39Z', 'updated_at': '2022-03-02T08:59:50Z', 'revision_number': 3, 'project_id': '', 'subnets': [{'id': '9f87e120-1fbf-42e0-91ce-78547f4fe79a', 'cidr': '172.26.3.0/24', 'gateway_ip': '172.26.3.1', 'dns_nameservers': [], 'ipv6_ra_mode': None, 'subnetpool_id': None}], 'extra_subnets': [], 'address_scopes': {4: None, 6: None}, 'mtu': 1500}, 'enable_snat': True, 'gw_port_host': 'dv-neutron-828796-1-hyperv'}] {{(pid=88402) sync_routers /opt/stack/neutron/neutron/api/rpc/handlers/l3_rpc.py:137}}
Mar 02 08:59:52.022793 dv-neutron-828796-1-hyperv neutron-server[88402]: DEBUG neutron_lib.callbacks.manager [None req-ca21edd1-2559-4b4b-ab96-61d9f872304d None None] Notify callbacks ['neutron.services.segments.db._update_segment_host_mapping_for_agent-8769683675944', 'neutron.plugins.ml2.plugin.Ml2Plugin._retry_binding_revived_agents-3484612'] for agent, after_update {{(pid=88402) _notify_loop /usr/local/lib/python3.8/dist-packages/neutron_lib/callbacks/manager.py:192}}
Mar 02 08:59:52.071383 dv-neutron-828796-1-hyperv neutron-server[88402]: DEBUG neutron.plugins.ml2.rpc [None req-eec846f9-8300-47c7-b64f-138d5b6238ae None None] Device a639ae00-e782-4975-9ac3-87505897f47a up at agent ovs-agent-dv-neutron-828796-1-hyperv {{(pid=88402) update_device_up /opt/stack/neutron/neutron/plugins/ml2/rpc.py:278}}
Mar 02 08:59:52.187159 dv-neutron-828796-1-hyperv neutron-server[88401]: DEBUG neutron_lib.callbacks.manager [None req-64ab41f5-b6e8-4040-b5ee-ea3c453ac7a1 admin admin] Notify callbacks [] for port, precommit_create {{(pid=88401) _notify_loop /usr/local/lib/python3.8/dist-packages/neutron_lib/callbacks/manager.py:192}}
Mar 02 08:59:52.194880 dv-neutron-828796-1-hyperv neutron-server[88400]: DEBUG neutron_lib.callbacks.manager [None req-3914278f-91ec-4893-bf72-96fa58434aee tempest-DHCPAgentSchedulersTestJSON-2020083074 tempest-DHCPAgentSchedulersTestJSON-2020083074-project] Notify callbacks ['neutron.plugins.ml2.plugin.External_net_db_mixin._before_network_delete_handler-528702'] for network, before_delete {{(pid=88400) _notify_loop /usr/local/lib/python3.8/dist-packages/neutron_lib/callbacks/manager.py:192}}
Mar 02 08:59:52.202448 dv-neutron-828796-1-hyperv neutron-server[88402]: DEBUG neutron.db.provisioning_blocks [None req-eec846f9-8300-47c7-b64f-138d5b6238ae None None] Provisioning complete for port a639ae00-e782-4975-9ac3-87505897f47a triggered by entity L2. {{(pid=88402) provisioning_complete /opt/stack/neutron/neutron/db/provisioning_blocks.py:139}}
Mar 02 08:59:52.203890 dv-neutron-828796-1-hyperv neutron-server[88402]: DEBUG neutron_lib.callbacks.manager [None req-eec846f9-8300-47c7-b64f-138d5b6238ae None None] Notify callbacks ['neutron.plugins.ml2.plugin.Ml2Plugin._port_provisioned-3484565'] for port, provisioning_complete {{(pid=88402) _notify_loop /usr/local/lib/python3.8/dist-packages/neutron_lib/callbacks/manager.py:192}}
Mar 02 08:59:52.269814 dv-neutron-828796-1-hyperv neutron-server[88401]: DEBUG neutron.scheduler.dhcp_agent_scheduler [None req-1ec45522-9d56-4883-8580-a0b99d0467a8 admin admin] Network 4e15b4e5-c6e5-4643-8bb5-c88c4064e2c4 is already hosted by enough agents. {{(pid=88401) _get_dhcp_agents_hosting_network /opt/stack/neutron/neutron/scheduler/dhcp_agent_scheduler.py:275}}
Mar 02 08:59:52.284916 dv-neutron-828796-1-hyperv neutron-server[88401]: DEBUG neutron.scheduler.base_scheduler [None req-1ec45522-9d56-4883-8580-a0b99d0467a8 admin admin] Resources bound (agent type, host, resource id): {{(pid=88401) schedule /opt/stack/neutron/neutron/scheduler/base_scheduler.py:57}}
Mar 02 08:59:52.293925 dv-neutron-828796-1-hyperv neutron-server[88401]: DEBUG neutron.db.provisioning_blocks [None req-64ab41f5-b6e8-4040-b5ee-ea3c453ac7a1 admin admin] Transition to ACTIVE for port object db4b7050-0a7f-4381-a16b-8c480b47a4c2 will not be triggered until provisioned by entity DHCP. {{(pid=88401) add_provisioning_component /opt/stack/neutron/neutron/db/provisioning_blocks.py:73}}
Mar 02 08:59:52.467484 dv-neutron-828796-1-hyperv neutron-server[88401]: DEBUG neutron_lib.callbacks.manager [None req-71172e5b-6340-4085-98cd-be94831dd180 tempest-ExtraDHCPOptionsIpV6TestJSON-1694554747 tempest-ExtraDHCPOptionsIpV6TestJSON-1694554747-project] Notify callbacks ['neutron.plugins.ml2.plugin.SecurityGroupServerNotifierRpcMixin.notify_sg_on_port_change-544441', 'neutron.plugins.ml2.ovo_rpc._ObjectChangeHandler.handle_event-250683', 'neutron.api.rpc.agentnotifiers.dhcp_rpc_agent_api.DhcpAgentNotifyAPI._native_event_send_dhcp_notification-3672940', 'neutron.db.l3_db.L3RpcNotifierMixin._notify_routers_callback-8769683602652', 'neutron.db.l3_dvrscheduler_db._notify_port_delete-8769683222321'] for port, after_delete {{(pid=88401) _notify_loop /usr/local/lib/python3.8/dist-packages/neutron_lib/callbacks/manager.py:192}}
Mar 02 08:59:52.480378 dv-neutron-828796-1-hyperv neutron-server[88401]: DEBUG neutron.db.db_base_plugin_common [None req-db057e88-60d2-4974-879b-db634c675306 tempest-FloatingIPAdminTestJSON-552693396 tempest-FloatingIPAdminTestJSON-552693396-project] Allocated IP 172.26.3.203 (f2ef0f26-7db5-42d6-9038-b47354122d02/9f87e120-1fbf-42e0-91ce-78547f4fe79a/9e77fe3b-3492-48cf-a399-18b8176b1164) {{(pid=88401) _store_ip_allocation /opt/stack/neutron/neutron/db/db_base_plugin_common.py:131}}
Mar 02 08:59:52.559761 dv-neutron-828796-1-hyperv neutron-server[88400]: DEBUG neutron_lib.callbacks.manager [None req-3914278f-91ec-4893-bf72-96fa58434aee tempest-DHCPAgentSchedulersTestJSON-2020083074 tempest-DHCPAgentSchedulersTestJSON-2020083074-project] Notify callbacks ['neutron.plugins.ml2.plugin.Ml2Plugin._network_delete_precommit_handler-3479066', 'neutron.services.segments.db._delete_segments_for_network-8769683675971'] for network, precommit_delete {{(pid=88400) _notify_loop /usr/local/lib/python3.8/dist-packages/neutron_lib/callbacks/manager.py:192}}
Mar 02 08:59:52.703668 dv-neutron-828796-1-hyperv neutron-server[88400]: DEBUG neutron_lib.callbacks.manager [None req-3914278f-91ec-4893-bf72-96fa58434aee tempest-DHCPAgentSchedulersTestJSON-2020083074 tempest-DHCPAgentSchedulersTestJSON-2020083074-project] Subscribe: > segment before_delete 55550000 {{(pid=88400) subscribe /usr/local/lib/python3.8/dist-packages/neutron_lib/callbacks/manager.py:45}}
Mar 02 08:59:52.704009 dv-neutron-828796-1-hyperv neutron-server[88400]: DEBUG neutron_lib.callbacks.manager [None req-3914278f-91ec-4893-bf72-96fa58434aee tempest-DHCPAgentSchedulersTestJSON-2020083074 tempest-DHCPAgentSchedulersTestJSON-2020083074-project] Subscribe: > subnet precommit_delete_associations 55550000 {{(pid=88400) subscribe /usr/local/lib/python3.8/dist-packages/neutron_lib/callbacks/manager.py:45}}
Mar 02 08:59:52.704799 dv-neutron-828796-1-hyperv neutron-server[88400]: DEBUG neutron_lib.callbacks.manager [None req-3914278f-91ec-4893-bf72-96fa58434aee tempest-DHCPAgentSchedulersTestJSON-2020083074 tempest-DHCPAgentSchedulersTestJSON-2020083074-project] Subscribe: > segment_host_mapping after_create 55550000 {{(pid=88400) subscribe /usr/local/lib/python3.8/dist-packages/neutron_lib/callbacks/manager.py:45}}
Mar 02 08:59:52.705127 dv-neutron-828796-1-hyperv neutron-server[88400]: DEBUG neutron_lib.callbacks.manager [None req-3914278f-91ec-4893-bf72-96fa58434aee tempest-DHCPAgentSchedulersTestJSON-2020083074 tempest-DHCPAgentSchedulersTestJSON-2020083074-project] Subscribe: > port after_create 55550000 {{(pid=88400) subscribe /usr/local/lib/python3.8/dist-packages/neutron_lib/callbacks/manager.py:45}}
Mar 02 08:59:52.705446 dv-neutron-828796-1-hyperv neutron-server[88400]: DEBUG neutron_lib.callbacks.manager [None req-3914278f-91ec-4893-bf72-96fa58434aee tempest-DHCPAgentSchedulersTestJSON-2020083074 tempest-DHCPAgentSchedulersTestJSON-2020083074-project] Subscribe: > port after_delete 55550000 {{(pid=88400) subscribe /usr/local/lib/python3.8/dist-packages/neutron_lib/callbacks/manager.py:45}}
Mar 02 08:59:52.705896 dv-neutron-828796-1-hyperv neutron-server[88400]: DEBUG neutron_lib.callbacks.manager [None req-3914278f-91ec-4893-bf72-96fa58434aee tempest-DHCPAgentSchedulersTestJSON-2020083074 tempest-DHCPAgentSchedulersTestJSON-2020083074-project] Subscribe: > port after_update 55550000 {{(pid=88400) subscribe /usr/local/lib/python3.8/dist-packages/neutron_lib/callbacks/manager.py:45}}
