Mar 02 09:00:38.592813 dv-neutron-828796-1-hyperv devstack@n-api.service[102982]: DEBUG nova.policy [None req-4619eff1-1464-4a9d-a04c-c8802f65e53a tempest-ServersTestManualDisk-1546716327 tempest-ServersTestManualDisk-1546716327-project] Policy check for os_compute_api:os-extended-server-attributes failed with credentials {'is_admin': False, 'user_id': 'e1623b6030ab462988ca653d9a18cb41', 'user_domain_id': 'default', 'system_scope': None, 'domain_id': None, 'project_id': '2fab3e94ce60419d8ffa7baee0093f48', 'project_domain_id': 'default', 'roles': ['member', 'reader'], 'is_admin_project': True, 'service_user_id': None, 'service_user_domain_id': None, 'service_project_id': None, 'service_project_domain_id': None, 'service_roles': []} {{(pid=102982) authorize /opt/stack/nova/nova/policy.py:199}}
Mar 02 09:00:38.593005 dv-neutron-828796-1-hyperv devstack@n-api.service[102980]: DEBUG oslo_concurrency.lockutils [None req-d711594b-6577-4859-aeed-7103d0542a2e tempest-ServersTestJSON-746946654 tempest-ServersTestJSON-746946654-project] Lock "86b1f7b5-d5d2-4096-95db-313154358f3a" released by "nova.context.set_target_cell..get_or_set_cached_cell_and_set_connections" :: held 0.003s {{(pid=102980) inner /usr/local/lib/python3.8/dist-packages/oslo_concurrency/lockutils.py:367}}
Mar 02 09:00:38.608399 dv-neutron-828796-1-hyperv devstack@n-api.service[102982]: INFO nova.api.openstack.requestlog [None req-4619eff1-1464-4a9d-a04c-c8802f65e53a tempest-ServersTestManualDisk-1546716327 tempest-ServersTestManualDisk-1546716327-project] 10.222.0.10 "GET /compute/v2.1/servers/3e572870-740b-4d4e-9ba6-3c7ad659f711" status: 200 len: 1403 microversion: 2.1 time: 0.982218
Mar 02 09:00:38.622444 dv-neutron-828796-1-hyperv devstack@n-api.service[102982]: [pid: 102982|app: 0|req: 22/39] 10.222.0.10 () {58 vars in 1235 bytes} [Wed Mar 2 09:00:37 2022] GET /compute/v2.1/servers/3e572870-740b-4d4e-9ba6-3c7ad659f711 => generated 1403 bytes in 1000 msecs (HTTP/1.1 200) 9 headers in 358 bytes (1 switches on core 0)
Mar 02 09:00:38.978677 dv-neutron-828796-1-hyperv devstack@n-api.service[102982]: DEBUG nova.api.openstack.wsgi [req-68edfd3b-139f-4c53-9365-3423578a4e2a req-8a973e14-3c37-4ffa-8fd3-009d15c9cd5a service nova] Action: 'create', calling method: >, body: {"events": [{"server_uuid": "3e572870-740b-4d4e-9ba6-3c7ad659f711", "name": "network-vif-plugged", "status": "completed", "tag": "5a2231e6-61c2-4f7b-a6f3-95f1eafc83af"}]} {{(pid=102982) _process_stack /opt/stack/nova/nova/api/openstack/wsgi.py:511}}
Mar 02 09:00:38.984281 dv-neutron-828796-1-hyperv devstack@n-api.service[102982]: /usr/local/lib/python3.8/dist-packages/oslo_policy/policy.py:1065: UserWarning: Policy os_compute_api:os-server-external-events:create failed scope check. The token used to make the request was project scoped but the policy requires ['system'] scope. This behavior may change in the future where using the intended scope is required
Mar 02 09:00:38.984281 dv-neutron-828796-1-hyperv devstack@n-api.service[102982]: warnings.warn(msg)
Mar 02 09:00:38.998290 dv-neutron-828796-1-hyperv devstack@n-api.service[102982]: DEBUG oslo_concurrency.lockutils [req-68edfd3b-139f-4c53-9365-3423578a4e2a req-8a973e14-3c37-4ffa-8fd3-009d15c9cd5a service nova] Lock "86b1f7b5-d5d2-4096-95db-313154358f3a" acquired by "nova.context.set_target_cell..get_or_set_cached_cell_and_set_connections" :: waited 0.000s {{(pid=102982) inner /usr/local/lib/python3.8/dist-packages/oslo_concurrency/lockutils.py:355}}
Mar 02 09:00:38.999957 dv-neutron-828796-1-hyperv devstack@n-api.service[102982]: DEBUG oslo_concurrency.lockutils [req-68edfd3b-139f-4c53-9365-3423578a4e2a req-8a973e14-3c37-4ffa-8fd3-009d15c9cd5a service nova] Lock "86b1f7b5-d5d2-4096-95db-313154358f3a" released by "nova.context.set_target_cell..get_or_set_cached_cell_and_set_connections" :: held 0.002s {{(pid=102982) inner /usr/local/lib/python3.8/dist-packages/oslo_concurrency/lockutils.py:367}}
Mar 02 09:00:39.028181 dv-neutron-828796-1-hyperv devstack@n-api.service[102982]: INFO nova.api.openstack.compute.server_external_events [req-68edfd3b-139f-4c53-9365-3423578a4e2a req-8a973e14-3c37-4ffa-8fd3-009d15c9cd5a service nova] Creating event network-vif-plugged:5a2231e6-61c2-4f7b-a6f3-95f1eafc83af for instance 3e572870-740b-4d4e-9ba6-3c7ad659f711 on hv-neutron-8287
Mar 02 09:00:39.035590 dv-neutron-828796-1-hyperv devstack@n-api.service[102982]: INFO nova.api.openstack.requestlog [req-68edfd3b-139f-4c53-9365-3423578a4e2a req-8a973e14-3c37-4ffa-8fd3-009d15c9cd5a service nova] 10.222.0.10 "POST /compute/v2.1/os-server-external-events" status: 200 len: 183 microversion: 2.1 time: 0.062767
Mar 02 09:00:39.036346 dv-neutron-828796-1-hyperv devstack@n-api.service[102982]: [pid: 102982|app: 0|req: 23/40] 10.222.0.10 () {64 vars in 1317 bytes} [Wed Mar 2 09:00:38 2022] POST /compute/v2.1/os-server-external-events => generated 183 bytes in 65 msecs (HTTP/1.1 200) 9 headers in 357 bytes (2 switches on core 0)
Mar 02 09:00:39.626733 dv-neutron-828796-1-hyperv devstack@n-api.service[102982]: DEBUG nova.api.openstack.wsgi [None req-afb8d52a-5781-4c51-84af-c0a59f91dcae tempest-ServersTestManualDisk-1546716327 tempest-ServersTestManualDisk-1546716327-project] Calling method '>' {{(pid=102982) _process_stack /opt/stack/nova/nova/api/openstack/wsgi.py:513}}
Mar 02 09:00:39.628220 dv-neutron-828796-1-hyperv devstack@n-api.service[102982]: DEBUG nova.compute.api [None req-afb8d52a-5781-4c51-84af-c0a59f91dcae tempest-ServersTestManualDisk-1546716327 tempest-ServersTestManualDisk-1546716327-project] [instance: 3e572870-740b-4d4e-9ba6-3c7ad659f711] Fetching instance by UUID {{(pid=102982) get /opt/stack/nova/nova/compute/api.py:2813}}
Mar 02 09:00:39.657099 dv-neutron-828796-1-hyperv devstack@n-api.service[102982]: DEBUG oslo_concurrency.lockutils [None req-afb8d52a-5781-4c51-84af-c0a59f91dcae tempest-ServersTestManualDisk-1546716327 tempest-ServersTestManualDisk-1546716327-project] Lock "86b1f7b5-d5d2-4096-95db-313154358f3a" acquired by "nova.context.set_target_cell..get_or_set_cached_cell_and_set_connections" :: waited 0.000s {{(pid=102982) inner /usr/local/lib/python3.8/dist-packages/oslo_concurrency/lockutils.py:355}}
Mar 02 09:00:39.657476 dv-neutron-828796-1-hyperv devstack@n-api.service[102982]: DEBUG oslo_concurrency.lockutils [None req-afb8d52a-5781-4c51-84af-c0a59f91dcae tempest-ServersTestManualDisk-1546716327 tempest-ServersTestManualDisk-1546716327-project] Lock "86b1f7b5-d5d2-4096-95db-313154358f3a" released by "nova.context.set_target_cell..get_or_set_cached_cell_and_set_connections" :: held 0.001s {{(pid=102982) inner /usr/local/lib/python3.8/dist-packages/oslo_concurrency/lockutils.py:367}}
Mar 02 09:00:39.658354 dv-neutron-828796-1-hyperv devstack@n-api.service[102982]: DEBUG oslo_concurrency.lockutils [None req-afb8d52a-5781-4c51-84af-c0a59f91dcae tempest-ServersTestManualDisk-1546716327 tempest-ServersTestManualDisk-1546716327-project] Lock "86b1f7b5-d5d2-4096-95db-313154358f3a" acquired by "nova.context.set_target_cell..get_or_set_cached_cell_and_set_connections" :: waited 0.000s {{(pid=102982) inner /usr/local/lib/python3.8/dist-packages/oslo_concurrency/lockutils.py:355}}
Mar 02 09:00:39.658711 dv-neutron-828796-1-hyperv devstack@n-api.service[102982]: DEBUG oslo_concurrency.lockutils [None req-afb8d52a-5781-4c51-84af-c0a59f91dcae tempest-ServersTestManualDisk-1546716327 tempest-ServersTestManualDisk-1546716327-project] Lock "86b1f7b5-d5d2-4096-95db-313154358f3a" released by "nova.context.set_target_cell..get_or_set_cached_cell_and_set_connections" :: held 0.000s {{(pid=102982) inner /usr/local/lib/python3.8/dist-packages/oslo_concurrency/lockutils.py:367}}
Mar 02 09:00:39.914134 dv-neutron-828796-1-hyperv devstack@n-api.service[102980]: DEBUG nova.policy [None req-d711594b-6577-4859-aeed-7103d0542a2e tempest-ServersTestJSON-746946654 tempest-ServersTestJSON-746946654-project] Policy check for os_compute_api:os-extended-server-attributes failed with credentials {'is_admin': False, 'user_id': '4fe1706d73324b79a5568c091d4a5040', 'user_domain_id': 'default', 'system_scope': None, 'domain_id': None, 'project_id': '134e7f23a23046d49d74603c7e2e9a9a', 'project_domain_id': 'default', 'roles': ['member', 'reader'], 'is_admin_project': True, 'service_user_id': None, 'service_user_domain_id': None, 'service_project_id': None, 'service_project_domain_id': None, 'service_roles': []} {{(pid=102980) authorize /opt/stack/nova/nova/policy.py:199}}
Mar 02 09:00:39.917648 dv-neutron-828796-1-hyperv devstack@n-api.service[102980]: INFO nova.api.openstack.requestlog [None req-d711594b-6577-4859-aeed-7103d0542a2e tempest-ServersTestJSON-746946654 tempest-ServersTestJSON-746946654-project] 10.222.0.10 "GET /compute/v2.1/servers/8cf1146c-a4c3-4ded-a798-3f1c6d7e66fd" status: 200 len: 1396 microversion: 2.1 time: 1.353287
Mar 02 09:00:39.918269 dv-neutron-828796-1-hyperv devstack@n-api.service[102980]: [pid: 102980|app: 0|req: 18/41] 10.222.0.10 () {58 vars in 1235 bytes} [Wed Mar 2 09:00:38 2022] GET /compute/v2.1/servers/8cf1146c-a4c3-4ded-a798-3f1c6d7e66fd => generated 1396 bytes in 1355 msecs (HTTP/1.1 200) 9 headers in 358 bytes (2 switches on core 0)
Mar 02 09:00:40.437606 dv-neutron-828796-1-hyperv devstack@n-api.service[102982]: DEBUG nova.policy [None req-afb8d52a-5781-4c51-84af-c0a59f91dcae tempest-ServersTestManualDisk-1546716327 tempest-ServersTestManualDisk-1546716327-project] Policy check for os_compute_api:os-extended-server-attributes failed with credentials {'is_admin': False, 'user_id': 'e1623b6030ab462988ca653d9a18cb41', 'user_domain_id': 'default', 'system_scope': None, 'domain_id': None, 'project_id': '2fab3e94ce60419d8ffa7baee0093f48', 'project_domain_id': 'default', 'roles': ['member', 'reader'], 'is_admin_project': True, 'service_user_id': None, 'service_user_domain_id': None, 'service_project_id': None, 'service_project_domain_id': None, 'service_roles': []} {{(pid=102982) authorize /opt/stack/nova/nova/policy.py:199}}
Mar 02 09:00:40.448208 dv-neutron-828796-1-hyperv devstack@n-api.service[102982]: INFO nova.api.openstack.requestlog [None req-afb8d52a-5781-4c51-84af-c0a59f91dcae tempest-ServersTestManualDisk-1546716327 tempest-ServersTestManualDisk-1546716327-project] 10.222.0.10 "GET /compute/v2.1/servers/3e572870-740b-4d4e-9ba6-3c7ad659f711" status: 200 len: 1403 microversion: 2.1 time: 0.826610
Mar 02 09:00:40.448882 dv-neutron-828796-1-hyperv devstack@n-api.service[102982]: [pid: 102982|app: 0|req: 24/42] 10.222.0.10 () {58 vars in 1235 bytes} [Wed Mar 2 09:00:39 2022] GET /compute/v2.1/servers/3e572870-740b-4d4e-9ba6-3c7ad659f711 => generated 1403 bytes in 829 msecs (HTTP/1.1 200) 9 headers in 358 bytes (1 switches on core 0)
Mar 02 09:00:40.937279 dv-neutron-828796-1-hyperv devstack@n-api.service[102980]: DEBUG nova.api.openstack.wsgi [None req-8ed69ee5-e856-45e2-867d-51f7fecc14ec tempest-ServersTestJSON-746946654 tempest-ServersTestJSON-746946654-project] Calling method '>' {{(pid=102980) _process_stack /opt/stack/nova/nova/api/openstack/wsgi.py:513}}
Mar 02 09:00:40.939012 dv-neutron-828796-1-hyperv devstack@n-api.service[102980]: DEBUG nova.compute.api [None req-8ed69ee5-e856-45e2-867d-51f7fecc14ec tempest-ServersTestJSON-746946654 tempest-ServersTestJSON-746946654-project] [instance: 8cf1146c-a4c3-4ded-a798-3f1c6d7e66fd] Fetching instance by UUID {{(pid=102980) get /opt/stack/nova/nova/compute/api.py:2813}}
Mar 02 09:00:40.950669 dv-neutron-828796-1-hyperv devstack@n-api.service[102980]: DEBUG oslo_concurrency.lockutils [None req-8ed69ee5-e856-45e2-867d-51f7fecc14ec tempest-ServersTestJSON-746946654 tempest-ServersTestJSON-746946654-project] Lock "86b1f7b5-d5d2-4096-95db-313154358f3a" acquired by "nova.context.set_target_cell..get_or_set_cached_cell_and_set_connections" :: waited 0.000s {{(pid=102980) inner /usr/local/lib/python3.8/dist-packages/oslo_concurrency/lockutils.py:355}}
Mar 02 09:00:40.951466 dv-neutron-828796-1-hyperv devstack@n-api.service[102980]: DEBUG oslo_concurrency.lockutils [None req-8ed69ee5-e856-45e2-867d-51f7fecc14ec tempest-ServersTestJSON-746946654 tempest-ServersTestJSON-746946654-project] Lock "86b1f7b5-d5d2-4096-95db-313154358f3a" released by "nova.context.set_target_cell..get_or_set_cached_cell_and_set_connections" :: held 0.001s {{(pid=102980) inner /usr/local/lib/python3.8/dist-packages/oslo_concurrency/lockutils.py:367}}
Mar 02 09:00:40.952427 dv-neutron-828796-1-hyperv devstack@n-api.service[102980]: DEBUG oslo_concurrency.lockutils [None req-8ed69ee5-e856-45e2-867d-51f7fecc14ec tempest-ServersTestJSON-746946654 tempest-ServersTestJSON-746946654-project] Lock "86b1f7b5-d5d2-4096-95db-313154358f3a" acquired by "nova.context.set_target_cell..get_or_set_cached_cell_and_set_connections" :: waited 0.000s {{(pid=102980) inner /usr/local/lib/python3.8/dist-packages/oslo_concurrency/lockutils.py:355}}
Mar 02 09:00:40.953291 dv-neutron-828796-1-hyperv devstack@n-api.service[102980]: DEBUG oslo_concurrency.lockutils [None req-8ed69ee5-e856-45e2-867d-51f7fecc14ec tempest-ServersTestJSON-746946654 tempest-ServersTestJSON-746946654-project] Lock "86b1f7b5-d5d2-4096-95db-313154358f3a" released by "nova.context.set_target_cell..get_or_set_cached_cell_and_set_connections" :: held 0.001s {{(pid=102980) inner /usr/local/lib/python3.8/dist-packages/oslo_concurrency/lockutils.py:367}}
Mar 02 09:00:41.465267 dv-neutron-828796-1-hyperv devstack@n-api.service[102982]: DEBUG nova.api.openstack.wsgi [None req-52978ec2-352a-4c70-8684-da12cdc087c3 tempest-ServersTestManualDisk-1546716327 tempest-ServersTestManualDisk-1546716327-project] Calling method '>' {{(pid=102982) _process_stack /opt/stack/nova/nova/api/openstack/wsgi.py:513}}
Mar 02 09:00:41.465894 dv-neutron-828796-1-hyperv devstack@n-api.service[102982]: DEBUG nova.compute.api [None req-52978ec2-352a-4c70-8684-da12cdc087c3 tempest-ServersTestManualDisk-1546716327 tempest-ServersTestManualDisk-1546716327-project] [instance: 3e572870-740b-4d4e-9ba6-3c7ad659f711] Fetching instance by UUID {{(pid=102982) get /opt/stack/nova/nova/compute/api.py:2813}}
Mar 02 09:00:41.473282 dv-neutron-828796-1-hyperv devstack@n-api.service[102982]: DEBUG oslo_concurrency.lockutils [None req-52978ec2-352a-4c70-8684-da12cdc087c3 tempest-ServersTestManualDisk-1546716327 tempest-ServersTestManualDisk-1546716327-project] Lock "86b1f7b5-d5d2-4096-95db-313154358f3a" acquired by "nova.context.set_target_cell..get_or_set_cached_cell_and_set_connections" :: waited 0.000s {{(pid=102982) inner /usr/local/lib/python3.8/dist-packages/oslo_concurrency/lockutils.py:355}}
Mar 02 09:00:41.473967 dv-neutron-828796-1-hyperv devstack@n-api.service[102982]: DEBUG oslo_concurrency.lockutils [None req-52978ec2-352a-4c70-8684-da12cdc087c3 tempest-ServersTestManualDisk-1546716327 tempest-ServersTestManualDisk-1546716327-project] Lock "86b1f7b5-d5d2-4096-95db-313154358f3a" released by "nova.context.set_target_cell..get_or_set_cached_cell_and_set_connections" :: held 0.001s {{(pid=102982) inner /usr/local/lib/python3.8/dist-packages/oslo_concurrency/lockutils.py:367}}
Mar 02 09:00:41.474773 dv-neutron-828796-1-hyperv devstack@n-api.service[102982]: DEBUG oslo_concurrency.lockutils [None req-52978ec2-352a-4c70-8684-da12cdc087c3 tempest-ServersTestManualDisk-1546716327 tempest-ServersTestManualDisk-1546716327-project] Lock "86b1f7b5-d5d2-4096-95db-313154358f3a" acquired by "nova.context.set_target_cell..get_or_set_cached_cell_and_set_connections" :: waited 0.000s {{(pid=102982) inner /usr/local/lib/python3.8/dist-packages/oslo_concurrency/lockutils.py:355}}
Mar 02 09:00:41.475364 dv-neutron-828796-1-hyperv devstack@n-api.service[102982]: DEBUG oslo_concurrency.lockutils [None req-52978ec2-352a-4c70-8684-da12cdc087c3 tempest-ServersTestManualDisk-1546716327 tempest-ServersTestManualDisk-1546716327-project] Lock "86b1f7b5-d5d2-4096-95db-313154358f3a" released by "nova.context.set_target_cell..get_or_set_cached_cell_and_set_connections" :: held 0.001s {{(pid=102982) inner /usr/local/lib/python3.8/dist-packages/oslo_concurrency/lockutils.py:367}}
Mar 02 09:00:42.160183 dv-neutron-828796-1-hyperv devstack@n-api.service[102980]: DEBUG nova.policy [None req-8ed69ee5-e856-45e2-867d-51f7fecc14ec tempest-ServersTestJSON-746946654 tempest-ServersTestJSON-746946654-project] Policy check for os_compute_api:os-extended-server-attributes failed with credentials {'is_admin': False, 'user_id': '4fe1706d73324b79a5568c091d4a5040', 'user_domain_id': 'default', 'system_scope': None, 'domain_id': None, 'project_id': '134e7f23a23046d49d74603c7e2e9a9a', 'project_domain_id': 'default', 'roles': ['member', 'reader'], 'is_admin_project': True, 'service_user_id': None, 'service_user_domain_id': None, 'service_project_id': None, 'service_project_domain_id': None, 'service_roles': []} {{(pid=102980) authorize /opt/stack/nova/nova/policy.py:199}}
Mar 02 09:00:42.180226 dv-neutron-828796-1-hyperv devstack@n-api.service[102980]: INFO nova.api.openstack.requestlog [None req-8ed69ee5-e856-45e2-867d-51f7fecc14ec tempest-ServersTestJSON-746946654 tempest-ServersTestJSON-746946654-project] 10.222.0.10 "GET /compute/v2.1/servers/8cf1146c-a4c3-4ded-a798-3f1c6d7e66fd" status: 200 len: 1396 microversion: 2.1 time: 1.248781
Mar 02 09:00:42.181172 dv-neutron-828796-1-hyperv devstack@n-api.service[102980]: [pid: 102980|app: 0|req: 19/43] 10.222.0.10 () {58 vars in 1235 bytes} [Wed Mar 2 09:00:40 2022] GET /compute/v2.1/servers/8cf1146c-a4c3-4ded-a798-3f1c6d7e66fd => generated 1396 bytes in 1252 msecs (HTTP/1.1 200) 9 headers in 358 bytes (1 switches on core 0)
Mar 02 09:00:42.485897 dv-neutron-828796-1-hyperv devstack@n-api.service[102982]: DEBUG nova.policy [None req-52978ec2-352a-4c70-8684-da12cdc087c3 tempest-ServersTestManualDisk-1546716327 tempest-ServersTestManualDisk-1546716327-project] Policy check for os_compute_api:os-extended-server-attributes failed with credentials {'is_admin': False, 'user_id': 'e1623b6030ab462988ca653d9a18cb41', 'user_domain_id': 'default', 'system_scope': None, 'domain_id': None, 'project_id': '2fab3e94ce60419d8ffa7baee0093f48', 'project_domain_id': 'default', 'roles': ['member', 'reader'], 'is_admin_project': True, 'service_user_id': None, 'service_user_domain_id': None, 'service_project_id': None, 'service_project_domain_id': None, 'service_roles': []} {{(pid=102982) authorize /opt/stack/nova/nova/policy.py:199}}
Mar 02 09:00:42.498272 dv-neutron-828796-1-hyperv devstack@n-api.service[102982]: INFO nova.api.openstack.requestlog [None req-52978ec2-352a-4c70-8684-da12cdc087c3 tempest-ServersTestManualDisk-1546716327 tempest-ServersTestManualDisk-1546716327-project] 10.222.0.10 "GET /compute/v2.1/servers/3e572870-740b-4d4e-9ba6-3c7ad659f711" status: 200 len: 1403 microversion: 2.1 time: 1.036572
Mar 02 09:00:42.507618 dv-neutron-828796-1-hyperv devstack@n-api.service[102982]: [pid: 102982|app: 0|req: 25/44] 10.222.0.10 () {58 vars in 1235 bytes} [Wed Mar 2 09:00:41 2022] GET /compute/v2.1/servers/3e572870-740b-4d4e-9ba6-3c7ad659f711 => generated 1403 bytes in 1042 msecs (HTTP/1.1 200) 9 headers in 358 bytes (1 switches on core 0)
Mar 02 09:00:43.198173 dv-neutron-828796-1-hyperv devstack@n-api.service[102980]: DEBUG nova.api.openstack.wsgi [None req-a8fbad14-2d5d-4c06-b0e6-d712ec8acbc6 tempest-ServersTestJSON-746946654 tempest-ServersTestJSON-746946654-project] Calling method '>' {{(pid=102980) _process_stack /opt/stack/nova/nova/api/openstack/wsgi.py:513}}
Mar 02 09:00:43.199135 dv-neutron-828796-1-hyperv devstack@n-api.service[102980]: DEBUG nova.compute.api [None req-a8fbad14-2d5d-4c06-b0e6-d712ec8acbc6 tempest-ServersTestJSON-746946654 tempest-ServersTestJSON-746946654-project] [instance: 8cf1146c-a4c3-4ded-a798-3f1c6d7e66fd] Fetching instance by UUID {{(pid=102980) get /opt/stack/nova/nova/compute/api.py:2813}}
Mar 02 09:00:43.206733 dv-neutron-828796-1-hyperv devstack@n-api.service[102980]: DEBUG oslo_concurrency.lockutils [None req-a8fbad14-2d5d-4c06-b0e6-d712ec8acbc6 tempest-ServersTestJSON-746946654 tempest-ServersTestJSON-746946654-project] Lock "86b1f7b5-d5d2-4096-95db-313154358f3a" acquired by "nova.context.set_target_cell..get_or_set_cached_cell_and_set_connections" :: waited 0.000s {{(pid=102980) inner /usr/local/lib/python3.8/dist-packages/oslo_concurrency/lockutils.py:355}}
Mar 02 09:00:43.207648 dv-neutron-828796-1-hyperv devstack@n-api.service[102980]: DEBUG oslo_concurrency.lockutils [None req-a8fbad14-2d5d-4c06-b0e6-d712ec8acbc6 tempest-ServersTestJSON-746946654 tempest-ServersTestJSON-746946654-project] Lock "86b1f7b5-d5d2-4096-95db-313154358f3a" released by "nova.context.set_target_cell..get_or_set_cached_cell_and_set_connections" :: held 0.001s {{(pid=102980) inner /usr/local/lib/python3.8/dist-packages/oslo_concurrency/lockutils.py:367}}
Mar 02 09:00:43.208664 dv-neutron-828796-1-hyperv devstack@n-api.service[102980]: DEBUG oslo_concurrency.lockutils [None req-a8fbad14-2d5d-4c06-b0e6-d712ec8acbc6 tempest-ServersTestJSON-746946654 tempest-ServersTestJSON-746946654-project] Lock "86b1f7b5-d5d2-4096-95db-313154358f3a" acquired by "nova.context.set_target_cell..get_or_set_cached_cell_and_set_connections" :: waited 0.000s {{(pid=102980) inner /usr/local/lib/python3.8/dist-packages/oslo_concurrency/lockutils.py:355}}
Mar 02 09:00:43.209224 dv-neutron-828796-1-hyperv devstack@n-api.service[102980]: DEBUG oslo_concurrency.lockutils [None req-a8fbad14-2d5d-4c06-b0e6-d712ec8acbc6 tempest-ServersTestJSON-746946654 tempest-ServersTestJSON-746946654-project] Lock "86b1f7b5-d5d2-4096-95db-313154358f3a" released by "nova.context.set_target_cell..get_or_set_cached_cell_and_set_connections" :: held 0.001s {{(pid=102980) inner /usr/local/lib/python3.8/dist-packages/oslo_concurrency/lockutils.py:367}}
Mar 02 09:00:43.515567 dv-neutron-828796-1-hyperv devstack@n-api.service[102982]: DEBUG nova.api.openstack.wsgi [None req-e3578e0d-5876-4a2d-b5a2-564980e6913c tempest-ServersTestManualDisk-1546716327 tempest-ServersTestManualDisk-1546716327-project] Calling method '>' {{(pid=102982) _process_stack /opt/stack/nova/nova/api/openstack/wsgi.py:513}}
Mar 02 09:00:43.516183 dv-neutron-828796-1-hyperv devstack@n-api.service[102982]: DEBUG nova.compute.api [None req-e3578e0d-5876-4a2d-b5a2-564980e6913c tempest-ServersTestManualDisk-1546716327 tempest-ServersTestManualDisk-1546716327-project] [instance: 3e572870-740b-4d4e-9ba6-3c7ad659f711] Fetching instance by UUID {{(pid=102982) get /opt/stack/nova/nova/compute/api.py:2813}}
Mar 02 09:00:43.543670 dv-neutron-828796-1-hyperv devstack@n-api.service[102982]: DEBUG oslo_concurrency.lockutils [None req-e3578e0d-5876-4a2d-b5a2-564980e6913c tempest-ServersTestManualDisk-1546716327 tempest-ServersTestManualDisk-1546716327-project] Lock "86b1f7b5-d5d2-4096-95db-313154358f3a" acquired by "nova.context.set_target_cell..get_or_set_cached_cell_and_set_connections" :: waited 0.001s {{(pid=102982) inner /usr/local/lib/python3.8/dist-packages/oslo_concurrency/lockutils.py:355}}
Mar 02 09:00:43.547609 dv-neutron-828796-1-hyperv devstack@n-api.service[102982]: DEBUG oslo_concurrency.lockutils [None req-e3578e0d-5876-4a2d-b5a2-564980e6913c tempest-ServersTestManualDisk-1546716327 tempest-ServersTestManualDisk-1546716327-project] Lock "86b1f7b5-d5d2-4096-95db-313154358f3a" released by "nova.context.set_target_cell..get_or_set_cached_cell_and_set_connections" :: held 0.002s {{(pid=102982) inner /usr/local/lib/python3.8/dist-packages/oslo_concurrency/lockutils.py:367}}
Mar 02 09:00:43.547609 dv-neutron-828796-1-hyperv devstack@n-api.service[102982]: DEBUG oslo_concurrency.lockutils [None req-e3578e0d-5876-4a2d-b5a2-564980e6913c tempest-ServersTestManualDisk-1546716327 tempest-ServersTestManualDisk-1546716327-project] Lock "86b1f7b5-d5d2-4096-95db-313154358f3a" acquired by "nova.context.set_target_cell..get_or_set_cached_cell_and_set_connections" :: waited 0.000s {{(pid=102982) inner /usr/local/lib/python3.8/dist-packages/oslo_concurrency/lockutils.py:355}}
Mar 02 09:00:43.547609 dv-neutron-828796-1-hyperv devstack@n-api.service[102982]: DEBUG oslo_concurrency.lockutils [None req-e3578e0d-5876-4a2d-b5a2-564980e6913c tempest-ServersTestManualDisk-1546716327 tempest-ServersTestManualDisk-1546716327-project] Lock "86b1f7b5-d5d2-4096-95db-313154358f3a" released by "nova.context.set_target_cell..get_or_set_cached_cell_and_set_connections" :: held 0.000s {{(pid=102982) inner /usr/local/lib/python3.8/dist-packages/oslo_concurrency/lockutils.py:367}}
Mar 02 09:00:43.980269 dv-neutron-828796-1-hyperv devstack@n-api.service[102980]: DEBUG nova.policy [None req-a8fbad14-2d5d-4c06-b0e6-d712ec8acbc6 tempest-ServersTestJSON-746946654 tempest-ServersTestJSON-746946654-project] Policy check for os_compute_api:os-extended-server-attributes failed with credentials {'is_admin': False, 'user_id': '4fe1706d73324b79a5568c091d4a5040', 'user_domain_id': 'default', 'system_scope': None, 'domain_id': None, 'project_id': '134e7f23a23046d49d74603c7e2e9a9a', 'project_domain_id': 'default', 'roles': ['member', 'reader'], 'is_admin_project': True, 'service_user_id': None, 'service_user_domain_id': None, 'service_project_id': None, 'service_project_domain_id': None, 'service_roles': []} {{(pid=102980) authorize /opt/stack/nova/nova/policy.py:199}}
Mar 02 09:00:43.995976 dv-neutron-828796-1-hyperv devstack@n-api.service[102980]: INFO nova.api.openstack.requestlog [None req-a8fbad14-2d5d-4c06-b0e6-d712ec8acbc6 tempest-ServersTestJSON-746946654 tempest-ServersTestJSON-746946654-project] 10.222.0.10 "GET /compute/v2.1/servers/8cf1146c-a4c3-4ded-a798-3f1c6d7e66fd" status: 200 len: 1578 microversion: 2.1 time: 0.802413
Mar 02 09:00:43.997271 dv-neutron-828796-1-hyperv devstack@n-api.service[102980]: [pid: 102980|app: 0|req: 20/45] 10.222.0.10 () {58 vars in 1235 bytes} [Wed Mar 2 09:00:43 2022] GET /compute/v2.1/servers/8cf1146c-a4c3-4ded-a798-3f1c6d7e66fd => generated 1578 bytes in 804 msecs (HTTP/1.1 200) 9 headers in 358 bytes (1 switches on core 0)
Mar 02 09:00:44.012883 dv-neutron-828796-1-hyperv devstack@n-api.service[102980]: DEBUG nova.api.openstack.wsgi [None req-e47c06d5-de4c-41a4-aec7-690483eeb179 tempest-ServersTestJSON-746946654 tempest-ServersTestJSON-746946654-project] Calling method '>' {{(pid=102980) _process_stack /opt/stack/nova/nova/api/openstack/wsgi.py:513}}
Mar 02 09:00:44.013371 dv-neutron-828796-1-hyperv devstack@n-api.service[102980]: DEBUG nova.compute.api [None req-e47c06d5-de4c-41a4-aec7-690483eeb179 tempest-ServersTestJSON-746946654 tempest-ServersTestJSON-746946654-project] [instance: 8cf1146c-a4c3-4ded-a798-3f1c6d7e66fd] Fetching instance by UUID {{(pid=102980) get /opt/stack/nova/nova/compute/api.py:2813}}
Mar 02 09:00:44.025783 dv-neutron-828796-1-hyperv devstack@n-api.service[102980]: DEBUG oslo_concurrency.lockutils [None req-e47c06d5-de4c-41a4-aec7-690483eeb179 tempest-ServersTestJSON-746946654 tempest-ServersTestJSON-746946654-project] Lock "86b1f7b5-d5d2-4096-95db-313154358f3a" acquired by "nova.context.set_target_cell..get_or_set_cached_cell_and_set_connections" :: waited 0.000s {{(pid=102980) inner /usr/local/lib/python3.8/dist-packages/oslo_concurrency/lockutils.py:355}}
Mar 02 09:00:44.026259 dv-neutron-828796-1-hyperv devstack@n-api.service[102980]: DEBUG oslo_concurrency.lockutils [None req-e47c06d5-de4c-41a4-aec7-690483eeb179 tempest-ServersTestJSON-746946654 tempest-ServersTestJSON-746946654-project] Lock "86b1f7b5-d5d2-4096-95db-313154358f3a" released by "nova.context.set_target_cell..get_or_set_cached_cell_and_set_connections" :: held 0.001s {{(pid=102980) inner /usr/local/lib/python3.8/dist-packages/oslo_concurrency/lockutils.py:367}}
Mar 02 09:00:44.027050 dv-neutron-828796-1-hyperv devstack@n-api.service[102980]: DEBUG oslo_concurrency.lockutils [None req-e47c06d5-de4c-41a4-aec7-690483eeb179 tempest-ServersTestJSON-746946654 tempest-ServersTestJSON-746946654-project] Lock "86b1f7b5-d5d2-4096-95db-313154358f3a" acquired by "nova.context.set_target_cell..get_or_set_cached_cell_and_set_connections" :: waited 0.000s {{(pid=102980) inner /usr/local/lib/python3.8/dist-packages/oslo_concurrency/lockutils.py:355}}
Mar 02 09:00:44.027652 dv-neutron-828796-1-hyperv devstack@n-api.service[102980]: DEBUG oslo_concurrency.lockutils [None req-e47c06d5-de4c-41a4-aec7-690483eeb179 tempest-ServersTestJSON-746946654 tempest-ServersTestJSON-746946654-project] Lock "86b1f7b5-d5d2-4096-95db-313154358f3a" released by "nova.context.set_target_cell..get_or_set_cached_cell_and_set_connections" :: held 0.001s {{(pid=102980) inner /usr/local/lib/python3.8/dist-packages/oslo_concurrency/lockutils.py:367}}
Mar 02 09:00:44.757812 dv-neutron-828796-1-hyperv devstack@n-api.service[102982]: DEBUG nova.policy [None req-e3578e0d-5876-4a2d-b5a2-564980e6913c tempest-ServersTestManualDisk-1546716327 tempest-ServersTestManualDisk-1546716327-project] Policy check for os_compute_api:os-extended-server-attributes failed with credentials {'is_admin': False, 'user_id': 'e1623b6030ab462988ca653d9a18cb41', 'user_domain_id': 'default', 'system_scope': None, 'domain_id': None, 'project_id': '2fab3e94ce60419d8ffa7baee0093f48', 'project_domain_id': 'default', 'roles': ['member', 'reader'], 'is_admin_project': True, 'service_user_id': None, 'service_user_domain_id': None, 'service_project_id': None, 'service_project_domain_id': None, 'service_roles': []} {{(pid=102982) authorize /opt/stack/nova/nova/policy.py:199}}
Mar 02 09:00:44.778941 dv-neutron-828796-1-hyperv devstack@n-api.service[102982]: INFO nova.api.openstack.requestlog [None req-e3578e0d-5876-4a2d-b5a2-564980e6913c tempest-ServersTestManualDisk-1546716327 tempest-ServersTestManualDisk-1546716327-project] 10.222.0.10 "GET /compute/v2.1/servers/3e572870-740b-4d4e-9ba6-3c7ad659f711" status: 200 len: 1590 microversion: 2.1 time: 1.267080
Mar 02 09:00:44.779528 dv-neutron-828796-1-hyperv devstack@n-api.service[102982]: [pid: 102982|app: 0|req: 26/46] 10.222.0.10 () {58 vars in 1235 bytes} [Wed Mar 2 09:00:43 2022] GET /compute/v2.1/servers/3e572870-740b-4d4e-9ba6-3c7ad659f711 => generated 1590 bytes in 1269 msecs (HTTP/1.1 200) 9 headers in 358 bytes (1 switches on core 0)
Mar 02 09:00:44.798054 dv-neutron-828796-1-hyperv devstack@n-api.service[102982]: DEBUG nova.api.openstack.wsgi [None req-f1754a0d-8c16-41ba-8830-16ffa251187b tempest-ServersTestManualDisk-1546716327 tempest-ServersTestManualDisk-1546716327-project] Calling method '>' {{(pid=102982) _process_stack /opt/stack/nova/nova/api/openstack/wsgi.py:513}}
Mar 02 09:00:44.798734 dv-neutron-828796-1-hyperv devstack@n-api.service[102982]: DEBUG nova.compute.api [None req-f1754a0d-8c16-41ba-8830-16ffa251187b tempest-ServersTestManualDisk-1546716327 tempest-ServersTestManualDisk-1546716327-project] [instance: 3e572870-740b-4d4e-9ba6-3c7ad659f711] Fetching instance by UUID {{(pid=102982) get /opt/stack/nova/nova/compute/api.py:2813}}
Mar 02 09:00:44.807568 dv-neutron-828796-1-hyperv devstack@n-api.service[102982]: DEBUG oslo_concurrency.lockutils [None req-f1754a0d-8c16-41ba-8830-16ffa251187b tempest-ServersTestManualDisk-1546716327 tempest-ServersTestManualDisk-1546716327-project] Lock "86b1f7b5-d5d2-4096-95db-313154358f3a" acquired by "nova.context.set_target_cell..get_or_set_cached_cell_and_set_connections" :: waited 0.000s {{(pid=102982) inner /usr/local/lib/python3.8/dist-packages/oslo_concurrency/lockutils.py:355}}
Mar 02 09:00:44.808024 dv-neutron-828796-1-hyperv devstack@n-api.service[102982]: DEBUG oslo_concurrency.lockutils [None req-f1754a0d-8c16-41ba-8830-16ffa251187b tempest-ServersTestManualDisk-1546716327 tempest-ServersTestManualDisk-1546716327-project] Lock "86b1f7b5-d5d2-4096-95db-313154358f3a" released by "nova.context.set_target_cell..get_or_set_cached_cell_and_set_connections" :: held 0.001s {{(pid=102982) inner /usr/local/lib/python3.8/dist-packages/oslo_concurrency/lockutils.py:367}}
Mar 02 09:00:44.808872 dv-neutron-828796-1-hyperv devstack@n-api.service[102982]: DEBUG oslo_concurrency.lockutils [None req-f1754a0d-8c16-41ba-8830-16ffa251187b tempest-ServersTestManualDisk-1546716327 tempest-ServersTestManualDisk-1546716327-project] Lock "86b1f7b5-d5d2-4096-95db-313154358f3a" acquired by "nova.context.set_target_cell..get_or_set_cached_cell_and_set_connections" :: waited 0.000s {{(pid=102982) inner /usr/local/lib/python3.8/dist-packages/oslo_concurrency/lockutils.py:355}}
Mar 02 09:00:44.809313 dv-neutron-828796-1-hyperv devstack@n-api.service[102982]: DEBUG oslo_concurrency.lockutils [None req-f1754a0d-8c16-41ba-8830-16ffa251187b tempest-ServersTestManualDisk-1546716327 tempest-ServersTestManualDisk-1546716327-project] Lock "86b1f7b5-d5d2-4096-95db-313154358f3a" released by "nova.context.set_target_cell..get_or_set_cached_cell_and_set_connections" :: held 0.000s {{(pid=102982) inner /usr/local/lib/python3.8/dist-packages/oslo_concurrency/lockutils.py:367}}
Mar 02 09:00:44.922250 dv-neutron-828796-1-hyperv devstack@n-api.service[102980]: INFO nova.api.openstack.requestlog [None req-e47c06d5-de4c-41a4-aec7-690483eeb179 tempest-ServersTestJSON-746946654 tempest-ServersTestJSON-746946654-project] 10.222.0.10 "GET /compute/v2.1/servers/8cf1146c-a4c3-4ded-a798-3f1c6d7e66fd/os-interface" status: 200 len: 285 microversion: 2.1 time: 0.912849
Mar 02 09:00:44.923795 dv-neutron-828796-1-hyperv devstack@n-api.service[102980]: [pid: 102980|app: 0|req: 21/47] 10.222.0.10 () {58 vars in 1274 bytes} [Wed Mar 2 09:00:44 2022] GET /compute/v2.1/servers/8cf1146c-a4c3-4ded-a798-3f1c6d7e66fd/os-interface => generated 285 bytes in 915 msecs (HTTP/1.1 200) 9 headers in 357 bytes (1 switches on core 0)
Mar 02 09:00:45.158450 dv-neutron-828796-1-hyperv devstack@n-api.service[102982]: INFO nova.api.openstack.requestlog [None req-f1754a0d-8c16-41ba-8830-16ffa251187b tempest-ServersTestManualDisk-1546716327 tempest-ServersTestManualDisk-1546716327-project] 10.222.0.10 "GET /compute/v2.1/servers/3e572870-740b-4d4e-9ba6-3c7ad659f711/os-interface" status: 200 len: 284 microversion: 2.1 time: 0.364939
Mar 02 09:00:45.159224 dv-neutron-828796-1-hyperv devstack@n-api.service[102982]: [pid: 102982|app: 0|req: 27/48] 10.222.0.10 () {58 vars in 1274 bytes} [Wed Mar 2 09:00:44 2022] GET /compute/v2.1/servers/3e572870-740b-4d4e-9ba6-3c7ad659f711/os-interface => generated 284 bytes in 366 msecs (HTTP/1.1 200) 9 headers in 357 bytes (2 switches on core 0)
Mar 02 09:00:49.420546 dv-neutron-828796-1-hyperv devstack@n-api.service[102980]: DEBUG nova.api.openstack.wsgi [None req-ef884ec5-cf56-463a-8e62-c7710c954a23 tempest-ServersTestJSON-746946654 tempest-ServersTestJSON-746946654-project] Calling method '>' {{(pid=102980) _process_stack /opt/stack/nova/nova/api/openstack/wsgi.py:513}}
Mar 02 09:00:49.420546 dv-neutron-828796-1-hyperv devstack@n-api.service[102980]: DEBUG nova.compute.api [None req-ef884ec5-cf56-463a-8e62-c7710c954a23 tempest-ServersTestJSON-746946654 tempest-ServersTestJSON-746946654-project] [instance: 8cf1146c-a4c3-4ded-a798-3f1c6d7e66fd] Fetching instance by UUID {{(pid=102980) get /opt/stack/nova/nova/compute/api.py:2813}}
Mar 02 09:00:49.430673 dv-neutron-828796-1-hyperv devstack@n-api.service[102980]: DEBUG oslo_concurrency.lockutils [None req-ef884ec5-cf56-463a-8e62-c7710c954a23 tempest-ServersTestJSON-746946654 tempest-ServersTestJSON-746946654-project] Lock "86b1f7b5-d5d2-4096-95db-313154358f3a" acquired by "nova.context.set_target_cell..get_or_set_cached_cell_and_set_connections" :: waited 0.000s {{(pid=102980) inner /usr/local/lib/python3.8/dist-packages/oslo_concurrency/lockutils.py:355}}
Mar 02 09:00:49.431283 dv-neutron-828796-1-hyperv devstack@n-api.service[102980]: DEBUG oslo_concurrency.lockutils [None req-ef884ec5-cf56-463a-8e62-c7710c954a23 tempest-ServersTestJSON-746946654 tempest-ServersTestJSON-746946654-project] Lock "86b1f7b5-d5d2-4096-95db-313154358f3a" released by "nova.context.set_target_cell..get_or_set_cached_cell_and_set_connections" :: held 0.001s {{(pid=102980) inner /usr/local/lib/python3.8/dist-packages/oslo_concurrency/lockutils.py:367}}
Mar 02 09:00:49.433487 dv-neutron-828796-1-hyperv devstack@n-api.service[102980]: DEBUG oslo_concurrency.lockutils [None req-ef884ec5-cf56-463a-8e62-c7710c954a23 tempest-ServersTestJSON-746946654 tempest-ServersTestJSON-746946654-project] Lock "86b1f7b5-d5d2-4096-95db-313154358f3a" acquired by "nova.context.set_target_cell..get_or_set_cached_cell_and_set_connections" :: waited 0.000s {{(pid=102980) inner /usr/local/lib/python3.8/dist-packages/oslo_concurrency/lockutils.py:355}}
Mar 02 09:00:49.434890 dv-neutron-828796-1-hyperv devstack@n-api.service[102980]: DEBUG oslo_concurrency.lockutils [None req-ef884ec5-cf56-463a-8e62-c7710c954a23 tempest-ServersTestJSON-746946654 tempest-ServersTestJSON-746946654-project] Lock "86b1f7b5-d5d2-4096-95db-313154358f3a" released by "nova.context.set_target_cell..get_or_set_cached_cell_and_set_connections" :: held 0.001s {{(pid=102980) inner /usr/local/lib/python3.8/dist-packages/oslo_concurrency/lockutils.py:367}}
Mar 02 09:00:49.443535 dv-neutron-828796-1-hyperv devstack@n-api.service[102982]: DEBUG nova.api.openstack.wsgi [req-152af7bf-eb37-4a96-b660-19906cf4bd62 req-d78ef06e-87c3-4ad4-a1d4-2fabc99db506 service nova] Action: 'create', calling method: >, body: {"events": [{"name": "network-changed", "server_uuid": "8cf1146c-a4c3-4ded-a798-3f1c6d7e66fd", "tag": "53b1c202-dd0a-4af6-9dec-604b10936ffb"}]} {{(pid=102982) _process_stack /opt/stack/nova/nova/api/openstack/wsgi.py:511}}
Mar 02 09:00:49.445060 dv-neutron-828796-1-hyperv devstack@n-api.service[102982]: /usr/local/lib/python3.8/dist-packages/oslo_policy/policy.py:1065: UserWarning: Policy os_compute_api:os-server-external-events:create failed scope check. The token used to make the request was project scoped but the policy requires ['system'] scope. This behavior may change in the future where using the intended scope is required
Mar 02 09:00:49.445060 dv-neutron-828796-1-hyperv devstack@n-api.service[102982]: warnings.warn(msg)
Mar 02 09:00:49.456304 dv-neutron-828796-1-hyperv devstack@n-api.service[102982]: DEBUG oslo_concurrency.lockutils [req-152af7bf-eb37-4a96-b660-19906cf4bd62 req-d78ef06e-87c3-4ad4-a1d4-2fabc99db506 service nova] Lock "86b1f7b5-d5d2-4096-95db-313154358f3a" acquired by "nova.context.set_target_cell..get_or_set_cached_cell_and_set_connections" :: waited 0.000s {{(pid=102982) inner /usr/local/lib/python3.8/dist-packages/oslo_concurrency/lockutils.py:355}}
Mar 02 09:00:49.456660 dv-neutron-828796-1-hyperv devstack@n-api.service[102982]: DEBUG oslo_concurrency.lockutils [req-152af7bf-eb37-4a96-b660-19906cf4bd62 req-d78ef06e-87c3-4ad4-a1d4-2fabc99db506 service nova] Lock "86b1f7b5-d5d2-4096-95db-313154358f3a" released by "nova.context.set_target_cell..get_or_set_cached_cell_and_set_connections" :: held 0.001s {{(pid=102982) inner /usr/local/lib/python3.8/dist-packages/oslo_concurrency/lockutils.py:367}}
Mar 02 09:00:49.495823 dv-neutron-828796-1-hyperv devstack@n-api.service[102982]: INFO nova.api.openstack.compute.server_external_events [req-152af7bf-eb37-4a96-b660-19906cf4bd62 req-d78ef06e-87c3-4ad4-a1d4-2fabc99db506 service nova] Creating event network-changed:53b1c202-dd0a-4af6-9dec-604b10936ffb for instance 8cf1146c-a4c3-4ded-a798-3f1c6d7e66fd on hv-neutron-8287
Mar 02 09:00:49.503882 dv-neutron-828796-1-hyperv devstack@n-api.service[102982]: INFO nova.api.openstack.requestlog [req-152af7bf-eb37-4a96-b660-19906cf4bd62 req-d78ef06e-87c3-4ad4-a1d4-2fabc99db506 service nova] 10.222.0.10 "POST /compute/v2.1/os-server-external-events" status: 200 len: 179 microversion: 2.1 time: 0.063938
Mar 02 09:00:49.511034 dv-neutron-828796-1-hyperv devstack@n-api.service[102982]: [pid: 102982|app: 0|req: 28/49] 10.222.0.10 () {64 vars in 1317 bytes} [Wed Mar 2 09:00:49 2022] POST /compute/v2.1/os-server-external-events => generated 179 bytes in 72 msecs (HTTP/1.1 200) 9 headers in 357 bytes (1 switches on core 0)
Mar 02 09:00:50.752465 dv-neutron-828796-1-hyperv devstack@n-api.service[102980]: DEBUG nova.policy [None req-ef884ec5-cf56-463a-8e62-c7710c954a23 tempest-ServersTestJSON-746946654 tempest-ServersTestJSON-746946654-project] Policy check for os_compute_api:os-extended-server-attributes failed with credentials {'is_admin': False, 'user_id': '4fe1706d73324b79a5568c091d4a5040', 'user_domain_id': 'default', 'system_scope': None, 'domain_id': None, 'project_id': '134e7f23a23046d49d74603c7e2e9a9a', 'project_domain_id': 'default', 'roles': ['member', 'reader'], 'is_admin_project': True, 'service_user_id': None, 'service_user_domain_id': None, 'service_project_id': None, 'service_project_domain_id': None, 'service_roles': []} {{(pid=102980) authorize /opt/stack/nova/nova/policy.py:199}}
Mar 02 09:00:50.765396 dv-neutron-828796-1-hyperv devstack@n-api.service[102980]: INFO nova.api.openstack.requestlog [None req-ef884ec5-cf56-463a-8e62-c7710c954a23 tempest-ServersTestJSON-746946654 tempest-ServersTestJSON-746946654-project] 10.222.0.10 "GET /compute/v2.1/servers/8cf1146c-a4c3-4ded-a798-3f1c6d7e66fd" status: 200 len: 1578 microversion: 2.1 time: 1.356623
Mar 02 09:00:50.767292 dv-neutron-828796-1-hyperv devstack@n-api.service[102980]: [pid: 102980|app: 0|req: 22/50] 10.222.0.10 () {58 vars in 1235 bytes} [Wed Mar 2 09:00:49 2022] GET /compute/v2.1/servers/8cf1146c-a4c3-4ded-a798-3f1c6d7e66fd => generated 1578 bytes in 1359 msecs (HTTP/1.1 200) 9 headers in 358 bytes (1 switches on core 0)
Mar 02 09:00:50.785329 dv-neutron-828796-1-hyperv devstack@n-api.service[102982]: DEBUG nova.api.openstack.wsgi [None req-5a604b40-dcf5-44e5-9b42-0f16b9f8fe4d tempest-ServersTestJSON-746946654 tempest-ServersTestJSON-746946654-project] Calling method '>' {{(pid=102982) _process_stack /opt/stack/nova/nova/api/openstack/wsgi.py:513}}
Mar 02 09:00:50.802168 dv-neutron-828796-1-hyperv devstack@n-api.service[102982]: INFO nova.api.openstack.requestlog [None req-5a604b40-dcf5-44e5-9b42-0f16b9f8fe4d tempest-ServersTestJSON-746946654 tempest-ServersTestJSON-746946654-project] 10.222.0.10 "GET /compute/v2.1/flavors/452" status: 200 len: 370 microversion: 2.1 time: 0.020837
Mar 02 09:00:50.803433 dv-neutron-828796-1-hyperv devstack@n-api.service[102982]: [pid: 102982|app: 0|req: 29/51] 10.222.0.10 () {58 vars in 1136 bytes} [Wed Mar 2 09:00:50 2022] GET /compute/v2.1/flavors/452 => generated 370 bytes in 23 msecs (HTTP/1.1 200) 9 headers in 357 bytes (1 switches on core 0)
Mar 02 09:00:52.095713 dv-neutron-828796-1-hyperv devstack@n-api.service[102980]: DEBUG nova.api.openstack.wsgi [None req-e5386df3-0698-48b2-89fb-8d6abf120d97 tempest-ServersTestManualDisk-1546716327 tempest-ServersTestManualDisk-1546716327-project] Calling method '>' {{(pid=102980) _process_stack /opt/stack/nova/nova/api/openstack/wsgi.py:513}}
Mar 02 09:00:52.096326 dv-neutron-828796-1-hyperv devstack@n-api.service[102980]: DEBUG nova.compute.api [None req-e5386df3-0698-48b2-89fb-8d6abf120d97 tempest-ServersTestManualDisk-1546716327 tempest-ServersTestManualDisk-1546716327-project] [instance: 3e572870-740b-4d4e-9ba6-3c7ad659f711] Fetching instance by UUID {{(pid=102980) get /opt/stack/nova/nova/compute/api.py:2813}}
Mar 02 09:00:52.107340 dv-neutron-828796-1-hyperv devstack@n-api.service[102980]: DEBUG oslo_concurrency.lockutils [None req-e5386df3-0698-48b2-89fb-8d6abf120d97 tempest-ServersTestManualDisk-1546716327 tempest-ServersTestManualDisk-1546716327-project] Lock "86b1f7b5-d5d2-4096-95db-313154358f3a" acquired by "nova.context.set_target_cell..get_or_set_cached_cell_and_set_connections" :: waited 0.000s {{(pid=102980) inner /usr/local/lib/python3.8/dist-packages/oslo_concurrency/lockutils.py:355}}
Mar 02 09:00:52.111606 dv-neutron-828796-1-hyperv devstack@n-api.service[102980]: DEBUG oslo_concurrency.lockutils [None req-e5386df3-0698-48b2-89fb-8d6abf120d97 tempest-ServersTestManualDisk-1546716327 tempest-ServersTestManualDisk-1546716327-project] Lock "86b1f7b5-d5d2-4096-95db-313154358f3a" released by "nova.context.set_target_cell..get_or_set_cached_cell_and_set_connections" :: held 0.004s {{(pid=102980) inner /usr/local/lib/python3.8/dist-packages/oslo_concurrency/lockutils.py:367}}
Mar 02 09:00:52.112635 dv-neutron-828796-1-hyperv devstack@n-api.service[102980]: DEBUG oslo_concurrency.lockutils [None req-e5386df3-0698-48b2-89fb-8d6abf120d97 tempest-ServersTestManualDisk-1546716327 tempest-ServersTestManualDisk-1546716327-project] Lock "86b1f7b5-d5d2-4096-95db-313154358f3a" acquired by "nova.context.set_target_cell..get_or_set_cached_cell_and_set_connections" :: waited 0.000s {{(pid=102980) inner /usr/local/lib/python3.8/dist-packages/oslo_concurrency/lockutils.py:355}}
Mar 02 09:00:52.113233 dv-neutron-828796-1-hyperv devstack@n-api.service[102980]: DEBUG oslo_concurrency.lockutils [None req-e5386df3-0698-48b2-89fb-8d6abf120d97 tempest-ServersTestManualDisk-1546716327 tempest-ServersTestManualDisk-1546716327-project] Lock "86b1f7b5-d5d2-4096-95db-313154358f3a" released by "nova.context.set_target_cell..get_or_set_cached_cell_and_set_connections" :: held 0.001s {{(pid=102980) inner /usr/local/lib/python3.8/dist-packages/oslo_concurrency/lockutils.py:367}}
Mar 02 09:00:52.167274 dv-neutron-828796-1-hyperv devstack@n-api.service[102982]: DEBUG nova.api.openstack.wsgi [req-7a7f4a8d-38a6-4b19-ad47-02a1433807d8 req-60de7259-43ec-4bc0-8ce4-5e8904413366 service nova] Action: 'create', calling method: >, body: {"events": [{"name": "network-changed", "server_uuid": "3e572870-740b-4d4e-9ba6-3c7ad659f711", "tag": "5a2231e6-61c2-4f7b-a6f3-95f1eafc83af"}]} {{(pid=102982) _process_stack /opt/stack/nova/nova/api/openstack/wsgi.py:511}}
Mar 02 09:00:52.169661 dv-neutron-828796-1-hyperv devstack@n-api.service[102982]: /usr/local/lib/python3.8/dist-packages/oslo_policy/policy.py:1065: UserWarning: Policy os_compute_api:os-server-external-events:create failed scope check. The token used to make the request was project scoped but the policy requires ['system'] scope. This behavior may change in the future where using the intended scope is required
Mar 02 09:00:52.169661 dv-neutron-828796-1-hyperv devstack@n-api.service[102982]: warnings.warn(msg)
Mar 02 09:00:52.188556 dv-neutron-828796-1-hyperv devstack@n-api.service[102982]: DEBUG oslo_concurrency.lockutils [req-7a7f4a8d-38a6-4b19-ad47-02a1433807d8 req-60de7259-43ec-4bc0-8ce4-5e8904413366 service nova] Lock "86b1f7b5-d5d2-4096-95db-313154358f3a" acquired by "nova.context.set_target_cell..get_or_set_cached_cell_and_set_connections" :: waited 0.000s {{(pid=102982) inner /usr/local/lib/python3.8/dist-packages/oslo_concurrency/lockutils.py:355}}
Mar 02 09:00:52.189256 dv-neutron-828796-1-hyperv devstack@n-api.service[102982]: DEBUG oslo_concurrency.lockutils [req-7a7f4a8d-38a6-4b19-ad47-02a1433807d8 req-60de7259-43ec-4bc0-8ce4-5e8904413366 service nova] Lock "86b1f7b5-d5d2-4096-95db-313154358f3a" released by "nova.context.set_target_cell..get_or_set_cached_cell_and_set_connections" :: held 0.003s {{(pid=102982) inner /usr/local/lib/python3.8/dist-packages/oslo_concurrency/lockutils.py:367}}
Mar 02 09:00:52.223053 dv-neutron-828796-1-hyperv devstack@n-api.service[102982]: INFO nova.api.openstack.compute.server_external_events [req-7a7f4a8d-38a6-4b19-ad47-02a1433807d8 req-60de7259-43ec-4bc0-8ce4-5e8904413366 service nova] Creating event network-changed:5a2231e6-61c2-4f7b-a6f3-95f1eafc83af for instance 3e572870-740b-4d4e-9ba6-3c7ad659f711 on hv-neutron-8287
Mar 02 09:00:52.231196 dv-neutron-828796-1-hyperv devstack@n-api.service[102982]: INFO nova.api.openstack.requestlog [req-7a7f4a8d-38a6-4b19-ad47-02a1433807d8 req-60de7259-43ec-4bc0-8ce4-5e8904413366 service nova] 10.222.0.10 "POST /compute/v2.1/os-server-external-events" status: 200 len: 179 microversion: 2.1 time: 0.069586
Mar 02 09:00:52.236011 dv-neutron-828796-1-hyperv devstack@n-api.service[102982]: [pid: 102982|app: 0|req: 30/52] 10.222.0.10 () {64 vars in 1317 bytes} [Wed Mar 2 09:00:52 2022] POST /compute/v2.1/os-server-external-events => generated 179 bytes in 73 msecs (HTTP/1.1 200) 9 headers in 357 bytes (3 switches on core 0)
Mar 02 09:00:53.232718 dv-neutron-828796-1-hyperv devstack@n-api.service[102980]: DEBUG nova.policy [None req-e5386df3-0698-48b2-89fb-8d6abf120d97 tempest-ServersTestManualDisk-1546716327 tempest-ServersTestManualDisk-1546716327-project] Policy check for os_compute_api:os-extended-server-attributes failed with credentials {'is_admin': False, 'user_id': 'e1623b6030ab462988ca653d9a18cb41', 'user_domain_id': 'default', 'system_scope': None, 'domain_id': None, 'project_id': '2fab3e94ce60419d8ffa7baee0093f48', 'project_domain_id': 'default', 'roles': ['member', 'reader'], 'is_admin_project': True, 'service_user_id': None, 'service_user_domain_id': None, 'service_project_id': None, 'service_project_domain_id': None, 'service_roles': []} {{(pid=102980) authorize /opt/stack/nova/nova/policy.py:199}}
Mar 02 09:00:53.247200 dv-neutron-828796-1-hyperv devstack@n-api.service[102980]: INFO nova.api.openstack.requestlog [None req-e5386df3-0698-48b2-89fb-8d6abf120d97 tempest-ServersTestManualDisk-1546716327 tempest-ServersTestManualDisk-1546716327-project] 10.222.0.10 "GET /compute/v2.1/servers/3e572870-740b-4d4e-9ba6-3c7ad659f711" status: 200 len: 1590 microversion: 2.1 time: 1.155220
Mar 02 09:00:53.253755 dv-neutron-828796-1-hyperv devstack@n-api.service[102980]: [pid: 102980|app: 0|req: 23/53] 10.222.0.10 () {58 vars in 1235 bytes} [Wed Mar 2 09:00:52 2022] GET /compute/v2.1/servers/3e572870-740b-4d4e-9ba6-3c7ad659f711 => generated 1590 bytes in 1162 msecs (HTTP/1.1 200) 9 headers in 358 bytes (1 switches on core 0)
Mar 02 09:00:53.273921 dv-neutron-828796-1-hyperv devstack@n-api.service[102982]: DEBUG nova.api.openstack.wsgi [None req-2614b5fa-b8a1-4edb-841d-87b5e97511d3 tempest-ServersTestManualDisk-1546716327 tempest-ServersTestManualDisk-1546716327-project] Calling method '>' {{(pid=102982) _process_stack /opt/stack/nova/nova/api/openstack/wsgi.py:513}}
