Feb 16 12:48:55.314593 dv-neutron-828697-2-hyperv neutron-server[114559]: DEBUG neutron_lib.db.api [None req-bf3dfff0-b616-4d57-b38e-95a3fd8c5ff5 None None] Retry wrapper got retriable exception: UPDATE statement on table 'standardattributes' expected to update 1 row(s); 0 were matched. {{(pid=114559) wrapped /usr/local/lib/python3.8/dist-packages/neutron_lib/db/api.py:183}}
Feb 16 12:48:55.315083 dv-neutron-828697-2-hyperv neutron-server[114559]: DEBUG oslo_db.api [None req-bf3dfff0-b616-4d57-b38e-95a3fd8c5ff5 None None] Performing DB retry for function neutron.plugins.ml2.plugin.Ml2Plugin.update_port_statuses {{(pid=114559) wrapper /usr/local/lib/python3.8/dist-packages/oslo_db/api.py:155}}
Feb 16 12:48:55.372298 dv-neutron-828697-2-hyperv neutron-server[114559]: DEBUG neutron.api.rpc.handlers.resources_rpc [None req-f7df3495-c6ca-4e43-bb37-9b12ca0297ba None None] Pushing event updated for resources: {'Port': ['ID=6699e816-b9ef-4d19-854f-4e21f8562c13,revision_number=3']} {{(pid=114559) push /opt/stack/neutron/neutron/api/rpc/handlers/resources_rpc.py:237}}
Feb 16 12:48:55.375188 dv-neutron-828697-2-hyperv neutron-server[114559]: DEBUG neutron.plugins.ml2.plugin [None req-f7df3495-c6ca-4e43-bb37-9b12ca0297ba None None] Port e17825cf-1e8d-49b0-91a6-389f40aaf90e cannot update to ACTIVE because it is not bound. {{(pid=114559) _port_provisioned /opt/stack/neutron/neutron/plugins/ml2/plugin.py:338}}
Feb 16 12:48:55.397200 dv-neutron-828697-2-hyperv neutron-server[114557]: DEBUG neutron.scheduler.base_scheduler [None req-73960376-a986-4deb-87e2-8d2d9525dd14 tempest-RoutersAdminTest-1436385661 tempest-RoutersAdminTest-1436385661-project-admin] Resources bound (agent type, host, resource id): (DHCP agent, dv-neutron-828697-2-hyperv, 1eaffd71-85ef-4dec-9bec-7acc638ed1e0) {{(pid=114557) schedule /opt/stack/neutron/neutron/scheduler/base_scheduler.py:57}}
Feb 16 12:48:55.412676 dv-neutron-828697-2-hyperv neutron-server[114559]: DEBUG neutron.api.rpc.handlers.dhcp_rpc [None req-8c29aaa8-a913-4a51-bd6f-bb109e00c454 None None] Network 1eaffd71-85ef-4dec-9bec-7acc638ed1e0 requested from dv-neutron-828697-2-hyperv {{(pid=114559) get_network_info /opt/stack/neutron/neutron/api/rpc/handlers/dhcp_rpc.py:218}}
Feb 16 12:48:55.467782 dv-neutron-828697-2-hyperv neutron-server[114558]: DEBUG neutron_lib.callbacks.manager [None req-cf1ceedf-4110-4e58-af4e-75d396e09aae admin admin] Notify callbacks [] for security_group, precommit_create {{(pid=114558) _notify_loop /usr/local/lib/python3.8/dist-packages/neutron_lib/callbacks/manager.py:192}}
Feb 16 12:48:55.468842 dv-neutron-828697-2-hyperv neutron-server[114557]: DEBUG neutron.pecan_wsgi.hooks.policy_enforcement [None req-73960376-a986-4deb-87e2-8d2d9525dd14 tempest-RoutersAdminTest-1436385661 tempest-RoutersAdminTest-1436385661-project-admin] Attributes excluded by policy engine: ['standard_attr_id', 'shared', 'network'] {{(pid=114557) _exclude_attributes_by_policy /opt/stack/neutron/neutron/pecan_wsgi/hooks/policy_enforcement.py:255}}
Feb 16 12:48:55.469634 dv-neutron-828697-2-hyperv neutron-server[114557]: DEBUG neutron_lib.callbacks.manager [None req-73960376-a986-4deb-87e2-8d2d9525dd14 tempest-RoutersAdminTest-1436385661 tempest-RoutersAdminTest-1436385661-project-admin] Notify callbacks ['neutron.api.rpc.agentnotifiers.dhcp_rpc_agent_api.DhcpAgentNotifyAPI._send_dhcp_notification-607470'] for subnet, before_response {{(pid=114557) _notify_loop /usr/local/lib/python3.8/dist-packages/neutron_lib/callbacks/manager.py:192}}
Feb 16 12:48:55.527927 dv-neutron-828697-2-hyperv neutron-server[114558]: DEBUG neutron_lib.callbacks.manager [None req-cf1ceedf-4110-4e58-af4e-75d396e09aae admin admin] Notify callbacks ['neutron.plugins.ml2.ovo_rpc._ObjectChangeHandler.handle_event-587977'] for security_group, after_create {{(pid=114558) _notify_loop /usr/local/lib/python3.8/dist-packages/neutron_lib/callbacks/manager.py:192}}
Feb 16 12:48:55.569960 dv-neutron-828697-2-hyperv neutron-server[114558]: INFO neutron.wsgi [None req-cf1ceedf-4110-4e58-af4e-75d396e09aae admin admin] 10.222.0.72 "GET /v2.0/security-groups?tenant_id=c0f52ace540a44ba9631625bd34a6071&name=default HTTP/1.1" status: 200 len: 2975 time: 0.6682150
Feb 16 12:48:55.571234 dv-neutron-828697-2-hyperv neutron-server[114558]: DEBUG neutron.api.rpc.handlers.resources_rpc [None req-cf1ceedf-4110-4e58-af4e-75d396e09aae admin admin] Pushing event updated for resources: {'SecurityGroup': ['ID=35076f5b-4215-4e71-80b7-48d8c53f6c25,revision_number=1']} {{(pid=114558) push /opt/stack/neutron/neutron/api/rpc/handlers/resources_rpc.py:237}}
Feb 16 12:48:55.573789 dv-neutron-828697-2-hyperv neutron-server[114558]: DEBUG neutron.wsgi [-] (114558) accepted ('10.222.0.72', 49554) {{(pid=114558) server /usr/local/lib/python3.8/dist-packages/eventlet/wsgi.py:982}}
Feb 16 12:48:55.613483 dv-neutron-828697-2-hyperv neutron-server[114558]: DEBUG neutron_lib.callbacks.manager [None req-fafa39be-85d5-4961-909f-a50c091d266f tempest-RoutersIpV6AdminTest-1756856388 tempest-RoutersIpV6AdminTest-1756856388-project-admin] Notify callbacks ['neutron.plugins.ml2.plugin.SecurityGroupServerNotifierRpcMixin._notify_sg_on_port_change-1582348', 'neutron.plugins.ml2.ovo_rpc._ObjectChangeHandler.handle_event-251892', 'neutron.api.rpc.agentnotifiers.dhcp_rpc_agent_api.DhcpAgentNotifyAPI._native_event_send_dhcp_notification-607484', 'neutron.db.l3_db.L3RpcNotifierMixin._notify_routers_callback-8750870881877', 'neutron.db.l3_dvrscheduler_db._notify_port_delete-8750870466690'] for port, after_delete {{(pid=114558) _notify_loop /usr/local/lib/python3.8/dist-packages/neutron_lib/callbacks/manager.py:192}}
Feb 16 12:48:55.647721 dv-neutron-828697-2-hyperv neutron-server[114557]: DEBUG neutron_lib.callbacks.manager [None req-37aa0789-447c-49aa-aa88-bde37b197966 admin admin] Notify callbacks [] for router_gateway, after_create {{(pid=114557) _notify_loop /usr/local/lib/python3.8/dist-packages/neutron_lib/callbacks/manager.py:192}}
Feb 16 12:48:55.652537 dv-neutron-828697-2-hyperv neutron-server[114559]: DEBUG neutron.api.rpc.handlers.l3_rpc [None req-2bdc6b70-6a75-4c56-b116-8295c9fc63b1 None None] Sync routers for ids ['3183f002-9793-4e77-b434-053277705806'] in dv-neutron-828697-2-hyperv {{(pid=114559) sync_routers /opt/stack/neutron/neutron/api/rpc/handlers/l3_rpc.py:125}}
Feb 16 12:48:55.662259 dv-neutron-828697-2-hyperv neutron-server[114559]: DEBUG neutron.db.provisioning_blocks [None req-08339e2e-8354-4c8a-b888-aef01477d644 None None] Provisioning complete for port 06eaf450-bc59-4951-ba94-ea09058fc548 triggered by entity DHCP. {{(pid=114559) provisioning_complete /opt/stack/neutron/neutron/db/provisioning_blocks.py:139}}
Feb 16 12:48:55.662902 dv-neutron-828697-2-hyperv neutron-server[114559]: DEBUG neutron_lib.callbacks.manager [None req-08339e2e-8354-4c8a-b888-aef01477d644 None None] Notify callbacks ['neutron.plugins.ml2.plugin.Ml2Plugin._port_provisioned-1706458'] for port, provisioning_complete {{(pid=114559) _notify_loop /usr/local/lib/python3.8/dist-packages/neutron_lib/callbacks/manager.py:192}}
Feb 16 12:48:55.663328 dv-neutron-828697-2-hyperv neutron-server[114558]: DEBUG neutron.api.rpc.handlers.resources_rpc [None req-fafa39be-85d5-4961-909f-a50c091d266f tempest-RoutersIpV6AdminTest-1756856388 tempest-RoutersIpV6AdminTest-1756856388-project-admin] Pushing event deleted for resources: {'Port': ['ID=4688d322-0d61-4369-9dc4-fbc5f686140e,revision_number=None']} {{(pid=114558) push /opt/stack/neutron/neutron/api/rpc/handlers/resources_rpc.py:237}}
Feb 16 12:48:55.687014 dv-neutron-828697-2-hyperv neutron-server[114558]: DEBUG neutron_lib.callbacks.manager [None req-88ca9489-d991-4dba-9359-3f23a5cd9e44 admin admin] Notify callbacks [] for security_group, before_delete {{(pid=114558) _notify_loop /usr/local/lib/python3.8/dist-packages/neutron_lib/callbacks/manager.py:192}}
Feb 16 12:48:55.688576 dv-neutron-828697-2-hyperv neutron-server[114557]: DEBUG neutron.pecan_wsgi.hooks.quota_enforcement [None req-728baf31-8997-44f8-a26d-e4d9d9c52446 tempest-ExtraDHCPOptionsTestJSON-707514450 tempest-ExtraDHCPOptionsTestJSON-707514450-project] Made reservation on behalf of 2ca97559d5e542dab16b54c2fb916a6f for: {'port': 1} {{(pid=114557) before /opt/stack/neutron/neutron/pecan_wsgi/hooks/quota_enforcement.py:53}}
Feb 16 12:48:55.693526 dv-neutron-828697-2-hyperv neutron-server[114557]: DEBUG neutron_lib.callbacks.manager [None req-728baf31-8997-44f8-a26d-e4d9d9c52446 tempest-ExtraDHCPOptionsTestJSON-707514450 tempest-ExtraDHCPOptionsTestJSON-707514450-project] Notify callbacks ['neutron.plugins.ml2.plugin.SecurityGroupDbMixin._ensure_default_security_group_handler-1582547'] for port, before_create {{(pid=114557) _notify_loop /usr/local/lib/python3.8/dist-packages/neutron_lib/callbacks/manager.py:192}}
Feb 16 12:48:55.710500 dv-neutron-828697-2-hyperv neutron-server[114557]: INFO neutron.wsgi [None req-73960376-a986-4deb-87e2-8d2d9525dd14 tempest-RoutersAdminTest-1436385661 tempest-RoutersAdminTest-1436385661-project-admin] 10.222.0.72 "POST /v2.0/subnets HTTP/1.1" status: 201 len: 802 time: 5.6677601
Feb 16 12:48:55.727983 dv-neutron-828697-2-hyperv neutron-server[114557]: DEBUG neutron.wsgi [-] (114557) accepted ('10.222.0.72', 49556) {{(pid=114557) server /usr/local/lib/python3.8/dist-packages/eventlet/wsgi.py:982}}
Feb 16 12:48:55.738608 dv-neutron-828697-2-hyperv neutron-server[114558]: DEBUG neutron_lib.callbacks.manager [None req-fafa39be-85d5-4961-909f-a50c091d266f tempest-RoutersIpV6AdminTest-1756856388 tempest-RoutersIpV6AdminTest-1756856388-project-admin] Notify callbacks ['neutron.notifiers.nova.Notifier._send_nova_notification-50429'] for port, before_response {{(pid=114558) _notify_loop /usr/local/lib/python3.8/dist-packages/neutron_lib/callbacks/manager.py:192}}
Feb 16 12:48:55.739091 dv-neutron-828697-2-hyperv neutron-server[114557]: DEBUG neutron.api.v2.base [None req-f1860e9c-a272-4ef9-ac08-b8488bff20a8 tempest-RoutersAdminTest-1436385661 tempest-RoutersAdminTest-1436385661-project-admin] Request body: {'port': {'name': 'tempest-RoutersAdminTest-1893826621', 'network_id': '1eaffd71-85ef-4dec-9bec-7acc638ed1e0'}} {{(pid=114557) prepare_request_body /opt/stack/neutron/neutron/api/v2/base.py:729}}
Feb 16 12:48:55.746096 dv-neutron-828697-2-hyperv neutron-server[114558]: INFO neutron.wsgi [None req-fafa39be-85d5-4961-909f-a50c091d266f tempest-RoutersIpV6AdminTest-1756856388 tempest-RoutersIpV6AdminTest-1756856388-project-admin] 10.222.0.72 "DELETE /v2.0/ports/4688d322-0d61-4369-9dc4-fbc5f686140e HTTP/1.1" status: 204 len: 168 time: 0.9251766
Feb 16 12:48:55.746713 dv-neutron-828697-2-hyperv neutron-server[114558]: DEBUG neutron.wsgi [-] (114558) accepted ('10.222.0.72', 49558) {{(pid=114558) server /usr/local/lib/python3.8/dist-packages/eventlet/wsgi.py:982}}
Feb 16 12:48:55.754499 dv-neutron-828697-2-hyperv neutron-server[114559]: DEBUG neutron.db.l3_dvrscheduler_db [None req-2bdc6b70-6a75-4c56-b116-8295c9fc63b1 None None] Routers {'3183f002-9793-4e77-b434-053277705806'} bound to L3 agent in host dv-neutron-828697-2-hyperv {{(pid=114559) _get_router_ids_for_agent /opt/stack/neutron/neutron/db/l3_dvrscheduler_db.py:421}}
Feb 16 12:48:55.755131 dv-neutron-828697-2-hyperv neutron-server[114559]: DEBUG neutron.db.l3_hamode_db [None req-2bdc6b70-6a75-4c56-b116-8295c9fc63b1 None None] neutron.services.l3_router.l3_router_plugin.L3RouterPlugin method get_ha_sync_data_for_host called with arguments (, 'dv-neutron-828697-2-hyperv', Agent(admin_state_up=True,agent_type='L3 agent',availability_zone='nova',binary='neutron-l3-agent',configurations={"agent_mode": "legacy", "ex_gw_ports": 1, "extensions": [], "floating_ips": 0, "handle_internal_only_routers": true, "interface_driver": "openvswitch", "interfaces": 1, "log_agent_heartbeats": false, "routers": 1},created_at=2022-02-16T12:40:47Z,description=,heartbeat_timestamp=2022-02-16T12:48:47Z,host='dv-neutron-828697-2-hyperv',id=a92b51d3-d012-416b-bda7-61cdd2092c52,load=0,resource_versions=,resources_synced=,started_at=2022-02-16T12:40:47Z,topic='l3_agent')) {'router_ids': ['3183f002-9793-4e77-b434-053277705806'], 'active': True} {{(pid=114559) wrapper /usr/local/lib/python3.8/dist-packages/oslo_log/helpers.py:65}}
Feb 16 12:48:55.757626 dv-neutron-828697-2-hyperv neutron-server[114558]: DEBUG neutron.api.v2.base [None req-be24da6f-ab5b-47ad-b8e2-3ba43aae2136 tempest-RoutersIpV6AdminTest-1756856388 tempest-RoutersIpV6AdminTest-1756856388-project-admin] Request body: {'router': {'external_gateway_info': {'network_id': 'b22ff695-6762-4f2d-b5fc-f9ff4c47722e', 'external_fixed_ips': [{'subnet_id': '73e77a56-4f7d-4afa-a239-b8f3addd3c1e', 'ip_address': '2001:db8::3be'}]}}} {{(pid=114558) prepare_request_body /opt/stack/neutron/neutron/api/v2/base.py:729}}
Feb 16 12:48:55.769555 dv-neutron-828697-2-hyperv neutron-server[114558]: DEBUG neutron_lib.callbacks.manager [None req-88ca9489-d991-4dba-9359-3f23a5cd9e44 admin admin] Notify callbacks [] for security_group, precommit_delete {{(pid=114558) _notify_loop /usr/local/lib/python3.8/dist-packages/neutron_lib/callbacks/manager.py:192}}
Feb 16 12:48:55.805595 dv-neutron-828697-2-hyperv neutron-server[114559]: DEBUG neutron.api.rpc.handlers.dhcp_rpc [None req-14fbcc0a-682b-46ce-9652-e30bb5d79803 None None] Network 1eaffd71-85ef-4dec-9bec-7acc638ed1e0 requested from dv-neutron-828697-2-hyperv {{(pid=114559) get_network_info /opt/stack/neutron/neutron/api/rpc/handlers/dhcp_rpc.py:218}}
Feb 16 12:48:55.815952 dv-neutron-828697-2-hyperv neutron-server[114557]: DEBUG neutron.notifiers.nova [None req-728baf31-8997-44f8-a26d-e4d9d9c52446 tempest-ExtraDHCPOptionsTestJSON-707514450 tempest-ExtraDHCPOptionsTestJSON-707514450-project] device_id is not set on port 8bc619bc-cb9e-4d09-a858-1e16aefb7338 yet. {{(pid=114557) _can_notify /opt/stack/neutron/neutron/notifiers/nova.py:199}}
Feb 16 12:48:55.887181 dv-neutron-828697-2-hyperv neutron-server[114558]: DEBUG neutron_lib.callbacks.manager [None req-be24da6f-ab5b-47ad-b8e2-3ba43aae2136 tempest-RoutersIpV6AdminTest-1756856388 tempest-RoutersIpV6AdminTest-1756856388-project-admin] Notify callbacks ['neutron.services.l3_router.l3_router_plugin.L3_HA_NAT_db_mixin._before_router_create_handler-668911', 'neutron.services.l3_router.service_providers.driver_controller.DriverController._check_router_request-9133'] for router, before_create {{(pid=114558) _notify_loop /usr/local/lib/python3.8/dist-packages/neutron_lib/callbacks/manager.py:192}}
Feb 16 12:48:55.888623 dv-neutron-828697-2-hyperv neutron-server[114558]: DEBUG neutron_lib.callbacks.manager [None req-be24da6f-ab5b-47ad-b8e2-3ba43aae2136 tempest-RoutersIpV6AdminTest-1756856388 tempest-RoutersIpV6AdminTest-1756856388-project-admin] Notify callbacks ['neutron.services.l3_router.l3_router_plugin.L3_HA_NAT_db_mixin._precommit_router_create-666827', 'neutron.services.l3_router.l3_router_plugin.DVRResourceOperationHandler._set_distributed_flag-664025', 'neutron.services.l3_router.l3_router_plugin.RouterAvailabilityZoneMixin._process_az_request-570277', 'neutron.services.l3_router.service_providers.driver_controller.DriverController._set_router_provider-9140'] for router, precommit_create {{(pid=114558) _notify_loop /usr/local/lib/python3.8/dist-packages/neutron_lib/callbacks/manager.py:192}}
Feb 16 12:48:55.939403 dv-neutron-828697-2-hyperv neutron-server[114557]: DEBUG neutron_lib.callbacks.manager [None req-8da0c054-7dc3-4086-9913-26219331bc03 tempest-FloatingIPAdminTestJSON-32296089 tempest-FloatingIPAdminTestJSON-32296089-project] Notify callbacks [] for port, precommit_update {{(pid=114557) _notify_loop /usr/local/lib/python3.8/dist-packages/neutron_lib/callbacks/manager.py:192}}
Feb 16 12:48:55.947615 dv-neutron-828697-2-hyperv neutron-server[114557]: DEBUG neutron.pecan_wsgi.hooks.quota_enforcement [None req-f1860e9c-a272-4ef9-ac08-b8488bff20a8 tempest-RoutersAdminTest-1436385661 tempest-RoutersAdminTest-1436385661-project-admin] Made reservation on behalf of 552a474c866a482b90f7f4d7e65686cd for: {'port': 1} {{(pid=114557) before /opt/stack/neutron/neutron/pecan_wsgi/hooks/quota_enforcement.py:53}}
Feb 16 12:48:55.949858 dv-neutron-828697-2-hyperv neutron-server[114557]: DEBUG neutron_lib.callbacks.manager [None req-f1860e9c-a272-4ef9-ac08-b8488bff20a8 tempest-RoutersAdminTest-1436385661 tempest-RoutersAdminTest-1436385661-project-admin] Notify callbacks ['neutron.plugins.ml2.plugin.SecurityGroupDbMixin._ensure_default_security_group_handler-1582547'] for port, before_create {{(pid=114557) _notify_loop /usr/local/lib/python3.8/dist-packages/neutron_lib/callbacks/manager.py:192}}
Feb 16 12:48:55.990420 dv-neutron-828697-2-hyperv neutron-server[114557]: DEBUG neutron.scheduler.l3_agent_scheduler [None req-906231ed-1bef-4033-9644-27c700d9b26c admin admin] Router be924c97-e092-4636-a7bd-92376947d019 is scheduled to L3 agent a92b51d3-d012-416b-bda7-61cdd2092c52 with binding_index 1 {{(pid=114557) bind_router /opt/stack/neutron/neutron/scheduler/l3_agent_scheduler.py:209}}
Feb 16 12:48:56.021661 dv-neutron-828697-2-hyperv neutron-server[114559]: DEBUG neutron.plugins.ml2.rpc [None req-bf3dfff0-b616-4d57-b38e-95a3fd8c5ff5 None None] Device 956a203b-f1b8-434e-b3fc-66796d84a6bf up at agent ovs-agent-dv-neutron-828697-2-hyperv {{(pid=114559) update_device_up /opt/stack/neutron/neutron/plugins/ml2/rpc.py:296}}
Feb 16 12:48:56.045916 dv-neutron-828697-2-hyperv neutron-server[114557]: DEBUG neutron_lib.callbacks.manager [None req-8da0c054-7dc3-4086-9913-26219331bc03 tempest-FloatingIPAdminTestJSON-32296089 tempest-FloatingIPAdminTestJSON-32296089-project] Notify callbacks ['neutron.plugins.ml2.plugin.SecurityGroupServerNotifierRpcMixin._notify_sg_on_port_change-1582348', 'neutron.plugins.ml2.ovo_rpc._ObjectChangeHandler.handle_event-251892', 'neutron.api.rpc.agentnotifiers.dhcp_rpc_agent_api.DhcpAgentNotifyAPI._native_event_send_dhcp_notification-607484', 'neutron.db.l3_db.L3RpcNotifierMixin._notify_gateway_port_ip_changed-8750870881904', 'neutron.db.l3_dvrscheduler_db._notify_l3_agent_port_update-8750870466699', 'neutron.db.l3_hascheduler_db._notify_l3_agent_ha_port_update-8750870466717'] for port, after_update {{(pid=114557) _notify_loop /usr/local/lib/python3.8/dist-packages/neutron_lib/callbacks/manager.py:192}}
Feb 16 12:48:56.058916 dv-neutron-828697-2-hyperv neutron-server[114557]: DEBUG neutron.notifiers.nova [None req-f1860e9c-a272-4ef9-ac08-b8488bff20a8 tempest-RoutersAdminTest-1436385661 tempest-RoutersAdminTest-1436385661-project-admin] device_id is not set on port ff45e8e0-2a76-466d-98d1-625997afcb6e yet. {{(pid=114557) _can_notify /opt/stack/neutron/neutron/notifiers/nova.py:199}}
Feb 16 12:48:56.080966 dv-neutron-828697-2-hyperv neutron-server[114558]: DEBUG neutron_lib.callbacks.manager [None req-88ca9489-d991-4dba-9359-3f23a5cd9e44 admin admin] Notify callbacks ['neutron.plugins.ml2.ovo_rpc._ObjectChangeHandler.handle_event-587977'] for security_group, after_delete {{(pid=114558) _notify_loop /usr/local/lib/python3.8/dist-packages/neutron_lib/callbacks/manager.py:192}}
Feb 16 12:48:56.083681 dv-neutron-828697-2-hyperv neutron-server[114558]: DEBUG neutron_lib.callbacks.manager [None req-88ca9489-d991-4dba-9359-3f23a5cd9e44 admin admin] Notify callbacks [] for security_group, before_response {{(pid=114558) _notify_loop /usr/local/lib/python3.8/dist-packages/neutron_lib/callbacks/manager.py:192}}
Feb 16 12:48:56.085407 dv-neutron-828697-2-hyperv neutron-server[114558]: INFO neutron.wsgi [None req-88ca9489-d991-4dba-9359-3f23a5cd9e44 admin admin] 10.222.0.72 "DELETE /v2.0/security-groups/35076f5b-4215-4e71-80b7-48d8c53f6c25 HTTP/1.1" status: 204 len: 168 time: 0.5101094
Feb 16 12:48:56.097164 dv-neutron-828697-2-hyperv neutron-server[114558]: DEBUG neutron_lib.callbacks.manager [None req-be24da6f-ab5b-47ad-b8e2-3ba43aae2136 tempest-RoutersIpV6AdminTest-1756856388 tempest-RoutersIpV6AdminTest-1756856388-project-admin] Notify callbacks [] for router_controller, precommit_add_association {{(pid=114558) _notify_loop /usr/local/lib/python3.8/dist-packages/neutron_lib/callbacks/manager.py:192}}
Feb 16 12:48:56.099927 dv-neutron-828697-2-hyperv neutron-server[114558]: DEBUG neutron.api.rpc.handlers.resources_rpc [None req-88ca9489-d991-4dba-9359-3f23a5cd9e44 admin admin] Pushing event deleted for resources: {'SecurityGroup': ['ID=35076f5b-4215-4e71-80b7-48d8c53f6c25,revision_number=None']} {{(pid=114558) push /opt/stack/neutron/neutron/api/rpc/handlers/resources_rpc.py:237}}
Feb 16 12:48:56.128000 dv-neutron-828697-2-hyperv neutron-server[114559]: DEBUG neutron.db.provisioning_blocks [None req-08339e2e-8354-4c8a-b888-aef01477d644 None None] Provisioning complete for port 6699e816-b9ef-4d19-854f-4e21f8562c13 triggered by entity DHCP. {{(pid=114559) provisioning_complete /opt/stack/neutron/neutron/db/provisioning_blocks.py:139}}
Feb 16 12:48:56.128339 dv-neutron-828697-2-hyperv neutron-server[114559]: DEBUG neutron_lib.callbacks.manager [None req-08339e2e-8354-4c8a-b888-aef01477d644 None None] Notify callbacks ['neutron.plugins.ml2.plugin.Ml2Plugin._port_provisioned-1706458'] for port, provisioning_complete {{(pid=114559) _notify_loop /usr/local/lib/python3.8/dist-packages/neutron_lib/callbacks/manager.py:192}}
Feb 16 12:48:56.152328 dv-neutron-828697-2-hyperv neutron-server[114559]: DEBUG neutron.db.l3_dvr_db [None req-2bdc6b70-6a75-4c56-b116-8295c9fc63b1 None None] Set router 3183f002-9793-4e77-b434-053277705806 gateway port host: dv-neutron-828697-2-hyperv {{(pid=114559) _build_routers_list /opt/stack/neutron/neutron/db/l3_dvr_db.py:906}}
Feb 16 12:48:56.196865 dv-neutron-828697-2-hyperv neutron-server[114557]: DEBUG neutron.wsgi [-] (114557) accepted ('10.222.0.72', 49564) {{(pid=114557) server /usr/local/lib/python3.8/dist-packages/eventlet/wsgi.py:982}}
Feb 16 12:48:56.207797 dv-neutron-828697-2-hyperv neutron-server[114557]: DEBUG neutron.api.v2.base [None req-4af4942b-9d73-4eb3-b149-0b1fb451b692 tempest-ServersTestManualDisk-1013203542 tempest-ServersTestManualDisk-1013203542-project] Request body: {'security_group': {'name': 'tempest-securitygroup--887563394', 'description': 'tempest-description--1511342535'}} {{(pid=114557) prepare_request_body /opt/stack/neutron/neutron/api/v2/base.py:729}}
Feb 16 12:48:56.212158 dv-neutron-828697-2-hyperv neutron-server[114557]: DEBUG neutron_lib.callbacks.manager [None req-8da0c054-7dc3-4086-9913-26219331bc03 tempest-FloatingIPAdminTestJSON-32296089 tempest-FloatingIPAdminTestJSON-32296089-project] Notify callbacks ['neutron.services.l3_router.l3_router_plugin.DVRResourceOperationHandler._create_dvr_floating_gw_port-667052'] for floatingip, after_create {{(pid=114557) _notify_loop /usr/local/lib/python3.8/dist-packages/neutron_lib/callbacks/manager.py:192}}
Feb 16 12:48:56.259824 dv-neutron-828697-2-hyperv neutron-server[114557]: DEBUG neutron_lib.callbacks.manager [None req-37aa0789-447c-49aa-aa88-bde37b197966 admin admin] Notify callbacks ['neutron.services.l3_router.l3_router_plugin.L3_HA_NAT_db_mixin._after_router_create-666816', 'neutron.services.l3_router.l3_router_plugin.DVRResourceOperationHandler._create_snat_interfaces_after_change-666886'] for router, after_create {{(pid=114557) _notify_loop /usr/local/lib/python3.8/dist-packages/neutron_lib/callbacks/manager.py:192}}
Feb 16 12:48:56.278105 dv-neutron-828697-2-hyperv neutron-server[114559]: DEBUG neutron.db.provisioning_blocks [None req-bf3dfff0-b616-4d57-b38e-95a3fd8c5ff5 None None] Provisioning complete for port 956a203b-f1b8-434e-b3fc-66796d84a6bf triggered by entity L2. {{(pid=114559) provisioning_complete /opt/stack/neutron/neutron/db/provisioning_blocks.py:139}}
Feb 16 12:48:56.278519 dv-neutron-828697-2-hyperv neutron-server[114559]: DEBUG neutron_lib.callbacks.manager [None req-bf3dfff0-b616-4d57-b38e-95a3fd8c5ff5 None None] Notify callbacks ['neutron.plugins.ml2.plugin.Ml2Plugin._port_provisioned-1706458'] for port, provisioning_complete {{(pid=114559) _notify_loop /usr/local/lib/python3.8/dist-packages/neutron_lib/callbacks/manager.py:192}}
Feb 16 12:48:56.285638 dv-neutron-828697-2-hyperv neutron-server[114557]: DEBUG neutron.api.rpc.handlers.resources_rpc [None req-8da0c054-7dc3-4086-9913-26219331bc03 tempest-FloatingIPAdminTestJSON-32296089 tempest-FloatingIPAdminTestJSON-32296089-project] Pushing event updated for resources: {'Port': ['ID=157e12f2-0097-4ff7-b4af-21bc8d79c195,revision_number=2']} {{(pid=114557) push /opt/stack/neutron/neutron/api/rpc/handlers/resources_rpc.py:237}}
Feb 16 12:48:56.343046 dv-neutron-828697-2-hyperv neutron-server[114558]: DEBUG neutron_lib.callbacks.manager [None req-be24da6f-ab5b-47ad-b8e2-3ba43aae2136 tempest-RoutersIpV6AdminTest-1756856388 tempest-RoutersIpV6AdminTest-1756856388-project-admin] Notify callbacks [] for router_gateway, precommit_update {{(pid=114558) _notify_loop /usr/local/lib/python3.8/dist-packages/neutron_lib/callbacks/manager.py:192}}
Feb 16 12:48:56.394564 dv-neutron-828697-2-hyperv neutron-server[114557]: DEBUG neutron.db.db_base_plugin_common [None req-728baf31-8997-44f8-a26d-e4d9d9c52446 tempest-ExtraDHCPOptionsTestJSON-707514450 tempest-ExtraDHCPOptionsTestJSON-707514450-project] Allocated IP 172.20.0.9 (59a32688-f412-4e71-86e1-0da1648cfaf8/df2fdcb5-1fc6-48cb-8dc7-782ed7987a33/8bc619bc-cb9e-4d09-a858-1e16aefb7338) {{(pid=114557) _store_ip_allocation /opt/stack/neutron/neutron/db/db_base_plugin_common.py:131}}
Feb 16 12:48:56.400523 dv-neutron-828697-2-hyperv neutron-server[114557]: DEBUG neutron_lib.callbacks.manager [None req-8da0c054-7dc3-4086-9913-26219331bc03 tempest-FloatingIPAdminTestJSON-32296089 tempest-FloatingIPAdminTestJSON-32296089-project] Notify callbacks ['neutron.notifiers.nova.Notifier._send_nova_notification-50429'] for floatingip, before_response {{(pid=114557) _notify_loop /usr/local/lib/python3.8/dist-packages/neutron_lib/callbacks/manager.py:192}}
Feb 16 12:48:56.401781 dv-neutron-828697-2-hyperv neutron-server[114557]: INFO neutron.wsgi [None req-8da0c054-7dc3-4086-9913-26219331bc03 tempest-FloatingIPAdminTestJSON-32296089 tempest-FloatingIPAdminTestJSON-32296089-project] 10.222.0.72 "POST /v2.0/floatingips HTTP/1.1" status: 201 len: 692 time: 6.5478535
Feb 16 12:48:56.404708 dv-neutron-828697-2-hyperv neutron-server[114558]: DEBUG neutron.wsgi [-] (114558) accepted ('10.222.0.72', 49566) {{(pid=114558) server /usr/local/lib/python3.8/dist-packages/eventlet/wsgi.py:982}}
Feb 16 12:48:56.411395 dv-neutron-828697-2-hyperv neutron-server[114558]: DEBUG neutron.api.v2.base [None req-2a5fa999-0cde-46ff-b9d8-e447b7a5ca88 tempest-FloatingIPAdminTestJSON-32296089 tempest-FloatingIPAdminTestJSON-32296089-project] Request body: {'network': {'name': 'tempest-FloatingIPAdminTestJSON-test-network-112964612'}} {{(pid=114558) prepare_request_body /opt/stack/neutron/neutron/api/v2/base.py:729}}
Feb 16 12:48:56.492680 dv-neutron-828697-2-hyperv neutron-server[114557]: DEBUG neutron.api.rpc.agentnotifiers.l3_rpc_agent_api [None req-906231ed-1bef-4033-9644-27c700d9b26c admin admin] Notify agent at l3_agent.dv-neutron-828697-2-hyperv the message routers_updated {{(pid=114557) _agent_notification /opt/stack/neutron/neutron/api/rpc/agentnotifiers/l3_rpc_agent_api.py:65}}
Feb 16 12:48:56.504018 dv-neutron-828697-2-hyperv neutron-server[114557]: DEBUG neutron_lib.callbacks.manager [None req-4af4942b-9d73-4eb3-b149-0b1fb451b692 tempest-ServersTestManualDisk-1013203542 tempest-ServersTestManualDisk-1013203542-project] Notify callbacks [] for security_group, before_create {{(pid=114557) _notify_loop /usr/local/lib/python3.8/dist-packages/neutron_lib/callbacks/manager.py:192}}
Feb 16 12:48:56.506018 dv-neutron-828697-2-hyperv neutron-server[114560]: DEBUG neutron.api.rpc.handlers.l3_rpc [None req-409bce99-af9a-4f10-93ee-540d3972fe7c None None] Sync routers for ids ['be924c97-e092-4636-a7bd-92376947d019'] in dv-neutron-828697-2-hyperv {{(pid=114560) sync_routers /opt/stack/neutron/neutron/api/rpc/handlers/l3_rpc.py:125}}
Feb 16 12:48:56.506535 dv-neutron-828697-2-hyperv neutron-server[114557]: DEBUG neutron.db.db_base_plugin_common [None req-f1860e9c-a272-4ef9-ac08-b8488bff20a8 tempest-RoutersAdminTest-1436385661 tempest-RoutersAdminTest-1436385661-project-admin] Allocated IP 172.20.0.6 (1eaffd71-85ef-4dec-9bec-7acc638ed1e0/e3ea5025-4e75-48f2-b1a2-597354e62065/ff45e8e0-2a76-466d-98d1-625997afcb6e) {{(pid=114557) _store_ip_allocation /opt/stack/neutron/neutron/db/db_base_plugin_common.py:131}}
Feb 16 12:48:56.558778 dv-neutron-828697-2-hyperv neutron-server[114560]: DEBUG neutron.db.l3_dvrscheduler_db [None req-409bce99-af9a-4f10-93ee-540d3972fe7c None None] Routers {'be924c97-e092-4636-a7bd-92376947d019'} bound to L3 agent in host dv-neutron-828697-2-hyperv {{(pid=114560) _get_router_ids_for_agent /opt/stack/neutron/neutron/db/l3_dvrscheduler_db.py:421}}
Feb 16 12:48:56.566621 dv-neutron-828697-2-hyperv neutron-server[114560]: DEBUG neutron.db.l3_hamode_db [None req-409bce99-af9a-4f10-93ee-540d3972fe7c None None] neutron.services.l3_router.l3_router_plugin.L3RouterPlugin method get_ha_sync_data_for_host called with arguments (, 'dv-neutron-828697-2-hyperv', Agent(admin_state_up=True,agent_type='L3 agent',availability_zone='nova',binary='neutron-l3-agent',configurations={"agent_mode": "legacy", "ex_gw_ports": 1, "extensions": [], "floating_ips": 0, "handle_internal_only_routers": true, "interface_driver": "openvswitch", "interfaces": 1, "log_agent_heartbeats": false, "routers": 1},created_at=2022-02-16T12:40:47Z,description=,heartbeat_timestamp=2022-02-16T12:48:47Z,host='dv-neutron-828697-2-hyperv',id=a92b51d3-d012-416b-bda7-61cdd2092c52,load=0,resource_versions=,resources_synced=,started_at=2022-02-16T12:40:47Z,topic='l3_agent')) {'router_ids': ['be924c97-e092-4636-a7bd-92376947d019'], 'active': True} {{(pid=114560) wrapper /usr/local/lib/python3.8/dist-packages/oslo_log/helpers.py:65}}
Feb 16 12:48:56.635496 dv-neutron-828697-2-hyperv neutron-server[114559]: DEBUG neutron.db.provisioning_blocks [None req-08339e2e-8354-4c8a-b888-aef01477d644 None None] Provisioning complete for port 3e358f5f-0b41-4231-a249-d23a8dc84e48 triggered by entity DHCP. {{(pid=114559) provisioning_complete /opt/stack/neutron/neutron/db/provisioning_blocks.py:139}}
Feb 16 12:48:56.636481 dv-neutron-828697-2-hyperv neutron-server[114559]: DEBUG neutron_lib.callbacks.manager [None req-08339e2e-8354-4c8a-b888-aef01477d644 None None] Notify callbacks ['neutron.plugins.ml2.plugin.Ml2Plugin._port_provisioned-1706458'] for port, provisioning_complete {{(pid=114559) _notify_loop /usr/local/lib/python3.8/dist-packages/neutron_lib/callbacks/manager.py:192}}
Feb 16 12:48:56.678965 dv-neutron-828697-2-hyperv neutron-server[114559]: DEBUG neutron_lib.callbacks.manager [None req-bf3dfff0-b616-4d57-b38e-95a3fd8c5ff5 None None] Notify callbacks ['neutron.plugins.ml2.plugin.SecurityGroupDbMixin._ensure_default_security_group_handler-1582547'] for port, before_update {{(pid=114559) _notify_loop /usr/local/lib/python3.8/dist-packages/neutron_lib/callbacks/manager.py:192}}
Feb 16 12:48:56.687938 dv-neutron-828697-2-hyperv neutron-server[114557]: DEBUG neutron_lib.callbacks.manager [None req-906231ed-1bef-4033-9644-27c700d9b26c admin admin] Notify callbacks [] for router, before_response {{(pid=114557) _notify_loop /usr/local/lib/python3.8/dist-packages/neutron_lib/callbacks/manager.py:192}}
Feb 16 12:48:56.692412 dv-neutron-828697-2-hyperv neutron-server[114557]: INFO neutron.wsgi [None req-906231ed-1bef-4033-9644-27c700d9b26c admin admin] 10.222.0.72 "POST /v2.0/routers HTTP/1.1" status: 201 len: 918 time: 9.3492994
Feb 16 12:48:56.696944 dv-neutron-828697-2-hyperv neutron-server[114558]: DEBUG neutron.wsgi [-] (114558) accepted ('10.222.0.72', 49570) {{(pid=114558) server /usr/local/lib/python3.8/dist-packages/eventlet/wsgi.py:982}}
Feb 16 12:48:56.700915 dv-neutron-828697-2-hyperv neutron-server[114558]: DEBUG neutron_lib.callbacks.manager [None req-be24da6f-ab5b-47ad-b8e2-3ba43aae2136 tempest-RoutersIpV6AdminTest-1756856388 tempest-RoutersIpV6AdminTest-1756856388-project-admin] Notify callbacks [] for router_gateway, before_create {{(pid=114558) _notify_loop /usr/local/lib/python3.8/dist-packages/neutron_lib/callbacks/manager.py:192}}
Feb 16 12:48:56.701901 dv-neutron-828697-2-hyperv neutron-server[114558]: DEBUG neutron.pecan_wsgi.hooks.quota_enforcement [None req-2a5fa999-0cde-46ff-b9d8-e447b7a5ca88 tempest-FloatingIPAdminTestJSON-32296089 tempest-FloatingIPAdminTestJSON-32296089-project] Made reservation on behalf of 45c5ad07c6b345d899e41f7c5e46b0de for: {'network': 1} {{(pid=114558) before /opt/stack/neutron/neutron/pecan_wsgi/hooks/quota_enforcement.py:53}}
Feb 16 12:48:56.705658 dv-neutron-828697-2-hyperv neutron-server[114558]: DEBUG neutron_lib.callbacks.manager [None req-2a5fa999-0cde-46ff-b9d8-e447b7a5ca88 tempest-FloatingIPAdminTestJSON-32296089 tempest-FloatingIPAdminTestJSON-32296089-project] Notify callbacks ['neutron.plugins.ml2.plugin.SecurityGroupDbMixin._ensure_default_security_group_handler-1582547'] for network, before_create {{(pid=114558) _notify_loop /usr/local/lib/python3.8/dist-packages/neutron_lib/callbacks/manager.py:192}}
Feb 16 12:48:56.733640 dv-neutron-828697-2-hyperv neutron-server[114559]: DEBUG neutron.plugins.ml2.plugin [None req-08339e2e-8354-4c8a-b888-aef01477d644 None None] Port 3e358f5f-0b41-4231-a249-d23a8dc84e48 cannot update to ACTIVE because it is not bound. {{(pid=114559) _port_provisioned /opt/stack/neutron/neutron/plugins/ml2/plugin.py:338}}
Feb 16 12:48:56.736564 dv-neutron-828697-2-hyperv neutron-server[114559]: DEBUG neutron.plugins.ml2.db [None req-bf3dfff0-b616-4d57-b38e-95a3fd8c5ff5 None None] For port 956a203b-f1b8-434e-b3fc-66796d84a6bf, host dv-neutron-828697-2-hyperv, got binding levels [PortBindingLevel(driver='openvswitch',host='dv-neutron-828697-2-hyperv',level=0,port_id=956a203b-f1b8-434e-b3fc-66796d84a6bf,segment=NetworkSegment(97175dbe-4fb5-43df-a33e-be57f6e05731),segment_id=97175dbe-4fb5-43df-a33e-be57f6e05731)] {{(pid=114559) get_binding_level_objs /opt/stack/neutron/neutron/plugins/ml2/db.py:74}}
Feb 16 12:48:56.754573 dv-neutron-828697-2-hyperv neutron-server[114559]: DEBUG neutron.db.l3_hamode_db [None req-2bdc6b70-6a75-4c56-b116-8295c9fc63b1 None None] neutron.services.l3_router.l3_router_plugin.L3RouterPlugin method _process_sync_ha_data called with arguments (, [{'id': '3183f002-9793-4e77-b434-053277705806', 'name': 'tempest-ServersTestManualDisk-2091264786-router', 'tenant_id': 'ddbe598a96134b51a5bca4d2a1a90423', 'admin_state_up': True, 'status': 'ACTIVE', 'external_gateway_info': {'network_id': '7849f16d-143a-418c-8818-91d95c42cd3c', 'external_fixed_ips': [{'subnet_id': 'b18b97b7-6351-405a-9130-ed72b033c2e9', 'ip_address': '172.26.8.177'}], 'enable_snat': True}, 'gw_port_id': '956a203b-f1b8-434e-b3fc-66796d84a6bf', 'description': '', 'availability_zones': ['nova'], 'distributed': False, 'ha': False, 'ha_vr_id': 0, 'availability_zone_hints': [], 'routes': [], 'flavor_id': None, 'tags': [], 'created_at': '2022-02-16T12:48:45Z', 'updated_at': '2022-02-16T12:48:52Z', 'revision_number': 4, 'project_id': 'ddbe598a96134b51a5bca4d2a1a90423', 'gw_port': {'id': '956a203b-f1b8-434e-b3fc-66796d84a6bf', 'name': '', 'network_id': '7849f16d-143a-418c-8818-91d95c42cd3c', 'tenant_id': '', 'mac_address': 'fa:16:3e:c1:bb:a2', 'admin_state_up': True, 'status': 'DOWN', 'device_id': '3183f002-9793-4e77-b434-053277705806', 'device_owner': 'network:router_gateway', 'standard_attr_id': 50, 'fixed_ips': [{'subnet_id': 'b18b97b7-6351-405a-9130-ed72b033c2e9', 'ip_address': '172.26.8.177', 'prefixlen': 24}], 'allowed_address_pairs': [], 'extra_dhcp_opts': [], 'security_groups': [], 'description': '', 'binding:vnic_type': 'normal', 'binding:profile': {}, 'binding:host_id': 'dv-neutron-828697-2-hyperv', 'binding:vif_type': 'ovs', 'binding:vif_details': {'connectivity': 'l2', 'port_filter': True, 'ovs_hybrid_plug': False, 'datapath_type': 'system', 'bridge_name': 'br-int'}, 'port_security_enabled': False, 'tags': [], 'created_at': '2022-02-16T12:48:46Z', 'updated_at': '2022-02-16T12:48:52Z', 'revision_number': 3, 'project_id': '', 'subnets': [{'id': 'b18b97b7-6351-405a-9130-ed72b033c2e9', 'cidr': '172.26.8.0/24', 'gateway_ip': '172.26.8.1', 'dns_nameservers': [], 'ipv6_ra_mode': None, 'subnetpool_id': None}], 'extra_subnets': [], 'address_scopes': {4: None, 6: None}, 'mtu': 1500}, 'enable_snat': True, 'gw_port_host': 'dv-neutron-828697-2-hyperv', '_interfaces': [{'id': 'e17825cf-1e8d-49b0-91a6-389f40aaf90e', 'name': '', 'network_id': 'd3ea1157-64f8-4b18-8982-776c6c4f0ee7', 'tenant_id': 'ddbe598a96134b51a5bca4d2a1a90423', 'mac_address': 'fa:16:3e:44:77:38', 'admin_state_up': True, 'status': 'DOWN', 'device_id': '3183f002-9793-4e77-b434-053277705806', 'device_owner': 'network:router_interface', 'standard_attr_id': 90, 'fixed_ips': [{'subnet_id': 'f1e677bb-beec-49ab-8e58-66c5514a4716', 'ip_address': '172.20.0.1', 'prefixlen': 28}], 'allowed_address_pairs': [], 'extra_dhcp_opts': [], 'security_groups': [], 'description': '', 'binding:vnic_type': 'normal', 'binding:profile': {}, 'binding:host_id': '', 'binding:vif_type': 'unbound', 'binding:vif_details': {}, 'port_security_enabled': False, 'tags': [], 'created_at': '2022-02-16T12:48:51Z', 'updated_at': '2022-02-16T12:48:52Z', 'revision_number': 2, 'project_id': 'ddbe598a96134b51a5bca4d2a1a90423', 'subnets': [{'id': 'f1e677bb-beec-49ab-8e58-66c5514a4716', 'cidr': '172.20.0.0/28', 'gateway_ip': '172.20.0.1', 'dns_nameservers': [], 'ipv6_ra_mode': None, 'subnetpool_id': None}], 'extra_subnets': [], 'address_scopes': {4: None, 6: None}, 'mtu': 1500}]}], 'dv-neutron-828697-2-hyperv', False) {} {{(pid=114559) wrapper /usr/local/lib/python3.8/dist-packages/oslo_log/helpers.py:65}}
Feb 16 12:48:56.759464 dv-neutron-828697-2-hyperv neutron-server[114558]: DEBUG neutron_lib.callbacks.manager [None req-2a5fa999-0cde-46ff-b9d8-e447b7a5ca88 tempest-FloatingIPAdminTestJSON-32296089 tempest-FloatingIPAdminTestJSON-32296089-project] Notify callbacks [] for security_group, before_create {{(pid=114558) _notify_loop /usr/local/lib/python3.8/dist-packages/neutron_lib/callbacks/manager.py:192}}
Feb 16 12:48:56.786901 dv-neutron-828697-2-hyperv neutron-server[114559]: DEBUG neutron.api.rpc.handlers.l3_rpc [None req-2bdc6b70-6a75-4c56-b116-8295c9fc63b1 None None] Checking router: 3183f002-9793-4e77-b434-053277705806 for host: dv-neutron-828697-2-hyperv {{(pid=114559) _ensure_host_set_on_ports /opt/stack/neutron/neutron/api/rpc/handlers/l3_rpc.py:155}}
Feb 16 12:48:56.787507 dv-neutron-828697-2-hyperv neutron-server[114559]: DEBUG neutron.api.rpc.handlers.l3_rpc [None req-2bdc6b70-6a75-4c56-b116-8295c9fc63b1 None None] Updating router 3183f002-9793-4e77-b434-053277705806 port e17825cf-1e8d-49b0-91a6-389f40aaf90e binding host dv-neutron-828697-2-hyperv {{(pid=114559) _ensure_host_set_on_port /opt/stack/neutron/neutron/api/rpc/handlers/l3_rpc.py:205}}
Feb 16 12:48:56.788978 dv-neutron-828697-2-hyperv neutron-server[114558]: DEBUG neutron_lib.callbacks.manager [None req-be24da6f-ab5b-47ad-b8e2-3ba43aae2136 tempest-RoutersIpV6AdminTest-1756856388 tempest-RoutersIpV6AdminTest-1756856388-project-admin] Notify callbacks ['neutron.plugins.ml2.plugin.SecurityGroupDbMixin._ensure_default_security_group_handler-1582547'] for port, before_create {{(pid=114558) _notify_loop /usr/local/lib/python3.8/dist-packages/neutron_lib/callbacks/manager.py:192}}
Feb 16 12:48:56.799314 dv-neutron-828697-2-hyperv neutron-server[114560]: DEBUG neutron.db.l3_dvr_db [None req-409bce99-af9a-4f10-93ee-540d3972fe7c None None] Set router be924c97-e092-4636-a7bd-92376947d019 gateway port host: dv-neutron-828697-2-hyperv {{(pid=114560) _build_routers_list /opt/stack/neutron/neutron/db/l3_dvr_db.py:906}}
Feb 16 12:48:56.811715 dv-neutron-828697-2-hyperv neutron-server[114559]: DEBUG neutron_lib.callbacks.manager [None req-bf3dfff0-b616-4d57-b38e-95a3fd8c5ff5 None None] Notify callbacks ['neutron.plugins.ml2.plugin.SecurityGroupServerNotifierRpcMixin._notify_sg_on_port_change-1582348', 'neutron.plugins.ml2.ovo_rpc._ObjectChangeHandler.handle_event-251892', 'neutron.api.rpc.agentnotifiers.dhcp_rpc_agent_api.DhcpAgentNotifyAPI._native_event_send_dhcp_notification-607484', 'neutron.db.l3_db.L3RpcNotifierMixin._notify_gateway_port_ip_changed-8750870881904', 'neutron.db.l3_dvrscheduler_db._notify_l3_agent_port_update-8750870466699', 'neutron.db.l3_hascheduler_db._notify_l3_agent_ha_port_update-8750870466717'] for port, after_update {{(pid=114559) _notify_loop /usr/local/lib/python3.8/dist-packages/neutron_lib/callbacks/manager.py:192}}
Feb 16 12:48:56.812732 dv-neutron-828697-2-hyperv neutron-server[114559]: DEBUG neutron.plugins.ml2.rpc [None req-bf3dfff0-b616-4d57-b38e-95a3fd8c5ff5 None None] Device 6d6032c9-432e-49ba-b13d-840e15787924 up at agent ovs-agent-dv-neutron-828697-2-hyperv {{(pid=114559) update_device_up /opt/stack/neutron/neutron/plugins/ml2/rpc.py:296}}
Feb 16 12:48:56.869464 dv-neutron-828697-2-hyperv neutron-server[114559]: DEBUG neutron_lib.callbacks.manager [None req-2bdc6b70-6a75-4c56-b116-8295c9fc63b1 None None] Notify callbacks ['neutron.plugins.ml2.plugin.SecurityGroupDbMixin._ensure_default_security_group_handler-1582547'] for port, before_update {{(pid=114559) _notify_loop /usr/local/lib/python3.8/dist-packages/neutron_lib/callbacks/manager.py:192}}
Feb 16 12:48:56.881593 dv-neutron-828697-2-hyperv neutron-server[114557]: DEBUG neutron_lib.callbacks.manager [None req-4af4942b-9d73-4eb3-b149-0b1fb451b692 tempest-ServersTestManualDisk-1013203542 tempest-ServersTestManualDisk-1013203542-project] Notify callbacks [] for security_group, precommit_create {{(pid=114557) _notify_loop /usr/local/lib/python3.8/dist-packages/neutron_lib/callbacks/manager.py:192}}
Feb 16 12:48:56.902316 dv-neutron-828697-2-hyperv neutron-server[114557]: DEBUG neutron_lib.callbacks.manager [None req-728baf31-8997-44f8-a26d-e4d9d9c52446 tempest-ExtraDHCPOptionsTestJSON-707514450 tempest-ExtraDHCPOptionsTestJSON-707514450-project] Notify callbacks [] for port, precommit_create {{(pid=114557) _notify_loop /usr/local/lib/python3.8/dist-packages/neutron_lib/callbacks/manager.py:192}}
Feb 16 12:48:56.942351 dv-neutron-828697-2-hyperv neutron-server[114559]: DEBUG neutron.api.rpc.handlers.resources_rpc [None req-bf3dfff0-b616-4d57-b38e-95a3fd8c5ff5 None None] Pushing event updated for resources: {'Port': ['ID=956a203b-f1b8-434e-b3fc-66796d84a6bf,revision_number=4']} {{(pid=114559) push /opt/stack/neutron/neutron/api/rpc/handlers/resources_rpc.py:237}}
Feb 16 12:48:57.021138 dv-neutron-828697-2-hyperv neutron-server[114558]: DEBUG neutron_lib.callbacks.manager [None req-2a5fa999-0cde-46ff-b9d8-e447b7a5ca88 tempest-FloatingIPAdminTestJSON-32296089 tempest-FloatingIPAdminTestJSON-32296089-project] Notify callbacks [] for security_group, precommit_create {{(pid=114558) _notify_loop /usr/local/lib/python3.8/dist-packages/neutron_lib/callbacks/manager.py:192}}
Feb 16 12:48:57.098595 dv-neutron-828697-2-hyperv neutron-server[114557]: DEBUG neutron_lib.callbacks.manager [None req-f1860e9c-a272-4ef9-ac08-b8488bff20a8 tempest-RoutersAdminTest-1436385661 tempest-RoutersAdminTest-1436385661-project-admin] Notify callbacks [] for port, precommit_create {{(pid=114557) _notify_loop /usr/local/lib/python3.8/dist-packages/neutron_lib/callbacks/manager.py:192}}
Feb 16 12:48:57.099840 dv-neutron-828697-2-hyperv neutron-server[114557]: DEBUG neutron_lib.callbacks.manager [None req-4af4942b-9d73-4eb3-b149-0b1fb451b692 tempest-ServersTestManualDisk-1013203542 tempest-ServersTestManualDisk-1013203542-project] Notify callbacks ['neutron.plugins.ml2.ovo_rpc._ObjectChangeHandler.handle_event-587977'] for security_group, after_create {{(pid=114557) _notify_loop /usr/local/lib/python3.8/dist-packages/neutron_lib/callbacks/manager.py:192}}
Feb 16 12:48:57.101934 dv-neutron-828697-2-hyperv neutron-server[114557]: DEBUG neutron.scheduler.l3_agent_scheduler [None req-37aa0789-447c-49aa-aa88-bde37b197966 admin admin] Router 18f92367-16b1-4307-ba0f-11b1aed84e64 is scheduled to L3 agent a92b51d3-d012-416b-bda7-61cdd2092c52 with binding_index 1 {{(pid=114557) bind_router /opt/stack/neutron/neutron/scheduler/l3_agent_scheduler.py:209}}
Feb 16 12:48:57.112456 dv-neutron-828697-2-hyperv neutron-server[114558]: DEBUG neutron_lib.callbacks.manager [None req-2a5fa999-0cde-46ff-b9d8-e447b7a5ca88 tempest-FloatingIPAdminTestJSON-32296089 tempest-FloatingIPAdminTestJSON-32296089-project] Notify callbacks ['neutron.plugins.ml2.ovo_rpc._ObjectChangeHandler.handle_event-587977'] for security_group, after_create {{(pid=114558) _notify_loop /usr/local/lib/python3.8/dist-packages/neutron_lib/callbacks/manager.py:192}}
Feb 16 12:48:57.138487 dv-neutron-828697-2-hyperv neutron-server[114557]: DEBUG neutron.wsgi [-] (114557) accepted ('10.222.0.72', 49574) {{(pid=114557) server /usr/local/lib/python3.8/dist-packages/eventlet/wsgi.py:982}}
Feb 16 12:48:57.161739 dv-neutron-828697-2-hyperv neutron-server[114560]: DEBUG neutron.db.l3_hamode_db [None req-409bce99-af9a-4f10-93ee-540d3972fe7c None None] neutron.services.l3_router.l3_router_plugin.L3RouterPlugin method _process_sync_ha_data called with arguments (, [{'id': 'be924c97-e092-4636-a7bd-92376947d019', 'name': 'tempest-ServersTestJSON-1720666173-router', 'tenant_id': '5dd03bae5f49495ab8213f6dd38938a1', 'admin_state_up': True, 'status': 'ACTIVE', 'external_gateway_info': {'network_id': '7849f16d-143a-418c-8818-91d95c42cd3c', 'external_fixed_ips': [{'subnet_id': 'b18b97b7-6351-405a-9130-ed72b033c2e9', 'ip_address': '172.26.8.190'}], 'enable_snat': True}, 'gw_port_id': '972229cb-ce33-4ff0-afcd-938a342bc03e', 'description': '', 'availability_zones': ['nova'], 'distributed': False, 'ha': False, 'ha_vr_id': 0, 'availability_zone_hints': [], 'routes': [], 'flavor_id': None, 'tags': [], 'created_at': '2022-02-16T12:48:47Z', 'updated_at': '2022-02-16T12:48:52Z', 'revision_number': 3, 'project_id': '5dd03bae5f49495ab8213f6dd38938a1', 'gw_port': {'id': '972229cb-ce33-4ff0-afcd-938a342bc03e', 'name': '', 'network_id': '7849f16d-143a-418c-8818-91d95c42cd3c', 'tenant_id': '', 'mac_address': 'fa:16:3e:01:f3:c0', 'admin_state_up': True, 'status': 'DOWN', 'device_id': 'be924c97-e092-4636-a7bd-92376947d019', 'device_owner': 'network:router_gateway', 'standard_attr_id': 82, 'fixed_ips': [{'subnet_id': 'b18b97b7-6351-405a-9130-ed72b033c2e9', 'ip_address': '172.26.8.190', 'prefixlen': 24}], 'allowed_address_pairs': [], 'extra_dhcp_opts': [], 'security_groups': [], 'description': '', 'binding:vnic_type': 'normal', 'binding:profile': {}, 'binding:host_id': '', 'binding:vif_type': 'unbound', 'binding:vif_details': {}, 'port_security_enabled': False, 'tags': [], 'created_at': '2022-02-16T12:48:49Z', 'updated_at': '2022-02-16T12:48:50Z', 'revision_number': 1, 'project_id': '', 'subnets': [{'id': 'b18b97b7-6351-405a-9130-ed72b033c2e9', 'cidr': '172.26.8.0/24', 'gateway_ip': '172.26.8.1', 'dns_nameservers': [], 'ipv6_ra_mode': None, 'subnetpool_id': None}], 'extra_subnets': [], 'address_scopes': {4: None, 6: None}, 'mtu': 1500}, 'enable_snat': True, 'gw_port_host': 'dv-neutron-828697-2-hyperv'}], 'dv-neutron-828697-2-hyperv', False) {} {{(pid=114560) wrapper /usr/local/lib/python3.8/dist-packages/oslo_log/helpers.py:65}}
Feb 16 12:48:57.185142 dv-neutron-828697-2-hyperv neutron-server[114557]: DEBUG neutron_lib.callbacks.manager [None req-45edff9a-294a-476f-8f1b-96d99da4e013 admin admin] Notify callbacks [] for security_group, before_create {{(pid=114557) _notify_loop /usr/local/lib/python3.8/dist-packages/neutron_lib/callbacks/manager.py:192}}
Feb 16 12:48:57.200283 dv-neutron-828697-2-hyperv neutron-server[114560]: DEBUG neutron.api.rpc.handlers.l3_rpc [None req-409bce99-af9a-4f10-93ee-540d3972fe7c None None] Checking router: be924c97-e092-4636-a7bd-92376947d019 for host: dv-neutron-828697-2-hyperv {{(pid=114560) _ensure_host_set_on_ports /opt/stack/neutron/neutron/api/rpc/handlers/l3_rpc.py:155}}
Feb 16 12:48:57.200632 dv-neutron-828697-2-hyperv neutron-server[114560]: DEBUG neutron.api.rpc.handlers.l3_rpc [None req-409bce99-af9a-4f10-93ee-540d3972fe7c None None] Updating router be924c97-e092-4636-a7bd-92376947d019 port 972229cb-ce33-4ff0-afcd-938a342bc03e binding host dv-neutron-828697-2-hyperv {{(pid=114560) _ensure_host_set_on_port /opt/stack/neutron/neutron/api/rpc/handlers/l3_rpc.py:205}}
Feb 16 12:48:57.229561 dv-neutron-828697-2-hyperv neutron-server[114560]: DEBUG neutron_lib.callbacks.manager [None req-409bce99-af9a-4f10-93ee-540d3972fe7c None None] Notify callbacks ['neutron.plugins.ml2.plugin.SecurityGroupDbMixin._ensure_default_security_group_handler-1582547'] for port, before_update {{(pid=114560) _notify_loop /usr/local/lib/python3.8/dist-packages/neutron_lib/callbacks/manager.py:192}}
Feb 16 12:48:57.235783 dv-neutron-828697-2-hyperv neutron-server[114557]: DEBUG neutron.api.rpc.handlers.resources_rpc [None req-4af4942b-9d73-4eb3-b149-0b1fb451b692 tempest-ServersTestManualDisk-1013203542 tempest-ServersTestManualDisk-1013203542-project] Pushing event updated for resources: {'SecurityGroup': ['ID=76a2479f-67c1-4d9f-a0db-8f23a9c43e8c,revision_number=1']} {{(pid=114557) push /opt/stack/neutron/neutron/api/rpc/handlers/resources_rpc.py:237}}
Feb 16 12:48:57.269940 dv-neutron-828697-2-hyperv neutron-server[114558]: DEBUG neutron.plugins.ml2.drivers.helpers [None req-2a5fa999-0cde-46ff-b9d8-e447b7a5ca88 tempest-FloatingIPAdminTestJSON-32296089 tempest-FloatingIPAdminTestJSON-32296089-project] vlan segment allocate from pool success with {'vlan_id': 522, 'physical_network': 'physnet1'} {{(pid=114558) allocate_partially_specified_segment /opt/stack/neutron/neutron/plugins/ml2/drivers/helpers.py:153}}
