Feb 16 12:49:11.674082 dv-neutron-828697-2-hyperv neutron-server[114557]: INFO neutron.wsgi [None req-25540d1b-66dd-42aa-888b-e4e44b29437b tempest-RoutersIpV6AdminTest-1756856388 tempest-RoutersIpV6AdminTest-1756856388-project-admin] 10.222.0.72 "DELETE /v2.0/routers/500c62fe-e285-42a5-8127-6f2bd04209ea HTTP/1.1" status: 204 len: 168 time: 0.7940247
Feb 16 12:49:11.767981 dv-neutron-828697-2-hyperv neutron-server[114559]: DEBUG neutron.api.rpc.handlers.resources_rpc [None req-5f2b195a-6914-428c-8262-a973ab7a3d1d None None] Pushing event updated for resources: {'Port': ['ID=814fbf7e-9fe5-46e7-919a-ba77e0ddfade,revision_number=2']} {{(pid=114559) push /opt/stack/neutron/neutron/api/rpc/handlers/resources_rpc.py:237}}
Feb 16 12:49:11.781012 dv-neutron-828697-2-hyperv neutron-server[114558]: DEBUG neutron_lib.callbacks.manager [None req-1f8c46ab-3a76-4c0d-a2df-5063025b8cd6 tempest-ServerActionsTestJSON-1128214559 tempest-ServerActionsTestJSON-1128214559-project] Notify callbacks [] for floatingip, precommit_create {{(pid=114558) _notify_loop /usr/local/lib/python3.8/dist-packages/neutron_lib/callbacks/manager.py:192}}
Feb 16 12:49:11.783207 dv-neutron-828697-2-hyperv neutron-server[114558]: DEBUG neutron.plugins.ml2.plugin [None req-15e74216-f98b-4399-b5dc-6627b37045da tempest-RoutersAdminTest-1436385661 tempest-RoutersAdminTest-1436385661-project-admin] Deleting port 814fbf7e-9fe5-46e7-919a-ba77e0ddfade {{(pid=114558) _pre_delete_port /opt/stack/neutron/neutron/plugins/ml2/plugin.py:1954}}
Feb 16 12:49:11.783541 dv-neutron-828697-2-hyperv neutron-server[114558]: DEBUG neutron_lib.callbacks.manager [None req-15e74216-f98b-4399-b5dc-6627b37045da tempest-RoutersAdminTest-1436385661 tempest-RoutersAdminTest-1436385661-project-admin] Notify callbacks ['neutron.db.l3_db.L3_NAT_dbonly_mixin._prevent_l3_port_delete_callback-8750870880862'] for port, before_delete {{(pid=114558) _notify_loop /usr/local/lib/python3.8/dist-packages/neutron_lib/callbacks/manager.py:192}}
Feb 16 12:49:11.837574 dv-neutron-828697-2-hyperv neutron-server[114559]: DEBUG neutron.plugins.ml2.managers [None req-d581f6ae-5d6f-4de1-a9a9-ef5ed3736c5e None None] Attempting to bind port 814fbf7e-9fe5-46e7-919a-ba77e0ddfade on host dv-neutron-828697-2-hyperv for vnic_type normal with profile {{(pid=114559) bind_port /opt/stack/neutron/neutron/plugins/ml2/managers.py:790}}
Feb 16 12:49:11.841820 dv-neutron-828697-2-hyperv neutron-server[114559]: DEBUG neutron.plugins.ml2.managers [None req-d581f6ae-5d6f-4de1-a9a9-ef5ed3736c5e None None] Attempting to bind port 814fbf7e-9fe5-46e7-919a-ba77e0ddfade by drivers openvswitch,hyperv on host dv-neutron-828697-2-hyperv at level 0 using segments [{'id': '76be5553-517d-46e6-966d-5af0fec47b10', 'network_type': 'vlan', 'physical_network': 'physnet1', 'segmentation_id': 542, 'network_id': '1eaffd71-85ef-4dec-9bec-7acc638ed1e0'}] {{(pid=114559) _bind_port_level /opt/stack/neutron/neutron/plugins/ml2/managers.py:815}}
Feb 16 12:49:11.842262 dv-neutron-828697-2-hyperv neutron-server[114559]: DEBUG neutron.plugins.ml2.drivers.mech_agent [None req-d581f6ae-5d6f-4de1-a9a9-ef5ed3736c5e None None] Attempting to bind port 814fbf7e-9fe5-46e7-919a-ba77e0ddfade on network 1eaffd71-85ef-4dec-9bec-7acc638ed1e0 {{(pid=114559) bind_port /opt/stack/neutron/neutron/plugins/ml2/drivers/mech_agent.py:91}}
Feb 16 12:49:11.847434 dv-neutron-828697-2-hyperv neutron-server[114557]: DEBUG neutron_lib.callbacks.manager [None req-fbd856d2-6d50-4662-8cda-4349602faf35 tempest-ServersTestJSON-1594037220 tempest-ServersTestJSON-1594037220-project] Notify callbacks [] for port, precommit_create {{(pid=114557) _notify_loop /usr/local/lib/python3.8/dist-packages/neutron_lib/callbacks/manager.py:192}}
Feb 16 12:49:11.863384 dv-neutron-828697-2-hyperv neutron-server[114559]: DEBUG neutron.plugins.ml2.drivers.mech_agent [None req-d581f6ae-5d6f-4de1-a9a9-ef5ed3736c5e None None] Checking agent: {'id': '17cfee5e-7272-4caa-8d1f-00e68b80de94', 'agent_type': 'Open vSwitch agent', 'binary': 'neutron-openvswitch-agent', 'topic': 'N/A', 'host': 'dv-neutron-828697-2-hyperv', 'admin_state_up': True, 'created_at': datetime.datetime(2022, 2, 16, 12, 40, 50), 'started_at': datetime.datetime(2022, 2, 16, 12, 41, 20), 'heartbeat_timestamp': datetime.datetime(2022, 2, 16, 12, 48, 50), 'description': None, 'resources_synced': None, 'availability_zone': None, 'alive': True, 'configurations': {'arp_responder_enabled': False, 'baremetal_smartnic': False, 'bridge_mappings': {'physnet1': 'br-data'}, 'datapath_type': 'system', 'devices': 0, 'enable_distributed_routing': False, 'extensions': [], 'in_distributed_mode': False, 'integration_bridge': 'br-int', 'l2_population': False, 'log_agent_heartbeats': False, 'ovs_capabilities': {'datapath_types': ['netdev', 'system'], 'iface_types': ['erspan', 'geneve', 'gre', 'internal', 'ip6erspan', 'ip6gre', 'lisp', 'patch', 'stt', 'system', 'tap', 'vxlan']}, 'ovs_hybrid_plug': False, 'resource_provider_bandwidths': {}, 'resource_provider_hypervisors': {'br-data': 'dv-neutron-828697-2-hyperv'}, 'resource_provider_inventory_defaults': {'allocation_ratio': 1.0, 'min_unit': 1, 'step_size': 1, 'reserved': 0}, 'tunnel_types': [], 'tunneling_ip': None, 'vhostuser_socket_dir': '/var/run/openvswitch'}, 'resource_versions': {'AddressGroup': '1.2', 'ConntrackHelper': '1.0', 'Log': '1.0', 'Network': '1.1', 'Port': '1.7', 'PortForwarding': '1.2', 'QosPolicy': '1.9', 'SecurityGroup': '1.4', 'SecurityGroupRule': '1.2', 'SubPort': '1.0', 'Subnet': '1.1', 'Trunk': '1.1'}} {{(pid=114559) bind_port /opt/stack/neutron/neutron/plugins/ml2/drivers/mech_agent.py:110}}
Feb 16 12:49:11.863896 dv-neutron-828697-2-hyperv neutron-server[114559]: DEBUG neutron.plugins.ml2.drivers.mech_agent [None req-d581f6ae-5d6f-4de1-a9a9-ef5ed3736c5e None None] Checking segment: {'id': '76be5553-517d-46e6-966d-5af0fec47b10', 'network_type': 'vlan', 'physical_network': 'physnet1', 'segmentation_id': 542, 'network_id': '1eaffd71-85ef-4dec-9bec-7acc638ed1e0'} for mappings: {'physnet1': 'br-data'} with network types: ['local', 'flat', 'vlan'] {{(pid=114559) check_segment_for_agent /opt/stack/neutron/neutron/plugins/ml2/drivers/mech_agent.py:360}}
Feb 16 12:49:11.864240 dv-neutron-828697-2-hyperv neutron-server[114559]: DEBUG neutron_lib.callbacks.manager [None req-d581f6ae-5d6f-4de1-a9a9-ef5ed3736c5e None None] Notify callbacks [] for ovs_bridge_name, before_read {{(pid=114559) _notify_loop /usr/local/lib/python3.8/dist-packages/neutron_lib/callbacks/manager.py:192}}
Feb 16 12:49:11.864636 dv-neutron-828697-2-hyperv neutron-server[114559]: DEBUG neutron.plugins.ml2.drivers.mech_agent [None req-d581f6ae-5d6f-4de1-a9a9-ef5ed3736c5e None None] Bound using segment: {'id': '76be5553-517d-46e6-966d-5af0fec47b10', 'network_type': 'vlan', 'physical_network': 'physnet1', 'segmentation_id': 542, 'network_id': '1eaffd71-85ef-4dec-9bec-7acc638ed1e0'} {{(pid=114559) bind_port /opt/stack/neutron/neutron/plugins/ml2/drivers/mech_agent.py:120}}
Feb 16 12:49:11.867473 dv-neutron-828697-2-hyperv neutron-server[114559]: DEBUG neutron.plugins.ml2.managers [None req-d581f6ae-5d6f-4de1-a9a9-ef5ed3736c5e None None] Bound port: 814fbf7e-9fe5-46e7-919a-ba77e0ddfade, host: dv-neutron-828697-2-hyperv, vif_type: ovs, vif_details: {"connectivity": "l2", "port_filter": true, "ovs_hybrid_plug": false, "datapath_type": "system", "bridge_name": "br-int"}, binding_levels: [{'bound_driver': 'openvswitch', 'bound_segment': {'id': '76be5553-517d-46e6-966d-5af0fec47b10', 'network_type': 'vlan', 'physical_network': 'physnet1', 'segmentation_id': 542, 'network_id': '1eaffd71-85ef-4dec-9bec-7acc638ed1e0'}}] {{(pid=114559) _bind_port_level /opt/stack/neutron/neutron/plugins/ml2/managers.py:928}}
Feb 16 12:49:11.868820 dv-neutron-828697-2-hyperv neutron-server[114559]: DEBUG neutron_lib.callbacks.manager [None req-d581f6ae-5d6f-4de1-a9a9-ef5ed3736c5e None None] Notify callbacks ['neutron.plugins.ml2.plugin.SecurityGroupDbMixin._ensure_default_security_group_handler-1582547'] for port, before_update {{(pid=114559) _notify_loop /usr/local/lib/python3.8/dist-packages/neutron_lib/callbacks/manager.py:192}}
Feb 16 12:49:12.021607 dv-neutron-828697-2-hyperv neutron-server[114558]: DEBUG neutron.api.rpc.agentnotifiers.l3_rpc_agent_api [None req-ef2aafeb-4444-4060-9a3a-c2bb324f72ff tempest-FloatingIPAdminTestJSON-32296089 tempest-FloatingIPAdminTestJSON-32296089-project] Notify agent at l3_agent.dv-neutron-828697-2-hyperv the message routers_updated {{(pid=114558) _agent_notification /opt/stack/neutron/neutron/api/rpc/agentnotifiers/l3_rpc_agent_api.py:65}}
Feb 16 12:49:12.032977 dv-neutron-828697-2-hyperv neutron-server[114557]: DEBUG neutron_lib.callbacks.manager [None req-fbd856d2-6d50-4662-8cda-4349602faf35 tempest-ServersTestJSON-1594037220 tempest-ServersTestJSON-1594037220-project] Notify callbacks ['neutron.plugins.ml2.plugin.SecurityGroupServerNotifierRpcMixin._notify_sg_on_port_change-1582348', 'neutron.plugins.ml2.ovo_rpc._ObjectChangeHandler.handle_event-251892', 'neutron.api.rpc.agentnotifiers.dhcp_rpc_agent_api.DhcpAgentNotifyAPI._native_event_send_dhcp_notification-607484', 'neutron.db.l3_dvrscheduler_db._notify_l3_agent_new_port-8750870466681', 'neutron.services.segments.plugin.NovaSegmentNotifier._notify_port_created_or_deleted-15608271'] for port, after_create {{(pid=114557) _notify_loop /usr/local/lib/python3.8/dist-packages/neutron_lib/callbacks/manager.py:192}}
Feb 16 12:49:12.036595 dv-neutron-828697-2-hyperv neutron-server[114560]: DEBUG neutron.api.rpc.handlers.l3_rpc [None req-71789f42-4c3c-410e-b20d-fa8ce1613eb2 None None] Sync routers for ids ['6e427c26-ca8c-4ef5-8efe-37a3644e37f6'] in dv-neutron-828697-2-hyperv {{(pid=114560) sync_routers /opt/stack/neutron/neutron/api/rpc/handlers/l3_rpc.py:125}}
Feb 16 12:49:12.041470 dv-neutron-828697-2-hyperv neutron-server[114559]: DEBUG neutron.plugins.ml2.db [None req-d581f6ae-5d6f-4de1-a9a9-ef5ed3736c5e None None] For port 814fbf7e-9fe5-46e7-919a-ba77e0ddfade, host dv-neutron-828697-2-hyperv, cleared binding levels {{(pid=114559) clear_binding_levels /opt/stack/neutron/neutron/plugins/ml2/db.py:87}}
Feb 16 12:49:12.053271 dv-neutron-828697-2-hyperv neutron-server[114559]: DEBUG neutron.plugins.ml2.db [None req-d581f6ae-5d6f-4de1-a9a9-ef5ed3736c5e None None] For port 814fbf7e-9fe5-46e7-919a-ba77e0ddfade, host dv-neutron-828697-2-hyperv, set binding levels [PortBindingLevel(driver='openvswitch',host='dv-neutron-828697-2-hyperv',level=0,port_id=814fbf7e-9fe5-46e7-919a-ba77e0ddfade,segment=NetworkSegment(76be5553-517d-46e6-966d-5af0fec47b10),segment_id=76be5553-517d-46e6-966d-5af0fec47b10)] {{(pid=114559) set_binding_levels /opt/stack/neutron/neutron/plugins/ml2/db.py:59}}
Feb 16 12:49:12.073057 dv-neutron-828697-2-hyperv neutron-server[114560]: DEBUG neutron.db.l3_dvrscheduler_db [None req-71789f42-4c3c-410e-b20d-fa8ce1613eb2 None None] Routers {'6e427c26-ca8c-4ef5-8efe-37a3644e37f6'} bound to L3 agent in host dv-neutron-828697-2-hyperv {{(pid=114560) _get_router_ids_for_agent /opt/stack/neutron/neutron/db/l3_dvrscheduler_db.py:421}}
Feb 16 12:49:12.073911 dv-neutron-828697-2-hyperv neutron-server[114560]: DEBUG neutron.db.l3_hamode_db [None req-71789f42-4c3c-410e-b20d-fa8ce1613eb2 None None] neutron.services.l3_router.l3_router_plugin.L3RouterPlugin method get_ha_sync_data_for_host called with arguments (, 'dv-neutron-828697-2-hyperv', Agent(admin_state_up=True,agent_type='L3 agent',availability_zone='nova',binary='neutron-l3-agent',configurations={"agent_mode": "legacy", "ex_gw_ports": 1, "extensions": [], "floating_ips": 0, "handle_internal_only_routers": true, "interface_driver": "openvswitch", "interfaces": 1, "log_agent_heartbeats": false, "routers": 1},created_at=2022-02-16T12:40:47Z,description=,heartbeat_timestamp=2022-02-16T12:48:47Z,host='dv-neutron-828697-2-hyperv',id=a92b51d3-d012-416b-bda7-61cdd2092c52,load=0,resource_versions=,resources_synced=,started_at=2022-02-16T12:40:47Z,topic='l3_agent')) {'router_ids': ['6e427c26-ca8c-4ef5-8efe-37a3644e37f6'], 'active': True} {{(pid=114560) wrapper /usr/local/lib/python3.8/dist-packages/oslo_log/helpers.py:65}}
Feb 16 12:49:12.105953 dv-neutron-828697-2-hyperv neutron-server[114558]: DEBUG neutron_lib.callbacks.manager [None req-1f8c46ab-3a76-4c0d-a2df-5063025b8cd6 tempest-ServerActionsTestJSON-1128214559 tempest-ServerActionsTestJSON-1128214559-project] Notify callbacks ['neutron.plugins.ml2.plugin.SecurityGroupDbMixin._ensure_default_security_group_handler-1582547'] for port, before_update {{(pid=114558) _notify_loop /usr/local/lib/python3.8/dist-packages/neutron_lib/callbacks/manager.py:192}}
Feb 16 12:49:12.124471 dv-neutron-828697-2-hyperv neutron-server[114559]: DEBUG neutron_lib.callbacks.manager [None req-d581f6ae-5d6f-4de1-a9a9-ef5ed3736c5e None None] Notify callbacks ['neutron.plugins.ml2.plugin.SecurityGroupServerNotifierRpcMixin._notify_sg_on_port_change-1582348', 'neutron.plugins.ml2.ovo_rpc._ObjectChangeHandler.handle_event-251892', 'neutron.api.rpc.agentnotifiers.dhcp_rpc_agent_api.DhcpAgentNotifyAPI._native_event_send_dhcp_notification-607484', 'neutron.db.l3_db.L3RpcNotifierMixin._notify_gateway_port_ip_changed-8750870881904', 'neutron.db.l3_dvrscheduler_db._notify_l3_agent_port_update-8750870466699', 'neutron.db.l3_hascheduler_db._notify_l3_agent_ha_port_update-8750870466717'] for port, after_update {{(pid=114559) _notify_loop /usr/local/lib/python3.8/dist-packages/neutron_lib/callbacks/manager.py:192}}
Feb 16 12:49:12.178340 dv-neutron-828697-2-hyperv neutron-server[114560]: DEBUG neutron.db.l3_hamode_db [None req-71789f42-4c3c-410e-b20d-fa8ce1613eb2 None None] neutron.services.l3_router.l3_router_plugin.L3RouterPlugin method _process_sync_ha_data called with arguments (, [], 'dv-neutron-828697-2-hyperv', False) {} {{(pid=114560) wrapper /usr/local/lib/python3.8/dist-packages/oslo_log/helpers.py:65}}
Feb 16 12:49:12.178680 dv-neutron-828697-2-hyperv neutron-server[114558]: DEBUG neutron_lib.callbacks.manager [None req-15e74216-f98b-4399-b5dc-6627b37045da tempest-RoutersAdminTest-1436385661 tempest-RoutersAdminTest-1436385661-project-admin] Notify callbacks ['neutron.services.l3_router.l3_router_plugin.L3_NAT_dbonly_mixin._precommit_delete_port_callback-667322'] for port, precommit_delete {{(pid=114558) _notify_loop /usr/local/lib/python3.8/dist-packages/neutron_lib/callbacks/manager.py:192}}
Feb 16 12:49:12.197178 dv-neutron-828697-2-hyperv neutron-server[114560]: DEBUG neutron.db.l3_dvrscheduler_db [None req-71789f42-4c3c-410e-b20d-fa8ce1613eb2 None None] Routers {'6e427c26-ca8c-4ef5-8efe-37a3644e37f6'} bound to L3 agent in host dv-neutron-828697-2-hyperv {{(pid=114560) _get_router_ids_for_agent /opt/stack/neutron/neutron/db/l3_dvrscheduler_db.py:421}}
Feb 16 12:49:12.197816 dv-neutron-828697-2-hyperv neutron-server[114560]: DEBUG neutron.db.l3_hamode_db [None req-71789f42-4c3c-410e-b20d-fa8ce1613eb2 None None] neutron.services.l3_router.l3_router_plugin.L3RouterPlugin method get_ha_sync_data_for_host called with arguments (, 'dv-neutron-828697-2-hyperv', Agent(admin_state_up=True,agent_type='L3 agent',availability_zone='nova',binary='neutron-l3-agent',configurations={"agent_mode": "legacy", "ex_gw_ports": 1, "extensions": [], "floating_ips": 0, "handle_internal_only_routers": true, "interface_driver": "openvswitch", "interfaces": 1, "log_agent_heartbeats": false, "routers": 1},created_at=2022-02-16T12:40:47Z,description=,heartbeat_timestamp=2022-02-16T12:48:47Z,host='dv-neutron-828697-2-hyperv',id=a92b51d3-d012-416b-bda7-61cdd2092c52,load=0,resource_versions=,resources_synced=,started_at=2022-02-16T12:40:47Z,topic='l3_agent')) {'router_ids': ['6e427c26-ca8c-4ef5-8efe-37a3644e37f6'], 'active': True} {{(pid=114560) wrapper /usr/local/lib/python3.8/dist-packages/oslo_log/helpers.py:65}}
Feb 16 12:49:12.202954 dv-neutron-828697-2-hyperv neutron-server[114558]: DEBUG neutron.plugins.ml2.plugin [None req-15e74216-f98b-4399-b5dc-6627b37045da tempest-RoutersAdminTest-1436385661 tempest-RoutersAdminTest-1436385661-project-admin] Calling delete_port for 814fbf7e-9fe5-46e7-919a-ba77e0ddfade owned by network:router_gateway {{(pid=114558) delete_port /opt/stack/neutron/neutron/plugins/ml2/plugin.py:2032}}
Feb 16 12:49:12.229066 dv-neutron-828697-2-hyperv neutron-server[114557]: INFO neutron.wsgi [req-aaa9a6d6-0609-48c8-9d8c-3513fcf99ff9 req-399a2610-f624-4358-9c34-87a3c9f0a3c1 tempest-ServersTestManualDisk-1013203542 tempest-ServersTestManualDisk-1013203542-project] 10.222.0.72 "GET /v2.0/ports?device_id=3481098b-5e47-43d3-8cbd-eff20e99c506 HTTP/1.1" status: 200 len: 210 time: 0.1155570
Feb 16 12:49:12.237871 dv-neutron-828697-2-hyperv neutron-server[114557]: DEBUG neutron.scheduler.dhcp_agent_scheduler [None req-fbd856d2-6d50-4662-8cda-4349602faf35 tempest-ServersTestJSON-1594037220 tempest-ServersTestJSON-1594037220-project] Network 7849f16d-143a-418c-8818-91d95c42cd3c is already hosted by enough agents. {{(pid=114557) _get_dhcp_agents_hosting_network /opt/stack/neutron/neutron/scheduler/dhcp_agent_scheduler.py:275}}
Feb 16 12:49:12.266145 dv-neutron-828697-2-hyperv neutron-server[114557]: DEBUG neutron.scheduler.base_scheduler [None req-fbd856d2-6d50-4662-8cda-4349602faf35 tempest-ServersTestJSON-1594037220 tempest-ServersTestJSON-1594037220-project] Resources bound (agent type, host, resource id): {{(pid=114557) schedule /opt/stack/neutron/neutron/scheduler/base_scheduler.py:57}}
Feb 16 12:49:12.266145 dv-neutron-828697-2-hyperv neutron-server[114557]: DEBUG neutron.api.rpc.handlers.resources_rpc [None req-fbd856d2-6d50-4662-8cda-4349602faf35 tempest-ServersTestJSON-1594037220 tempest-ServersTestJSON-1594037220-project] Pushing event updated for resources: {'Port': ['ID=54aa30e6-2db7-419b-99cb-9304c56646be,revision_number=1']} {{(pid=114557) push /opt/stack/neutron/neutron/api/rpc/handlers/resources_rpc.py:237}}
Feb 16 12:49:12.268274 dv-neutron-828697-2-hyperv neutron-server[114557]: DEBUG neutron.db.l3_dvrscheduler_db [None req-fbd856d2-6d50-4662-8cda-4349602faf35 tempest-ServersTestJSON-1594037220 tempest-ServersTestJSON-1594037220-project] Received port after_create {{(pid=114557) _notify_l3_agent_new_port /opt/stack/neutron/neutron/db/l3_dvrscheduler_db.py:536}}
Feb 16 12:49:12.292598 dv-neutron-828697-2-hyperv neutron-server[114560]: DEBUG neutron.db.l3_hamode_db [None req-71789f42-4c3c-410e-b20d-fa8ce1613eb2 None None] neutron.services.l3_router.l3_router_plugin.L3RouterPlugin method _process_sync_ha_data called with arguments (, [], 'dv-neutron-828697-2-hyperv', False) {} {{(pid=114560) wrapper /usr/local/lib/python3.8/dist-packages/oslo_log/helpers.py:65}}
Feb 16 12:49:12.300899 dv-neutron-828697-2-hyperv neutron-server[114560]: DEBUG neutron.api.rpc.handlers.l3_rpc [None req-71789f42-4c3c-410e-b20d-fa8ce1613eb2 None None] The sync data for ids ['6e427c26-ca8c-4ef5-8efe-37a3644e37f6'] in dv-neutron-828697-2-hyperv is: [] {{(pid=114560) sync_routers /opt/stack/neutron/neutron/api/rpc/handlers/l3_rpc.py:137}}
Feb 16 12:49:12.309034 dv-neutron-828697-2-hyperv neutron-server[114557]: DEBUG neutron.wsgi [-] (114557) accepted ('10.222.0.72', 49830) {{(pid=114557) server /usr/local/lib/python3.8/dist-packages/eventlet/wsgi.py:982}}
Feb 16 12:49:12.320284 dv-neutron-828697-2-hyperv neutron-server[114558]: DEBUG neutron_lib.callbacks.manager [None req-ef2aafeb-4444-4060-9a3a-c2bb324f72ff tempest-FloatingIPAdminTestJSON-32296089 tempest-FloatingIPAdminTestJSON-32296089-project] Notify callbacks [] for router, before_response {{(pid=114558) _notify_loop /usr/local/lib/python3.8/dist-packages/neutron_lib/callbacks/manager.py:192}}
Feb 16 12:49:12.323805 dv-neutron-828697-2-hyperv neutron-server[114558]: INFO neutron.wsgi [None req-ef2aafeb-4444-4060-9a3a-c2bb324f72ff tempest-FloatingIPAdminTestJSON-32296089 tempest-FloatingIPAdminTestJSON-32296089-project] 10.222.0.72 "POST /v2.0/routers HTTP/1.1" status: 201 len: 892 time: 9.3162615
Feb 16 12:49:12.324561 dv-neutron-828697-2-hyperv neutron-server[114558]: DEBUG neutron_lib.callbacks.manager [None req-2da0db46-684f-43ff-81ff-6d7c12458f6b tempest-RoutersAdminNegativeIpV6Test-1678826347 tempest-RoutersAdminNegativeIpV6Test-1678826347-project-admin] Notify callbacks [] for router, before_delete {{(pid=114558) _notify_loop /usr/local/lib/python3.8/dist-packages/neutron_lib/callbacks/manager.py:192}}
Feb 16 12:49:12.330080 dv-neutron-828697-2-hyperv neutron-server[114558]: DEBUG neutron.wsgi [-] (114558) accepted ('10.222.0.72', 49832) {{(pid=114558) server /usr/local/lib/python3.8/dist-packages/eventlet/wsgi.py:982}}
Feb 16 12:49:12.464039 dv-neutron-828697-2-hyperv neutron-server[114557]: DEBUG neutron_lib.callbacks.manager [None req-fbd856d2-6d50-4662-8cda-4349602faf35 tempest-ServersTestJSON-1594037220 tempest-ServersTestJSON-1594037220-project] Notify callbacks [] for floatingip, precommit_create {{(pid=114557) _notify_loop /usr/local/lib/python3.8/dist-packages/neutron_lib/callbacks/manager.py:192}}
Feb 16 12:49:12.489884 dv-neutron-828697-2-hyperv neutron-server[114559]: DEBUG neutron.db.l3_dvrscheduler_db [None req-d581f6ae-5d6f-4de1-a9a9-ef5ed3736c5e None None] Routers {'a1504ca7-c6b8-4ffc-ae51-6d3afe181f3a'} bound to L3 agent in host dv-neutron-828697-2-hyperv {{(pid=114559) _get_router_ids_for_agent /opt/stack/neutron/neutron/db/l3_dvrscheduler_db.py:421}}
Feb 16 12:49:12.490586 dv-neutron-828697-2-hyperv neutron-server[114559]: DEBUG neutron.db.l3_hamode_db [None req-d581f6ae-5d6f-4de1-a9a9-ef5ed3736c5e None None] neutron.services.l3_router.l3_router_plugin.L3RouterPlugin method get_ha_sync_data_for_host called with arguments (, 'dv-neutron-828697-2-hyperv', Agent(admin_state_up=True,agent_type='L3 agent',availability_zone='nova',binary='neutron-l3-agent',configurations={"agent_mode": "legacy", "ex_gw_ports": 1, "extensions": [], "floating_ips": 0, "handle_internal_only_routers": true, "interface_driver": "openvswitch", "interfaces": 1, "log_agent_heartbeats": false, "routers": 1},created_at=2022-02-16T12:40:47Z,description=,heartbeat_timestamp=2022-02-16T12:48:47Z,host='dv-neutron-828697-2-hyperv',id=a92b51d3-d012-416b-bda7-61cdd2092c52,load=0,resource_versions=,resources_synced=,started_at=2022-02-16T12:40:47Z,topic='l3_agent')) {'router_ids': ['a1504ca7-c6b8-4ffc-ae51-6d3afe181f3a'], 'active': True} {{(pid=114559) wrapper /usr/local/lib/python3.8/dist-packages/oslo_log/helpers.py:65}}
Feb 16 12:49:12.599596 dv-neutron-828697-2-hyperv neutron-server[114557]: DEBUG neutron.api.v2.base [None req-04955b54-9551-4059-a263-7814524ca065 tempest-RoutersIpV6AdminTest-1376313605 tempest-RoutersIpV6AdminTest-1376313605-project] Request body: {'router': {'name': 'tempest-RoutersIpV6AdminTest-router-1540025195', 'external_gateway_info': {'network_id': '7849f16d-143a-418c-8818-91d95c42cd3c'}, 'admin_state_up': False}} {{(pid=114557) prepare_request_body /opt/stack/neutron/neutron/api/v2/base.py:729}}
Feb 16 12:49:12.666542 dv-neutron-828697-2-hyperv neutron-server[114559]: DEBUG neutron.api.rpc.handlers.resources_rpc [None req-5f2b195a-6914-428c-8262-a973ab7a3d1d None None] Pushing event updated for resources: {'Port': ['ID=814fbf7e-9fe5-46e7-919a-ba77e0ddfade,revision_number=3']} {{(pid=114559) push /opt/stack/neutron/neutron/api/rpc/handlers/resources_rpc.py:237}}
Feb 16 12:49:12.675521 dv-neutron-828697-2-hyperv neutron-server[114557]: DEBUG neutron_lib.callbacks.manager [None req-fbd856d2-6d50-4662-8cda-4349602faf35 tempest-ServersTestJSON-1594037220 tempest-ServersTestJSON-1594037220-project] Notify callbacks ['neutron.plugins.ml2.plugin.SecurityGroupDbMixin._ensure_default_security_group_handler-1582547'] for port, before_update {{(pid=114557) _notify_loop /usr/local/lib/python3.8/dist-packages/neutron_lib/callbacks/manager.py:192}}
Feb 16 12:49:12.696640 dv-neutron-828697-2-hyperv neutron-server[114559]: DEBUG neutron.db.l3_dvr_db [None req-d581f6ae-5d6f-4de1-a9a9-ef5ed3736c5e None None] Set router a1504ca7-c6b8-4ffc-ae51-6d3afe181f3a gateway port host: None {{(pid=114559) _build_routers_list /opt/stack/neutron/neutron/db/l3_dvr_db.py:906}}
Feb 16 12:49:12.709210 dv-neutron-828697-2-hyperv neutron-server[114557]: DEBUG neutron.wsgi [-] (114557) accepted ('10.222.0.72', 49838) {{(pid=114557) server /usr/local/lib/python3.8/dist-packages/eventlet/wsgi.py:982}}
Feb 16 12:49:12.779323 dv-neutron-828697-2-hyperv neutron-server[114557]: DEBUG neutron_lib.callbacks.manager [None req-04955b54-9551-4059-a263-7814524ca065 tempest-RoutersIpV6AdminTest-1376313605 tempest-RoutersIpV6AdminTest-1376313605-project] Notify callbacks ['neutron.services.l3_router.l3_router_plugin.L3_HA_NAT_db_mixin._before_router_create_handler-668911', 'neutron.services.l3_router.service_providers.driver_controller.DriverController._check_router_request-9133'] for router, before_create {{(pid=114557) _notify_loop /usr/local/lib/python3.8/dist-packages/neutron_lib/callbacks/manager.py:192}}
Feb 16 12:49:12.780366 dv-neutron-828697-2-hyperv neutron-server[114557]: DEBUG neutron_lib.callbacks.manager [None req-04955b54-9551-4059-a263-7814524ca065 tempest-RoutersIpV6AdminTest-1376313605 tempest-RoutersIpV6AdminTest-1376313605-project] Notify callbacks ['neutron.services.l3_router.l3_router_plugin.L3_HA_NAT_db_mixin._precommit_router_create-666827', 'neutron.services.l3_router.l3_router_plugin.DVRResourceOperationHandler._set_distributed_flag-664025', 'neutron.services.l3_router.l3_router_plugin.RouterAvailabilityZoneMixin._process_az_request-570277', 'neutron.services.l3_router.service_providers.driver_controller.DriverController._set_router_provider-9140'] for router, precommit_create {{(pid=114557) _notify_loop /usr/local/lib/python3.8/dist-packages/neutron_lib/callbacks/manager.py:192}}
Feb 16 12:49:12.780655 dv-neutron-828697-2-hyperv neutron-server[114559]: DEBUG neutron.db.l3_hamode_db [None req-d581f6ae-5d6f-4de1-a9a9-ef5ed3736c5e None None] neutron.services.l3_router.l3_router_plugin.L3RouterPlugin method _process_sync_ha_data called with arguments (, [{'id': 'a1504ca7-c6b8-4ffc-ae51-6d3afe181f3a', 'name': '', 'tenant_id': '552a474c866a482b90f7f4d7e65686cd', 'admin_state_up': True, 'status': 'ACTIVE', 'external_gateway_info': None, 'gw_port_id': None, 'description': '', 'availability_zones': ['nova'], 'distributed': False, 'ha': False, 'ha_vr_id': 0, 'availability_zone_hints': [], 'routes': [], 'flavor_id': None, 'tags': [], 'created_at': '2022-02-16T12:49:00Z', 'updated_at': '2022-02-16T12:49:11Z', 'revision_number': 4, 'project_id': '552a474c866a482b90f7f4d7e65686cd', 'gw_port_host': None}], 'dv-neutron-828697-2-hyperv', False) {} {{(pid=114559) wrapper /usr/local/lib/python3.8/dist-packages/oslo_log/helpers.py:65}}
Feb 16 12:49:12.812851 dv-neutron-828697-2-hyperv neutron-server[114559]: DEBUG neutron.api.rpc.handlers.l3_rpc [None req-d581f6ae-5d6f-4de1-a9a9-ef5ed3736c5e None None] The sync data for ids ['a1504ca7-c6b8-4ffc-ae51-6d3afe181f3a'] in dv-neutron-828697-2-hyperv is: [{'id': 'a1504ca7-c6b8-4ffc-ae51-6d3afe181f3a', 'name': '', 'tenant_id': '552a474c866a482b90f7f4d7e65686cd', 'admin_state_up': True, 'status': 'ACTIVE', 'external_gateway_info': None, 'gw_port_id': None, 'description': '', 'availability_zones': ['nova'], 'distributed': False, 'ha': False, 'ha_vr_id': 0, 'availability_zone_hints': [], 'routes': [], 'flavor_id': None, 'tags': [], 'created_at': '2022-02-16T12:49:00Z', 'updated_at': '2022-02-16T12:49:11Z', 'revision_number': 4, 'project_id': '552a474c866a482b90f7f4d7e65686cd', 'gw_port_host': None}] {{(pid=114559) sync_routers /opt/stack/neutron/neutron/api/rpc/handlers/l3_rpc.py:137}}
Feb 16 12:49:12.907502 dv-neutron-828697-2-hyperv neutron-server[114557]: DEBUG neutron.api.v2.base [None req-c3e83739-f172-4ea2-bdaa-1d357001914a tempest-NetworksTest-991740580 tempest-NetworksTest-991740580-project] Request body: {'network': {'name': 'tempest-NetworksTest-test-network-1926680703'}} {{(pid=114557) prepare_request_body /opt/stack/neutron/neutron/api/v2/base.py:729}}
Feb 16 12:49:12.915033 dv-neutron-828697-2-hyperv neutron-server[114557]: DEBUG neutron_lib.callbacks.manager [None req-04955b54-9551-4059-a263-7814524ca065 tempest-RoutersIpV6AdminTest-1376313605 tempest-RoutersIpV6AdminTest-1376313605-project] Notify callbacks [] for router_controller, precommit_add_association {{(pid=114557) _notify_loop /usr/local/lib/python3.8/dist-packages/neutron_lib/callbacks/manager.py:192}}
Feb 16 12:49:12.998232 dv-neutron-828697-2-hyperv neutron-server[114557]: DEBUG neutron_lib.callbacks.manager [None req-fbd856d2-6d50-4662-8cda-4349602faf35 tempest-ServersTestJSON-1594037220 tempest-ServersTestJSON-1594037220-project] Notify callbacks [] for port, precommit_update {{(pid=114557) _notify_loop /usr/local/lib/python3.8/dist-packages/neutron_lib/callbacks/manager.py:192}}
Feb 16 12:49:13.035942 dv-neutron-828697-2-hyperv neutron-server[114559]: DEBUG neutron.plugins.ml2.rpc [None req-bf3dfff0-b616-4d57-b38e-95a3fd8c5ff5 None None] Device e605585a-9b3f-4533-8571-9d6ec2776bb8 up at agent ovs-agent-dv-neutron-828697-2-hyperv {{(pid=114559) update_device_up /opt/stack/neutron/neutron/plugins/ml2/rpc.py:296}}
Feb 16 12:49:13.064596 dv-neutron-828697-2-hyperv neutron-server[114558]: DEBUG neutron_lib.callbacks.manager [None req-2da0db46-684f-43ff-81ff-6d7c12458f6b tempest-RoutersAdminNegativeIpV6Test-1678826347 tempest-RoutersAdminNegativeIpV6Test-1678826347-project-admin] Notify callbacks ['neutron.services.l3_router.l3_router_plugin.L3_HA_NAT_db_mixin._release_router_vr_id-667265', 'neutron.services.l3_router.service_providers.driver_controller.DriverController._clear_router_provider-9147'] for router, precommit_delete {{(pid=114558) _notify_loop /usr/local/lib/python3.8/dist-packages/neutron_lib/callbacks/manager.py:192}}
Feb 16 12:49:13.067014 dv-neutron-828697-2-hyperv neutron-server[114558]: DEBUG neutron_lib.callbacks.manager [None req-2da0db46-684f-43ff-81ff-6d7c12458f6b tempest-RoutersAdminNegativeIpV6Test-1678826347 tempest-RoutersAdminNegativeIpV6Test-1678826347-project-admin] Notify callbacks [] for router_controller, precommit_delete_associations {{(pid=114558) _notify_loop /usr/local/lib/python3.8/dist-packages/neutron_lib/callbacks/manager.py:192}}
Feb 16 12:49:13.101625 dv-neutron-828697-2-hyperv neutron-server[114557]: DEBUG neutron.pecan_wsgi.hooks.quota_enforcement [None req-c3e83739-f172-4ea2-bdaa-1d357001914a tempest-NetworksTest-991740580 tempest-NetworksTest-991740580-project] Made reservation on behalf of 6c42d7b0c70c40ef82fdc8f9aceb45e3 for: {'network': 1} {{(pid=114557) before /opt/stack/neutron/neutron/pecan_wsgi/hooks/quota_enforcement.py:53}}
Feb 16 12:49:13.105257 dv-neutron-828697-2-hyperv neutron-server[114557]: DEBUG neutron_lib.callbacks.manager [None req-c3e83739-f172-4ea2-bdaa-1d357001914a tempest-NetworksTest-991740580 tempest-NetworksTest-991740580-project] Notify callbacks ['neutron.plugins.ml2.plugin.SecurityGroupDbMixin._ensure_default_security_group_handler-1582547'] for network, before_create {{(pid=114557) _notify_loop /usr/local/lib/python3.8/dist-packages/neutron_lib/callbacks/manager.py:192}}
Feb 16 12:49:13.122723 dv-neutron-828697-2-hyperv neutron-server[114559]: DEBUG neutron.db.provisioning_blocks [None req-bf3dfff0-b616-4d57-b38e-95a3fd8c5ff5 None None] Provisioning complete for port e605585a-9b3f-4533-8571-9d6ec2776bb8 triggered by entity L2. {{(pid=114559) provisioning_complete /opt/stack/neutron/neutron/db/provisioning_blocks.py:139}}
Feb 16 12:49:13.123471 dv-neutron-828697-2-hyperv neutron-server[114559]: DEBUG neutron_lib.callbacks.manager [None req-bf3dfff0-b616-4d57-b38e-95a3fd8c5ff5 None None] Notify callbacks ['neutron.plugins.ml2.plugin.Ml2Plugin._port_provisioned-1706458'] for port, provisioning_complete {{(pid=114559) _notify_loop /usr/local/lib/python3.8/dist-packages/neutron_lib/callbacks/manager.py:192}}
Feb 16 12:49:13.123599 dv-neutron-828697-2-hyperv neutron-server[114557]: DEBUG neutron_lib.callbacks.manager [None req-fbd856d2-6d50-4662-8cda-4349602faf35 tempest-ServersTestJSON-1594037220 tempest-ServersTestJSON-1594037220-project] Notify callbacks ['neutron.plugins.ml2.plugin.SecurityGroupServerNotifierRpcMixin._notify_sg_on_port_change-1582348', 'neutron.plugins.ml2.ovo_rpc._ObjectChangeHandler.handle_event-251892', 'neutron.api.rpc.agentnotifiers.dhcp_rpc_agent_api.DhcpAgentNotifyAPI._native_event_send_dhcp_notification-607484', 'neutron.db.l3_db.L3RpcNotifierMixin._notify_gateway_port_ip_changed-8750870881904', 'neutron.db.l3_dvrscheduler_db._notify_l3_agent_port_update-8750870466699', 'neutron.db.l3_hascheduler_db._notify_l3_agent_ha_port_update-8750870466717', 'neutron.services.segments.plugin.NovaSegmentNotifier._notify_port_updated-15608262'] for port, after_update {{(pid=114557) _notify_loop /usr/local/lib/python3.8/dist-packages/neutron_lib/callbacks/manager.py:192}}
Feb 16 12:49:13.152283 dv-neutron-828697-2-hyperv neutron-server[114557]: DEBUG neutron_lib.callbacks.manager [None req-c3e83739-f172-4ea2-bdaa-1d357001914a tempest-NetworksTest-991740580 tempest-NetworksTest-991740580-project] Notify callbacks [] for security_group, before_create {{(pid=114557) _notify_loop /usr/local/lib/python3.8/dist-packages/neutron_lib/callbacks/manager.py:192}}
Feb 16 12:49:13.190229 dv-neutron-828697-2-hyperv neutron-server[114558]: DEBUG neutron.wsgi [-] (114558) accepted ('10.222.0.71', 49852) {{(pid=114558) server /usr/local/lib/python3.8/dist-packages/eventlet/wsgi.py:982}}
Feb 16 12:49:13.314902 dv-neutron-828697-2-hyperv neutron-server[114558]: DEBUG neutron_lib.callbacks.manager [None req-2da0db46-684f-43ff-81ff-6d7c12458f6b tempest-RoutersAdminNegativeIpV6Test-1678826347 tempest-RoutersAdminNegativeIpV6Test-1678826347-project-admin] Notify callbacks ['neutron.services.l3_router.l3_router_plugin.L3_HA_NAT_db_mixin._cleanup_ha_network_handler-667375'] for router, after_delete {{(pid=114558) _notify_loop /usr/local/lib/python3.8/dist-packages/neutron_lib/callbacks/manager.py:192}}
Feb 16 12:49:13.315424 dv-neutron-828697-2-hyperv neutron-server[114558]: DEBUG neutron.api.rpc.agentnotifiers.l3_rpc_agent_api [None req-2da0db46-684f-43ff-81ff-6d7c12458f6b tempest-RoutersAdminNegativeIpV6Test-1678826347 tempest-RoutersAdminNegativeIpV6Test-1678826347-project-admin] Fanout notify agent at l3_agent the message router_deleted on router c9d23cfa-f4f2-4f14-818e-4e089db840e3 {{(pid=114558) _notification_fanout /opt/stack/neutron/neutron/api/rpc/agentnotifiers/l3_rpc_agent_api.py:114}}
Feb 16 12:49:13.337713 dv-neutron-828697-2-hyperv neutron-server[114557]: DEBUG neutron_lib.callbacks.manager [None req-04955b54-9551-4059-a263-7814524ca065 tempest-RoutersIpV6AdminTest-1376313605 tempest-RoutersIpV6AdminTest-1376313605-project] Notify callbacks [] for router_gateway, precommit_update {{(pid=114557) _notify_loop /usr/local/lib/python3.8/dist-packages/neutron_lib/callbacks/manager.py:192}}
Feb 16 12:49:13.364692 dv-neutron-828697-2-hyperv neutron-server[114557]: DEBUG neutron.api.rpc.handlers.resources_rpc [None req-fbd856d2-6d50-4662-8cda-4349602faf35 tempest-ServersTestJSON-1594037220 tempest-ServersTestJSON-1594037220-project] Pushing event updated for resources: {'Port': ['ID=54aa30e6-2db7-419b-99cb-9304c56646be,revision_number=2']} {{(pid=114557) push /opt/stack/neutron/neutron/api/rpc/handlers/resources_rpc.py:237}}
Feb 16 12:49:13.379457 dv-neutron-828697-2-hyperv neutron-server[114557]: DEBUG neutron_lib.callbacks.manager [None req-fbd856d2-6d50-4662-8cda-4349602faf35 tempest-ServersTestJSON-1594037220 tempest-ServersTestJSON-1594037220-project] Notify callbacks ['neutron.services.l3_router.l3_router_plugin.DVRResourceOperationHandler._create_dvr_floating_gw_port-667052'] for floatingip, after_create {{(pid=114557) _notify_loop /usr/local/lib/python3.8/dist-packages/neutron_lib/callbacks/manager.py:192}}
Feb 16 12:49:13.470928 dv-neutron-828697-2-hyperv neutron-server[114557]: DEBUG neutron_lib.callbacks.manager [None req-c3e83739-f172-4ea2-bdaa-1d357001914a tempest-NetworksTest-991740580 tempest-NetworksTest-991740580-project] Notify callbacks [] for security_group, precommit_create {{(pid=114557) _notify_loop /usr/local/lib/python3.8/dist-packages/neutron_lib/callbacks/manager.py:192}}
Feb 16 12:49:13.484808 dv-neutron-828697-2-hyperv neutron-server[114558]: DEBUG neutron_lib.callbacks.manager [None req-1f8c46ab-3a76-4c0d-a2df-5063025b8cd6 tempest-ServerActionsTestJSON-1128214559 tempest-ServerActionsTestJSON-1128214559-project] Notify callbacks [] for port, precommit_update {{(pid=114558) _notify_loop /usr/local/lib/python3.8/dist-packages/neutron_lib/callbacks/manager.py:192}}
Feb 16 12:49:13.519830 dv-neutron-828697-2-hyperv neutron-server[114557]: DEBUG neutron_lib.callbacks.manager [None req-fbd856d2-6d50-4662-8cda-4349602faf35 tempest-ServersTestJSON-1594037220 tempest-ServersTestJSON-1594037220-project] Notify callbacks ['neutron.notifiers.nova.Notifier._send_nova_notification-50429'] for floatingip, before_response {{(pid=114557) _notify_loop /usr/local/lib/python3.8/dist-packages/neutron_lib/callbacks/manager.py:192}}
Feb 16 12:49:13.521201 dv-neutron-828697-2-hyperv neutron-server[114557]: INFO neutron.wsgi [None req-fbd856d2-6d50-4662-8cda-4349602faf35 tempest-ServersTestJSON-1594037220 tempest-ServersTestJSON-1594037220-project] 10.222.0.72 "POST /v2.0/floatingips HTTP/1.1" status: 201 len: 693 time: 3.9103432
Feb 16 12:49:13.542275 dv-neutron-828697-2-hyperv neutron-server[114558]: INFO neutron.wsgi [req-f9c9d778-6b72-4a6d-b539-5f1a70b1d5f4 req-4be9c5cf-db16-4bfb-a4d3-4773c902e5f6 tempest-ServersTestManualDisk-1013203542 tempest-ServersTestManualDisk-1013203542-project] 10.222.0.72 "GET /v2.0/ports?device_id=3481098b-5e47-43d3-8cbd-eff20e99c506 HTTP/1.1" status: 200 len: 210 time: 0.0858862
Feb 16 12:49:13.574388 dv-neutron-828697-2-hyperv neutron-server[114557]: DEBUG neutron_lib.callbacks.manager [None req-c3e83739-f172-4ea2-bdaa-1d357001914a tempest-NetworksTest-991740580 tempest-NetworksTest-991740580-project] Notify callbacks ['neutron.plugins.ml2.ovo_rpc._ObjectChangeHandler.handle_event-587977'] for security_group, after_create {{(pid=114557) _notify_loop /usr/local/lib/python3.8/dist-packages/neutron_lib/callbacks/manager.py:192}}
Feb 16 12:49:13.577267 dv-neutron-828697-2-hyperv neutron-server[114558]: INFO neutron.api.v2.resource [None req-2da0db46-684f-43ff-81ff-6d7c12458f6b tempest-RoutersAdminNegativeIpV6Test-1678826347 tempest-RoutersAdminNegativeIpV6Test-1678826347-project-admin] create failed (client error): There was a conflict when trying to complete your request.
Feb 16 12:49:13.578359 dv-neutron-828697-2-hyperv neutron-server[114558]: INFO neutron.wsgi [None req-2da0db46-684f-43ff-81ff-6d7c12458f6b tempest-RoutersAdminNegativeIpV6Test-1678826347 tempest-RoutersAdminNegativeIpV6Test-1678826347-project-admin] 10.222.0.72 "POST /v2.0/routers HTTP/1.1" status: 409 len: 371 time: 6.7138517
Feb 16 12:49:13.591369 dv-neutron-828697-2-hyperv neutron-server[114557]: DEBUG neutron.wsgi [-] (114557) accepted ('10.222.0.72', 49848) {{(pid=114557) server /usr/local/lib/python3.8/dist-packages/eventlet/wsgi.py:982}}
Feb 16 12:49:13.614429 dv-neutron-828697-2-hyperv neutron-server[114558]: DEBUG neutron.pecan_wsgi.hooks.policy_enforcement [req-b6ff8ea1-2ba2-4269-96c5-885917e57884 req-b7c20059-61c4-48d7-8349-239d6a97aeb0 tempest-ServersTestManualDisk-1013203542 tempest-ServersTestManualDisk-1013203542-project] Attributes excluded by policy engine: ['standard_attr_id', 'vlan_transparent', 'provider:network_type', 'provider:physical_network', 'provider:segmentation_id'] {{(pid=114558) _exclude_attributes_by_policy /opt/stack/neutron/neutron/pecan_wsgi/hooks/policy_enforcement.py:255}}
Feb 16 12:49:13.615049 dv-neutron-828697-2-hyperv neutron-server[114557]: DEBUG neutron.plugins.ml2.drivers.helpers [None req-c3e83739-f172-4ea2-bdaa-1d357001914a tempest-NetworksTest-991740580 tempest-NetworksTest-991740580-project] vlan segment allocate from pool success with {'vlan_id': 540, 'physical_network': 'physnet1'} {{(pid=114557) allocate_partially_specified_segment /opt/stack/neutron/neutron/plugins/ml2/drivers/helpers.py:153}}
Feb 16 12:49:13.615898 dv-neutron-828697-2-hyperv neutron-server[114558]: INFO neutron.wsgi [req-b6ff8ea1-2ba2-4269-96c5-885917e57884 req-b7c20059-61c4-48d7-8349-239d6a97aeb0 tempest-ServersTestManualDisk-1013203542 tempest-ServersTestManualDisk-1013203542-project] 10.222.0.71 "GET /v2.0/networks?id=d3ea1157-64f8-4b18-8982-776c6c4f0ee7 HTTP/1.1" status: 200 len: 812 time: 0.4246554
Feb 16 12:49:13.621807 dv-neutron-828697-2-hyperv neutron-server[114558]: DEBUG neutron_lib.callbacks.manager [None req-1f8c46ab-3a76-4c0d-a2df-5063025b8cd6 tempest-ServerActionsTestJSON-1128214559 tempest-ServerActionsTestJSON-1128214559-project] Notify callbacks ['neutron.plugins.ml2.plugin.SecurityGroupServerNotifierRpcMixin._notify_sg_on_port_change-1582348', 'neutron.plugins.ml2.ovo_rpc._ObjectChangeHandler.handle_event-251892', 'neutron.api.rpc.agentnotifiers.dhcp_rpc_agent_api.DhcpAgentNotifyAPI._native_event_send_dhcp_notification-607484', 'neutron.db.l3_db.L3RpcNotifierMixin._notify_gateway_port_ip_changed-8750870881904', 'neutron.db.l3_dvrscheduler_db._notify_l3_agent_port_update-8750870466699', 'neutron.db.l3_hascheduler_db._notify_l3_agent_ha_port_update-8750870466717'] for port, after_update {{(pid=114558) _notify_loop /usr/local/lib/python3.8/dist-packages/neutron_lib/callbacks/manager.py:192}}
Feb 16 12:49:13.635165 dv-neutron-828697-2-hyperv neutron-server[114557]: DEBUG neutron.api.rpc.handlers.resources_rpc [None req-c3e83739-f172-4ea2-bdaa-1d357001914a tempest-NetworksTest-991740580 tempest-NetworksTest-991740580-project] Pushing event updated for resources: {'SecurityGroup': ['ID=eada0590-9502-45b6-a145-e679a5fe499e,revision_number=1']} {{(pid=114557) push /opt/stack/neutron/neutron/api/rpc/handlers/resources_rpc.py:237}}
Feb 16 12:49:13.670736 dv-neutron-828697-2-hyperv neutron-server[114557]: DEBUG neutron_lib.callbacks.manager [None req-c3e83739-f172-4ea2-bdaa-1d357001914a tempest-NetworksTest-991740580 tempest-NetworksTest-991740580-project] Notify callbacks ['neutron.plugins.ml2.plugin.Ml2Plugin._handle_segment_change-1714343'] for segment, precommit_create {{(pid=114557) _notify_loop /usr/local/lib/python3.8/dist-packages/neutron_lib/callbacks/manager.py:192}}
Feb 16 12:49:13.671888 dv-neutron-828697-2-hyperv neutron-server[114557]: INFO neutron.db.segments_db [None req-c3e83739-f172-4ea2-bdaa-1d357001914a tempest-NetworksTest-991740580 tempest-NetworksTest-991740580-project] Added segment 2f6e5caa-bc39-4503-820c-918299d8fb08 of type vlan for network af334337-5af5-4e01-a28e-a5f3a9100ca9
Feb 16 12:49:13.680323 dv-neutron-828697-2-hyperv neutron-server[114558]: DEBUG neutron_lib.callbacks.manager [None req-1f8c46ab-3a76-4c0d-a2df-5063025b8cd6 tempest-ServerActionsTestJSON-1128214559 tempest-ServerActionsTestJSON-1128214559-project] Notify callbacks ['neutron.services.l3_router.l3_router_plugin.DVRResourceOperationHandler._create_dvr_floating_gw_port-667052'] for floatingip, after_create {{(pid=114558) _notify_loop /usr/local/lib/python3.8/dist-packages/neutron_lib/callbacks/manager.py:192}}
Feb 16 12:49:13.747072 dv-neutron-828697-2-hyperv neutron-server[114558]: DEBUG neutron.api.rpc.handlers.resources_rpc [None req-1f8c46ab-3a76-4c0d-a2df-5063025b8cd6 tempest-ServerActionsTestJSON-1128214559 tempest-ServerActionsTestJSON-1128214559-project] Pushing event updated for resources: {'Port': ['ID=15f12dcb-632a-42fb-b178-6eb7a0fcae47,revision_number=2']} {{(pid=114558) push /opt/stack/neutron/neutron/api/rpc/handlers/resources_rpc.py:237}}
Feb 16 12:49:13.771700 dv-neutron-828697-2-hyperv neutron-server[114558]: DEBUG neutron_lib.callbacks.manager [None req-15e74216-f98b-4399-b5dc-6627b37045da tempest-RoutersAdminTest-1436385661 tempest-RoutersAdminTest-1436385661-project-admin] Notify callbacks ['neutron.plugins.ml2.plugin.SecurityGroupServerNotifierRpcMixin._notify_sg_on_port_change-1582348', 'neutron.plugins.ml2.ovo_rpc._ObjectChangeHandler.handle_event-251892', 'neutron.api.rpc.agentnotifiers.dhcp_rpc_agent_api.DhcpAgentNotifyAPI._native_event_send_dhcp_notification-607484', 'neutron.db.l3_db.L3RpcNotifierMixin._notify_routers_callback-8750870881877', 'neutron.db.l3_dvrscheduler_db._notify_port_delete-8750870466690'] for port, after_delete {{(pid=114558) _notify_loop /usr/local/lib/python3.8/dist-packages/neutron_lib/callbacks/manager.py:192}}
Feb 16 12:49:13.791310 dv-neutron-828697-2-hyperv neutron-server[114558]: INFO neutron.wsgi [req-b6ff8ea1-2ba2-4269-96c5-885917e57884 req-42e51ec6-f999-42c8-8e0d-4f1e0c38fc2b tempest-ServersTestManualDisk-1013203542 tempest-ServersTestManualDisk-1013203542-project] 10.222.0.71 "GET /v2.0/security-groups?fields=id&fields=name&tenant_id=ddbe598a96134b51a5bca4d2a1a90423 HTTP/1.1" status: 200 len: 379 time: 0.1277916
Feb 16 12:49:13.822117 dv-neutron-828697-2-hyperv neutron-server[114558]: DEBUG neutron.api.v2.base [req-b6ff8ea1-2ba2-4269-96c5-885917e57884 req-9f11cfea-0c46-43cd-9acf-3a3c615cd17a tempest-ServersTestManualDisk-1013203542 tempest-ServersTestManualDisk-1013203542-project] Request body: {'port': {'device_id': '3481098b-5e47-43d3-8cbd-eff20e99c506', 'network_id': 'd3ea1157-64f8-4b18-8982-776c6c4f0ee7', 'admin_state_up': True, 'tenant_id': 'ddbe598a96134b51a5bca4d2a1a90423', 'security_groups': ['76a2479f-67c1-4d9f-a0db-8f23a9c43e8c']}} {{(pid=114558) prepare_request_body /opt/stack/neutron/neutron/api/v2/base.py:729}}
Feb 16 12:49:13.857769 dv-neutron-828697-2-hyperv neutron-server[114558]: DEBUG neutron.api.rpc.handlers.resources_rpc [None req-15e74216-f98b-4399-b5dc-6627b37045da tempest-RoutersAdminTest-1436385661 tempest-RoutersAdminTest-1436385661-project-admin] Pushing event deleted for resources: {'Port': ['ID=814fbf7e-9fe5-46e7-919a-ba77e0ddfade,revision_number=None']} {{(pid=114558) push /opt/stack/neutron/neutron/api/rpc/handlers/resources_rpc.py:237}}
Feb 16 12:49:13.901375 dv-neutron-828697-2-hyperv neutron-server[114558]: DEBUG neutron_lib.callbacks.manager [None req-1f8c46ab-3a76-4c0d-a2df-5063025b8cd6 tempest-ServerActionsTestJSON-1128214559 tempest-ServerActionsTestJSON-1128214559-project] Notify callbacks ['neutron.notifiers.nova.Notifier._send_nova_notification-50429'] for floatingip, before_response {{(pid=114558) _notify_loop /usr/local/lib/python3.8/dist-packages/neutron_lib/callbacks/manager.py:192}}
Feb 16 12:49:13.902622 dv-neutron-828697-2-hyperv neutron-server[114558]: INFO neutron.wsgi [None req-1f8c46ab-3a76-4c0d-a2df-5063025b8cd6 tempest-ServerActionsTestJSON-1128214559 tempest-ServerActionsTestJSON-1128214559-project] 10.222.0.72 "POST /v2.0/floatingips HTTP/1.1" status: 201 len: 693 time: 4.8819544
Feb 16 12:49:13.927143 dv-neutron-828697-2-hyperv neutron-server[114557]: DEBUG neutron_lib.callbacks.manager [None req-c3e83739-f172-4ea2-bdaa-1d357001914a tempest-NetworksTest-991740580 tempest-NetworksTest-991740580-project] Notify callbacks ['neutron.services.auto_allocate.db._ensure_external_network_default_value_callback-8750870507484'] for network, precommit_create {{(pid=114557) _notify_loop /usr/local/lib/python3.8/dist-packages/neutron_lib/callbacks/manager.py:192}}
Feb 16 12:49:13.948718 dv-neutron-828697-2-hyperv neutron-server[114558]: DEBUG neutron_lib.callbacks.manager [None req-15e74216-f98b-4399-b5dc-6627b37045da tempest-RoutersAdminTest-1436385661 tempest-RoutersAdminTest-1436385661-project-admin] Notify callbacks ['neutron.services.l3_router.l3_router_plugin.DVRResourceOperationHandler._delete_dvr_internal_ports-666978'] for router_gateway, after_delete {{(pid=114558) _notify_loop /usr/local/lib/python3.8/dist-packages/neutron_lib/callbacks/manager.py:192}}
Feb 16 12:49:14.044409 dv-neutron-828697-2-hyperv neutron-server[114557]: INFO neutron.wsgi [req-b11448e7-3e3d-49aa-a55d-34597b6efb5c req-2c64a3f7-6cd1-49f3-a0f2-012b8fd9dbfe tempest-ServersTestJSON-1594037220 tempest-ServersTestJSON-1594037220-project] 10.222.0.72 "GET /v2.0/security-groups?name=tempest-securitygroup--1570458584&fields=id&tenant_id=5dd03bae5f49495ab8213f6dd38938a1 HTTP/1.1" status: 200 len: 267 time: 0.1037548
Feb 16 12:49:14.058263 dv-neutron-828697-2-hyperv neutron-server[114558]: DEBUG neutron_lib.callbacks.manager [None req-15e74216-f98b-4399-b5dc-6627b37045da tempest-RoutersAdminTest-1436385661 tempest-RoutersAdminTest-1436385661-project-admin] Notify callbacks ['neutron.services.l3_router.l3_router_plugin.L3_HA_NAT_db_mixin._release_router_vr_id-667265', 'neutron.services.l3_router.service_providers.driver_controller.DriverController._clear_router_provider-9147'] for router, precommit_delete {{(pid=114558) _notify_loop /usr/local/lib/python3.8/dist-packages/neutron_lib/callbacks/manager.py:192}}
Feb 16 12:49:14.062970 dv-neutron-828697-2-hyperv neutron-server[114558]: DEBUG neutron_lib.callbacks.manager [None req-15e74216-f98b-4399-b5dc-6627b37045da tempest-RoutersAdminTest-1436385661 tempest-RoutersAdminTest-1436385661-project-admin] Notify callbacks [] for router_controller, precommit_delete_associations {{(pid=114558) _notify_loop /usr/local/lib/python3.8/dist-packages/neutron_lib/callbacks/manager.py:192}}
Feb 16 12:49:14.102500 dv-neutron-828697-2-hyperv neutron-server[114557]: DEBUG neutron_lib.callbacks.manager [None req-c3e83739-f172-4ea2-bdaa-1d357001914a tempest-NetworksTest-991740580 tempest-NetworksTest-991740580-project] Notify callbacks ['neutron.plugins.ml2.ovo_rpc._ObjectChangeHandler.handle_event-587961', 'neutron.api.rpc.agentnotifiers.dhcp_rpc_agent_api.DhcpAgentNotifyAPI._native_event_send_dhcp_notification-607484'] for network, after_create {{(pid=114557) _notify_loop /usr/local/lib/python3.8/dist-packages/neutron_lib/callbacks/manager.py:192}}
