Apr 29 22:03:10.927901 dv-neutron-828673-8-hyperv neutron-server[104351]: DEBUG neutron.pecan_wsgi.hooks.policy_enforcement [req-bad51a15-ff06-4f86-8ba9-0ce91cc1f44b req-015c9ed5-a201-4d3a-b0d9-a945eb79309d tempest-ServersTestManualDisk-1301827910 tempest-ServersTestManualDisk-1301827910-project] Attributes excluded by policy engine: ['standard_attr_id', 'binding:profile', 'binding:host_id', 'binding:vif_type', 'binding:vif_details'] {{(pid=104351) _exclude_attributes_by_policy /opt/stack/neutron/neutron/pecan_wsgi/hooks/policy_enforcement.py:259}}
Apr 29 22:03:10.929206 dv-neutron-828673-8-hyperv neutron-server[104351]: INFO neutron.wsgi [req-bad51a15-ff06-4f86-8ba9-0ce91cc1f44b req-015c9ed5-a201-4d3a-b0d9-a945eb79309d tempest-ServersTestManualDisk-1301827910 tempest-ServersTestManualDisk-1301827910-project] 10.222.0.23 "GET /v2.0/ports?device_id=c063783f-a64e-42fb-a414-7332eedc913d HTTP/1.1" status: 200 len: 943 time: 0.2950881
Apr 29 22:03:10.932432 dv-neutron-828673-8-hyperv neutron-server[104351]: DEBUG neutron.api.rpc.handlers.resources_rpc [None req-f31ebcb0-c14c-446d-b116-6e3d1aaddccc tempest-FloatingIPTestJSON-210817975 tempest-FloatingIPTestJSON-210817975-project] Pushing event updated for resources: {'Port': ['ID=176776ed-179d-4795-ab4c-00d2cf7af848,revision_number=1']} {{(pid=104351) push /opt/stack/neutron/neutron/api/rpc/handlers/resources_rpc.py:237}}
Apr 29 22:03:10.963752 dv-neutron-828673-8-hyperv neutron-server[104351]: INFO neutron.wsgi [req-5623d2da-19c8-481a-83ce-99ae089f6ef6 req-a6f0dcfa-6b46-496b-a3ce-5b996eedc3cc tempest-ServerActionsTestJSON-871341445 tempest-ServerActionsTestJSON-871341445-project] 10.222.0.16 "POST /v2.0/ports HTTP/1.1" status: 201 len: 934 time: 3.7358620
Apr 29 22:03:10.992172 dv-neutron-828673-8-hyperv neutron-server[104352]: DEBUG neutron.plugins.ml2.plugin [None req-c752ec10-ba9b-4459-844c-32ac41eeb4d4 None None] Port 7d61c28c-35a8-443e-b488-a328d85bba41 cannot update to ACTIVE because it is not bound. {{(pid=104352) _port_provisioned /opt/stack/neutron/neutron/plugins/ml2/plugin.py:352}}
Apr 29 22:03:11.003989 dv-neutron-828673-8-hyperv neutron-server[104351]: DEBUG neutron.api.v2.base [req-5623d2da-19c8-481a-83ce-99ae089f6ef6 req-1e31f42c-fba8-482a-8922-41740a60f1e7 service neutron] Request body: {'port': {'device_id': '2b34b964-fd5e-4171-be2c-e0f1bf04da31', 'device_owner': 'compute:nova', 'binding:host_id': 'hv-neutron-8286'}} {{(pid=104351) prepare_request_body /opt/stack/neutron/neutron/api/v2/base.py:730}}
Apr 29 22:03:11.077190 dv-neutron-828673-8-hyperv neutron-server[104351]: INFO neutron.wsgi [req-bad51a15-ff06-4f86-8ba9-0ce91cc1f44b req-46c443eb-03dd-4b79-8f9c-51b8221be027 tempest-ServersTestManualDisk-1301827910 tempest-ServersTestManualDisk-1301827910-project] 10.222.0.23 "GET /v2.0/security-groups?id=f18c024c-29a6-4935-8d6d-35f945cc5f60&fields=id&fields=name HTTP/1.1" status: 200 len: 312 time: 0.1412416
Apr 29 22:03:11.100231 dv-neutron-828673-8-hyperv neutron-server[104350]: DEBUG neutron.plugins.ml2.drivers.mech_agent [req-29b9252c-dcb3-425a-ae4a-6d9b3a97af69 req-d15393d5-95be-4c9c-980f-2643509dce36 service neutron] Port 7f972672-81be-4aed-a1d2-daf559805f5d on network 5d535db3-3c68-42a5-8ffa-192285d4beaf not bound, no agent of type Open vSwitch agent registered on host hv-neutron-8286 {{(pid=104350) bind_port /opt/stack/neutron/neutron/plugins/ml2/drivers/mech_agent.py:103}}
Apr 29 22:03:11.101015 dv-neutron-828673-8-hyperv neutron-server[104350]: DEBUG neutron.plugins.ml2.drivers.mech_agent [req-29b9252c-dcb3-425a-ae4a-6d9b3a97af69 req-d15393d5-95be-4c9c-980f-2643509dce36 service neutron] Attempting to bind port 7f972672-81be-4aed-a1d2-daf559805f5d on network 5d535db3-3c68-42a5-8ffa-192285d4beaf {{(pid=104350) bind_port /opt/stack/neutron/neutron/plugins/ml2/drivers/mech_agent.py:91}}
Apr 29 22:03:11.129113 dv-neutron-828673-8-hyperv neutron-server[104351]: DEBUG neutron_lib.callbacks.manager [req-5623d2da-19c8-481a-83ce-99ae089f6ef6 req-1e31f42c-fba8-482a-8922-41740a60f1e7 service neutron] Publish callbacks ['neutron.plugins.ml2.plugin.SecurityGroupDbMixin._ensure_default_security_group_handler-610469'] for port (7d61c28c-35a8-443e-b488-a328d85bba41), before_update {{(pid=104351) _notify_loop /usr/local/lib/python3.8/dist-packages/neutron_lib/callbacks/manager.py:176}}
Apr 29 22:03:11.150309 dv-neutron-828673-8-hyperv neutron-server[104350]: DEBUG neutron.plugins.ml2.drivers.mech_agent [req-29b9252c-dcb3-425a-ae4a-6d9b3a97af69 req-d15393d5-95be-4c9c-980f-2643509dce36 service neutron] Checking agent: {'id': '8a248b99-5a50-4a7d-bd9c-6c516697aa59', 'agent_type': 'HyperV agent', 'binary': 'neutron-hyperv-agent', 'topic': 'N/A', 'host': 'hv-neutron-8286', 'admin_state_up': True, 'created_at': datetime.datetime(2022, 4, 29, 22, 0, 52), 'started_at': datetime.datetime(2022, 4, 29, 22, 0, 52), 'heartbeat_timestamp': datetime.datetime(2022, 4, 29, 22, 2, 52), 'description': None, 'resources_synced': None, 'availability_zone': None, 'alive': True, 'configurations': {'vswitch_mappings': {'physnet1$': 'br-data'}}, 'resource_versions': {}} {{(pid=104350) bind_port /opt/stack/neutron/neutron/plugins/ml2/drivers/mech_agent.py:110}}
Apr 29 22:03:11.150824 dv-neutron-828673-8-hyperv neutron-server[104350]: DEBUG neutron.plugins.ml2.drivers.mech_agent [req-29b9252c-dcb3-425a-ae4a-6d9b3a97af69 req-d15393d5-95be-4c9c-980f-2643509dce36 service neutron] Checking segment: {'id': 'dd3395df-f85d-4aa6-a137-638fe3585032', 'network_type': 'vlan', 'physical_network': 'physnet1', 'segmentation_id': 124, 'network_id': '5d535db3-3c68-42a5-8ffa-192285d4beaf'} for mappings: {'physnet1$': 'br-data'} with network types: ['local', 'flat', 'vlan'] {{(pid=104350) check_segment_for_agent /opt/stack/neutron/neutron/plugins/ml2/drivers/mech_agent.py:373}}
Apr 29 22:03:11.151381 dv-neutron-828673-8-hyperv neutron-server[104350]: DEBUG neutron.plugins.ml2.drivers.mech_agent [req-29b9252c-dcb3-425a-ae4a-6d9b3a97af69 req-d15393d5-95be-4c9c-980f-2643509dce36 service neutron] Bound using segment: {'id': 'dd3395df-f85d-4aa6-a137-638fe3585032', 'network_type': 'vlan', 'physical_network': 'physnet1', 'segmentation_id': 124, 'network_id': '5d535db3-3c68-42a5-8ffa-192285d4beaf'} {{(pid=104350) bind_port /opt/stack/neutron/neutron/plugins/ml2/drivers/mech_agent.py:120}}
Apr 29 22:03:11.152232 dv-neutron-828673-8-hyperv neutron-server[104350]: DEBUG neutron.plugins.ml2.managers [req-29b9252c-dcb3-425a-ae4a-6d9b3a97af69 req-d15393d5-95be-4c9c-980f-2643509dce36 service neutron] Bound port: 7f972672-81be-4aed-a1d2-daf559805f5d, host: hv-neutron-8286, vif_type: hyperv, vif_details: {"connectivity": "legacy", "port_filter": false}, binding_levels: [{'bound_driver': 'hyperv', 'bound_segment': {'id': 'dd3395df-f85d-4aa6-a137-638fe3585032', 'network_type': 'vlan', 'physical_network': 'physnet1', 'segmentation_id': 124, 'network_id': '5d535db3-3c68-42a5-8ffa-192285d4beaf'}}] {{(pid=104350) _bind_port_level /opt/stack/neutron/neutron/plugins/ml2/managers.py:932}}
Apr 29 22:03:11.152693 dv-neutron-828673-8-hyperv neutron-server[104350]: DEBUG neutron_lib.callbacks.manager [req-29b9252c-dcb3-425a-ae4a-6d9b3a97af69 req-d15393d5-95be-4c9c-980f-2643509dce36 service neutron] Publish callbacks ['neutron.plugins.ml2.plugin.SecurityGroupDbMixin._ensure_default_security_group_handler-610469'] for port (7f972672-81be-4aed-a1d2-daf559805f5d), before_update {{(pid=104350) _notify_loop /usr/local/lib/python3.8/dist-packages/neutron_lib/callbacks/manager.py:176}}
Apr 29 22:03:11.228955 dv-neutron-828673-8-hyperv neutron-server[104351]: INFO neutron.wsgi [None req-e8cc9557-6550-48a5-abfd-a115af58c781 tempest-AgentManagementNegativeTest-988737443 tempest-AgentManagementNegativeTest-988737443-project] 10.222.0.23 "GET /v2.0/agents HTTP/1.1" status: 200 len: 207 time: 0.3252258
Apr 29 22:03:11.440495 dv-neutron-828673-8-hyperv neutron-server[104351]: DEBUG neutron_lib.callbacks.manager [None req-f31ebcb0-c14c-446d-b116-6e3d1aaddccc tempest-FloatingIPTestJSON-210817975 tempest-FloatingIPTestJSON-210817975-project] Publish callbacks ['neutron.plugins.ml2.plugin.SecurityGroupDbMixin._ensure_default_security_group_handler-610469'] for port (176776ed-179d-4795-ab4c-00d2cf7af848), before_update {{(pid=104351) _notify_loop /usr/local/lib/python3.8/dist-packages/neutron_lib/callbacks/manager.py:176}}
Apr 29 22:03:11.640431 dv-neutron-828673-8-hyperv neutron-server[104351]: DEBUG neutron.wsgi [-] (104351) accepted ('10.222.0.23', 46734) {{(pid=104351) server /usr/local/lib/python3.8/dist-packages/eventlet/wsgi.py:1004}}
Apr 29 22:03:11.658605 dv-neutron-828673-8-hyperv neutron-server[104351]: DEBUG neutron.pecan_wsgi.hooks.policy_enforcement [req-cf443cc2-d423-434b-85c1-01bd080c5e81 req-57a637f1-8025-41fd-ab2d-351e3a1b7244 tempest-ServersTestJSON-46319940 tempest-ServersTestJSON-46319940-project] Attributes excluded by policy engine: ['standard_attr_id', 'binding:profile', 'binding:host_id', 'binding:vif_type', 'binding:vif_details'] {{(pid=104351) _exclude_attributes_by_policy /opt/stack/neutron/neutron/pecan_wsgi/hooks/policy_enforcement.py:259}}
Apr 29 22:03:11.667260 dv-neutron-828673-8-hyperv neutron-server[104351]: INFO neutron.wsgi [req-cf443cc2-d423-434b-85c1-01bd080c5e81 req-57a637f1-8025-41fd-ab2d-351e3a1b7244 tempest-ServersTestJSON-46319940 tempest-ServersTestJSON-46319940-project] 10.222.0.23 "GET /v2.0/ports?device_id=d16215cd-dec7-4444-815f-949ee833e2f4 HTTP/1.1" status: 200 len: 931 time: 0.1627209
Apr 29 22:03:11.675058 dv-neutron-828673-8-hyperv neutron-server[104350]: DEBUG neutron_lib.callbacks.manager [None req-254d64f9-816a-4b1e-8a51-65bac30a8abc tempest-FloatingIPAdminTestJSON-68227378 tempest-FloatingIPAdminTestJSON-68227378-project] Publish callbacks ['neutron.plugins.ml2.plugin.SecurityGroupDbMixin._ensure_default_security_group_handler-610469'] for port (9362f278-01be-4290-a05a-621a5a148693), before_update {{(pid=104350) _notify_loop /usr/local/lib/python3.8/dist-packages/neutron_lib/callbacks/manager.py:176}}
Apr 29 22:03:11.684723 dv-neutron-828673-8-hyperv neutron-server[104350]: DEBUG neutron_lib.callbacks.manager [None req-dc30e95e-0236-484d-a8f9-f3b3d2e54e70 tempest-PortsAdminExtendedAttrsIpV6TestJSON-368135608 tempest-PortsAdminExtendedAttrsIpV6TestJSON-368135608-project-admin] Publish callbacks ['neutron.plugins.ml2.plugin.SecurityGroupServerNotifierRpcMixin._notify_sg_on_port_change-611432', 'neutron.plugins.ml2.ovo_rpc._ObjectChangeHandler.handle_event-201501', 'neutron.api.rpc.agentnotifiers.dhcp_rpc_agent_api.DhcpAgentNotifyAPI._native_event_send_dhcp_notification-3676385', 'neutron.db.l3_dvrscheduler_db._notify_l3_agent_new_port-8766822747239', 'neutron.services.segments.plugin.NovaSegmentNotifier._notify_port_created_or_deleted-26087407'] for port (f7c6d221-1753-439a-963b-66bbb79b7b0e), after_create {{(pid=104350) _notify_loop /usr/local/lib/python3.8/dist-packages/neutron_lib/callbacks/manager.py:176}}
Apr 29 22:03:11.717317 dv-neutron-828673-8-hyperv neutron-server[104352]: DEBUG neutron_lib.callbacks.manager [None req-ccd92b63-ddd1-482d-b45d-8fe9610a5573 None None] Publish callbacks ['neutron.services.segments.db._update_segment_host_mapping_for_agent-8766823275614', 'neutron.plugins.ml2.plugin.Ml2Plugin._retry_binding_revived_agents-672771'] for agent (4585a0fd-6790-4694-bd84-84c7826de3bc), after_update {{(pid=104352) _notify_loop /usr/local/lib/python3.8/dist-packages/neutron_lib/callbacks/manager.py:176}}
Apr 29 22:03:11.839165 dv-neutron-828673-8-hyperv neutron-server[104350]: DEBUG neutron.scheduler.dhcp_agent_scheduler [None req-dc30e95e-0236-484d-a8f9-f3b3d2e54e70 tempest-PortsAdminExtendedAttrsIpV6TestJSON-368135608 tempest-PortsAdminExtendedAttrsIpV6TestJSON-368135608-project-admin] Network ae6084ef-29b1-4766-b263-c924d8cce651 is already hosted by enough agents. {{(pid=104350) _get_dhcp_agents_hosting_network /opt/stack/neutron/neutron/scheduler/dhcp_agent_scheduler.py:275}}
Apr 29 22:03:11.857210 dv-neutron-828673-8-hyperv neutron-server[104351]: INFO neutron.wsgi [req-cf443cc2-d423-434b-85c1-01bd080c5e81 req-13dc1b09-413c-4771-b098-8dd6f17b3432 tempest-ServersTestJSON-46319940 tempest-ServersTestJSON-46319940-project] 10.222.0.23 "GET /v2.0/security-groups?id=71db1537-386d-48d0-bb2f-6a7b641ac73e&fields=id&fields=name HTTP/1.1" status: 200 len: 312 time: 0.1888599
Apr 29 22:03:11.859610 dv-neutron-828673-8-hyperv neutron-server[104350]: DEBUG neutron.plugins.ml2.db [req-29b9252c-dcb3-425a-ae4a-6d9b3a97af69 req-d15393d5-95be-4c9c-980f-2643509dce36 service neutron] For port 7f972672-81be-4aed-a1d2-daf559805f5d, host hv-neutron-8286, cleared binding levels {{(pid=104350) clear_binding_levels /opt/stack/neutron/neutron/plugins/ml2/db.py:87}}
Apr 29 22:03:11.884781 dv-neutron-828673-8-hyperv neutron-server[104350]: DEBUG neutron.scheduler.base_scheduler [None req-dc30e95e-0236-484d-a8f9-f3b3d2e54e70 tempest-PortsAdminExtendedAttrsIpV6TestJSON-368135608 tempest-PortsAdminExtendedAttrsIpV6TestJSON-368135608-project-admin] Resources bound (agent type, host, resource id): {{(pid=104350) schedule /opt/stack/neutron/neutron/scheduler/base_scheduler.py:57}}
Apr 29 22:03:11.897824 dv-neutron-828673-8-hyperv neutron-server[104350]: DEBUG neutron.plugins.ml2.db [req-29b9252c-dcb3-425a-ae4a-6d9b3a97af69 req-d15393d5-95be-4c9c-980f-2643509dce36 service neutron] For port 7f972672-81be-4aed-a1d2-daf559805f5d, host hv-neutron-8286, set binding levels [PortBindingLevel(driver='hyperv',host='hv-neutron-8286',level=0,port_id=7f972672-81be-4aed-a1d2-daf559805f5d,segment=NetworkSegment(dd3395df-f85d-4aa6-a137-638fe3585032),segment_id=dd3395df-f85d-4aa6-a137-638fe3585032)] {{(pid=104350) set_binding_levels /opt/stack/neutron/neutron/plugins/ml2/db.py:59}}
Apr 29 22:03:11.899203 dv-neutron-828673-8-hyperv neutron-server[104350]: DEBUG neutron.api.rpc.handlers.resources_rpc [None req-dc30e95e-0236-484d-a8f9-f3b3d2e54e70 tempest-PortsAdminExtendedAttrsIpV6TestJSON-368135608 tempest-PortsAdminExtendedAttrsIpV6TestJSON-368135608-project-admin] Pushing event updated for resources: {'Port': ['ID=f7c6d221-1753-439a-963b-66bbb79b7b0e,revision_number=1']} {{(pid=104350) push /opt/stack/neutron/neutron/api/rpc/handlers/resources_rpc.py:237}}
Apr 29 22:03:11.901885 dv-neutron-828673-8-hyperv neutron-server[104350]: DEBUG neutron.db.l3_dvrscheduler_db [None req-dc30e95e-0236-484d-a8f9-f3b3d2e54e70 tempest-PortsAdminExtendedAttrsIpV6TestJSON-368135608 tempest-PortsAdminExtendedAttrsIpV6TestJSON-368135608-project-admin] Received port after_create {{(pid=104350) _notify_l3_agent_new_port /opt/stack/neutron/neutron/db/l3_dvrscheduler_db.py:536}}
Apr 29 22:03:11.902702 dv-neutron-828673-8-hyperv neutron-server[104350]: DEBUG neutron.pecan_wsgi.hooks.policy_enforcement [None req-dc30e95e-0236-484d-a8f9-f3b3d2e54e70 tempest-PortsAdminExtendedAttrsIpV6TestJSON-368135608 tempest-PortsAdminExtendedAttrsIpV6TestJSON-368135608-project-admin] Attributes excluded by policy engine: ['standard_attr_id', 'network'] {{(pid=104350) _exclude_attributes_by_policy /opt/stack/neutron/neutron/pecan_wsgi/hooks/policy_enforcement.py:259}}
Apr 29 22:03:11.903805 dv-neutron-828673-8-hyperv neutron-server[104350]: DEBUG neutron_lib.callbacks.manager [None req-dc30e95e-0236-484d-a8f9-f3b3d2e54e70 tempest-PortsAdminExtendedAttrsIpV6TestJSON-368135608 tempest-PortsAdminExtendedAttrsIpV6TestJSON-368135608-project-admin] Publish callbacks ['neutron.notifiers.nova.Notifier._send_nova_notification-16573'] for port (None), before_response {{(pid=104350) _notify_loop /usr/local/lib/python3.8/dist-packages/neutron_lib/callbacks/manager.py:176}}
Apr 29 22:03:11.929111 dv-neutron-828673-8-hyperv neutron-server[104351]: DEBUG neutron.wsgi [-] (104351) accepted ('10.222.0.23', 46740) {{(pid=104351) server /usr/local/lib/python3.8/dist-packages/eventlet/wsgi.py:1004}}
Apr 29 22:03:11.938785 dv-neutron-828673-8-hyperv neutron-server[104351]: DEBUG neutron.notifiers.nova [req-5623d2da-19c8-481a-83ce-99ae089f6ef6 req-1e31f42c-fba8-482a-8922-41740a60f1e7 service neutron] Ignoring state change previous_port_status: DOWN current_port_status: DOWN port_id 7d61c28c-35a8-443e-b488-a328d85bba41 {{(pid=104351) record_port_status_changed /opt/stack/neutron/neutron/notifiers/nova.py:233}}
Apr 29 22:03:11.952907 dv-neutron-828673-8-hyperv neutron-server[104351]: DEBUG neutron_lib.callbacks.manager [req-5623d2da-19c8-481a-83ce-99ae089f6ef6 req-1e31f42c-fba8-482a-8922-41740a60f1e7 service neutron] Publish callbacks [] for port (7d61c28c-35a8-443e-b488-a328d85bba41), precommit_update {{(pid=104351) _notify_loop /usr/local/lib/python3.8/dist-packages/neutron_lib/callbacks/manager.py:176}}
Apr 29 22:03:11.998986 dv-neutron-828673-8-hyperv neutron-server[104350]: DEBUG neutron_lib.callbacks.manager [req-29b9252c-dcb3-425a-ae4a-6d9b3a97af69 req-d15393d5-95be-4c9c-980f-2643509dce36 service neutron] Publish callbacks ['neutron.plugins.ml2.plugin.SecurityGroupServerNotifierRpcMixin._notify_sg_on_port_change-611432', 'neutron.plugins.ml2.ovo_rpc._ObjectChangeHandler.handle_event-201501', 'neutron.api.rpc.agentnotifiers.dhcp_rpc_agent_api.DhcpAgentNotifyAPI._native_event_send_dhcp_notification-3676385', 'neutron.db.l3_db.L3RpcNotifierMixin._notify_gateway_port_ip_changed-8766823271123', 'neutron.db.l3_dvrscheduler_db._notify_l3_agent_port_update-8766822747257', 'neutron.db.l3_hascheduler_db._notify_l3_agent_ha_port_update-8766822747275', 'neutron.services.segments.plugin.NovaSegmentNotifier._notify_port_updated-26087398'] for port (7f972672-81be-4aed-a1d2-daf559805f5d), after_update {{(pid=104350) _notify_loop /usr/local/lib/python3.8/dist-packages/neutron_lib/callbacks/manager.py:176}}
Apr 29 22:03:11.999205 dv-neutron-828673-8-hyperv neutron-server[104351]: DEBUG neutron.db.provisioning_blocks [req-5623d2da-19c8-481a-83ce-99ae089f6ef6 req-1e31f42c-fba8-482a-8922-41740a60f1e7 service neutron] Transition to ACTIVE for port object 7d61c28c-35a8-443e-b488-a328d85bba41 will not be triggered until provisioned by entity L2. {{(pid=104351) add_provisioning_component /opt/stack/neutron/neutron/db/provisioning_blocks.py:75}}
Apr 29 22:03:12.034495 dv-neutron-828673-8-hyperv neutron-server[104350]: INFO neutron.wsgi [None req-dc30e95e-0236-484d-a8f9-f3b3d2e54e70 tempest-PortsAdminExtendedAttrsIpV6TestJSON-368135608 tempest-PortsAdminExtendedAttrsIpV6TestJSON-368135608-project-admin] 10.222.0.23 "POST /v2.0/ports HTTP/1.1" status: 201 len: 964 time: 1.9966657
Apr 29 22:03:12.046751 dv-neutron-828673-8-hyperv neutron-server[104351]: DEBUG neutron.wsgi [-] (104351) accepted ('10.222.0.23', 46746) {{(pid=104351) server /usr/local/lib/python3.8/dist-packages/eventlet/wsgi.py:1004}}
Apr 29 22:03:12.093611 dv-neutron-828673-8-hyperv neutron-server[104351]: DEBUG neutron_lib.callbacks.manager [req-5623d2da-19c8-481a-83ce-99ae089f6ef6 req-1e31f42c-fba8-482a-8922-41740a60f1e7 service neutron] Publish callbacks ['neutron.plugins.ml2.plugin.SecurityGroupServerNotifierRpcMixin._notify_sg_on_port_change-611432', 'neutron.plugins.ml2.ovo_rpc._ObjectChangeHandler.handle_event-201501', 'neutron.api.rpc.agentnotifiers.dhcp_rpc_agent_api.DhcpAgentNotifyAPI._native_event_send_dhcp_notification-3676385', 'neutron.db.l3_db.L3RpcNotifierMixin._notify_gateway_port_ip_changed-8766823271123', 'neutron.db.l3_dvrscheduler_db._notify_l3_agent_port_update-8766822747257', 'neutron.db.l3_hascheduler_db._notify_l3_agent_ha_port_update-8766822747275', 'neutron.services.segments.plugin.NovaSegmentNotifier._notify_port_updated-26006985'] for port (7d61c28c-35a8-443e-b488-a328d85bba41), after_update {{(pid=104351) _notify_loop /usr/local/lib/python3.8/dist-packages/neutron_lib/callbacks/manager.py:176}}
Apr 29 22:03:12.213102 dv-neutron-828673-8-hyperv neutron-server[104350]: DEBUG neutron.pecan_wsgi.hooks.policy_enforcement [req-29b9252c-dcb3-425a-ae4a-6d9b3a97af69 req-d15393d5-95be-4c9c-980f-2643509dce36 service neutron] Attributes excluded by policy engine: ['standard_attr_id'] {{(pid=104350) _exclude_attributes_by_policy /opt/stack/neutron/neutron/pecan_wsgi/hooks/policy_enforcement.py:259}}
Apr 29 22:03:12.222170 dv-neutron-828673-8-hyperv neutron-server[104350]: DEBUG neutron_lib.callbacks.manager [req-29b9252c-dcb3-425a-ae4a-6d9b3a97af69 req-d15393d5-95be-4c9c-980f-2643509dce36 service neutron] Publish callbacks ['neutron.notifiers.nova.Notifier._send_nova_notification-16573'] for port (None), before_response {{(pid=104350) _notify_loop /usr/local/lib/python3.8/dist-packages/neutron_lib/callbacks/manager.py:176}}
Apr 29 22:03:12.223947 dv-neutron-828673-8-hyperv neutron-server[104350]: INFO neutron.wsgi [req-29b9252c-dcb3-425a-ae4a-6d9b3a97af69 req-d15393d5-95be-4c9c-980f-2643509dce36 service neutron] 10.222.0.16 "PUT /v2.0/ports/7f972672-81be-4aed-a1d2-daf559805f5d HTTP/1.1" status: 200 len: 1093 time: 3.3869767
Apr 29 22:03:12.261680 dv-neutron-828673-8-hyperv neutron-server[104350]: DEBUG neutron.notifiers.nova [-] Sending events: [{'name': 'network-changed', 'server_uuid': 'c063783f-a64e-42fb-a414-7332eedc913d', 'tag': '7f972672-81be-4aed-a1d2-daf559805f5d'}] {{(pid=104350) send_events /opt/stack/neutron/neutron/notifiers/nova.py:271}}
Apr 29 22:03:12.309933 dv-neutron-828673-8-hyperv neutron-server[104350]: DEBUG neutron.api.rpc.handlers.resources_rpc [None req-d15393d5-95be-4c9c-980f-2643509dce36 service neutron] Pushing event updated for resources: {'Port': ['ID=7f972672-81be-4aed-a1d2-daf559805f5d,revision_number=3']} {{(pid=104350) push /opt/stack/neutron/neutron/api/rpc/handlers/resources_rpc.py:237}}
Apr 29 22:03:12.370971 dv-neutron-828673-8-hyperv neutron-server[104350]: DEBUG neutron.notifiers.nova [req-3b3709cf-ccd7-47df-aa94-820c6d679711 req-3fb1c47e-7102-45e7-98d3-f846a6037bd3 service neutron] Ignoring state change previous_port_status: DOWN current_port_status: DOWN port_id 457d76dd-5599-451d-adc6-e35c483c084e {{(pid=104350) record_port_status_changed /opt/stack/neutron/neutron/notifiers/nova.py:233}}
Apr 29 22:03:12.375526 dv-neutron-828673-8-hyperv neutron-server[104351]: DEBUG neutron_lib.callbacks.manager [None req-95af7a9d-13b4-4375-bb3f-e651a6e7d3a9 admin admin] Publish callbacks [] for security_group (None), before_create {{(pid=104351) _notify_loop /usr/local/lib/python3.8/dist-packages/neutron_lib/callbacks/manager.py:176}}
Apr 29 22:03:12.399622 dv-neutron-828673-8-hyperv neutron-server[104350]: DEBUG neutron_lib.callbacks.manager [req-3b3709cf-ccd7-47df-aa94-820c6d679711 req-3fb1c47e-7102-45e7-98d3-f846a6037bd3 service neutron] Publish callbacks [] for port (457d76dd-5599-451d-adc6-e35c483c084e), precommit_update {{(pid=104350) _notify_loop /usr/local/lib/python3.8/dist-packages/neutron_lib/callbacks/manager.py:176}}
Apr 29 22:03:12.415031 dv-neutron-828673-8-hyperv neutron-server[104351]: DEBUG neutron.pecan_wsgi.hooks.policy_enforcement [req-dc968b5d-cc90-40a3-b1a4-336ee1e96a65 req-c7e10171-9195-4a2d-8398-0b9a32bf45a3 tempest-ServerActionsTestJSON-871341445 tempest-ServerActionsTestJSON-871341445-project] Attributes excluded by policy engine: ['standard_attr_id', 'binding:profile', 'binding:host_id', 'binding:vif_type', 'binding:vif_details'] {{(pid=104351) _exclude_attributes_by_policy /opt/stack/neutron/neutron/pecan_wsgi/hooks/policy_enforcement.py:259}}
Apr 29 22:03:12.421224 dv-neutron-828673-8-hyperv neutron-server[104351]: INFO neutron.wsgi [req-dc968b5d-cc90-40a3-b1a4-336ee1e96a65 req-c7e10171-9195-4a2d-8398-0b9a32bf45a3 tempest-ServerActionsTestJSON-871341445 tempest-ServerActionsTestJSON-871341445-project] 10.222.0.23 "GET /v2.0/ports?device_id=2b34b964-fd5e-4171-be2c-e0f1bf04da31 HTTP/1.1" status: 200 len: 944 time: 0.3767323
Apr 29 22:03:12.432215 dv-neutron-828673-8-hyperv neutron-server[104350]: DEBUG neutron.db.provisioning_blocks [req-3b3709cf-ccd7-47df-aa94-820c6d679711 req-3fb1c47e-7102-45e7-98d3-f846a6037bd3 service neutron] Transition to ACTIVE for port object 457d76dd-5599-451d-adc6-e35c483c084e will not be triggered until provisioned by entity L2. {{(pid=104350) add_provisioning_component /opt/stack/neutron/neutron/db/provisioning_blocks.py:75}}
Apr 29 22:03:12.526746 dv-neutron-828673-8-hyperv neutron-server[104351]: DEBUG neutron.pecan_wsgi.hooks.policy_enforcement [None req-cfdcaa33-519a-46ca-94a0-7361376c540b tempest-PortsAdminExtendedAttrsIpV6TestJSON-368135608 tempest-PortsAdminExtendedAttrsIpV6TestJSON-368135608-project-admin] Attributes excluded by policy engine: ['standard_attr_id'] {{(pid=104351) _exclude_attributes_by_policy /opt/stack/neutron/neutron/pecan_wsgi/hooks/policy_enforcement.py:259}}
Apr 29 22:03:12.528183 dv-neutron-828673-8-hyperv neutron-server[104351]: INFO neutron.wsgi [None req-cfdcaa33-519a-46ca-94a0-7361376c540b tempest-PortsAdminExtendedAttrsIpV6TestJSON-368135608 tempest-PortsAdminExtendedAttrsIpV6TestJSON-368135608-project-admin] 10.222.0.23 "GET /v2.0/ports/f7c6d221-1753-439a-963b-66bbb79b7b0e HTTP/1.1" status: 200 len: 959 time: 0.4804804
Apr 29 22:03:12.545764 dv-neutron-828673-8-hyperv neutron-server[104350]: DEBUG neutron_lib.callbacks.manager [None req-254d64f9-816a-4b1e-8a51-65bac30a8abc tempest-FloatingIPAdminTestJSON-68227378 tempest-FloatingIPAdminTestJSON-68227378-project] Publish callbacks [] for port (9362f278-01be-4290-a05a-621a5a148693), precommit_update {{(pid=104350) _notify_loop /usr/local/lib/python3.8/dist-packages/neutron_lib/callbacks/manager.py:176}}
Apr 29 22:03:12.548407 dv-neutron-828673-8-hyperv neutron-server[104350]: DEBUG neutron.wsgi [-] (104350) accepted ('10.222.0.23', 46756) {{(pid=104350) server /usr/local/lib/python3.8/dist-packages/eventlet/wsgi.py:1004}}
Apr 29 22:03:12.548918 dv-neutron-828673-8-hyperv neutron-server[104350]: DEBUG neutron.wsgi [-] (104350) accepted ('10.222.0.23', 46758) {{(pid=104350) server /usr/local/lib/python3.8/dist-packages/eventlet/wsgi.py:1004}}
Apr 29 22:03:12.549182 dv-neutron-828673-8-hyperv neutron-server[104351]: INFO neutron.wsgi [None req-bb64dba9-6414-4818-a9b9-305e3215fe7a admin admin] 10.222.0.23 "GET /v2.0/security-groups?tenant_id=0c0ab959181e460087457d0b84707e76&name=default HTTP/1.1" status: 200 len: 2996 time: 0.9028120
Apr 29 22:03:12.550207 dv-neutron-828673-8-hyperv neutron-server[104350]: DEBUG neutron_lib.callbacks.manager [req-3b3709cf-ccd7-47df-aa94-820c6d679711 req-3fb1c47e-7102-45e7-98d3-f846a6037bd3 service neutron] Publish callbacks ['neutron.plugins.ml2.plugin.SecurityGroupServerNotifierRpcMixin._notify_sg_on_port_change-611432', 'neutron.plugins.ml2.ovo_rpc._ObjectChangeHandler.handle_event-201501', 'neutron.api.rpc.agentnotifiers.dhcp_rpc_agent_api.DhcpAgentNotifyAPI._native_event_send_dhcp_notification-3676385', 'neutron.db.l3_db.L3RpcNotifierMixin._notify_gateway_port_ip_changed-8766823271123', 'neutron.db.l3_dvrscheduler_db._notify_l3_agent_port_update-8766822747257', 'neutron.db.l3_hascheduler_db._notify_l3_agent_ha_port_update-8766822747275', 'neutron.services.segments.plugin.NovaSegmentNotifier._notify_port_updated-26087398'] for port (457d76dd-5599-451d-adc6-e35c483c084e), after_update {{(pid=104350) _notify_loop /usr/local/lib/python3.8/dist-packages/neutron_lib/callbacks/manager.py:176}}
Apr 29 22:03:12.565921 dv-neutron-828673-8-hyperv neutron-server[104351]: DEBUG neutron.api.rpc.handlers.resources_rpc [None req-1e31f42c-fba8-482a-8922-41740a60f1e7 service neutron] Pushing event updated for resources: {'Port': ['ID=7d61c28c-35a8-443e-b488-a328d85bba41,revision_number=2']} {{(pid=104351) push /opt/stack/neutron/neutron/api/rpc/handlers/resources_rpc.py:237}}
Apr 29 22:03:12.619860 dv-neutron-828673-8-hyperv neutron-server[104351]: DEBUG neutron.pecan_wsgi.hooks.policy_enforcement [req-d6becc53-4871-4ec8-afd5-d641dc218aa4 req-1d014955-1c57-4672-98ee-bc991c90252d tempest-ServersTestManualDisk-1301827910 tempest-ServersTestManualDisk-1301827910-project] Attributes excluded by policy engine: ['standard_attr_id', 'binding:profile', 'binding:host_id', 'binding:vif_type', 'binding:vif_details'] {{(pid=104351) _exclude_attributes_by_policy /opt/stack/neutron/neutron/pecan_wsgi/hooks/policy_enforcement.py:259}}
Apr 29 22:03:12.621480 dv-neutron-828673-8-hyperv neutron-server[104351]: INFO neutron.wsgi [req-d6becc53-4871-4ec8-afd5-d641dc218aa4 req-1d014955-1c57-4672-98ee-bc991c90252d tempest-ServersTestManualDisk-1301827910 tempest-ServersTestManualDisk-1301827910-project] 10.222.0.23 "GET /v2.0/ports?device_id=c063783f-a64e-42fb-a414-7332eedc913d HTTP/1.1" status: 200 len: 943 time: 0.2863023
Apr 29 22:03:12.664582 dv-neutron-828673-8-hyperv neutron-server[104350]: DEBUG novaclient.v2.client [-] REQ: curl -g -i --cacert "/opt/stack/data/ca-bundle.pem" -X POST http://10.222.0.23/compute/v2.1/os-server-external-events -H "Accept: application/json" -H "Content-Type: application/json" -H "User-Agent: python-novaclient" -H "X-Auth-Token: {SHA256}5aa74158b58f34e4555cd996524f79e168f668fb760c8ffe714e80edd19716fe" -H "X-OpenStack-Nova-API-Version: 2.1" -H "X-OpenStack-Request-ID: req-fa570d2d-ece0-4a2a-b33c-a24f03ff0220" -d '{"events": [{"name": "network-changed", "server_uuid": "c063783f-a64e-42fb-a414-7332eedc913d", "tag": "7f972672-81be-4aed-a1d2-daf559805f5d"}]}' {{(pid=104350) _http_log_request /usr/local/lib/python3.8/dist-packages/keystoneauth1/session.py:519}}
Apr 29 22:03:12.715989 dv-neutron-828673-8-hyperv neutron-server[104350]: DEBUG neutron_lib.callbacks.manager [None req-254d64f9-816a-4b1e-8a51-65bac30a8abc tempest-FloatingIPAdminTestJSON-68227378 tempest-FloatingIPAdminTestJSON-68227378-project] Publish callbacks ['neutron.plugins.ml2.plugin.SecurityGroupServerNotifierRpcMixin._notify_sg_on_port_change-611432', 'neutron.plugins.ml2.ovo_rpc._ObjectChangeHandler.handle_event-201501', 'neutron.api.rpc.agentnotifiers.dhcp_rpc_agent_api.DhcpAgentNotifyAPI._native_event_send_dhcp_notification-3676385', 'neutron.db.l3_db.L3RpcNotifierMixin._notify_gateway_port_ip_changed-8766823271123', 'neutron.db.l3_dvrscheduler_db._notify_l3_agent_port_update-8766822747257', 'neutron.db.l3_hascheduler_db._notify_l3_agent_ha_port_update-8766822747275', 'neutron.services.segments.plugin.NovaSegmentNotifier._notify_port_updated-26087398'] for port (9362f278-01be-4290-a05a-621a5a148693), after_update {{(pid=104350) _notify_loop /usr/local/lib/python3.8/dist-packages/neutron_lib/callbacks/manager.py:176}}
Apr 29 22:03:12.951348 dv-neutron-828673-8-hyperv neutron-server[104350]: DEBUG neutron.api.rpc.handlers.resources_rpc [None req-3fb1c47e-7102-45e7-98d3-f846a6037bd3 service neutron] Pushing event updated for resources: {'Port': ['ID=457d76dd-5599-451d-adc6-e35c483c084e,revision_number=2']} {{(pid=104350) push /opt/stack/neutron/neutron/api/rpc/handlers/resources_rpc.py:237}}
Apr 29 22:03:12.954719 dv-neutron-828673-8-hyperv neutron-server[104350]: DEBUG neutron.pecan_wsgi.hooks.policy_enforcement [req-29b9252c-dcb3-425a-ae4a-6d9b3a97af69 req-fc80b390-b6af-451e-9eb8-b0ddd144484d service neutron] Attributes excluded by policy engine: ['standard_attr_id'] {{(pid=104350) _exclude_attributes_by_policy /opt/stack/neutron/neutron/pecan_wsgi/hooks/policy_enforcement.py:259}}
Apr 29 22:03:12.956401 dv-neutron-828673-8-hyperv neutron-server[104350]: INFO neutron.wsgi [req-29b9252c-dcb3-425a-ae4a-6d9b3a97af69 req-fc80b390-b6af-451e-9eb8-b0ddd144484d service neutron] 10.222.0.16 "GET /v2.0/ports?tenant_id=cbaacdfe24c44f19be7c1ccc206dc226&device_id=c063783f-a64e-42fb-a414-7332eedc913d HTTP/1.1" status: 200 len: 1127 time: 0.2893445
Apr 29 22:03:13.125614 dv-neutron-828673-8-hyperv neutron-server[104351]: DEBUG neutron_lib.callbacks.manager [None req-f31ebcb0-c14c-446d-b116-6e3d1aaddccc tempest-FloatingIPTestJSON-210817975 tempest-FloatingIPTestJSON-210817975-project] Publish callbacks [] for port (176776ed-179d-4795-ab4c-00d2cf7af848), precommit_update {{(pid=104351) _notify_loop /usr/local/lib/python3.8/dist-packages/neutron_lib/callbacks/manager.py:176}}
Apr 29 22:03:13.175371 dv-neutron-828673-8-hyperv neutron-server[104350]: DEBUG neutron_lib.callbacks.manager [None req-254d64f9-816a-4b1e-8a51-65bac30a8abc tempest-FloatingIPAdminTestJSON-68227378 tempest-FloatingIPAdminTestJSON-68227378-project] Publish callbacks ['neutron.services.l3_router.l3_router_plugin.DVRResourceOperationHandler._create_dvr_floating_gw_port-3705656'] for floatingip (f199d1c5-3bd7-486d-ad02-05866423f3a2), after_create {{(pid=104350) _notify_loop /usr/local/lib/python3.8/dist-packages/neutron_lib/callbacks/manager.py:176}}
Apr 29 22:03:13.189515 dv-neutron-828673-8-hyperv neutron-server[104351]: INFO neutron.wsgi [req-dc968b5d-cc90-40a3-b1a4-336ee1e96a65 req-ee7ef54a-5258-4806-a42d-c8ba6cad68c6 tempest-ServerActionsTestJSON-871341445 tempest-ServerActionsTestJSON-871341445-project] 10.222.0.23 "GET /v2.0/security-groups?id=2720d1be-7615-4d19-8976-9dd505a7b8a0&fields=id&fields=name HTTP/1.1" status: 200 len: 312 time: 0.7045515
Apr 29 22:03:13.211517 dv-neutron-828673-8-hyperv neutron-server[104350]: INFO neutron.wsgi [req-29b9252c-dcb3-425a-ae4a-6d9b3a97af69 req-35a35b03-15fa-45b7-8c97-815104090f3b service neutron] 10.222.0.16 "GET /v2.0/floatingips?fixed_ip_address=172.20.0.6&port_id=7f972672-81be-4aed-a1d2-daf559805f5d HTTP/1.1" status: 200 len: 217 time: 0.1619744
Apr 29 22:03:13.224505 dv-neutron-828673-8-hyperv neutron-server[104351]: DEBUG neutron_lib.callbacks.manager [None req-f31ebcb0-c14c-446d-b116-6e3d1aaddccc tempest-FloatingIPTestJSON-210817975 tempest-FloatingIPTestJSON-210817975-project] Publish callbacks ['neutron.plugins.ml2.plugin.SecurityGroupServerNotifierRpcMixin._notify_sg_on_port_change-611432', 'neutron.plugins.ml2.ovo_rpc._ObjectChangeHandler.handle_event-201501', 'neutron.api.rpc.agentnotifiers.dhcp_rpc_agent_api.DhcpAgentNotifyAPI._native_event_send_dhcp_notification-3676385', 'neutron.db.l3_db.L3RpcNotifierMixin._notify_gateway_port_ip_changed-8766823271123', 'neutron.db.l3_dvrscheduler_db._notify_l3_agent_port_update-8766822747257', 'neutron.db.l3_hascheduler_db._notify_l3_agent_ha_port_update-8766822747275', 'neutron.services.segments.plugin.NovaSegmentNotifier._notify_port_updated-26006985'] for port (176776ed-179d-4795-ab4c-00d2cf7af848), after_update {{(pid=104351) _notify_loop /usr/local/lib/python3.8/dist-packages/neutron_lib/callbacks/manager.py:176}}
Apr 29 22:03:13.232764 dv-neutron-828673-8-hyperv neutron-server[104350]: DEBUG neutron_lib.callbacks.manager [None req-f23976f2-6b4f-429f-9106-0fe11edcdb99 admin admin] Publish callbacks [] for security_group (98b5cdac-4c5f-4bb6-acb3-f887a2c139d7), before_delete {{(pid=104350) _notify_loop /usr/local/lib/python3.8/dist-packages/neutron_lib/callbacks/manager.py:176}}
Apr 29 22:03:13.236764 dv-neutron-828673-8-hyperv neutron-server[104351]: INFO neutron.wsgi [req-d6becc53-4871-4ec8-afd5-d641dc218aa4 req-1370a81a-b713-4682-8c2d-e98ff6472525 tempest-ServersTestManualDisk-1301827910 tempest-ServersTestManualDisk-1301827910-project] 10.222.0.23 "GET /v2.0/security-groups?id=f18c024c-29a6-4935-8d6d-35f945cc5f60&fields=id&fields=name HTTP/1.1" status: 200 len: 312 time: 0.5347326
Apr 29 22:03:13.247503 dv-neutron-828673-8-hyperv neutron-server[104350]: DEBUG neutron.plugins.ml2.plugin [None req-abef5432-f88d-400d-b302-0c0d16f749d1 tempest-PortsAdminExtendedAttrsIpV6TestJSON-368135608 tempest-PortsAdminExtendedAttrsIpV6TestJSON-368135608-project-admin] Deleting port f7c6d221-1753-439a-963b-66bbb79b7b0e {{(pid=104350) _pre_delete_port /opt/stack/neutron/neutron/plugins/ml2/plugin.py:2042}}
Apr 29 22:03:13.247851 dv-neutron-828673-8-hyperv neutron-server[104350]: DEBUG neutron_lib.callbacks.manager [None req-abef5432-f88d-400d-b302-0c0d16f749d1 tempest-PortsAdminExtendedAttrsIpV6TestJSON-368135608 tempest-PortsAdminExtendedAttrsIpV6TestJSON-368135608-project-admin] Publish callbacks ['neutron.db.l3_db.L3_NAT_dbonly_mixin._prevent_l3_port_delete_callback-8766823264323'] for port (f7c6d221-1753-439a-963b-66bbb79b7b0e), before_delete {{(pid=104350) _notify_loop /usr/local/lib/python3.8/dist-packages/neutron_lib/callbacks/manager.py:176}}
Apr 29 22:03:13.265979 dv-neutron-828673-8-hyperv neutron-server[104351]: DEBUG neutron.plugins.ml2.managers [req-5623d2da-19c8-481a-83ce-99ae089f6ef6 req-1e31f42c-fba8-482a-8922-41740a60f1e7 service neutron] Attempting to bind port 7d61c28c-35a8-443e-b488-a328d85bba41 on host hv-neutron-8286 for vnic_type normal with profile {{(pid=104351) bind_port /opt/stack/neutron/neutron/plugins/ml2/managers.py:795}}
Apr 29 22:03:13.266322 dv-neutron-828673-8-hyperv neutron-server[104351]: DEBUG neutron.plugins.ml2.managers [req-5623d2da-19c8-481a-83ce-99ae089f6ef6 req-1e31f42c-fba8-482a-8922-41740a60f1e7 service neutron] Attempting to bind port 7d61c28c-35a8-443e-b488-a328d85bba41 by drivers openvswitch,hyperv on host hv-neutron-8286 at level 0 using segments [{'id': '6ddebb70-c4b3-4de0-8c03-18887c7774b3', 'network_type': 'vlan', 'physical_network': 'physnet1', 'segmentation_id': 122, 'network_id': '8bf60789-a939-4b89-9e45-99acb872fd4a'}] {{(pid=104351) _bind_port_level /opt/stack/neutron/neutron/plugins/ml2/managers.py:820}}
Apr 29 22:03:13.266652 dv-neutron-828673-8-hyperv neutron-server[104351]: DEBUG neutron.plugins.ml2.drivers.mech_agent [req-5623d2da-19c8-481a-83ce-99ae089f6ef6 req-1e31f42c-fba8-482a-8922-41740a60f1e7 service neutron] Attempting to bind port 7d61c28c-35a8-443e-b488-a328d85bba41 on network 8bf60789-a939-4b89-9e45-99acb872fd4a {{(pid=104351) bind_port /opt/stack/neutron/neutron/plugins/ml2/drivers/mech_agent.py:91}}
Apr 29 22:03:13.313826 dv-neutron-828673-8-hyperv neutron-server[104351]: DEBUG neutron_lib.callbacks.manager [None req-95af7a9d-13b4-4375-bb3f-e651a6e7d3a9 admin admin] Publish callbacks [] for security_group (aeaa506b-1e25-4f67-aa22-c146c6299d45), precommit_create {{(pid=104351) _notify_loop /usr/local/lib/python3.8/dist-packages/neutron_lib/callbacks/manager.py:176}}
Apr 29 22:03:13.314750 dv-neutron-828673-8-hyperv neutron-server[104351]: DEBUG neutron.plugins.ml2.drivers.mech_agent [req-5623d2da-19c8-481a-83ce-99ae089f6ef6 req-1e31f42c-fba8-482a-8922-41740a60f1e7 service neutron] Port 7d61c28c-35a8-443e-b488-a328d85bba41 on network 8bf60789-a939-4b89-9e45-99acb872fd4a not bound, no agent of type Open vSwitch agent registered on host hv-neutron-8286 {{(pid=104351) bind_port /opt/stack/neutron/neutron/plugins/ml2/drivers/mech_agent.py:103}}
Apr 29 22:03:13.315072 dv-neutron-828673-8-hyperv neutron-server[104351]: DEBUG neutron.plugins.ml2.drivers.mech_agent [req-5623d2da-19c8-481a-83ce-99ae089f6ef6 req-1e31f42c-fba8-482a-8922-41740a60f1e7 service neutron] Attempting to bind port 7d61c28c-35a8-443e-b488-a328d85bba41 on network 8bf60789-a939-4b89-9e45-99acb872fd4a {{(pid=104351) bind_port /opt/stack/neutron/neutron/plugins/ml2/drivers/mech_agent.py:91}}
Apr 29 22:03:13.357076 dv-neutron-828673-8-hyperv neutron-server[104351]: DEBUG neutron.api.rpc.handlers.resources_rpc [None req-f31ebcb0-c14c-446d-b116-6e3d1aaddccc tempest-FloatingIPTestJSON-210817975 tempest-FloatingIPTestJSON-210817975-project] Pushing event updated for resources: {'Port': ['ID=176776ed-179d-4795-ab4c-00d2cf7af848,revision_number=2']} {{(pid=104351) push /opt/stack/neutron/neutron/api/rpc/handlers/resources_rpc.py:237}}
Apr 29 22:03:13.361615 dv-neutron-828673-8-hyperv neutron-server[104351]: DEBUG neutron_lib.callbacks.manager [None req-f31ebcb0-c14c-446d-b116-6e3d1aaddccc tempest-FloatingIPTestJSON-210817975 tempest-FloatingIPTestJSON-210817975-project] Publish callbacks ['neutron.api.rpc.agentnotifiers.dhcp_rpc_agent_api.DhcpAgentNotifyAPI._after_router_interface_created-3676403', 'neutron.services.l3_router.l3_router_plugin.DVRResourceOperationHandler._update_snat_v6_addrs_after_intf_update-3885341'] for router_interface (f3f29ed0-8a73-4e68-81f1-6f5feef447fb), after_create {{(pid=104351) _notify_loop /usr/local/lib/python3.8/dist-packages/neutron_lib/callbacks/manager.py:176}}
Apr 29 22:03:13.363158 dv-neutron-828673-8-hyperv neutron-server[104351]: DEBUG neutron.plugins.ml2.drivers.mech_agent [req-5623d2da-19c8-481a-83ce-99ae089f6ef6 req-1e31f42c-fba8-482a-8922-41740a60f1e7 service neutron] Checking agent: {'id': '8a248b99-5a50-4a7d-bd9c-6c516697aa59', 'agent_type': 'HyperV agent', 'binary': 'neutron-hyperv-agent', 'topic': 'N/A', 'host': 'hv-neutron-8286', 'admin_state_up': True, 'created_at': datetime.datetime(2022, 4, 29, 22, 0, 52), 'started_at': datetime.datetime(2022, 4, 29, 22, 0, 52), 'heartbeat_timestamp': datetime.datetime(2022, 4, 29, 22, 2, 52), 'description': None, 'resources_synced': None, 'availability_zone': None, 'alive': True, 'configurations': {'vswitch_mappings': {'physnet1$': 'br-data'}}, 'resource_versions': {}} {{(pid=104351) bind_port /opt/stack/neutron/neutron/plugins/ml2/drivers/mech_agent.py:110}}
Apr 29 22:03:13.363293 dv-neutron-828673-8-hyperv neutron-server[104350]: DEBUG neutron_lib.callbacks.manager [None req-abef5432-f88d-400d-b302-0c0d16f749d1 tempest-PortsAdminExtendedAttrsIpV6TestJSON-368135608 tempest-PortsAdminExtendedAttrsIpV6TestJSON-368135608-project-admin] Publish callbacks ['neutron.services.l3_router.l3_router_plugin.L3_NAT_dbonly_mixin._precommit_delete_port_callback-3765317'] for port (f7c6d221-1753-439a-963b-66bbb79b7b0e), precommit_delete {{(pid=104350) _notify_loop /usr/local/lib/python3.8/dist-packages/neutron_lib/callbacks/manager.py:176}}
Apr 29 22:03:13.363514 dv-neutron-828673-8-hyperv neutron-server[104351]: DEBUG neutron.plugins.ml2.drivers.mech_agent [req-5623d2da-19c8-481a-83ce-99ae089f6ef6 req-1e31f42c-fba8-482a-8922-41740a60f1e7 service neutron] Checking segment: {'id': '6ddebb70-c4b3-4de0-8c03-18887c7774b3', 'network_type': 'vlan', 'physical_network': 'physnet1', 'segmentation_id': 122, 'network_id': '8bf60789-a939-4b89-9e45-99acb872fd4a'} for mappings: {'physnet1$': 'br-data'} with network types: ['local', 'flat', 'vlan'] {{(pid=104351) check_segment_for_agent /opt/stack/neutron/neutron/plugins/ml2/drivers/mech_agent.py:373}}
Apr 29 22:03:13.364217 dv-neutron-828673-8-hyperv neutron-server[104351]: DEBUG neutron.plugins.ml2.drivers.mech_agent [req-5623d2da-19c8-481a-83ce-99ae089f6ef6 req-1e31f42c-fba8-482a-8922-41740a60f1e7 service neutron] Bound using segment: {'id': '6ddebb70-c4b3-4de0-8c03-18887c7774b3', 'network_type': 'vlan', 'physical_network': 'physnet1', 'segmentation_id': 122, 'network_id': '8bf60789-a939-4b89-9e45-99acb872fd4a'} {{(pid=104351) bind_port /opt/stack/neutron/neutron/plugins/ml2/drivers/mech_agent.py:120}}
Apr 29 22:03:13.365398 dv-neutron-828673-8-hyperv neutron-server[104351]: DEBUG neutron.plugins.ml2.managers [req-5623d2da-19c8-481a-83ce-99ae089f6ef6 req-1e31f42c-fba8-482a-8922-41740a60f1e7 service neutron] Bound port: 7d61c28c-35a8-443e-b488-a328d85bba41, host: hv-neutron-8286, vif_type: hyperv, vif_details: {"connectivity": "legacy", "port_filter": false}, binding_levels: [{'bound_driver': 'hyperv', 'bound_segment': {'id': '6ddebb70-c4b3-4de0-8c03-18887c7774b3', 'network_type': 'vlan', 'physical_network': 'physnet1', 'segmentation_id': 122, 'network_id': '8bf60789-a939-4b89-9e45-99acb872fd4a'}}] {{(pid=104351) _bind_port_level /opt/stack/neutron/neutron/plugins/ml2/managers.py:932}}
Apr 29 22:03:13.365504 dv-neutron-828673-8-hyperv neutron-server[104351]: DEBUG neutron_lib.callbacks.manager [req-5623d2da-19c8-481a-83ce-99ae089f6ef6 req-1e31f42c-fba8-482a-8922-41740a60f1e7 service neutron] Publish callbacks ['neutron.plugins.ml2.plugin.SecurityGroupDbMixin._ensure_default_security_group_handler-610469'] for port (7d61c28c-35a8-443e-b488-a328d85bba41), before_update {{(pid=104351) _notify_loop /usr/local/lib/python3.8/dist-packages/neutron_lib/callbacks/manager.py:176}}
Apr 29 22:03:13.378880 dv-neutron-828673-8-hyperv neutron-server[104350]: DEBUG neutron.plugins.ml2.plugin [None req-abef5432-f88d-400d-b302-0c0d16f749d1 tempest-PortsAdminExtendedAttrsIpV6TestJSON-368135608 tempest-PortsAdminExtendedAttrsIpV6TestJSON-368135608-project-admin] Calling delete_port for f7c6d221-1753-439a-963b-66bbb79b7b0e owned by {{(pid=104350) delete_port /opt/stack/neutron/neutron/plugins/ml2/plugin.py:2121}}
Apr 29 22:03:13.401056 dv-neutron-828673-8-hyperv neutron-server[104351]: DEBUG neutron_lib.callbacks.manager [None req-95af7a9d-13b4-4375-bb3f-e651a6e7d3a9 admin admin] Publish callbacks ['neutron.plugins.ml2.ovo_rpc._ObjectChangeHandler.handle_event-3693133'] for security_group (aeaa506b-1e25-4f67-aa22-c146c6299d45), after_create {{(pid=104351) _notify_loop /usr/local/lib/python3.8/dist-packages/neutron_lib/callbacks/manager.py:176}}
Apr 29 22:03:13.449846 dv-neutron-828673-8-hyperv neutron-server[104351]: DEBUG neutron.pecan_wsgi.hooks.policy_enforcement [req-811b0bf5-75de-4642-a4b4-48269bb9d8cb req-4095aee6-7ee3-4deb-b56f-26fa6c4d173c tempest-ServersTestJSON-46319940 tempest-ServersTestJSON-46319940-project] Attributes excluded by policy engine: ['standard_attr_id', 'binding:profile', 'binding:host_id', 'binding:vif_type', 'binding:vif_details'] {{(pid=104351) _exclude_attributes_by_policy /opt/stack/neutron/neutron/pecan_wsgi/hooks/policy_enforcement.py:259}}
Apr 29 22:03:13.451398 dv-neutron-828673-8-hyperv neutron-server[104351]: INFO neutron.wsgi [req-811b0bf5-75de-4642-a4b4-48269bb9d8cb req-4095aee6-7ee3-4deb-b56f-26fa6c4d173c tempest-ServersTestJSON-46319940 tempest-ServersTestJSON-46319940-project] 10.222.0.23 "GET /v2.0/ports?device_id=d16215cd-dec7-4444-815f-949ee833e2f4 HTTP/1.1" status: 200 len: 943 time: 0.1086683
Apr 29 22:03:13.541702 dv-neutron-828673-8-hyperv neutron-server[104350]: DEBUG neutron.api.rpc.handlers.resources_rpc [None req-254d64f9-816a-4b1e-8a51-65bac30a8abc tempest-FloatingIPAdminTestJSON-68227378 tempest-FloatingIPAdminTestJSON-68227378-project] Pushing event updated for resources: {'Port': ['ID=9362f278-01be-4290-a05a-621a5a148693,revision_number=2']} {{(pid=104350) push /opt/stack/neutron/neutron/api/rpc/handlers/resources_rpc.py:237}}
Apr 29 22:03:13.570373 dv-neutron-828673-8-hyperv neutron-server[104351]: INFO neutron.wsgi [None req-95af7a9d-13b4-4375-bb3f-e651a6e7d3a9 admin admin] 10.222.0.23 "GET /v2.0/security-groups?tenant_id=71a8dbe36307450aab74d7e6ce4e7eeb&name=default HTTP/1.1" status: 200 len: 2996 time: 1.6401169
Apr 29 22:03:13.575257 dv-neutron-828673-8-hyperv neutron-server[104350]: DEBUG novaclient.v2.client [-] RESP: [200] Connection: close Content-Length: 179 Content-Type: application/json Date: Fri, 29 Apr 2022 22:03:12 GMT OpenStack-API-Version: compute 2.1 Server: Apache/2.4.41 (Ubuntu) Vary: OpenStack-API-Version,X-OpenStack-Nova-API-Version X-OpenStack-Nova-API-Version: 2.1 x-compute-request-id: req-bfd8d2ce-a723-4994-8286-03f163a945f3 x-openstack-request-id: req-bfd8d2ce-a723-4994-8286-03f163a945f3 {{(pid=104350) _http_log_response /usr/local/lib/python3.8/dist-packages/keystoneauth1/session.py:550}}
Apr 29 22:03:13.578302 dv-neutron-828673-8-hyperv neutron-server[104350]: DEBUG novaclient.v2.client [-] RESP BODY: {"events": [{"name": "network-changed", "server_uuid": "c063783f-a64e-42fb-a414-7332eedc913d", "tag": "7f972672-81be-4aed-a1d2-daf559805f5d", "status": "completed", "code": 200}]} {{(pid=104350) _http_log_response /usr/local/lib/python3.8/dist-packages/keystoneauth1/session.py:582}}
Apr 29 22:03:13.578302 dv-neutron-828673-8-hyperv neutron-server[104350]: DEBUG novaclient.v2.client [-] POST call to compute for http://10.222.0.23/compute/v2.1/os-server-external-events used request id req-bfd8d2ce-a723-4994-8286-03f163a945f3 {{(pid=104350) request /usr/local/lib/python3.8/dist-packages/keystoneauth1/session.py:954}}
Apr 29 22:03:13.578302 dv-neutron-828673-8-hyperv neutron-server[104350]: INFO neutron.notifiers.nova [-] Nova event matching ['req-bfd8d2ce-a723-4994-8286-03f163a945f3'] response: {'name': 'network-changed', 'server_uuid': 'c063783f-a64e-42fb-a414-7332eedc913d', 'tag': '7f972672-81be-4aed-a1d2-daf559805f5d', 'status': 'completed', 'code': 200}
Apr 29 22:03:13.578796 dv-neutron-828673-8-hyperv neutron-server[104351]: DEBUG neutron.wsgi [-] (104351) accepted ('10.222.0.23', 46768) {{(pid=104351) server /usr/local/lib/python3.8/dist-packages/eventlet/wsgi.py:1004}}
Apr 29 22:03:13.594891 dv-neutron-828673-8-hyperv neutron-server[104351]: DEBUG neutron.api.rpc.handlers.resources_rpc [None req-95af7a9d-13b4-4375-bb3f-e651a6e7d3a9 admin admin] Pushing event updated for resources: {'SecurityGroup': ['ID=aeaa506b-1e25-4f67-aa22-c146c6299d45,revision_number=1']} {{(pid=104351) push /opt/stack/neutron/neutron/api/rpc/handlers/resources_rpc.py:237}}
Apr 29 22:03:13.617811 dv-neutron-828673-8-hyperv neutron-server[104350]: DEBUG neutron.plugins.ml2.managers [req-3b3709cf-ccd7-47df-aa94-820c6d679711 req-3fb1c47e-7102-45e7-98d3-f846a6037bd3 service neutron] Attempting to bind port 457d76dd-5599-451d-adc6-e35c483c084e on host hv-neutron-8286 for vnic_type normal with profile {{(pid=104350) bind_port /opt/stack/neutron/neutron/plugins/ml2/managers.py:795}}
Apr 29 22:03:13.618198 dv-neutron-828673-8-hyperv neutron-server[104350]: DEBUG neutron.plugins.ml2.managers [req-3b3709cf-ccd7-47df-aa94-820c6d679711 req-3fb1c47e-7102-45e7-98d3-f846a6037bd3 service neutron] Attempting to bind port 457d76dd-5599-451d-adc6-e35c483c084e by drivers openvswitch,hyperv on host hv-neutron-8286 at level 0 using segments [{'id': '6b37e660-04ae-4daa-910c-2e49b93cc830', 'network_type': 'vlan', 'physical_network': 'physnet1', 'segmentation_id': 121, 'network_id': 'defc4b36-5d95-4d00-9ff9-fdde66591457'}] {{(pid=104350) _bind_port_level /opt/stack/neutron/neutron/plugins/ml2/managers.py:820}}
Apr 29 22:03:13.618519 dv-neutron-828673-8-hyperv neutron-server[104350]: DEBUG neutron.plugins.ml2.drivers.mech_agent [req-3b3709cf-ccd7-47df-aa94-820c6d679711 req-3fb1c47e-7102-45e7-98d3-f846a6037bd3 service neutron] Attempting to bind port 457d76dd-5599-451d-adc6-e35c483c084e on network defc4b36-5d95-4d00-9ff9-fdde66591457 {{(pid=104350) bind_port /opt/stack/neutron/neutron/plugins/ml2/drivers/mech_agent.py:91}}
