Feb 11 04:10:21.786436 dv-neutron-828673-2-hyperv devstack@placement-api.service[110630]: DEBUG placement.objects.allocation_candidate [req-846ead51-d738-450d-a4dc-448b15c1ebff req-f65147e7-df8c-4c86-b099-6cb741bbe737 service placement] RequestGroup(use_same_provider=False, resources={DISK_GB:1, MEMORY_MB:512, VCPU:1}, traits=[], aggregates=[]) (suffix '') returned 1 matches {{(pid=110630) _get_by_requests /opt/stack/placement/placement/objects/allocation_candidate.py:145}}
Feb 11 04:10:21.786766 dv-neutron-828673-2-hyperv devstack@placement-api.service[110630]: DEBUG placement.objects.allocation_candidate [req-846ead51-d738-450d-a4dc-448b15c1ebff req-f65147e7-df8c-4c86-b099-6cb741bbe737 service placement] Merging candidates yields 1 allocation requests and 1 provider summaries {{(pid=110630) _merge_candidates /opt/stack/placement/placement/objects/allocation_candidate.py:783}}
Feb 11 04:10:21.788203 dv-neutron-828673-2-hyperv devstack@placement-api.service[110630]: INFO placement.requestlog [req-846ead51-d738-450d-a4dc-448b15c1ebff req-f65147e7-df8c-4c86-b099-6cb741bbe737 service placement] 10.222.0.18 "GET /placement/allocation_candidates?limit=1000&resources=DISK_GB%3A1%2CMEMORY_MB%3A512%2CVCPU%3A1&root_required=%21COMPUTE_STATUS_DISABLED" status: 200 len: 766 microversion: 1.36
Feb 11 04:10:21.788571 dv-neutron-828673-2-hyperv devstack@placement-api.service[110630]: [pid: 110630|app: 0|req: 127/254] 10.222.0.18 () {60 vars in 1504 bytes} [Fri Feb 11 04:10:21 2022] GET /placement/allocation_candidates?limit=1000&resources=DISK_GB%3A1%2CMEMORY_MB%3A512%2CVCPU%3A1&root_required=%21COMPUTE_STATUS_DISABLED => generated 766 bytes in 62 msecs (HTTP/1.1 200) 8 headers in 296 bytes (1 switches on core 0)
Feb 11 04:10:21.823913 dv-neutron-828673-2-hyperv devstack@placement-api.service[110629]: DEBUG placement.requestlog [req-846ead51-d738-450d-a4dc-448b15c1ebff req-b9ee8f59-d8c6-4317-81e0-9a804cb2f680 None None] Starting request: 10.222.0.18 "GET /placement/allocations/1ca15f82-f350-4cfb-9109-af8f18d07c07" {{(pid=110629) __call__ /opt/stack/placement/placement/requestlog.py:55}}
Feb 11 04:10:21.834643 dv-neutron-828673-2-hyperv devstack@placement-api.service[110629]: INFO placement.requestlog [req-846ead51-d738-450d-a4dc-448b15c1ebff req-b9ee8f59-d8c6-4317-81e0-9a804cb2f680 service placement] 10.222.0.18 "GET /placement/allocations/1ca15f82-f350-4cfb-9109-af8f18d07c07" status: 200 len: 19 microversion: 1.28
Feb 11 04:10:21.834990 dv-neutron-828673-2-hyperv devstack@placement-api.service[110629]: [pid: 110629|app: 0|req: 128/255] 10.222.0.18 () {60 vars in 1380 bytes} [Fri Feb 11 04:10:21 2022] GET /placement/allocations/1ca15f82-f350-4cfb-9109-af8f18d07c07 => generated 19 bytes in 11 msecs (HTTP/1.1 200) 8 headers in 295 bytes (1 switches on core 0)
Feb 11 04:10:21.840769 dv-neutron-828673-2-hyperv devstack@placement-api.service[110630]: DEBUG placement.requestlog [req-846ead51-d738-450d-a4dc-448b15c1ebff req-b27dc815-3de7-4ca9-a7c9-eae2ae017699 None None] Starting request: 10.222.0.18 "PUT /placement/allocations/1ca15f82-f350-4cfb-9109-af8f18d07c07" {{(pid=110630) __call__ /opt/stack/placement/placement/requestlog.py:55}}
Feb 11 04:10:21.965324 dv-neutron-828673-2-hyperv devstack@placement-api.service[110630]: DEBUG placement.handlers.allocation [req-846ead51-d738-450d-a4dc-448b15c1ebff req-b27dc815-3de7-4ca9-a7c9-eae2ae017699 service placement] Successfully wrote allocations [, , ] {{(pid=110630) _update_consumers_and_create_allocations /opt/stack/placement/placement/handlers/allocation.py:462}}
Feb 11 04:10:22.052030 dv-neutron-828673-2-hyperv devstack@placement-api.service[110630]: INFO placement.requestlog [req-846ead51-d738-450d-a4dc-448b15c1ebff req-b27dc815-3de7-4ca9-a7c9-eae2ae017699 service placement] 10.222.0.18 "PUT /placement/allocations/1ca15f82-f350-4cfb-9109-af8f18d07c07" status: 204 len: 0 microversion: 1.36
Feb 11 04:10:22.052434 dv-neutron-828673-2-hyperv devstack@placement-api.service[110630]: [pid: 110630|app: 0|req: 128/256] 10.222.0.18 () {64 vars in 1433 bytes} [Fri Feb 11 04:10:21 2022] PUT /placement/allocations/1ca15f82-f350-4cfb-9109-af8f18d07c07 => generated 0 bytes in 212 msecs (HTTP/1.1 204) 5 headers in 199 bytes (1 switches on core 0)
Feb 11 04:10:22.494459 dv-neutron-828673-2-hyperv devstack@placement-api.service[110629]: DEBUG placement.requestlog [req-846ead51-d738-450d-a4dc-448b15c1ebff req-77587d0c-2eb0-41d7-b119-96a7b893ad5b None None] Starting request: 10.222.0.30 "GET /placement/allocations/1ca15f82-f350-4cfb-9109-af8f18d07c07" {{(pid=110629) __call__ /opt/stack/placement/placement/requestlog.py:55}}
Feb 11 04:10:22.509158 dv-neutron-828673-2-hyperv devstack@placement-api.service[110629]: INFO placement.requestlog [req-846ead51-d738-450d-a4dc-448b15c1ebff req-77587d0c-2eb0-41d7-b119-96a7b893ad5b service placement] 10.222.0.30 "GET /placement/allocations/1ca15f82-f350-4cfb-9109-af8f18d07c07" status: 200 len: 258 microversion: 1.28
Feb 11 04:10:22.509498 dv-neutron-828673-2-hyperv devstack@placement-api.service[110629]: [pid: 110629|app: 0|req: 129/257] 10.222.0.30 () {60 vars in 1377 bytes} [Fri Feb 11 04:10:22 2022] GET /placement/allocations/1ca15f82-f350-4cfb-9109-af8f18d07c07 => generated 258 bytes in 15 msecs (HTTP/1.1 200) 8 headers in 296 bytes (1 switches on core 0)
Feb 11 04:10:52.446853 dv-neutron-828673-2-hyperv devstack@placement-api.service[110630]: DEBUG placement.requestlog [req-c0f08c61-e1b2-4ed3-bddf-589e6554720c req-884b3027-9aee-4504-b709-2ebf35732fb9 None None] Starting request: 10.222.0.30 "GET /placement/resource_providers/46f77c9f-e2da-4380-9378-b4bde2f6edfd/allocations" {{(pid=110630) __call__ /opt/stack/placement/placement/requestlog.py:55}}
Feb 11 04:10:52.466695 dv-neutron-828673-2-hyperv devstack@placement-api.service[110630]: INFO placement.requestlog [req-c0f08c61-e1b2-4ed3-bddf-589e6554720c req-884b3027-9aee-4504-b709-2ebf35732fb9 service placement] 10.222.0.30 "GET /placement/resource_providers/46f77c9f-e2da-4380-9378-b4bde2f6edfd/allocations" status: 200 len: 254 microversion: 1.0
Feb 11 04:10:52.469869 dv-neutron-828673-2-hyperv devstack@placement-api.service[110630]: [pid: 110630|app: 0|req: 129/258] 10.222.0.30 () {58 vars in 1390 bytes} [Fri Feb 11 04:10:52 2022] GET /placement/resource_providers/46f77c9f-e2da-4380-9378-b4bde2f6edfd/allocations => generated 254 bytes in 21 msecs (HTTP/1.1 200) 6 headers in 224 bytes (1 switches on core 0)
Feb 11 04:10:52.638461 dv-neutron-828673-2-hyperv devstack@placement-api.service[110629]: DEBUG placement.requestlog [req-c0f08c61-e1b2-4ed3-bddf-589e6554720c req-0e96b446-de2c-4d96-8fec-b40e119aa0da None None] Starting request: 10.222.0.30 "GET /placement/resource_providers?in_tree=46f77c9f-e2da-4380-9378-b4bde2f6edfd" {{(pid=110629) __call__ /opt/stack/placement/placement/requestlog.py:55}}
Feb 11 04:10:52.656066 dv-neutron-828673-2-hyperv devstack@placement-api.service[110629]: INFO placement.requestlog [req-c0f08c61-e1b2-4ed3-bddf-589e6554720c req-0e96b446-de2c-4d96-8fec-b40e119aa0da service placement] 10.222.0.30 "GET /placement/resource_providers?in_tree=46f77c9f-e2da-4380-9378-b4bde2f6edfd" status: 200 len: 865 microversion: 1.14
Feb 11 04:10:52.656548 dv-neutron-828673-2-hyperv devstack@placement-api.service[110629]: [pid: 110629|app: 0|req: 130/259] 10.222.0.30 () {60 vars in 1376 bytes} [Fri Feb 11 04:10:52 2022] GET /placement/resource_providers?in_tree=46f77c9f-e2da-4380-9378-b4bde2f6edfd => generated 865 bytes in 18 msecs (HTTP/1.1 200) 6 headers in 225 bytes (1 switches on core 0)
Feb 11 04:10:52.682243 dv-neutron-828673-2-hyperv devstack@placement-api.service[110630]: DEBUG placement.requestlog [req-c0f08c61-e1b2-4ed3-bddf-589e6554720c req-64c1d827-2cf2-468e-8aec-0249ec916d4c None None] Starting request: 10.222.0.30 "GET /placement/resource_providers/46f77c9f-e2da-4380-9378-b4bde2f6edfd/inventories" {{(pid=110630) __call__ /opt/stack/placement/placement/requestlog.py:55}}
Feb 11 04:10:52.699464 dv-neutron-828673-2-hyperv devstack@placement-api.service[110630]: INFO placement.requestlog [req-c0f08c61-e1b2-4ed3-bddf-589e6554720c req-64c1d827-2cf2-468e-8aec-0249ec916d4c service placement] 10.222.0.30 "GET /placement/resource_providers/46f77c9f-e2da-4380-9378-b4bde2f6edfd/inventories" status: 200 len: 398 microversion: 1.0
Feb 11 04:10:52.699916 dv-neutron-828673-2-hyperv devstack@placement-api.service[110630]: [pid: 110630|app: 0|req: 130/260] 10.222.0.30 () {58 vars in 1390 bytes} [Fri Feb 11 04:10:52 2022] GET /placement/resource_providers/46f77c9f-e2da-4380-9378-b4bde2f6edfd/inventories => generated 398 bytes in 18 msecs (HTTP/1.1 200) 6 headers in 224 bytes (1 switches on core 0)
Feb 11 04:10:52.739370 dv-neutron-828673-2-hyperv devstack@placement-api.service[110629]: DEBUG placement.requestlog [req-c0f08c61-e1b2-4ed3-bddf-589e6554720c req-f3d278cc-7da4-4510-aa3b-bcd95d507046 None None] Starting request: 10.222.0.30 "GET /placement/resource_providers/46f77c9f-e2da-4380-9378-b4bde2f6edfd/aggregates" {{(pid=110629) __call__ /opt/stack/placement/placement/requestlog.py:55}}
Feb 11 04:10:52.752315 dv-neutron-828673-2-hyperv devstack@placement-api.service[110629]: INFO placement.requestlog [req-c0f08c61-e1b2-4ed3-bddf-589e6554720c req-f3d278cc-7da4-4510-aa3b-bcd95d507046 service placement] 10.222.0.30 "GET /placement/resource_providers/46f77c9f-e2da-4380-9378-b4bde2f6edfd/aggregates" status: 200 len: 54 microversion: 1.19
Feb 11 04:10:52.752689 dv-neutron-828673-2-hyperv devstack@placement-api.service[110629]: [pid: 110629|app: 0|req: 131/261] 10.222.0.30 () {60 vars in 1431 bytes} [Fri Feb 11 04:10:52 2022] GET /placement/resource_providers/46f77c9f-e2da-4380-9378-b4bde2f6edfd/aggregates => generated 54 bytes in 14 msecs (HTTP/1.1 200) 8 headers in 295 bytes (1 switches on core 0)
Feb 11 04:10:52.767836 dv-neutron-828673-2-hyperv devstack@placement-api.service[110630]: DEBUG placement.requestlog [req-846ead51-d738-450d-a4dc-448b15c1ebff req-c2aef25f-fecc-4d78-b9e0-134bd91e04d8 None None] Starting request: 10.222.0.30 "GET /placement/allocations/1ca15f82-f350-4cfb-9109-af8f18d07c07" {{(pid=110630) __call__ /opt/stack/placement/placement/requestlog.py:55}}
Feb 11 04:10:52.769716 dv-neutron-828673-2-hyperv devstack@placement-api.service[110629]: DEBUG placement.requestlog [req-c0f08c61-e1b2-4ed3-bddf-589e6554720c req-974821cc-bdbd-49b3-b275-0ae4ac275520 None None] Starting request: 10.222.0.30 "GET /placement/resource_providers/46f77c9f-e2da-4380-9378-b4bde2f6edfd/traits" {{(pid=110629) __call__ /opt/stack/placement/placement/requestlog.py:55}}
Feb 11 04:10:52.786626 dv-neutron-828673-2-hyperv devstack@placement-api.service[110630]: INFO placement.requestlog [req-846ead51-d738-450d-a4dc-448b15c1ebff req-c2aef25f-fecc-4d78-b9e0-134bd91e04d8 service placement] 10.222.0.30 "GET /placement/allocations/1ca15f82-f350-4cfb-9109-af8f18d07c07" status: 200 len: 258 microversion: 1.28
Feb 11 04:10:52.787312 dv-neutron-828673-2-hyperv devstack@placement-api.service[110630]: [pid: 110630|app: 0|req: 131/262] 10.222.0.30 () {60 vars in 1377 bytes} [Fri Feb 11 04:10:52 2022] GET /placement/allocations/1ca15f82-f350-4cfb-9109-af8f18d07c07 => generated 258 bytes in 20 msecs (HTTP/1.1 200) 8 headers in 296 bytes (1 switches on core 0)
Feb 11 04:10:52.800642 dv-neutron-828673-2-hyperv devstack@placement-api.service[110629]: INFO placement.requestlog [req-c0f08c61-e1b2-4ed3-bddf-589e6554720c req-974821cc-bdbd-49b3-b275-0ae4ac275520 service placement] 10.222.0.30 "GET /placement/resource_providers/46f77c9f-e2da-4380-9378-b4bde2f6edfd/traits" status: 200 len: 300 microversion: 1.6
Feb 11 04:10:52.801132 dv-neutron-828673-2-hyperv devstack@placement-api.service[110629]: [pid: 110629|app: 0|req: 132/263] 10.222.0.30 () {60 vars in 1418 bytes} [Fri Feb 11 04:10:52 2022] GET /placement/resource_providers/46f77c9f-e2da-4380-9378-b4bde2f6edfd/traits => generated 300 bytes in 32 msecs (HTTP/1.1 200) 6 headers in 224 bytes (2 switches on core 0)
Feb 11 04:10:59.174344 dv-neutron-828673-2-hyperv devstack@placement-api.service[110630]: DEBUG placement.requestlog [req-e222a614-30fa-4b30-88c4-e36ebeec723d req-cf0dce4c-7ecb-47dc-8115-eb8d87074084 None None] Starting request: 10.222.0.30 "GET /placement/allocations/dc4b6fe0-13db-4986-8368-7cb3d0de37d7" {{(pid=110630) __call__ /opt/stack/placement/placement/requestlog.py:55}}
Feb 11 04:10:59.189452 dv-neutron-828673-2-hyperv devstack@placement-api.service[110630]: INFO placement.requestlog [req-e222a614-30fa-4b30-88c4-e36ebeec723d req-cf0dce4c-7ecb-47dc-8115-eb8d87074084 service placement] 10.222.0.30 "GET /placement/allocations/dc4b6fe0-13db-4986-8368-7cb3d0de37d7" status: 200 len: 259 microversion: 1.28
Feb 11 04:10:59.190035 dv-neutron-828673-2-hyperv devstack@placement-api.service[110630]: [pid: 110630|app: 0|req: 132/264] 10.222.0.30 () {60 vars in 1377 bytes} [Fri Feb 11 04:10:59 2022] GET /placement/allocations/dc4b6fe0-13db-4986-8368-7cb3d0de37d7 => generated 259 bytes in 16 msecs (HTTP/1.1 200) 8 headers in 296 bytes (1 switches on core 0)
Feb 11 04:10:59.199121 dv-neutron-828673-2-hyperv devstack@placement-api.service[110629]: DEBUG placement.requestlog [req-e222a614-30fa-4b30-88c4-e36ebeec723d req-2110b828-891b-4755-b190-9aea739c96b0 None None] Starting request: 10.222.0.30 "GET /placement/allocations/dc4b6fe0-13db-4986-8368-7cb3d0de37d7" {{(pid=110629) __call__ /opt/stack/placement/placement/requestlog.py:55}}
Feb 11 04:10:59.214207 dv-neutron-828673-2-hyperv devstack@placement-api.service[110629]: INFO placement.requestlog [req-e222a614-30fa-4b30-88c4-e36ebeec723d req-2110b828-891b-4755-b190-9aea739c96b0 service placement] 10.222.0.30 "GET /placement/allocations/dc4b6fe0-13db-4986-8368-7cb3d0de37d7" status: 200 len: 259 microversion: 1.28
Feb 11 04:10:59.214638 dv-neutron-828673-2-hyperv devstack@placement-api.service[110629]: [pid: 110629|app: 0|req: 133/265] 10.222.0.30 () {60 vars in 1377 bytes} [Fri Feb 11 04:10:59 2022] GET /placement/allocations/dc4b6fe0-13db-4986-8368-7cb3d0de37d7 => generated 259 bytes in 16 msecs (HTTP/1.1 200) 8 headers in 296 bytes (2 switches on core 0)
Feb 11 04:10:59.224196 dv-neutron-828673-2-hyperv devstack@placement-api.service[110630]: DEBUG placement.requestlog [req-e222a614-30fa-4b30-88c4-e36ebeec723d req-26e28424-716e-498c-b4a2-59719fd1af05 None None] Starting request: 10.222.0.30 "GET /placement/allocations/1ca15f82-f350-4cfb-9109-af8f18d07c07" {{(pid=110630) __call__ /opt/stack/placement/placement/requestlog.py:55}}
Feb 11 04:10:59.239569 dv-neutron-828673-2-hyperv devstack@placement-api.service[110630]: INFO placement.requestlog [req-e222a614-30fa-4b30-88c4-e36ebeec723d req-26e28424-716e-498c-b4a2-59719fd1af05 service placement] 10.222.0.30 "GET /placement/allocations/1ca15f82-f350-4cfb-9109-af8f18d07c07" status: 200 len: 258 microversion: 1.28
Feb 11 04:10:59.239938 dv-neutron-828673-2-hyperv devstack@placement-api.service[110630]: [pid: 110630|app: 0|req: 133/266] 10.222.0.30 () {60 vars in 1377 bytes} [Fri Feb 11 04:10:59 2022] GET /placement/allocations/1ca15f82-f350-4cfb-9109-af8f18d07c07 => generated 258 bytes in 16 msecs (HTTP/1.1 200) 8 headers in 296 bytes (1 switches on core 0)
Feb 11 04:10:59.259520 dv-neutron-828673-2-hyperv devstack@placement-api.service[110629]: DEBUG placement.requestlog [req-e222a614-30fa-4b30-88c4-e36ebeec723d req-6871fbb3-a0f8-462e-912d-5f9b637a33b4 None None] Starting request: 10.222.0.30 "POST /placement/allocations" {{(pid=110629) __call__ /opt/stack/placement/placement/requestlog.py:55}}
Feb 11 04:10:59.323215 dv-neutron-828673-2-hyperv devstack@placement-api.service[110629]: DEBUG placement.handlers.allocation [req-e222a614-30fa-4b30-88c4-e36ebeec723d req-6871fbb3-a0f8-462e-912d-5f9b637a33b4 service placement] Successfully wrote allocations [, , , , , ] {{(pid=110629) _update_consumers_and_create_allocations /opt/stack/placement/placement/handlers/allocation.py:572}}
Feb 11 04:10:59.452044 dv-neutron-828673-2-hyperv devstack@placement-api.service[110629]: INFO placement.requestlog [req-e222a614-30fa-4b30-88c4-e36ebeec723d req-6871fbb3-a0f8-462e-912d-5f9b637a33b4 service placement] 10.222.0.30 "POST /placement/allocations" status: 204 len: 0 microversion: 1.28
Feb 11 04:10:59.452667 dv-neutron-828673-2-hyperv devstack@placement-api.service[110629]: [pid: 110629|app: 0|req: 134/267] 10.222.0.30 () {64 vars in 1320 bytes} [Fri Feb 11 04:10:59 2022] POST /placement/allocations => generated 0 bytes in 194 msecs (HTTP/1.1 204) 5 headers in 199 bytes (1 switches on core 0)
Feb 11 04:11:07.946466 dv-neutron-828673-2-hyperv devstack@placement-api.service[110630]: DEBUG placement.requestlog [req-5c53bfc0-51b3-4e09-88b0-d5f1352aa6bc req-0fb46120-e4fe-4da2-ac6a-c9434f932c06 None None] Starting request: 10.222.0.30 "DELETE /placement/allocations/1ca15f82-f350-4cfb-9109-af8f18d07c07" {{(pid=110630) __call__ /opt/stack/placement/placement/requestlog.py:55}}
Feb 11 04:11:08.182413 dv-neutron-828673-2-hyperv devstack@placement-api.service[110630]: DEBUG placement.handlers.allocation [req-5c53bfc0-51b3-4e09-88b0-d5f1352aa6bc req-0fb46120-e4fe-4da2-ac6a-c9434f932c06 service placement] Successfully deleted allocations [, , ] {{(pid=110630) delete_allocations /opt/stack/placement/placement/handlers/allocation.py:627}}
Feb 11 04:11:08.182839 dv-neutron-828673-2-hyperv devstack@placement-api.service[110630]: INFO placement.requestlog [req-5c53bfc0-51b3-4e09-88b0-d5f1352aa6bc req-0fb46120-e4fe-4da2-ac6a-c9434f932c06 service placement] 10.222.0.30 "DELETE /placement/allocations/1ca15f82-f350-4cfb-9109-af8f18d07c07" status: 204 len: 0 microversion: 1.0
Feb 11 04:11:08.183251 dv-neutron-828673-2-hyperv devstack@placement-api.service[110630]: [pid: 110630|app: 0|req: 134/268] 10.222.0.30 () {60 vars in 1355 bytes} [Fri Feb 11 04:11:07 2022] DELETE /placement/allocations/1ca15f82-f350-4cfb-9109-af8f18d07c07 => generated 0 bytes in 237 msecs (HTTP/1.1 204) 5 headers in 198 bytes (1 switches on core 0)
Feb 11 04:11:10.177152 dv-neutron-828673-2-hyperv devstack@placement-api.service[110629]: DEBUG placement.requestlog [req-356141d1-086d-4128-8208-7330df40e211 req-ebd6cb4f-1648-4bd7-9493-a5b6b090d570 None None] Starting request: 10.222.0.18 "GET /placement/allocation_candidates?limit=1000&resources=DISK_GB%3A1%2CMEMORY_MB%3A1024%2CVCPU%3A1&root_required=%21COMPUTE_STATUS_DISABLED" {{(pid=110629) __call__ /opt/stack/placement/placement/requestlog.py:55}}
Feb 11 04:11:10.207639 dv-neutron-828673-2-hyperv devstack@placement-api.service[110629]: DEBUG placement.objects.research_context [req-356141d1-086d-4128-8208-7330df40e211 req-ebd6cb4f-1648-4bd7-9493-a5b6b090d570 service placement] getting providers with 1 DISK_GB {{(pid=110629) __init__ /opt/stack/placement/placement/objects/research_context.py:126}}
Feb 11 04:11:10.213465 dv-neutron-828673-2-hyperv devstack@placement-api.service[110629]: DEBUG placement.objects.research_context [req-356141d1-086d-4128-8208-7330df40e211 req-ebd6cb4f-1648-4bd7-9493-a5b6b090d570 service placement] getting providers with 1024 MEMORY_MB {{(pid=110629) __init__ /opt/stack/placement/placement/objects/research_context.py:126}}
Feb 11 04:11:10.220270 dv-neutron-828673-2-hyperv devstack@placement-api.service[110629]: DEBUG placement.objects.research_context [req-356141d1-086d-4128-8208-7330df40e211 req-ebd6cb4f-1648-4bd7-9493-a5b6b090d570 service placement] getting providers with 1 VCPU {{(pid=110629) __init__ /opt/stack/placement/placement/objects/research_context.py:126}}
Feb 11 04:11:10.225742 dv-neutron-828673-2-hyperv devstack@placement-api.service[110629]: DEBUG placement.objects.research_context [req-356141d1-086d-4128-8208-7330df40e211 req-ebd6cb4f-1648-4bd7-9493-a5b6b090d570 service placement] found 1 providers with available 1 DISK_GB {{(pid=110629) get_provider_ids_matching /opt/stack/placement/placement/objects/research_context.py:549}}
Feb 11 04:11:10.226021 dv-neutron-828673-2-hyperv devstack@placement-api.service[110629]: DEBUG placement.objects.research_context [req-356141d1-086d-4128-8208-7330df40e211 req-ebd6cb4f-1648-4bd7-9493-a5b6b090d570 service placement] found 1 providers with available 1024 MEMORY_MB {{(pid=110629) get_provider_ids_matching /opt/stack/placement/placement/objects/research_context.py:549}}
Feb 11 04:11:10.226319 dv-neutron-828673-2-hyperv devstack@placement-api.service[110629]: DEBUG placement.objects.research_context [req-356141d1-086d-4128-8208-7330df40e211 req-ebd6cb4f-1648-4bd7-9493-a5b6b090d570 service placement] found 1 providers after filtering by previous result {{(pid=110629) get_provider_ids_matching /opt/stack/placement/placement/objects/research_context.py:580}}
Feb 11 04:11:10.226574 dv-neutron-828673-2-hyperv devstack@placement-api.service[110629]: DEBUG placement.objects.research_context [req-356141d1-086d-4128-8208-7330df40e211 req-ebd6cb4f-1648-4bd7-9493-a5b6b090d570 service placement] found 1 providers with available 1 VCPU {{(pid=110629) get_provider_ids_matching /opt/stack/placement/placement/objects/research_context.py:549}}
Feb 11 04:11:10.226836 dv-neutron-828673-2-hyperv devstack@placement-api.service[110629]: DEBUG placement.objects.research_context [req-356141d1-086d-4128-8208-7330df40e211 req-ebd6cb4f-1648-4bd7-9493-a5b6b090d570 service placement] found 1 providers after filtering by previous result {{(pid=110629) get_provider_ids_matching /opt/stack/placement/placement/objects/research_context.py:580}}
Feb 11 04:11:10.237040 dv-neutron-828673-2-hyperv devstack@placement-api.service[110629]: DEBUG placement.objects.allocation_candidate [req-356141d1-086d-4128-8208-7330df40e211 req-ebd6cb4f-1648-4bd7-9493-a5b6b090d570 service placement] RequestGroup(use_same_provider=False, resources={DISK_GB:1, MEMORY_MB:1024, VCPU:1}, traits=[], aggregates=[]) (suffix '') returned 1 matches {{(pid=110629) _get_by_requests /opt/stack/placement/placement/objects/allocation_candidate.py:145}}
Feb 11 04:11:10.237392 dv-neutron-828673-2-hyperv devstack@placement-api.service[110629]: DEBUG placement.objects.allocation_candidate [req-356141d1-086d-4128-8208-7330df40e211 req-ebd6cb4f-1648-4bd7-9493-a5b6b090d570 service placement] Merging candidates yields 1 allocation requests and 1 provider summaries {{(pid=110629) _merge_candidates /opt/stack/placement/placement/objects/allocation_candidate.py:783}}
Feb 11 04:11:10.238836 dv-neutron-828673-2-hyperv devstack@placement-api.service[110629]: INFO placement.requestlog [req-356141d1-086d-4128-8208-7330df40e211 req-ebd6cb4f-1648-4bd7-9493-a5b6b090d570 service placement] 10.222.0.18 "GET /placement/allocation_candidates?limit=1000&resources=DISK_GB%3A1%2CMEMORY_MB%3A1024%2CVCPU%3A1&root_required=%21COMPUTE_STATUS_DISABLED" status: 200 len: 764 microversion: 1.36
Feb 11 04:11:10.239218 dv-neutron-828673-2-hyperv devstack@placement-api.service[110629]: [pid: 110629|app: 0|req: 135/269] 10.222.0.18 () {60 vars in 1506 bytes} [Fri Feb 11 04:11:10 2022] GET /placement/allocation_candidates?limit=1000&resources=DISK_GB%3A1%2CMEMORY_MB%3A1024%2CVCPU%3A1&root_required=%21COMPUTE_STATUS_DISABLED => generated 764 bytes in 62 msecs (HTTP/1.1 200) 8 headers in 296 bytes (1 switches on core 0)
Feb 11 04:11:10.272679 dv-neutron-828673-2-hyperv devstack@placement-api.service[110630]: DEBUG placement.requestlog [req-356141d1-086d-4128-8208-7330df40e211 req-c80fbb9b-4f4b-452e-919c-cd30c0bbeb15 None None] Starting request: 10.222.0.18 "GET /placement/allocations/187f391c-7f6b-4475-810a-a08c0c111df4" {{(pid=110630) __call__ /opt/stack/placement/placement/requestlog.py:55}}
Feb 11 04:11:10.284086 dv-neutron-828673-2-hyperv devstack@placement-api.service[110630]: INFO placement.requestlog [req-356141d1-086d-4128-8208-7330df40e211 req-c80fbb9b-4f4b-452e-919c-cd30c0bbeb15 service placement] 10.222.0.18 "GET /placement/allocations/187f391c-7f6b-4475-810a-a08c0c111df4" status: 200 len: 19 microversion: 1.28
Feb 11 04:11:10.284415 dv-neutron-828673-2-hyperv devstack@placement-api.service[110630]: [pid: 110630|app: 0|req: 135/270] 10.222.0.18 () {60 vars in 1380 bytes} [Fri Feb 11 04:11:10 2022] GET /placement/allocations/187f391c-7f6b-4475-810a-a08c0c111df4 => generated 19 bytes in 12 msecs (HTTP/1.1 200) 8 headers in 295 bytes (1 switches on core 0)
Feb 11 04:11:10.290174 dv-neutron-828673-2-hyperv devstack@placement-api.service[110629]: DEBUG placement.requestlog [req-356141d1-086d-4128-8208-7330df40e211 req-773f34a4-b225-4cf4-b435-4da466ab9112 None None] Starting request: 10.222.0.18 "PUT /placement/allocations/187f391c-7f6b-4475-810a-a08c0c111df4" {{(pid=110629) __call__ /opt/stack/placement/placement/requestlog.py:55}}
Feb 11 04:11:10.387369 dv-neutron-828673-2-hyperv devstack@placement-api.service[110629]: DEBUG placement.handlers.allocation [req-356141d1-086d-4128-8208-7330df40e211 req-773f34a4-b225-4cf4-b435-4da466ab9112 service placement] Successfully wrote allocations [, , ] {{(pid=110629) _update_consumers_and_create_allocations /opt/stack/placement/placement/handlers/allocation.py:462}}
Feb 11 04:11:10.457298 dv-neutron-828673-2-hyperv devstack@placement-api.service[110629]: INFO placement.requestlog [req-356141d1-086d-4128-8208-7330df40e211 req-773f34a4-b225-4cf4-b435-4da466ab9112 service placement] 10.222.0.18 "PUT /placement/allocations/187f391c-7f6b-4475-810a-a08c0c111df4" status: 204 len: 0 microversion: 1.36
Feb 11 04:11:10.457699 dv-neutron-828673-2-hyperv devstack@placement-api.service[110629]: [pid: 110629|app: 0|req: 136/271] 10.222.0.18 () {64 vars in 1433 bytes} [Fri Feb 11 04:11:10 2022] PUT /placement/allocations/187f391c-7f6b-4475-810a-a08c0c111df4 => generated 0 bytes in 168 msecs (HTTP/1.1 204) 5 headers in 199 bytes (1 switches on core 0)
Feb 11 04:11:11.541756 dv-neutron-828673-2-hyperv devstack@placement-api.service[110630]: DEBUG placement.requestlog [req-356141d1-086d-4128-8208-7330df40e211 req-acdd0d35-59be-429a-9a12-e09bf38ce363 None None] Starting request: 10.222.0.30 "GET /placement/allocations/187f391c-7f6b-4475-810a-a08c0c111df4" {{(pid=110630) __call__ /opt/stack/placement/placement/requestlog.py:55}}
Feb 11 04:11:11.556946 dv-neutron-828673-2-hyperv devstack@placement-api.service[110630]: INFO placement.requestlog [req-356141d1-086d-4128-8208-7330df40e211 req-acdd0d35-59be-429a-9a12-e09bf38ce363 service placement] 10.222.0.30 "GET /placement/allocations/187f391c-7f6b-4475-810a-a08c0c111df4" status: 200 len: 259 microversion: 1.28
Feb 11 04:11:11.557291 dv-neutron-828673-2-hyperv devstack@placement-api.service[110630]: [pid: 110630|app: 0|req: 136/272] 10.222.0.30 () {60 vars in 1377 bytes} [Fri Feb 11 04:11:11 2022] GET /placement/allocations/187f391c-7f6b-4475-810a-a08c0c111df4 => generated 259 bytes in 16 msecs (HTTP/1.1 200) 8 headers in 296 bytes (1 switches on core 0)
Feb 11 04:11:45.848177 dv-neutron-828673-2-hyperv devstack@placement-api.service[110629]: DEBUG placement.requestlog [None req-edc87069-47b9-418d-8573-3a9d551b1c0b None None] Starting request: 10.222.0.18 "GET /placement/" {{(pid=110629) __call__ /opt/stack/placement/placement/requestlog.py:55}}
Feb 11 04:11:45.852398 dv-neutron-828673-2-hyperv devstack@placement-api.service[110629]: INFO placement.requestlog [None req-edc87069-47b9-418d-8573-3a9d551b1c0b None None] 10.222.0.18 "GET /placement/" status: 200 len: 136 microversion: 1.0
Feb 11 04:11:45.852398 dv-neutron-828673-2-hyperv devstack@placement-api.service[110629]: [pid: 110629|app: 0|req: 137/273] 10.222.0.18 () {54 vars in 916 bytes} [Fri Feb 11 04:11:45 2022] GET /placement => generated 136 bytes in 2 msecs (HTTP/1.1 200) 6 headers in 224 bytes (1 switches on core 0)
Feb 11 04:11:45.858466 dv-neutron-828673-2-hyperv devstack@placement-api.service[110630]: DEBUG placement.requestlog [req-287892e1-c404-4b96-881b-d4215416bd56 req-ab8b8cc6-e76c-44a0-aad6-cae41df85ee2 None None] Starting request: 10.222.0.18 "GET /placement/allocations/187f391c-7f6b-4475-810a-a08c0c111df4" {{(pid=110630) __call__ /opt/stack/placement/placement/requestlog.py:55}}
Feb 11 04:11:45.922009 dv-neutron-828673-2-hyperv devstack@placement-api.service[110630]: INFO placement.requestlog [req-287892e1-c404-4b96-881b-d4215416bd56 req-ab8b8cc6-e76c-44a0-aad6-cae41df85ee2 service placement] 10.222.0.18 "GET /placement/allocations/187f391c-7f6b-4475-810a-a08c0c111df4" status: 200 len: 259 microversion: 1.28
Feb 11 04:11:45.922354 dv-neutron-828673-2-hyperv devstack@placement-api.service[110630]: [pid: 110630|app: 0|req: 137/274] 10.222.0.18 () {60 vars in 1380 bytes} [Fri Feb 11 04:11:45 2022] GET /placement/allocations/187f391c-7f6b-4475-810a-a08c0c111df4 => generated 259 bytes in 64 msecs (HTTP/1.1 200) 8 headers in 296 bytes (1 switches on core 0)
Feb 11 04:11:45.928292 dv-neutron-828673-2-hyperv devstack@placement-api.service[110629]: DEBUG placement.requestlog [req-287892e1-c404-4b96-881b-d4215416bd56 req-fb013760-a0b4-4729-b6d7-0e761c98683f None None] Starting request: 10.222.0.18 "GET /placement/allocations/187f391c-7f6b-4475-810a-a08c0c111df4" {{(pid=110629) __call__ /opt/stack/placement/placement/requestlog.py:55}}
Feb 11 04:11:45.943293 dv-neutron-828673-2-hyperv devstack@placement-api.service[110629]: INFO placement.requestlog [req-287892e1-c404-4b96-881b-d4215416bd56 req-fb013760-a0b4-4729-b6d7-0e761c98683f service placement] 10.222.0.18 "GET /placement/allocations/187f391c-7f6b-4475-810a-a08c0c111df4" status: 200 len: 259 microversion: 1.28
Feb 11 04:11:45.943641 dv-neutron-828673-2-hyperv devstack@placement-api.service[110629]: [pid: 110629|app: 0|req: 138/275] 10.222.0.18 () {60 vars in 1380 bytes} [Fri Feb 11 04:11:45 2022] GET /placement/allocations/187f391c-7f6b-4475-810a-a08c0c111df4 => generated 259 bytes in 16 msecs (HTTP/1.1 200) 8 headers in 296 bytes (1 switches on core 0)
Feb 11 04:11:45.949308 dv-neutron-828673-2-hyperv devstack@placement-api.service[110630]: DEBUG placement.requestlog [req-287892e1-c404-4b96-881b-d4215416bd56 req-e2dd1fab-8d52-4cf8-bfeb-0dd8743e6fa0 None None] Starting request: 10.222.0.18 "GET /placement/allocations/94a60954-12ba-4088-bae1-f3a8833e5a84" {{(pid=110630) __call__ /opt/stack/placement/placement/requestlog.py:55}}
Feb 11 04:11:45.959812 dv-neutron-828673-2-hyperv devstack@placement-api.service[110630]: INFO placement.requestlog [req-287892e1-c404-4b96-881b-d4215416bd56 req-e2dd1fab-8d52-4cf8-bfeb-0dd8743e6fa0 service placement] 10.222.0.18 "GET /placement/allocations/94a60954-12ba-4088-bae1-f3a8833e5a84" status: 200 len: 19 microversion: 1.28
Feb 11 04:11:45.960167 dv-neutron-828673-2-hyperv devstack@placement-api.service[110630]: [pid: 110630|app: 0|req: 138/276] 10.222.0.18 () {60 vars in 1380 bytes} [Fri Feb 11 04:11:45 2022] GET /placement/allocations/94a60954-12ba-4088-bae1-f3a8833e5a84 => generated 19 bytes in 11 msecs (HTTP/1.1 200) 8 headers in 295 bytes (1 switches on core 0)
Feb 11 04:11:45.965906 dv-neutron-828673-2-hyperv devstack@placement-api.service[110629]: DEBUG placement.requestlog [req-287892e1-c404-4b96-881b-d4215416bd56 req-95bdffc3-0956-4eeb-a61b-efdc1738c42a None None] Starting request: 10.222.0.18 "POST /placement/allocations" {{(pid=110629) __call__ /opt/stack/placement/placement/requestlog.py:55}}
Feb 11 04:11:46.134003 dv-neutron-828673-2-hyperv devstack@placement-api.service[110629]: DEBUG placement.handlers.allocation [req-287892e1-c404-4b96-881b-d4215416bd56 req-95bdffc3-0956-4eeb-a61b-efdc1738c42a service placement] Successfully wrote allocations [, , , , , ] {{(pid=110629) _update_consumers_and_create_allocations /opt/stack/placement/placement/handlers/allocation.py:572}}
Feb 11 04:11:46.221845 dv-neutron-828673-2-hyperv devstack@placement-api.service[110629]: INFO placement.requestlog [req-287892e1-c404-4b96-881b-d4215416bd56 req-95bdffc3-0956-4eeb-a61b-efdc1738c42a service placement] 10.222.0.18 "POST /placement/allocations" status: 204 len: 0 microversion: 1.28
Feb 11 04:11:46.222295 dv-neutron-828673-2-hyperv devstack@placement-api.service[110629]: [pid: 110629|app: 0|req: 139/277] 10.222.0.18 () {64 vars in 1323 bytes} [Fri Feb 11 04:11:45 2022] POST /placement/allocations => generated 0 bytes in 257 msecs (HTTP/1.1 204) 5 headers in 199 bytes (2 switches on core 0)
Feb 11 04:11:46.351152 dv-neutron-828673-2-hyperv devstack@placement-api.service[110630]: DEBUG placement.requestlog [req-287892e1-c404-4b96-881b-d4215416bd56 req-6653bf58-a3ce-4477-9011-f99d4d936f38 None None] Starting request: 10.222.0.18 "GET /placement/allocation_candidates?limit=1000&resources=DISK_GB%3A1%2CMEMORY_MB%3A512%2CVCPU%3A1&root_required=%21COMPUTE_STATUS_DISABLED" {{(pid=110630) __call__ /opt/stack/placement/placement/requestlog.py:55}}
Feb 11 04:11:46.381055 dv-neutron-828673-2-hyperv devstack@placement-api.service[110630]: DEBUG placement.objects.research_context [req-287892e1-c404-4b96-881b-d4215416bd56 req-6653bf58-a3ce-4477-9011-f99d4d936f38 service placement] getting providers with 1 DISK_GB {{(pid=110630) __init__ /opt/stack/placement/placement/objects/research_context.py:126}}
Feb 11 04:11:46.386573 dv-neutron-828673-2-hyperv devstack@placement-api.service[110630]: DEBUG placement.objects.research_context [req-287892e1-c404-4b96-881b-d4215416bd56 req-6653bf58-a3ce-4477-9011-f99d4d936f38 service placement] getting providers with 512 MEMORY_MB {{(pid=110630) __init__ /opt/stack/placement/placement/objects/research_context.py:126}}
Feb 11 04:11:46.391859 dv-neutron-828673-2-hyperv devstack@placement-api.service[110630]: DEBUG placement.objects.research_context [req-287892e1-c404-4b96-881b-d4215416bd56 req-6653bf58-a3ce-4477-9011-f99d4d936f38 service placement] getting providers with 1 VCPU {{(pid=110630) __init__ /opt/stack/placement/placement/objects/research_context.py:126}}
Feb 11 04:11:46.397333 dv-neutron-828673-2-hyperv devstack@placement-api.service[110630]: DEBUG placement.objects.research_context [req-287892e1-c404-4b96-881b-d4215416bd56 req-6653bf58-a3ce-4477-9011-f99d4d936f38 service placement] found 1 providers with available 1 DISK_GB {{(pid=110630) get_provider_ids_matching /opt/stack/placement/placement/objects/research_context.py:549}}
Feb 11 04:11:46.397608 dv-neutron-828673-2-hyperv devstack@placement-api.service[110630]: DEBUG placement.objects.research_context [req-287892e1-c404-4b96-881b-d4215416bd56 req-6653bf58-a3ce-4477-9011-f99d4d936f38 service placement] found 1 providers with available 512 MEMORY_MB {{(pid=110630) get_provider_ids_matching /opt/stack/placement/placement/objects/research_context.py:549}}
Feb 11 04:11:46.397879 dv-neutron-828673-2-hyperv devstack@placement-api.service[110630]: DEBUG placement.objects.research_context [req-287892e1-c404-4b96-881b-d4215416bd56 req-6653bf58-a3ce-4477-9011-f99d4d936f38 service placement] found 1 providers after filtering by previous result {{(pid=110630) get_provider_ids_matching /opt/stack/placement/placement/objects/research_context.py:580}}
Feb 11 04:11:46.398161 dv-neutron-828673-2-hyperv devstack@placement-api.service[110630]: DEBUG placement.objects.research_context [req-287892e1-c404-4b96-881b-d4215416bd56 req-6653bf58-a3ce-4477-9011-f99d4d936f38 service placement] found 1 providers with available 1 VCPU {{(pid=110630) get_provider_ids_matching /opt/stack/placement/placement/objects/research_context.py:549}}
Feb 11 04:11:46.398426 dv-neutron-828673-2-hyperv devstack@placement-api.service[110630]: DEBUG placement.objects.research_context [req-287892e1-c404-4b96-881b-d4215416bd56 req-6653bf58-a3ce-4477-9011-f99d4d936f38 service placement] found 1 providers after filtering by previous result {{(pid=110630) get_provider_ids_matching /opt/stack/placement/placement/objects/research_context.py:580}}
Feb 11 04:11:46.408578 dv-neutron-828673-2-hyperv devstack@placement-api.service[110630]: DEBUG placement.objects.allocation_candidate [req-287892e1-c404-4b96-881b-d4215416bd56 req-6653bf58-a3ce-4477-9011-f99d4d936f38 service placement] RequestGroup(use_same_provider=False, resources={DISK_GB:1, MEMORY_MB:512, VCPU:1}, traits=[], aggregates=[]) (suffix '') returned 1 matches {{(pid=110630) _get_by_requests /opt/stack/placement/placement/objects/allocation_candidate.py:145}}
Feb 11 04:11:46.408913 dv-neutron-828673-2-hyperv devstack@placement-api.service[110630]: DEBUG placement.objects.allocation_candidate [req-287892e1-c404-4b96-881b-d4215416bd56 req-6653bf58-a3ce-4477-9011-f99d4d936f38 service placement] Merging candidates yields 1 allocation requests and 1 provider summaries {{(pid=110630) _merge_candidates /opt/stack/placement/placement/objects/allocation_candidate.py:783}}
Feb 11 04:11:46.410374 dv-neutron-828673-2-hyperv devstack@placement-api.service[110630]: INFO placement.requestlog [req-287892e1-c404-4b96-881b-d4215416bd56 req-6653bf58-a3ce-4477-9011-f99d4d936f38 service placement] 10.222.0.18 "GET /placement/allocation_candidates?limit=1000&resources=DISK_GB%3A1%2CMEMORY_MB%3A512%2CVCPU%3A1&root_required=%21COMPUTE_STATUS_DISABLED" status: 200 len: 766 microversion: 1.36
Feb 11 04:11:46.410749 dv-neutron-828673-2-hyperv devstack@placement-api.service[110630]: [pid: 110630|app: 0|req: 139/278] 10.222.0.18 () {60 vars in 1504 bytes} [Fri Feb 11 04:11:46 2022] GET /placement/allocation_candidates?limit=1000&resources=DISK_GB%3A1%2CMEMORY_MB%3A512%2CVCPU%3A1&root_required=%21COMPUTE_STATUS_DISABLED => generated 766 bytes in 60 msecs (HTTP/1.1 200) 8 headers in 296 bytes (2 switches on core 0)
Feb 11 04:11:46.443897 dv-neutron-828673-2-hyperv devstack@placement-api.service[110629]: DEBUG placement.requestlog [req-287892e1-c404-4b96-881b-d4215416bd56 req-b34a1275-015e-41c5-94ce-269e5b28b692 None None] Starting request: 10.222.0.18 "GET /placement/allocations/187f391c-7f6b-4475-810a-a08c0c111df4" {{(pid=110629) __call__ /opt/stack/placement/placement/requestlog.py:55}}
Feb 11 04:11:46.454998 dv-neutron-828673-2-hyperv devstack@placement-api.service[110629]: INFO placement.requestlog [req-287892e1-c404-4b96-881b-d4215416bd56 req-b34a1275-015e-41c5-94ce-269e5b28b692 service placement] 10.222.0.18 "GET /placement/allocations/187f391c-7f6b-4475-810a-a08c0c111df4" status: 200 len: 19 microversion: 1.28
Feb 11 04:11:46.455357 dv-neutron-828673-2-hyperv devstack@placement-api.service[110629]: [pid: 110629|app: 0|req: 140/279] 10.222.0.18 () {60 vars in 1380 bytes} [Fri Feb 11 04:11:46 2022] GET /placement/allocations/187f391c-7f6b-4475-810a-a08c0c111df4 => generated 19 bytes in 12 msecs (HTTP/1.1 200) 8 headers in 295 bytes (1 switches on core 0)
Feb 11 04:11:46.461255 dv-neutron-828673-2-hyperv devstack@placement-api.service[110630]: DEBUG placement.requestlog [req-287892e1-c404-4b96-881b-d4215416bd56 req-f88824fc-1a50-453f-8243-8b749fc697ae None None] Starting request: 10.222.0.18 "PUT /placement/allocations/187f391c-7f6b-4475-810a-a08c0c111df4" {{(pid=110630) __call__ /opt/stack/placement/placement/requestlog.py:55}}
Feb 11 04:11:46.574880 dv-neutron-828673-2-hyperv devstack@placement-api.service[110630]: DEBUG placement.handlers.allocation [req-287892e1-c404-4b96-881b-d4215416bd56 req-f88824fc-1a50-453f-8243-8b749fc697ae service placement] Successfully wrote allocations [, , ] {{(pid=110630) _update_consumers_and_create_allocations /opt/stack/placement/placement/handlers/allocation.py:462}}
Feb 11 04:11:46.639910 dv-neutron-828673-2-hyperv devstack@placement-api.service[110630]: INFO placement.requestlog [req-287892e1-c404-4b96-881b-d4215416bd56 req-f88824fc-1a50-453f-8243-8b749fc697ae service placement] 10.222.0.18 "PUT /placement/allocations/187f391c-7f6b-4475-810a-a08c0c111df4" status: 204 len: 0 microversion: 1.36
Feb 11 04:11:46.640157 dv-neutron-828673-2-hyperv devstack@placement-api.service[110630]: [pid: 110630|app: 0|req: 140/280] 10.222.0.18 () {64 vars in 1433 bytes} [Fri Feb 11 04:11:46 2022] PUT /placement/allocations/187f391c-7f6b-4475-810a-a08c0c111df4 => generated 0 bytes in 179 msecs (HTTP/1.1 204) 5 headers in 199 bytes (2 switches on core 0)
Feb 11 04:11:47.139207 dv-neutron-828673-2-hyperv devstack@placement-api.service[110629]: DEBUG placement.requestlog [req-287892e1-c404-4b96-881b-d4215416bd56 req-4ac1ae3c-b80f-46e9-8d45-4b3eaadae973 None None] Starting request: 10.222.0.30 "GET /placement/allocations/187f391c-7f6b-4475-810a-a08c0c111df4" {{(pid=110629) __call__ /opt/stack/placement/placement/requestlog.py:55}}
Feb 11 04:11:47.154150 dv-neutron-828673-2-hyperv devstack@placement-api.service[110629]: INFO placement.requestlog [req-287892e1-c404-4b96-881b-d4215416bd56 req-4ac1ae3c-b80f-46e9-8d45-4b3eaadae973 service placement] 10.222.0.30 "GET /placement/allocations/187f391c-7f6b-4475-810a-a08c0c111df4" status: 200 len: 258 microversion: 1.28
Feb 11 04:11:47.155136 dv-neutron-828673-2-hyperv devstack@placement-api.service[110629]: [pid: 110629|app: 0|req: 141/281] 10.222.0.30 () {60 vars in 1377 bytes} [Fri Feb 11 04:11:47 2022] GET /placement/allocations/187f391c-7f6b-4475-810a-a08c0c111df4 => generated 258 bytes in 16 msecs (HTTP/1.1 200) 8 headers in 296 bytes (1 switches on core 0)
Feb 11 04:11:52.323972 dv-neutron-828673-2-hyperv devstack@placement-api.service[110630]: DEBUG placement.requestlog [req-1cc9ebf0-0bbf-487b-979d-13a7e34c005f req-4db523b0-a5f7-47d3-a250-28f106e60526 None None] Starting request: 10.222.0.30 "GET /placement/resource_providers/46f77c9f-e2da-4380-9378-b4bde2f6edfd/allocations" {{(pid=110630) __call__ /opt/stack/placement/placement/requestlog.py:55}}
Feb 11 04:11:52.343687 dv-neutron-828673-2-hyperv devstack@placement-api.service[110630]: INFO placement.requestlog [req-1cc9ebf0-0bbf-487b-979d-13a7e34c005f req-4db523b0-a5f7-47d3-a250-28f106e60526 service placement] 10.222.0.30 "GET /placement/resource_providers/46f77c9f-e2da-4380-9378-b4bde2f6edfd/allocations" status: 200 len: 254 microversion: 1.0
Feb 11 04:11:52.344043 dv-neutron-828673-2-hyperv devstack@placement-api.service[110630]: [pid: 110630|app: 0|req: 141/282] 10.222.0.30 () {58 vars in 1390 bytes} [Fri Feb 11 04:11:52 2022] GET /placement/resource_providers/46f77c9f-e2da-4380-9378-b4bde2f6edfd/allocations => generated 254 bytes in 20 msecs (HTTP/1.1 200) 6 headers in 224 bytes (1 switches on core 0)
Feb 11 04:12:11.606264 dv-neutron-828673-2-hyperv devstack@placement-api.service[110629]: DEBUG placement.requestlog [req-287892e1-c404-4b96-881b-d4215416bd56 req-323f263f-9de1-46ab-bc58-24b7367618ee None None] Starting request: 10.222.0.30 "GET /placement/allocations/187f391c-7f6b-4475-810a-a08c0c111df4" {{(pid=110629) __call__ /opt/stack/placement/placement/requestlog.py:55}}
Feb 11 04:12:11.621311 dv-neutron-828673-2-hyperv devstack@placement-api.service[110629]: INFO placement.requestlog [req-287892e1-c404-4b96-881b-d4215416bd56 req-323f263f-9de1-46ab-bc58-24b7367618ee service placement] 10.222.0.30 "GET /placement/allocations/187f391c-7f6b-4475-810a-a08c0c111df4" status: 200 len: 258 microversion: 1.28
Feb 11 04:12:11.621664 dv-neutron-828673-2-hyperv devstack@placement-api.service[110629]: [pid: 110629|app: 0|req: 142/283] 10.222.0.30 () {60 vars in 1377 bytes} [Fri Feb 11 04:12:11 2022] GET /placement/allocations/187f391c-7f6b-4475-810a-a08c0c111df4 => generated 258 bytes in 16 msecs (HTTP/1.1 200) 8 headers in 296 bytes (1 switches on core 0)
Feb 11 04:12:29.016938 dv-neutron-828673-2-hyperv devstack@placement-api.service[110630]: DEBUG placement.requestlog [req-64b05c7f-cb92-4579-be04-84fee4347862 req-1f1b4f69-f5e0-46d7-b039-9ee72072d6cf None None] Starting request: 10.222.0.30 "GET /placement/allocations/94a60954-12ba-4088-bae1-f3a8833e5a84" {{(pid=110630) __call__ /opt/stack/placement/placement/requestlog.py:55}}
Feb 11 04:12:29.032525 dv-neutron-828673-2-hyperv devstack@placement-api.service[110630]: INFO placement.requestlog [req-64b05c7f-cb92-4579-be04-84fee4347862 req-1f1b4f69-f5e0-46d7-b039-9ee72072d6cf service placement] 10.222.0.30 "GET /placement/allocations/94a60954-12ba-4088-bae1-f3a8833e5a84" status: 200 len: 259 microversion: 1.28
Feb 11 04:12:29.033162 dv-neutron-828673-2-hyperv devstack@placement-api.service[110630]: [pid: 110630|app: 0|req: 142/284] 10.222.0.30 () {60 vars in 1377 bytes} [Fri Feb 11 04:12:29 2022] GET /placement/allocations/94a60954-12ba-4088-bae1-f3a8833e5a84 => generated 259 bytes in 16 msecs (HTTP/1.1 200) 8 headers in 296 bytes (1 switches on core 0)
Feb 11 04:12:29.053704 dv-neutron-828673-2-hyperv devstack@placement-api.service[110629]: DEBUG placement.requestlog [req-64b05c7f-cb92-4579-be04-84fee4347862 req-cb3e2398-5ab0-4278-bbfb-78c149b43c4e None None] Starting request: 10.222.0.30 "GET /placement/allocations/94a60954-12ba-4088-bae1-f3a8833e5a84" {{(pid=110629) __call__ /opt/stack/placement/placement/requestlog.py:55}}
Feb 11 04:12:29.070646 dv-neutron-828673-2-hyperv devstack@placement-api.service[110629]: INFO placement.requestlog [req-64b05c7f-cb92-4579-be04-84fee4347862 req-cb3e2398-5ab0-4278-bbfb-78c149b43c4e service placement] 10.222.0.30 "GET /placement/allocations/94a60954-12ba-4088-bae1-f3a8833e5a84" status: 200 len: 259 microversion: 1.28
Feb 11 04:12:29.071416 dv-neutron-828673-2-hyperv devstack@placement-api.service[110629]: [pid: 110629|app: 0|req: 143/285] 10.222.0.30 () {60 vars in 1377 bytes} [Fri Feb 11 04:12:29 2022] GET /placement/allocations/94a60954-12ba-4088-bae1-f3a8833e5a84 => generated 259 bytes in 18 msecs (HTTP/1.1 200) 8 headers in 296 bytes (1 switches on core 0)
Feb 11 04:12:29.085276 dv-neutron-828673-2-hyperv devstack@placement-api.service[110630]: DEBUG placement.requestlog [req-64b05c7f-cb92-4579-be04-84fee4347862 req-59998495-c24e-44f8-be99-b5ef10637079 None None] Starting request: 10.222.0.30 "GET /placement/allocations/187f391c-7f6b-4475-810a-a08c0c111df4" {{(pid=110630) __call__ /opt/stack/placement/placement/requestlog.py:55}}
Feb 11 04:12:29.103569 dv-neutron-828673-2-hyperv devstack@placement-api.service[110630]: INFO placement.requestlog [req-64b05c7f-cb92-4579-be04-84fee4347862 req-59998495-c24e-44f8-be99-b5ef10637079 service placement] 10.222.0.30 "GET /placement/allocations/187f391c-7f6b-4475-810a-a08c0c111df4" status: 200 len: 258 microversion: 1.28
Feb 11 04:12:29.104496 dv-neutron-828673-2-hyperv devstack@placement-api.service[110630]: [pid: 110630|app: 0|req: 143/286] 10.222.0.30 () {60 vars in 1377 bytes} [Fri Feb 11 04:12:29 2022] GET /placement/allocations/187f391c-7f6b-4475-810a-a08c0c111df4 => generated 258 bytes in 19 msecs (HTTP/1.1 200) 8 headers in 296 bytes (2 switches on core 0)
Feb 11 04:12:29.116520 dv-neutron-828673-2-hyperv devstack@placement-api.service[110629]: DEBUG placement.requestlog [req-64b05c7f-cb92-4579-be04-84fee4347862 req-213a7cc0-c1be-40ab-aa7b-6dd05e27d3c0 None None] Starting request: 10.222.0.30 "POST /placement/allocations" {{(pid=110629) __call__ /opt/stack/placement/placement/requestlog.py:55}}
Feb 11 04:12:29.182098 dv-neutron-828673-2-hyperv devstack@placement-api.service[110629]: DEBUG placement.handlers.allocation [req-64b05c7f-cb92-4579-be04-84fee4347862 req-213a7cc0-c1be-40ab-aa7b-6dd05e27d3c0 service placement] Successfully wrote allocations [, , , , , ] {{(pid=110629) _update_consumers_and_create_allocations /opt/stack/placement/placement/handlers/allocation.py:572}}
Feb 11 04:12:29.289962 dv-neutron-828673-2-hyperv devstack@placement-api.service[110629]: INFO placement.requestlog [req-64b05c7f-cb92-4579-be04-84fee4347862 req-213a7cc0-c1be-40ab-aa7b-6dd05e27d3c0 service placement] 10.222.0.30 "POST /placement/allocations" status: 204 len: 0 microversion: 1.28
Feb 11 04:12:29.294231 dv-neutron-828673-2-hyperv devstack@placement-api.service[110629]: [pid: 110629|app: 0|req: 144/287] 10.222.0.30 () {64 vars in 1320 bytes} [Fri Feb 11 04:12:29 2022] POST /placement/allocations => generated 0 bytes in 174 msecs (HTTP/1.1 204) 5 headers in 199 bytes (2 switches on core 0)
Feb 11 04:12:52.388586 dv-neutron-828673-2-hyperv devstack@placement-api.service[110630]: DEBUG placement.requestlog [req-ed6c2095-4d7b-4dfa-aa5b-b48cb4e59fbc req-0945f4d5-7ccc-4139-8ebb-9b1958905c64 None None] Starting request: 10.222.0.30 "GET /placement/resource_providers/46f77c9f-e2da-4380-9378-b4bde2f6edfd/allocations" {{(pid=110630) __call__ /opt/stack/placement/placement/requestlog.py:55}}
Feb 11 04:12:52.408024 dv-neutron-828673-2-hyperv devstack@placement-api.service[110630]: INFO placement.requestlog [req-ed6c2095-4d7b-4dfa-aa5b-b48cb4e59fbc req-0945f4d5-7ccc-4139-8ebb-9b1958905c64 service placement] 10.222.0.30 "GET /placement/resource_providers/46f77c9f-e2da-4380-9378-b4bde2f6edfd/allocations" status: 200 len: 154 microversion: 1.0
Feb 11 04:12:52.408386 dv-neutron-828673-2-hyperv devstack@placement-api.service[110630]: [pid: 110630|app: 0|req: 144/288] 10.222.0.30 () {58 vars in 1390 bytes} [Fri Feb 11 04:12:52 2022] GET /placement/resource_providers/46f77c9f-e2da-4380-9378-b4bde2f6edfd/allocations => generated 154 bytes in 20 msecs (HTTP/1.1 200) 6 headers in 224 bytes (1 switches on core 0)
Feb 11 04:13:01.631374 dv-neutron-828673-2-hyperv devstack@placement-api.service[110629]: DEBUG placement.requestlog [req-94ba4834-adbe-4a9c-8e70-8d19109495b5 req-ddc7b65c-d338-404d-a8f8-5c3874df7519 None None] Starting request: 10.222.0.30 "DELETE /placement/allocations/187f391c-7f6b-4475-810a-a08c0c111df4" {{(pid=110629) __call__ /opt/stack/placement/placement/requestlog.py:55}}
Feb 11 04:13:01.792255 dv-neutron-828673-2-hyperv devstack@placement-api.service[110629]: DEBUG placement.handlers.allocation [req-94ba4834-adbe-4a9c-8e70-8d19109495b5 req-ddc7b65c-d338-404d-a8f8-5c3874df7519 service placement] Successfully deleted allocations [, , ] {{(pid=110629) delete_allocations /opt/stack/placement/placement/handlers/allocation.py:627}}
Feb 11 04:13:01.792767 dv-neutron-828673-2-hyperv devstack@placement-api.service[110629]: INFO placement.requestlog [req-94ba4834-adbe-4a9c-8e70-8d19109495b5 req-ddc7b65c-d338-404d-a8f8-5c3874df7519 service placement] 10.222.0.30 "DELETE /placement/allocations/187f391c-7f6b-4475-810a-a08c0c111df4" status: 204 len: 0 microversion: 1.0
