Feb 11 23:32:59.316508 dv-neutron-828634-2-hyperv devstack@n-api.service[109484]: DEBUG nova.api.openstack.wsgi_app [-] oslo_messaging_rabbit.kombu_reconnect_delay = 1.0 {{(pid=109484) log_opt_values /usr/local/lib/python3.8/dist-packages/oslo_config/cfg.py:2609}}
Feb 11 23:32:59.316831 dv-neutron-828634-2-hyperv devstack@n-api.service[109484]: DEBUG nova.api.openstack.wsgi_app [-] oslo_messaging_rabbit.rabbit_ha_queues = False {{(pid=109484) log_opt_values /usr/local/lib/python3.8/dist-packages/oslo_config/cfg.py:2609}}
Feb 11 23:32:59.317150 dv-neutron-828634-2-hyperv devstack@n-api.service[109484]: DEBUG nova.api.openstack.wsgi_app [-] oslo_messaging_rabbit.rabbit_interval_max = 30 {{(pid=109484) log_opt_values /usr/local/lib/python3.8/dist-packages/oslo_config/cfg.py:2609}}
Feb 11 23:32:59.317488 dv-neutron-828634-2-hyperv devstack@n-api.service[109484]: DEBUG nova.api.openstack.wsgi_app [-] oslo_messaging_rabbit.rabbit_login_method = AMQPLAIN {{(pid=109484) log_opt_values /usr/local/lib/python3.8/dist-packages/oslo_config/cfg.py:2609}}
Feb 11 23:32:59.317807 dv-neutron-828634-2-hyperv devstack@n-api.service[109484]: DEBUG nova.api.openstack.wsgi_app [-] oslo_messaging_rabbit.rabbit_qos_prefetch_count = 0 {{(pid=109484) log_opt_values /usr/local/lib/python3.8/dist-packages/oslo_config/cfg.py:2609}}
Feb 11 23:32:59.318130 dv-neutron-828634-2-hyperv devstack@n-api.service[109484]: DEBUG nova.api.openstack.wsgi_app [-] oslo_messaging_rabbit.rabbit_retry_backoff = 2 {{(pid=109484) log_opt_values /usr/local/lib/python3.8/dist-packages/oslo_config/cfg.py:2609}}
Feb 11 23:32:59.318451 dv-neutron-828634-2-hyperv devstack@n-api.service[109484]: DEBUG nova.api.openstack.wsgi_app [-] oslo_messaging_rabbit.rabbit_retry_interval = 1 {{(pid=109484) log_opt_values /usr/local/lib/python3.8/dist-packages/oslo_config/cfg.py:2609}}
Feb 11 23:32:59.318767 dv-neutron-828634-2-hyperv devstack@n-api.service[109484]: DEBUG nova.api.openstack.wsgi_app [-] oslo_messaging_rabbit.rabbit_transient_queues_ttl = 1800 {{(pid=109484) log_opt_values /usr/local/lib/python3.8/dist-packages/oslo_config/cfg.py:2609}}
Feb 11 23:32:59.319115 dv-neutron-828634-2-hyperv devstack@n-api.service[109484]: DEBUG nova.api.openstack.wsgi_app [-] oslo_messaging_rabbit.rpc_conn_pool_size = 30 {{(pid=109484) log_opt_values /usr/local/lib/python3.8/dist-packages/oslo_config/cfg.py:2609}}
Feb 11 23:32:59.319443 dv-neutron-828634-2-hyperv devstack@n-api.service[109484]: DEBUG nova.api.openstack.wsgi_app [-] oslo_messaging_rabbit.ssl = False {{(pid=109484) log_opt_values /usr/local/lib/python3.8/dist-packages/oslo_config/cfg.py:2609}}
Feb 11 23:32:59.319779 dv-neutron-828634-2-hyperv devstack@n-api.service[109484]: DEBUG nova.api.openstack.wsgi_app [-] oslo_messaging_rabbit.ssl_ca_file = {{(pid=109484) log_opt_values /usr/local/lib/python3.8/dist-packages/oslo_config/cfg.py:2609}}
Feb 11 23:32:59.320113 dv-neutron-828634-2-hyperv devstack@n-api.service[109484]: DEBUG nova.api.openstack.wsgi_app [-] oslo_messaging_rabbit.ssl_cert_file = {{(pid=109484) log_opt_values /usr/local/lib/python3.8/dist-packages/oslo_config/cfg.py:2609}}
Feb 11 23:32:59.320448 dv-neutron-828634-2-hyperv devstack@n-api.service[109484]: DEBUG nova.api.openstack.wsgi_app [-] oslo_messaging_rabbit.ssl_key_file = {{(pid=109484) log_opt_values /usr/local/lib/python3.8/dist-packages/oslo_config/cfg.py:2609}}
Feb 11 23:32:59.320781 dv-neutron-828634-2-hyperv devstack@n-api.service[109484]: DEBUG nova.api.openstack.wsgi_app [-] oslo_messaging_rabbit.ssl_version = {{(pid=109484) log_opt_values /usr/local/lib/python3.8/dist-packages/oslo_config/cfg.py:2609}}
Feb 11 23:32:59.321135 dv-neutron-828634-2-hyperv devstack@n-api.service[109484]: DEBUG nova.api.openstack.wsgi_app [-] oslo_messaging_notifications.driver = ['messagingv2'] {{(pid=109484) log_opt_values /usr/local/lib/python3.8/dist-packages/oslo_config/cfg.py:2609}}
Feb 11 23:32:59.321456 dv-neutron-828634-2-hyperv devstack@n-api.service[109484]: DEBUG nova.api.openstack.wsgi_app [-] oslo_messaging_notifications.retry = -1 {{(pid=109484) log_opt_values /usr/local/lib/python3.8/dist-packages/oslo_config/cfg.py:2609}}
Feb 11 23:32:59.321810 dv-neutron-828634-2-hyperv devstack@n-api.service[109484]: DEBUG nova.api.openstack.wsgi_app [-] oslo_messaging_notifications.topics = ['notifications'] {{(pid=109484) log_opt_values /usr/local/lib/python3.8/dist-packages/oslo_config/cfg.py:2609}}
Feb 11 23:32:59.322146 dv-neutron-828634-2-hyperv devstack@n-api.service[109484]: DEBUG nova.api.openstack.wsgi_app [-] oslo_messaging_notifications.transport_url = **** {{(pid=109484) log_opt_values /usr/local/lib/python3.8/dist-packages/oslo_config/cfg.py:2609}}
Feb 11 23:32:59.322469 dv-neutron-828634-2-hyperv devstack@n-api.service[109484]: DEBUG nova.api.openstack.wsgi_app [-] oslo_reports.file_event_handler = None {{(pid=109484) log_opt_values /usr/local/lib/python3.8/dist-packages/oslo_config/cfg.py:2609}}
Feb 11 23:32:59.322788 dv-neutron-828634-2-hyperv devstack@n-api.service[109484]: DEBUG nova.api.openstack.wsgi_app [-] oslo_reports.file_event_handler_interval = 1 {{(pid=109484) log_opt_values /usr/local/lib/python3.8/dist-packages/oslo_config/cfg.py:2609}}
Feb 11 23:32:59.323125 dv-neutron-828634-2-hyperv devstack@n-api.service[109484]: DEBUG nova.api.openstack.wsgi_app [-] oslo_reports.log_dir = None {{(pid=109484) log_opt_values /usr/local/lib/python3.8/dist-packages/oslo_config/cfg.py:2609}}
Feb 11 23:32:59.324002 dv-neutron-828634-2-hyperv devstack@n-api.service[109484]: DEBUG nova.api.openstack.wsgi_app [-] ******************************************************************************** {{(pid=109484) log_opt_values /usr/local/lib/python3.8/dist-packages/oslo_config/cfg.py:2613}}
Feb 11 23:32:59.334957 dv-neutron-828634-2-hyperv devstack@n-api.service[109485]: DEBUG oslo_db.sqlalchemy.engines [None req-c1e69ba3-47c6-4279-a5b7-3ec5143270f3 None None] MySQL server mode set to STRICT_TRANS_TABLES,STRICT_ALL_TABLES,NO_ZERO_IN_DATE,NO_ZERO_DATE,ERROR_FOR_DIVISION_BY_ZERO,TRADITIONAL,NO_ENGINE_SUBSTITUTION {{(pid=109485) _check_effective_sql_mode /usr/local/lib/python3.8/dist-packages/oslo_db/sqlalchemy/engines.py:314}}
Feb 11 23:32:59.350720 dv-neutron-828634-2-hyperv devstack@n-api.service[109484]: DEBUG oslo_db.sqlalchemy.engines [None req-a6c2eb80-7347-497b-a81d-19811537034c None None] MySQL server mode set to STRICT_TRANS_TABLES,STRICT_ALL_TABLES,NO_ZERO_IN_DATE,NO_ZERO_DATE,ERROR_FOR_DIVISION_BY_ZERO,TRADITIONAL,NO_ENGINE_SUBSTITUTION {{(pid=109484) _check_effective_sql_mode /usr/local/lib/python3.8/dist-packages/oslo_db/sqlalchemy/engines.py:314}}
Feb 11 23:32:59.403942 dv-neutron-828634-2-hyperv devstack@n-api.service[109485]: DEBUG nova.context [None req-c1e69ba3-47c6-4279-a5b7-3ec5143270f3 None None] Found 2 cells: 00000000-0000-0000-0000-000000000000(cell0),2f97ab3a-7e96-4263-aded-49ea65531a23(cell1) {{(pid=109485) load_cells /opt/stack/nova/nova/context.py:464}}
Feb 11 23:32:59.408185 dv-neutron-828634-2-hyperv devstack@n-api.service[109485]: DEBUG oslo_concurrency.lockutils [None req-c1e69ba3-47c6-4279-a5b7-3ec5143270f3 None None] Lock "00000000-0000-0000-0000-000000000000" acquired by "nova.context.set_target_cell..get_or_set_cached_cell_and_set_connections" :: waited 0.000s {{(pid=109485) inner /usr/local/lib/python3.8/dist-packages/oslo_concurrency/lockutils.py:386}}
Feb 11 23:32:59.409772 dv-neutron-828634-2-hyperv devstack@n-api.service[109485]: DEBUG oslo_concurrency.lockutils [None req-c1e69ba3-47c6-4279-a5b7-3ec5143270f3 None None] Lock "00000000-0000-0000-0000-000000000000" "released" by "nova.context.set_target_cell..get_or_set_cached_cell_and_set_connections" :: held 0.002s {{(pid=109485) inner /usr/local/lib/python3.8/dist-packages/oslo_concurrency/lockutils.py:400}}
Feb 11 23:32:59.410582 dv-neutron-828634-2-hyperv devstack@n-api.service[109485]: DEBUG oslo_concurrency.lockutils [None req-c1e69ba3-47c6-4279-a5b7-3ec5143270f3 None None] Lock "2f97ab3a-7e96-4263-aded-49ea65531a23" acquired by "nova.context.set_target_cell..get_or_set_cached_cell_and_set_connections" :: waited 0.000s {{(pid=109485) inner /usr/local/lib/python3.8/dist-packages/oslo_concurrency/lockutils.py:386}}
Feb 11 23:32:59.412545 dv-neutron-828634-2-hyperv devstack@n-api.service[109485]: DEBUG oslo_concurrency.lockutils [None req-c1e69ba3-47c6-4279-a5b7-3ec5143270f3 None None] Lock "2f97ab3a-7e96-4263-aded-49ea65531a23" "released" by "nova.context.set_target_cell..get_or_set_cached_cell_and_set_connections" :: held 0.002s {{(pid=109485) inner /usr/local/lib/python3.8/dist-packages/oslo_concurrency/lockutils.py:400}}
Feb 11 23:32:59.416199 dv-neutron-828634-2-hyperv devstack@n-api.service[109484]: DEBUG nova.context [None req-a6c2eb80-7347-497b-a81d-19811537034c None None] Found 2 cells: 00000000-0000-0000-0000-000000000000(cell0),2f97ab3a-7e96-4263-aded-49ea65531a23(cell1) {{(pid=109484) load_cells /opt/stack/nova/nova/context.py:464}}
Feb 11 23:32:59.421290 dv-neutron-828634-2-hyperv devstack@n-api.service[109484]: DEBUG oslo_concurrency.lockutils [None req-a6c2eb80-7347-497b-a81d-19811537034c None None] Lock "00000000-0000-0000-0000-000000000000" acquired by "nova.context.set_target_cell..get_or_set_cached_cell_and_set_connections" :: waited 0.000s {{(pid=109484) inner /usr/local/lib/python3.8/dist-packages/oslo_concurrency/lockutils.py:386}}
Feb 11 23:32:59.422901 dv-neutron-828634-2-hyperv devstack@n-api.service[109484]: DEBUG oslo_concurrency.lockutils [None req-a6c2eb80-7347-497b-a81d-19811537034c None None] Lock "00000000-0000-0000-0000-000000000000" "released" by "nova.context.set_target_cell..get_or_set_cached_cell_and_set_connections" :: held 0.002s {{(pid=109484) inner /usr/local/lib/python3.8/dist-packages/oslo_concurrency/lockutils.py:400}}
Feb 11 23:32:59.423775 dv-neutron-828634-2-hyperv devstack@n-api.service[109484]: DEBUG oslo_concurrency.lockutils [None req-a6c2eb80-7347-497b-a81d-19811537034c None None] Lock "2f97ab3a-7e96-4263-aded-49ea65531a23" acquired by "nova.context.set_target_cell..get_or_set_cached_cell_and_set_connections" :: waited 0.000s {{(pid=109484) inner /usr/local/lib/python3.8/dist-packages/oslo_concurrency/lockutils.py:386}}
Feb 11 23:32:59.425135 dv-neutron-828634-2-hyperv devstack@n-api.service[109485]: DEBUG oslo_db.sqlalchemy.engines [None req-c1e69ba3-47c6-4279-a5b7-3ec5143270f3 None None] MySQL server mode set to STRICT_TRANS_TABLES,STRICT_ALL_TABLES,NO_ZERO_IN_DATE,NO_ZERO_DATE,ERROR_FOR_DIVISION_BY_ZERO,TRADITIONAL,NO_ENGINE_SUBSTITUTION {{(pid=109485) _check_effective_sql_mode /usr/local/lib/python3.8/dist-packages/oslo_db/sqlalchemy/engines.py:314}}
Feb 11 23:32:59.425745 dv-neutron-828634-2-hyperv devstack@n-api.service[109484]: DEBUG oslo_concurrency.lockutils [None req-a6c2eb80-7347-497b-a81d-19811537034c None None] Lock "2f97ab3a-7e96-4263-aded-49ea65531a23" "released" by "nova.context.set_target_cell..get_or_set_cached_cell_and_set_connections" :: held 0.002s {{(pid=109484) inner /usr/local/lib/python3.8/dist-packages/oslo_concurrency/lockutils.py:400}}
Feb 11 23:32:59.428008 dv-neutron-828634-2-hyperv devstack@n-api.service[109485]: DEBUG oslo_db.sqlalchemy.engines [None req-c1e69ba3-47c6-4279-a5b7-3ec5143270f3 None None] MySQL server mode set to STRICT_TRANS_TABLES,STRICT_ALL_TABLES,NO_ZERO_IN_DATE,NO_ZERO_DATE,ERROR_FOR_DIVISION_BY_ZERO,TRADITIONAL,NO_ENGINE_SUBSTITUTION {{(pid=109485) _check_effective_sql_mode /usr/local/lib/python3.8/dist-packages/oslo_db/sqlalchemy/engines.py:314}}
Feb 11 23:32:59.441206 dv-neutron-828634-2-hyperv devstack@n-api.service[109484]: DEBUG oslo_db.sqlalchemy.engines [None req-a6c2eb80-7347-497b-a81d-19811537034c None None] MySQL server mode set to STRICT_TRANS_TABLES,STRICT_ALL_TABLES,NO_ZERO_IN_DATE,NO_ZERO_DATE,ERROR_FOR_DIVISION_BY_ZERO,TRADITIONAL,NO_ENGINE_SUBSTITUTION {{(pid=109484) _check_effective_sql_mode /usr/local/lib/python3.8/dist-packages/oslo_db/sqlalchemy/engines.py:314}}
Feb 11 23:32:59.444117 dv-neutron-828634-2-hyperv devstack@n-api.service[109484]: DEBUG oslo_db.sqlalchemy.engines [None req-a6c2eb80-7347-497b-a81d-19811537034c None None] MySQL server mode set to STRICT_TRANS_TABLES,STRICT_ALL_TABLES,NO_ZERO_IN_DATE,NO_ZERO_DATE,ERROR_FOR_DIVISION_BY_ZERO,TRADITIONAL,NO_ENGINE_SUBSTITUTION {{(pid=109484) _check_effective_sql_mode /usr/local/lib/python3.8/dist-packages/oslo_db/sqlalchemy/engines.py:314}}
Feb 11 23:32:59.586832 dv-neutron-828634-2-hyperv devstack@n-api.service[109485]: DEBUG oslo_db.sqlalchemy.engines [None req-c1e69ba3-47c6-4279-a5b7-3ec5143270f3 None None] MySQL server mode set to STRICT_TRANS_TABLES,STRICT_ALL_TABLES,NO_ZERO_IN_DATE,NO_ZERO_DATE,ERROR_FOR_DIVISION_BY_ZERO,TRADITIONAL,NO_ENGINE_SUBSTITUTION {{(pid=109485) _check_effective_sql_mode /usr/local/lib/python3.8/dist-packages/oslo_db/sqlalchemy/engines.py:314}}
Feb 11 23:32:59.607244 dv-neutron-828634-2-hyperv devstack@n-api.service[109484]: DEBUG oslo_db.sqlalchemy.engines [None req-a6c2eb80-7347-497b-a81d-19811537034c None None] MySQL server mode set to STRICT_TRANS_TABLES,STRICT_ALL_TABLES,NO_ZERO_IN_DATE,NO_ZERO_DATE,ERROR_FOR_DIVISION_BY_ZERO,TRADITIONAL,NO_ENGINE_SUBSTITUTION {{(pid=109484) _check_effective_sql_mode /usr/local/lib/python3.8/dist-packages/oslo_db/sqlalchemy/engines.py:314}}
Feb 11 23:32:59.990215 dv-neutron-828634-2-hyperv devstack@n-api.service[109485]: WARNING keystonemiddleware.auth_token [None req-c1e69ba3-47c6-4279-a5b7-3ec5143270f3 None None] AuthToken middleware is set with keystone_authtoken.service_token_roles_required set to False. This is backwards compatible but deprecated behaviour. Please set this to True.
Feb 11 23:32:59.997357 dv-neutron-828634-2-hyperv devstack@n-api.service[109485]: WARNING keystonemiddleware.auth_token [None req-c1e69ba3-47c6-4279-a5b7-3ec5143270f3 None None] Configuring www_authenticate_uri to point to the public identity endpoint is required; clients may not be able to authenticate against an admin endpoint
Feb 11 23:33:00.027648 dv-neutron-828634-2-hyperv devstack@n-api.service[109484]: WARNING keystonemiddleware.auth_token [None req-a6c2eb80-7347-497b-a81d-19811537034c None None] AuthToken middleware is set with keystone_authtoken.service_token_roles_required set to False. This is backwards compatible but deprecated behaviour. Please set this to True.
Feb 11 23:33:00.034228 dv-neutron-828634-2-hyperv devstack@n-api.service[109484]: WARNING keystonemiddleware.auth_token [None req-a6c2eb80-7347-497b-a81d-19811537034c None None] Configuring www_authenticate_uri to point to the public identity endpoint is required; clients may not be able to authenticate against an admin endpoint
Feb 11 23:33:00.336691 dv-neutron-828634-2-hyperv devstack@n-api.service[109485]: WARNING keystonemiddleware.auth_token [None req-c1e69ba3-47c6-4279-a5b7-3ec5143270f3 None None] AuthToken middleware is set with keystone_authtoken.service_token_roles_required set to False. This is backwards compatible but deprecated behaviour. Please set this to True.
Feb 11 23:33:00.342046 dv-neutron-828634-2-hyperv devstack@n-api.service[109485]: WARNING keystonemiddleware.auth_token [None req-c1e69ba3-47c6-4279-a5b7-3ec5143270f3 None None] Configuring www_authenticate_uri to point to the public identity endpoint is required; clients may not be able to authenticate against an admin endpoint
Feb 11 23:33:00.347204 dv-neutron-828634-2-hyperv devstack@n-api.service[109485]: WSGI app 0 (mountpoint='') ready in 6 seconds on interpreter 0x56081621a9c0 pid: 109485 (default app)
Feb 11 23:33:00.349273 dv-neutron-828634-2-hyperv devstack@n-api.service[109485]: DEBUG nova.api.openstack.wsgi [None req-c1e69ba3-47c6-4279-a5b7-3ec5143270f3 None None] Calling method '>' {{(pid=109485) _process_stack /opt/stack/nova/nova/api/openstack/wsgi.py:513}}
Feb 11 23:33:00.350449 dv-neutron-828634-2-hyperv devstack@n-api.service[109485]: INFO nova.api.openstack.requestlog [None req-c1e69ba3-47c6-4279-a5b7-3ec5143270f3 None None] 10.222.0.32 "GET /compute/v2.1/" status: 200 len: 388 microversion: 2.1 time: 0.001724
Feb 11 23:33:00.350854 dv-neutron-828634-2-hyperv devstack@n-api.service[109485]: [pid: 109485|app: 0|req: 1/1] 10.222.0.32 () {50 vars in 788 bytes} [Fri Feb 11 23:33:00 2022] GET /compute/v2.1/ => generated 388 bytes in 3 msecs (HTTP/1.1 200) 9 headers in 357 bytes (1 switches on core 0)
Feb 11 23:33:00.380145 dv-neutron-828634-2-hyperv devstack@n-api.service[109484]: WARNING keystonemiddleware.auth_token [None req-a6c2eb80-7347-497b-a81d-19811537034c None None] AuthToken middleware is set with keystone_authtoken.service_token_roles_required set to False. This is backwards compatible but deprecated behaviour. Please set this to True.
Feb 11 23:33:00.385452 dv-neutron-828634-2-hyperv devstack@n-api.service[109484]: WARNING keystonemiddleware.auth_token [None req-a6c2eb80-7347-497b-a81d-19811537034c None None] Configuring www_authenticate_uri to point to the public identity endpoint is required; clients may not be able to authenticate against an admin endpoint
Feb 11 23:33:00.391733 dv-neutron-828634-2-hyperv devstack@n-api.service[109484]: WSGI app 0 (mountpoint='') ready in 6 seconds on interpreter 0x56081621a9c0 pid: 109484 (default app)
Feb 11 23:34:23.940981 dv-neutron-828634-2-hyperv devstack@n-api.service[109485]: DEBUG nova.api.openstack.wsgi [None req-c1e69ba3-47c6-4279-a5b7-3ec5143270f3 None None] Calling method '>' {{(pid=109485) _process_stack /opt/stack/nova/nova/api/openstack/wsgi.py:513}}
Feb 11 23:34:23.942078 dv-neutron-828634-2-hyperv devstack@n-api.service[109485]: INFO nova.api.openstack.requestlog [None req-c1e69ba3-47c6-4279-a5b7-3ec5143270f3 None None] 10.222.0.32 "GET /compute/v2.1" status: 200 len: 388 microversion: 2.1 time: 0.001453
Feb 11 23:34:23.942774 dv-neutron-828634-2-hyperv devstack@n-api.service[109485]: [pid: 109485|app: 0|req: 2/2] 10.222.0.32 () {54 vars in 930 bytes} [Fri Feb 11 23:34:23 2022] GET /compute/v2.1 => generated 388 bytes in 2 msecs (HTTP/1.1 200) 9 headers in 357 bytes (1 switches on core 0)
Feb 11 23:34:24.386554 dv-neutron-828634-2-hyperv devstack@n-api.service[109484]: DEBUG nova.api.openstack.wsgi [None req-6a96be67-1fa2-4801-b4ca-b7475b6351fb admin admin] Calling method '>' {{(pid=109484) _process_stack /opt/stack/nova/nova/api/openstack/wsgi.py:513}}
Feb 11 23:34:24.418538 dv-neutron-828634-2-hyperv devstack@n-api.service[109484]: INFO nova.api.openstack.requestlog [None req-6a96be67-1fa2-4801-b4ca-b7475b6351fb admin admin] 10.222.0.32 "GET /compute/v2.1/flavors/detail?is_public=True" status: 200 len: 15 microversion: 2.61 time: 0.469138
Feb 11 23:34:24.419248 dv-neutron-828634-2-hyperv devstack@n-api.service[109484]: [pid: 109484|app: 0|req: 1/3] 10.222.0.32 () {60 vars in 1291 bytes} [Fri Feb 11 23:34:23 2022] GET /compute/v2.1/flavors/detail?is_public=True => generated 15 bytes in 471 msecs (HTTP/1.1 200) 9 headers in 358 bytes (1 switches on core 0)
Feb 11 23:34:26.714955 dv-neutron-828634-2-hyperv devstack@n-api.service[109485]: DEBUG nova.api.openstack.wsgi [None req-c1e69ba3-47c6-4279-a5b7-3ec5143270f3 None None] Calling method '>' {{(pid=109485) _process_stack /opt/stack/nova/nova/api/openstack/wsgi.py:513}}
Feb 11 23:34:26.715992 dv-neutron-828634-2-hyperv devstack@n-api.service[109485]: INFO nova.api.openstack.requestlog [None req-c1e69ba3-47c6-4279-a5b7-3ec5143270f3 None None] 10.222.0.32 "GET /compute/v2.1" status: 200 len: 388 microversion: 2.1 time: 0.001465
Feb 11 23:34:26.716570 dv-neutron-828634-2-hyperv devstack@n-api.service[109485]: [pid: 109485|app: 0|req: 3/4] 10.222.0.32 () {54 vars in 930 bytes} [Fri Feb 11 23:34:26 2022] GET /compute/v2.1 => generated 388 bytes in 2 msecs (HTTP/1.1 200) 9 headers in 357 bytes (1 switches on core 0)
Feb 11 23:34:26.778439 dv-neutron-828634-2-hyperv devstack@n-api.service[109484]: DEBUG nova.api.openstack.wsgi [None req-4d64d16f-5a27-42ce-b6bd-5f73dcf5f0c8 admin admin] Action: 'create', calling method: >, body: {"flavor": {"os-flavor-access:is_public": true, "rxtx_factor": 1.0, "swap": 0, "ram": 256, "name": "cirros256", "OS-FLV-EXT-DATA:ephemeral": 0, "disk": 1, "vcpus": 1, "id": "c1"}} {{(pid=109484) _process_stack /opt/stack/nova/nova/api/openstack/wsgi.py:511}}
Feb 11 23:34:26.798356 dv-neutron-828634-2-hyperv devstack@n-api.service[109484]: /usr/local/lib/python3.8/dist-packages/oslo_policy/policy.py:1119: UserWarning: Policy "os_compute_api:os-flavor-manage:create": "rule:system_admin_api" failed scope check. The token used to make the request was project scoped but the policy requires ['system'] scope. This behavior may change in the future where using the intended scope is required
Feb 11 23:34:26.798356 dv-neutron-828634-2-hyperv devstack@n-api.service[109484]: warnings.warn(msg)
Feb 11 23:34:26.911247 dv-neutron-828634-2-hyperv devstack@n-api.service[109484]: INFO nova.api.openstack.requestlog [None req-4d64d16f-5a27-42ce-b6bd-5f73dcf5f0c8 admin admin] 10.222.0.32 "POST /compute/v2.1/flavors" status: 200 len: 407 microversion: 2.61 time: 0.188551
Feb 11 23:34:26.911919 dv-neutron-828634-2-hyperv devstack@n-api.service[109484]: [pid: 109484|app: 0|req: 2/5] 10.222.0.32 () {64 vars in 1282 bytes} [Fri Feb 11 23:34:26 2022] POST /compute/v2.1/flavors => generated 407 bytes in 190 msecs (HTTP/1.1 200) 9 headers in 359 bytes (2 switches on core 0)
Feb 11 23:34:27.131091 dv-neutron-828634-2-hyperv devstack@n-api.service[109485]: DEBUG nova.api.openstack.wsgi [None req-187e0c6f-42a1-49a3-8baa-64bf24b03274 admin admin] Action: 'create', calling method: >, body: {"extra_specs": {"hw_rng:allowed": "True"}} {{(pid=109485) _process_stack /opt/stack/nova/nova/api/openstack/wsgi.py:511}}
Feb 11 23:34:27.133506 dv-neutron-828634-2-hyperv devstack@n-api.service[109485]: /usr/local/lib/python3.8/dist-packages/oslo_policy/policy.py:1119: UserWarning: Policy "os_compute_api:os-flavor-extra-specs:create": "rule:system_admin_api" failed scope check. The token used to make the request was project scoped but the policy requires ['system'] scope. This behavior may change in the future where using the intended scope is required
Feb 11 23:34:27.133506 dv-neutron-828634-2-hyperv devstack@n-api.service[109485]: warnings.warn(msg)
Feb 11 23:34:27.228178 dv-neutron-828634-2-hyperv devstack@n-api.service[109485]: INFO nova.api.openstack.requestlog [None req-187e0c6f-42a1-49a3-8baa-64bf24b03274 admin admin] 10.222.0.32 "POST /compute/v2.1/flavors/c1/os-extra_specs" status: 200 len: 43 microversion: 2.61 time: 0.307330
Feb 11 23:34:27.228704 dv-neutron-828634-2-hyperv devstack@n-api.service[109485]: [pid: 109485|app: 0|req: 4/6] 10.222.0.32 () {64 vars in 1335 bytes} [Fri Feb 11 23:34:26 2022] POST /compute/v2.1/flavors/c1/os-extra_specs => generated 43 bytes in 309 msecs (HTTP/1.1 200) 9 headers in 358 bytes (1 switches on core 0)
Feb 11 23:34:29.532619 dv-neutron-828634-2-hyperv devstack@n-api.service[109484]: DEBUG nova.api.openstack.wsgi [None req-4d64d16f-5a27-42ce-b6bd-5f73dcf5f0c8 admin admin] Calling method '>' {{(pid=109484) _process_stack /opt/stack/nova/nova/api/openstack/wsgi.py:513}}
Feb 11 23:34:29.533684 dv-neutron-828634-2-hyperv devstack@n-api.service[109484]: INFO nova.api.openstack.requestlog [None req-4d64d16f-5a27-42ce-b6bd-5f73dcf5f0c8 admin admin] 10.222.0.32 "GET /compute/v2.1" status: 200 len: 388 microversion: 2.1 time: 0.001528
Feb 11 23:34:29.534138 dv-neutron-828634-2-hyperv devstack@n-api.service[109484]: [pid: 109484|app: 0|req: 3/7] 10.222.0.32 () {54 vars in 930 bytes} [Fri Feb 11 23:34:29 2022] GET /compute/v2.1 => generated 388 bytes in 2 msecs (HTTP/1.1 200) 9 headers in 357 bytes (1 switches on core 0)
Feb 11 23:34:29.637444 dv-neutron-828634-2-hyperv devstack@n-api.service[109485]: DEBUG nova.api.openstack.wsgi [None req-286afe93-797f-4c37-8acb-3147d2ccc45d admin admin] Action: 'create', calling method: >, body: {"flavor": {"name": "ds512M", "disk": 5, "ram": 512, "OS-FLV-EXT-DATA:ephemeral": 0, "swap": 0, "rxtx_factor": 1.0, "os-flavor-access:is_public": true, "id": "d1", "vcpus": 1}} {{(pid=109485) _process_stack /opt/stack/nova/nova/api/openstack/wsgi.py:511}}
Feb 11 23:34:29.655511 dv-neutron-828634-2-hyperv devstack@n-api.service[109485]: /usr/local/lib/python3.8/dist-packages/oslo_policy/policy.py:1119: UserWarning: Policy "os_compute_api:os-flavor-manage:create": "rule:system_admin_api" failed scope check. The token used to make the request was project scoped but the policy requires ['system'] scope. This behavior may change in the future where using the intended scope is required
Feb 11 23:34:29.655511 dv-neutron-828634-2-hyperv devstack@n-api.service[109485]: warnings.warn(msg)
Feb 11 23:34:29.749352 dv-neutron-828634-2-hyperv devstack@n-api.service[109485]: INFO nova.api.openstack.requestlog [None req-286afe93-797f-4c37-8acb-3147d2ccc45d admin admin] 10.222.0.32 "POST /compute/v2.1/flavors" status: 200 len: 404 microversion: 2.61 time: 0.209285
Feb 11 23:34:29.749903 dv-neutron-828634-2-hyperv devstack@n-api.service[109485]: [pid: 109485|app: 0|req: 5/8] 10.222.0.32 () {64 vars in 1282 bytes} [Fri Feb 11 23:34:29 2022] POST /compute/v2.1/flavors => generated 404 bytes in 211 msecs (HTTP/1.1 200) 9 headers in 359 bytes (1 switches on core 0)
Feb 11 23:34:29.762715 dv-neutron-828634-2-hyperv devstack@n-api.service[109484]: DEBUG nova.api.openstack.wsgi [None req-e1340df8-e016-409b-8f39-9cd21985e12d admin admin] Action: 'create', calling method: >, body: {"extra_specs": {"hw_rng:allowed": "True"}} {{(pid=109484) _process_stack /opt/stack/nova/nova/api/openstack/wsgi.py:511}}
Feb 11 23:34:29.764734 dv-neutron-828634-2-hyperv devstack@n-api.service[109484]: /usr/local/lib/python3.8/dist-packages/oslo_policy/policy.py:1119: UserWarning: Policy "os_compute_api:os-flavor-extra-specs:create": "rule:system_admin_api" failed scope check. The token used to make the request was project scoped but the policy requires ['system'] scope. This behavior may change in the future where using the intended scope is required
Feb 11 23:34:29.764734 dv-neutron-828634-2-hyperv devstack@n-api.service[109484]: warnings.warn(msg)
Feb 11 23:34:29.871384 dv-neutron-828634-2-hyperv devstack@n-api.service[109484]: INFO nova.api.openstack.requestlog [None req-e1340df8-e016-409b-8f39-9cd21985e12d admin admin] 10.222.0.32 "POST /compute/v2.1/flavors/d1/os-extra_specs" status: 200 len: 43 microversion: 2.61 time: 0.112953
Feb 11 23:34:29.872538 dv-neutron-828634-2-hyperv devstack@n-api.service[109484]: [pid: 109484|app: 0|req: 4/9] 10.222.0.32 () {64 vars in 1335 bytes} [Fri Feb 11 23:34:29 2022] POST /compute/v2.1/flavors/d1/os-extra_specs => generated 43 bytes in 115 msecs (HTTP/1.1 200) 9 headers in 358 bytes (1 switches on core 0)
Feb 11 23:34:32.264521 dv-neutron-828634-2-hyperv devstack@n-api.service[109485]: DEBUG nova.api.openstack.wsgi [None req-286afe93-797f-4c37-8acb-3147d2ccc45d admin admin] Calling method '>' {{(pid=109485) _process_stack /opt/stack/nova/nova/api/openstack/wsgi.py:513}}
Feb 11 23:34:32.265520 dv-neutron-828634-2-hyperv devstack@n-api.service[109485]: INFO nova.api.openstack.requestlog [None req-286afe93-797f-4c37-8acb-3147d2ccc45d admin admin] 10.222.0.32 "GET /compute/v2.1" status: 200 len: 388 microversion: 2.1 time: 0.001447
Feb 11 23:34:32.265919 dv-neutron-828634-2-hyperv devstack@n-api.service[109485]: [pid: 109485|app: 0|req: 6/10] 10.222.0.32 () {54 vars in 930 bytes} [Fri Feb 11 23:34:32 2022] GET /compute/v2.1 => generated 388 bytes in 2 msecs (HTTP/1.1 200) 9 headers in 357 bytes (1 switches on core 0)
Feb 11 23:34:32.331554 dv-neutron-828634-2-hyperv devstack@n-api.service[109484]: DEBUG nova.api.openstack.wsgi [None req-2b8d9505-5a44-42f9-980b-98c1e3649158 admin admin] Action: 'create', calling method: >, body: {"flavor": {"id": "d2", "disk": 10, "name": "ds1G", "rxtx_factor": 1.0, "OS-FLV-EXT-DATA:ephemeral": 0, "ram": 1024, "vcpus": 1, "os-flavor-access:is_public": true, "swap": 0}} {{(pid=109484) _process_stack /opt/stack/nova/nova/api/openstack/wsgi.py:511}}
Feb 11 23:34:32.418405 dv-neutron-828634-2-hyperv devstack@n-api.service[109484]: INFO nova.api.openstack.requestlog [None req-2b8d9505-5a44-42f9-980b-98c1e3649158 admin admin] 10.222.0.32 "POST /compute/v2.1/flavors" status: 200 len: 404 microversion: 2.61 time: 0.145678
Feb 11 23:34:32.419667 dv-neutron-828634-2-hyperv devstack@n-api.service[109484]: [pid: 109484|app: 0|req: 5/11] 10.222.0.32 () {64 vars in 1282 bytes} [Fri Feb 11 23:34:32 2022] POST /compute/v2.1/flavors => generated 404 bytes in 148 msecs (HTTP/1.1 200) 9 headers in 359 bytes (2 switches on core 0)
Feb 11 23:34:32.432677 dv-neutron-828634-2-hyperv devstack@n-api.service[109485]: DEBUG nova.api.openstack.wsgi [None req-1296110b-6183-462b-a552-1c3efc3e1b83 admin admin] Action: 'create', calling method: >, body: {"extra_specs": {"hw_rng:allowed": "True"}} {{(pid=109485) _process_stack /opt/stack/nova/nova/api/openstack/wsgi.py:511}}
Feb 11 23:34:32.510781 dv-neutron-828634-2-hyperv devstack@n-api.service[109485]: INFO nova.api.openstack.requestlog [None req-1296110b-6183-462b-a552-1c3efc3e1b83 admin admin] 10.222.0.32 "POST /compute/v2.1/flavors/d2/os-extra_specs" status: 200 len: 43 microversion: 2.61 time: 0.083008
Feb 11 23:34:32.522635 dv-neutron-828634-2-hyperv devstack@n-api.service[109485]: [pid: 109485|app: 0|req: 7/12] 10.222.0.32 () {64 vars in 1335 bytes} [Fri Feb 11 23:34:32 2022] POST /compute/v2.1/flavors/d2/os-extra_specs => generated 43 bytes in 95 msecs (HTTP/1.1 200) 9 headers in 358 bytes (2 switches on core 0)
Feb 11 23:34:34.997494 dv-neutron-828634-2-hyperv devstack@n-api.service[109484]: DEBUG nova.api.openstack.wsgi [None req-2b8d9505-5a44-42f9-980b-98c1e3649158 admin admin] Calling method '>' {{(pid=109484) _process_stack /opt/stack/nova/nova/api/openstack/wsgi.py:513}}
Feb 11 23:34:34.999631 dv-neutron-828634-2-hyperv devstack@n-api.service[109484]: INFO nova.api.openstack.requestlog [None req-2b8d9505-5a44-42f9-980b-98c1e3649158 admin admin] 10.222.0.32 "GET /compute/v2.1" status: 200 len: 388 microversion: 2.1 time: 0.002558
Feb 11 23:34:35.000570 dv-neutron-828634-2-hyperv devstack@n-api.service[109484]: [pid: 109484|app: 0|req: 6/13] 10.222.0.32 () {54 vars in 930 bytes} [Fri Feb 11 23:34:34 2022] GET /compute/v2.1 => generated 388 bytes in 4 msecs (HTTP/1.1 200) 9 headers in 357 bytes (1 switches on core 0)
Feb 11 23:34:35.075883 dv-neutron-828634-2-hyperv devstack@n-api.service[109485]: DEBUG nova.api.openstack.wsgi [None req-dc2ef76a-7590-42dc-a4ce-8c68b861cef1 admin admin] Action: 'create', calling method: >, body: {"flavor": {"name": "ds2G", "id": "d3", "swap": 0, "OS-FLV-EXT-DATA:ephemeral": 0, "vcpus": 2, "rxtx_factor": 1.0, "os-flavor-access:is_public": true, "disk": 10, "ram": 2048}} {{(pid=109485) _process_stack /opt/stack/nova/nova/api/openstack/wsgi.py:511}}
Feb 11 23:34:35.171161 dv-neutron-828634-2-hyperv devstack@n-api.service[109485]: INFO nova.api.openstack.requestlog [None req-dc2ef76a-7590-42dc-a4ce-8c68b861cef1 admin admin] 10.222.0.32 "POST /compute/v2.1/flavors" status: 200 len: 404 microversion: 2.61 time: 0.163587
Feb 11 23:34:35.179998 dv-neutron-828634-2-hyperv devstack@n-api.service[109485]: [pid: 109485|app: 0|req: 8/14] 10.222.0.32 () {64 vars in 1282 bytes} [Fri Feb 11 23:34:35 2022] POST /compute/v2.1/flavors => generated 404 bytes in 173 msecs (HTTP/1.1 200) 9 headers in 359 bytes (1 switches on core 0)
Feb 11 23:34:35.187874 dv-neutron-828634-2-hyperv devstack@n-api.service[109484]: DEBUG nova.api.openstack.wsgi [None req-9112bc11-add3-4190-b094-74d6423e6e9f admin admin] Action: 'create', calling method: >, body: {"extra_specs": {"hw_rng:allowed": "True"}} {{(pid=109484) _process_stack /opt/stack/nova/nova/api/openstack/wsgi.py:511}}
Feb 11 23:34:35.280968 dv-neutron-828634-2-hyperv devstack@n-api.service[109484]: INFO nova.api.openstack.requestlog [None req-9112bc11-add3-4190-b094-74d6423e6e9f admin admin] 10.222.0.32 "POST /compute/v2.1/flavors/d3/os-extra_specs" status: 200 len: 43 microversion: 2.61 time: 0.097164
Feb 11 23:34:35.281767 dv-neutron-828634-2-hyperv devstack@n-api.service[109484]: [pid: 109484|app: 0|req: 7/15] 10.222.0.32 () {64 vars in 1335 bytes} [Fri Feb 11 23:34:35 2022] POST /compute/v2.1/flavors/d3/os-extra_specs => generated 43 bytes in 99 msecs (HTTP/1.1 200) 9 headers in 358 bytes (1 switches on core 0)
Feb 11 23:34:37.707268 dv-neutron-828634-2-hyperv devstack@n-api.service[109485]: DEBUG nova.api.openstack.wsgi [None req-dc2ef76a-7590-42dc-a4ce-8c68b861cef1 admin admin] Calling method '>' {{(pid=109485) _process_stack /opt/stack/nova/nova/api/openstack/wsgi.py:513}}
Feb 11 23:34:37.708266 dv-neutron-828634-2-hyperv devstack@n-api.service[109485]: INFO nova.api.openstack.requestlog [None req-dc2ef76a-7590-42dc-a4ce-8c68b861cef1 admin admin] 10.222.0.32 "GET /compute/v2.1" status: 200 len: 388 microversion: 2.1 time: 0.001521
Feb 11 23:34:37.708677 dv-neutron-828634-2-hyperv devstack@n-api.service[109485]: [pid: 109485|app: 0|req: 9/16] 10.222.0.32 () {54 vars in 930 bytes} [Fri Feb 11 23:34:37 2022] GET /compute/v2.1 => generated 388 bytes in 2 msecs (HTTP/1.1 200) 9 headers in 357 bytes (1 switches on core 0)
Feb 11 23:34:37.769239 dv-neutron-828634-2-hyperv devstack@n-api.service[109484]: DEBUG nova.api.openstack.wsgi [None req-de6ebc53-03bb-454b-b047-bb50caa32575 admin admin] Action: 'create', calling method: >, body: {"flavor": {"disk": 20, "id": "d4", "swap": 0, "rxtx_factor": 1.0, "name": "ds4G", "ram": 4096, "os-flavor-access:is_public": true, "OS-FLV-EXT-DATA:ephemeral": 0, "vcpus": 4}} {{(pid=109484) _process_stack /opt/stack/nova/nova/api/openstack/wsgi.py:511}}
Feb 11 23:34:37.855571 dv-neutron-828634-2-hyperv devstack@n-api.service[109484]: INFO nova.api.openstack.requestlog [None req-de6ebc53-03bb-454b-b047-bb50caa32575 admin admin] 10.222.0.32 "POST /compute/v2.1/flavors" status: 200 len: 404 microversion: 2.61 time: 0.140701
Feb 11 23:34:37.856563 dv-neutron-828634-2-hyperv devstack@n-api.service[109484]: [pid: 109484|app: 0|req: 8/17] 10.222.0.32 () {64 vars in 1282 bytes} [Fri Feb 11 23:34:37 2022] POST /compute/v2.1/flavors => generated 404 bytes in 142 msecs (HTTP/1.1 200) 9 headers in 359 bytes (1 switches on core 0)
Feb 11 23:34:37.867977 dv-neutron-828634-2-hyperv devstack@n-api.service[109485]: DEBUG nova.api.openstack.wsgi [None req-cf54438b-a20f-40c4-a33a-9df5fe79d04d admin admin] Action: 'create', calling method: >, body: {"extra_specs": {"hw_rng:allowed": "True"}} {{(pid=109485) _process_stack /opt/stack/nova/nova/api/openstack/wsgi.py:511}}
Feb 11 23:34:37.957762 dv-neutron-828634-2-hyperv devstack@n-api.service[109485]: INFO nova.api.openstack.requestlog [None req-cf54438b-a20f-40c4-a33a-9df5fe79d04d admin admin] 10.222.0.32 "POST /compute/v2.1/flavors/d4/os-extra_specs" status: 200 len: 43 microversion: 2.61 time: 0.093504
Feb 11 23:34:37.971217 dv-neutron-828634-2-hyperv devstack@n-api.service[109485]: [pid: 109485|app: 0|req: 10/18] 10.222.0.32 () {64 vars in 1335 bytes} [Fri Feb 11 23:34:37 2022] POST /compute/v2.1/flavors/d4/os-extra_specs => generated 43 bytes in 107 msecs (HTTP/1.1 200) 9 headers in 358 bytes (1 switches on core 0)
Feb 11 23:34:40.364859 dv-neutron-828634-2-hyperv devstack@n-api.service[109484]: DEBUG nova.api.openstack.wsgi [None req-de6ebc53-03bb-454b-b047-bb50caa32575 admin admin] Calling method '>' {{(pid=109484) _process_stack /opt/stack/nova/nova/api/openstack/wsgi.py:513}}
Feb 11 23:34:40.365864 dv-neutron-828634-2-hyperv devstack@n-api.service[109484]: INFO nova.api.openstack.requestlog [None req-de6ebc53-03bb-454b-b047-bb50caa32575 admin admin] 10.222.0.32 "GET /compute/v2.1" status: 200 len: 388 microversion: 2.1 time: 0.001434
Feb 11 23:34:40.366264 dv-neutron-828634-2-hyperv devstack@n-api.service[109484]: [pid: 109484|app: 0|req: 9/19] 10.222.0.32 () {54 vars in 930 bytes} [Fri Feb 11 23:34:40 2022] GET /compute/v2.1 => generated 388 bytes in 2 msecs (HTTP/1.1 200) 9 headers in 357 bytes (1 switches on core 0)
Feb 11 23:34:40.510575 dv-neutron-828634-2-hyperv devstack@n-api.service[109485]: DEBUG nova.api.openstack.wsgi [None req-1f93fe70-3b6c-4528-b021-6e7ba607a1c7 admin admin] Calling method '>' {{(pid=109485) _process_stack /opt/stack/nova/nova/api/openstack/wsgi.py:513}}
Feb 11 23:34:40.570269 dv-neutron-828634-2-hyperv devstack@n-api.service[109485]: INFO nova.api.openstack.requestlog [None req-1f93fe70-3b6c-4528-b021-6e7ba607a1c7 admin admin] 10.222.0.32 "GET /compute/v2.1/flavors/detail?is_public=True" status: 200 len: 2106 microversion: 2.61 time: 0.196087
Feb 11 23:34:40.572175 dv-neutron-828634-2-hyperv devstack@n-api.service[109485]: [pid: 109485|app: 0|req: 11/20] 10.222.0.32 () {60 vars in 1291 bytes} [Fri Feb 11 23:34:40 2022] GET /compute/v2.1/flavors/detail?is_public=True => generated 2106 bytes in 199 msecs (HTTP/1.1 200) 9 headers in 360 bytes (1 switches on core 0)
Feb 11 23:34:42.998098 dv-neutron-828634-2-hyperv devstack@n-api.service[109484]: DEBUG nova.api.openstack.wsgi [None req-de6ebc53-03bb-454b-b047-bb50caa32575 admin admin] Calling method '>' {{(pid=109484) _process_stack /opt/stack/nova/nova/api/openstack/wsgi.py:513}}
Feb 11 23:34:42.999797 dv-neutron-828634-2-hyperv devstack@n-api.service[109484]: INFO nova.api.openstack.requestlog [None req-de6ebc53-03bb-454b-b047-bb50caa32575 admin admin] 10.222.0.32 "GET /compute/v2.1" status: 200 len: 388 microversion: 2.1 time: 0.002131
Feb 11 23:34:43.005717 dv-neutron-828634-2-hyperv devstack@n-api.service[109484]: [pid: 109484|app: 0|req: 10/21] 10.222.0.32 () {54 vars in 930 bytes} [Fri Feb 11 23:34:42 2022] GET /compute/v2.1 => generated 388 bytes in 3 msecs (HTTP/1.1 200) 9 headers in 357 bytes (1 switches on core 0)
Feb 11 23:34:43.060736 dv-neutron-828634-2-hyperv devstack@n-api.service[109485]: DEBUG nova.api.openstack.wsgi [None req-52efb4d6-6445-43c8-875b-ebbc1e46739e admin admin] Action: 'create', calling method: >, body: {"flavor": {"OS-FLV-EXT-DATA:ephemeral": 0, "rxtx_factor": 1.0, "ram": 512, "id": "1", "os-flavor-access:is_public": true, "vcpus": 1, "swap": 0, "name": "m1.tiny", "disk": 1}} {{(pid=109485) _process_stack /opt/stack/nova/nova/api/openstack/wsgi.py:511}}
Feb 11 23:34:43.170286 dv-neutron-828634-2-hyperv devstack@n-api.service[109485]: INFO nova.api.openstack.requestlog [None req-52efb4d6-6445-43c8-875b-ebbc1e46739e admin admin] 10.222.0.32 "POST /compute/v2.1/flavors" status: 200 len: 402 microversion: 2.61 time: 0.163261
Feb 11 23:34:43.171657 dv-neutron-828634-2-hyperv devstack@n-api.service[109485]: [pid: 109485|app: 0|req: 12/22] 10.222.0.32 () {64 vars in 1282 bytes} [Fri Feb 11 23:34:43 2022] POST /compute/v2.1/flavors => generated 402 bytes in 165 msecs (HTTP/1.1 200) 9 headers in 359 bytes (1 switches on core 0)
Feb 11 23:34:43.183378 dv-neutron-828634-2-hyperv devstack@n-api.service[109484]: DEBUG nova.api.openstack.wsgi [None req-6f758569-1199-4920-a0b5-1dd9d50ed911 admin admin] Action: 'create', calling method: >, body: {"extra_specs": {"hw_rng:allowed": "True"}} {{(pid=109484) _process_stack /opt/stack/nova/nova/api/openstack/wsgi.py:511}}
Feb 11 23:34:43.282796 dv-neutron-828634-2-hyperv devstack@n-api.service[109484]: INFO nova.api.openstack.requestlog [None req-6f758569-1199-4920-a0b5-1dd9d50ed911 admin admin] 10.222.0.32 "POST /compute/v2.1/flavors/1/os-extra_specs" status: 200 len: 43 microversion: 2.61 time: 0.103487
Feb 11 23:34:43.301356 dv-neutron-828634-2-hyperv devstack@n-api.service[109484]: [pid: 109484|app: 0|req: 11/23] 10.222.0.32 () {64 vars in 1332 bytes} [Fri Feb 11 23:34:43 2022] POST /compute/v2.1/flavors/1/os-extra_specs => generated 43 bytes in 122 msecs (HTTP/1.1 200) 9 headers in 358 bytes (1 switches on core 0)
Feb 11 23:34:45.677352 dv-neutron-828634-2-hyperv devstack@n-api.service[109485]: DEBUG nova.api.openstack.wsgi [None req-52efb4d6-6445-43c8-875b-ebbc1e46739e admin admin] Calling method '>' {{(pid=109485) _process_stack /opt/stack/nova/nova/api/openstack/wsgi.py:513}}
Feb 11 23:34:45.678343 dv-neutron-828634-2-hyperv devstack@n-api.service[109485]: INFO nova.api.openstack.requestlog [None req-52efb4d6-6445-43c8-875b-ebbc1e46739e admin admin] 10.222.0.32 "GET /compute/v2.1" status: 200 len: 388 microversion: 2.1 time: 0.001447
Feb 11 23:34:45.678735 dv-neutron-828634-2-hyperv devstack@n-api.service[109485]: [pid: 109485|app: 0|req: 13/24] 10.222.0.32 () {54 vars in 930 bytes} [Fri Feb 11 23:34:45 2022] GET /compute/v2.1 => generated 388 bytes in 2 msecs (HTTP/1.1 200) 9 headers in 357 bytes (1 switches on core 0)
Feb 11 23:34:45.742367 dv-neutron-828634-2-hyperv devstack@n-api.service[109484]: DEBUG nova.api.openstack.wsgi [None req-29bb9ae6-5a16-4c46-9a99-e21025a9f1b9 admin admin] Action: 'create', calling method: >, body: {"flavor": {"rxtx_factor": 1.0, "vcpus": 1, "disk": 20, "name": "m1.small", "os-flavor-access:is_public": true, "ram": 2048, "id": "2", "OS-FLV-EXT-DATA:ephemeral": 0, "swap": 0}} {{(pid=109484) _process_stack /opt/stack/nova/nova/api/openstack/wsgi.py:511}}
Feb 11 23:34:45.805014 dv-neutron-828634-2-hyperv devstack@n-api.service[109484]: INFO nova.api.openstack.requestlog [None req-29bb9ae6-5a16-4c46-9a99-e21025a9f1b9 admin admin] 10.222.0.32 "POST /compute/v2.1/flavors" status: 200 len: 405 microversion: 2.61 time: 0.119180
Feb 11 23:34:45.806279 dv-neutron-828634-2-hyperv devstack@n-api.service[109484]: [pid: 109484|app: 0|req: 12/25] 10.222.0.32 () {64 vars in 1282 bytes} [Fri Feb 11 23:34:45 2022] POST /compute/v2.1/flavors => generated 405 bytes in 122 msecs (HTTP/1.1 200) 9 headers in 359 bytes (1 switches on core 0)
Feb 11 23:34:45.828356 dv-neutron-828634-2-hyperv devstack@n-api.service[109485]: DEBUG nova.api.openstack.wsgi [None req-d307ed58-0a00-4519-87d4-44dad4df7480 admin admin] Action: 'create', calling method: >, body: {"extra_specs": {"hw_rng:allowed": "True"}} {{(pid=109485) _process_stack /opt/stack/nova/nova/api/openstack/wsgi.py:511}}
Feb 11 23:34:45.916587 dv-neutron-828634-2-hyperv devstack@n-api.service[109485]: INFO nova.api.openstack.requestlog [None req-d307ed58-0a00-4519-87d4-44dad4df7480 admin admin] 10.222.0.32 "POST /compute/v2.1/flavors/2/os-extra_specs" status: 200 len: 43 microversion: 2.61 time: 0.092415
Feb 11 23:34:45.917519 dv-neutron-828634-2-hyperv devstack@n-api.service[109485]: [pid: 109485|app: 0|req: 14/26] 10.222.0.32 () {64 vars in 1332 bytes} [Fri Feb 11 23:34:45 2022] POST /compute/v2.1/flavors/2/os-extra_specs => generated 43 bytes in 94 msecs (HTTP/1.1 200) 9 headers in 358 bytes (2 switches on core 0)
Feb 11 23:34:48.250524 dv-neutron-828634-2-hyperv devstack@n-api.service[109484]: DEBUG nova.api.openstack.wsgi [None req-29bb9ae6-5a16-4c46-9a99-e21025a9f1b9 admin admin] Calling method '>' {{(pid=109484) _process_stack /opt/stack/nova/nova/api/openstack/wsgi.py:513}}
Feb 11 23:34:48.251574 dv-neutron-828634-2-hyperv devstack@n-api.service[109484]: INFO nova.api.openstack.requestlog [None req-29bb9ae6-5a16-4c46-9a99-e21025a9f1b9 admin admin] 10.222.0.32 "GET /compute/v2.1" status: 200 len: 388 microversion: 2.1 time: 0.001503
Feb 11 23:34:48.252327 dv-neutron-828634-2-hyperv devstack@n-api.service[109484]: [pid: 109484|app: 0|req: 13/27] 10.222.0.32 () {54 vars in 930 bytes} [Fri Feb 11 23:34:48 2022] GET /compute/v2.1 => generated 388 bytes in 3 msecs (HTTP/1.1 200) 9 headers in 357 bytes (1 switches on core 0)
Feb 11 23:34:48.351643 dv-neutron-828634-2-hyperv devstack@n-api.service[109485]: DEBUG nova.api.openstack.wsgi [None req-56cbb48b-5dd5-45f7-96d3-4b69d42eae6d admin admin] Action: 'create', calling method: >, body: {"flavor": {"name": "m1.medium", "os-flavor-access:is_public": true, "rxtx_factor": 1.0, "OS-FLV-EXT-DATA:ephemeral": 0, "id": "3", "vcpus": 2, "disk": 40, "ram": 4096, "swap": 0}} {{(pid=109485) _process_stack /opt/stack/nova/nova/api/openstack/wsgi.py:511}}
Feb 11 23:34:48.443915 dv-neutron-828634-2-hyperv devstack@n-api.service[109485]: INFO nova.api.openstack.requestlog [None req-56cbb48b-5dd5-45f7-96d3-4b69d42eae6d admin admin] 10.222.0.32 "POST /compute/v2.1/flavors" status: 200 len: 406 microversion: 2.61 time: 0.179182
Feb 11 23:34:48.444412 dv-neutron-828634-2-hyperv devstack@n-api.service[109485]: [pid: 109485|app: 0|req: 15/28] 10.222.0.32 () {64 vars in 1282 bytes} [Fri Feb 11 23:34:48 2022] POST /compute/v2.1/flavors => generated 406 bytes in 180 msecs (HTTP/1.1 200) 9 headers in 359 bytes (1 switches on core 0)
Feb 11 23:34:48.457480 dv-neutron-828634-2-hyperv devstack@n-api.service[109484]: DEBUG nova.api.openstack.wsgi [None req-3b79a70a-48d0-4860-9a62-ccad0dd7169a admin admin] Action: 'create', calling method: >, body: {"extra_specs": {"hw_rng:allowed": "True"}} {{(pid=109484) _process_stack /opt/stack/nova/nova/api/openstack/wsgi.py:511}}
Feb 11 23:34:48.560577 dv-neutron-828634-2-hyperv devstack@n-api.service[109484]: INFO nova.api.openstack.requestlog [None req-3b79a70a-48d0-4860-9a62-ccad0dd7169a admin admin] 10.222.0.32 "POST /compute/v2.1/flavors/3/os-extra_specs" status: 200 len: 43 microversion: 2.61 time: 0.107001
Feb 11 23:34:48.561237 dv-neutron-828634-2-hyperv devstack@n-api.service[109484]: [pid: 109484|app: 0|req: 14/29] 10.222.0.32 () {64 vars in 1332 bytes} [Fri Feb 11 23:34:48 2022] POST /compute/v2.1/flavors/3/os-extra_specs => generated 43 bytes in 108 msecs (HTTP/1.1 200) 9 headers in 358 bytes (2 switches on core 0)
Feb 11 23:34:50.891901 dv-neutron-828634-2-hyperv devstack@n-api.service[109485]: DEBUG nova.api.openstack.wsgi [None req-56cbb48b-5dd5-45f7-96d3-4b69d42eae6d admin admin] Calling method '>' {{(pid=109485) _process_stack /opt/stack/nova/nova/api/openstack/wsgi.py:513}}
Feb 11 23:34:50.893489 dv-neutron-828634-2-hyperv devstack@n-api.service[109485]: INFO nova.api.openstack.requestlog [None req-56cbb48b-5dd5-45f7-96d3-4b69d42eae6d admin admin] 10.222.0.32 "GET /compute/v2.1" status: 200 len: 388 microversion: 2.1 time: 0.002304
Feb 11 23:34:50.894158 dv-neutron-828634-2-hyperv devstack@n-api.service[109485]: [pid: 109485|app: 0|req: 16/30] 10.222.0.32 () {54 vars in 930 bytes} [Fri Feb 11 23:34:50 2022] GET /compute/v2.1 => generated 388 bytes in 4 msecs (HTTP/1.1 200) 9 headers in 357 bytes (1 switches on core 0)
Feb 11 23:34:50.956572 dv-neutron-828634-2-hyperv devstack@n-api.service[109484]: DEBUG nova.api.openstack.wsgi [None req-4064a0cd-def6-4424-a9bb-0d20a8570f2c admin admin] Action: 'create', calling method: >, body: {"flavor": {"os-flavor-access:is_public": true, "vcpus": 4, "swap": 0, "ram": 8192, "OS-FLV-EXT-DATA:ephemeral": 0, "disk": 80, "id": "4", "rxtx_factor": 1.0, "name": "m1.large"}} {{(pid=109484) _process_stack /opt/stack/nova/nova/api/openstack/wsgi.py:511}}
Feb 11 23:34:51.027231 dv-neutron-828634-2-hyperv devstack@n-api.service[109484]: INFO nova.api.openstack.requestlog [None req-4064a0cd-def6-4424-a9bb-0d20a8570f2c admin admin] 10.222.0.32 "POST /compute/v2.1/flavors" status: 200 len: 405 microversion: 2.61 time: 0.124053
Feb 11 23:34:51.027775 dv-neutron-828634-2-hyperv devstack@n-api.service[109484]: [pid: 109484|app: 0|req: 15/31] 10.222.0.32 () {64 vars in 1282 bytes} [Fri Feb 11 23:34:50 2022] POST /compute/v2.1/flavors => generated 405 bytes in 125 msecs (HTTP/1.1 200) 9 headers in 359 bytes (2 switches on core 0)
Feb 11 23:34:51.041763 dv-neutron-828634-2-hyperv devstack@n-api.service[109485]: DEBUG nova.api.openstack.wsgi [None req-eafd2f3c-9bd0-4a47-8da5-9bb6c0a1ffbb admin admin] Action: 'create', calling method: >, body: {"extra_specs": {"hw_rng:allowed": "True"}} {{(pid=109485) _process_stack /opt/stack/nova/nova/api/openstack/wsgi.py:511}}
Feb 11 23:34:51.110647 dv-neutron-828634-2-hyperv devstack@n-api.service[109485]: INFO nova.api.openstack.requestlog [None req-eafd2f3c-9bd0-4a47-8da5-9bb6c0a1ffbb admin admin] 10.222.0.32 "POST /compute/v2.1/flavors/4/os-extra_specs" status: 200 len: 43 microversion: 2.61 time: 0.074277
Feb 11 23:34:51.111155 dv-neutron-828634-2-hyperv devstack@n-api.service[109485]: [pid: 109485|app: 0|req: 17/32] 10.222.0.32 () {64 vars in 1332 bytes} [Fri Feb 11 23:34:51 2022] POST /compute/v2.1/flavors/4/os-extra_specs => generated 43 bytes in 76 msecs (HTTP/1.1 200) 9 headers in 358 bytes (1 switches on core 0)
Feb 11 23:34:53.463192 dv-neutron-828634-2-hyperv devstack@n-api.service[109484]: DEBUG nova.api.openstack.wsgi [None req-4064a0cd-def6-4424-a9bb-0d20a8570f2c admin admin] Calling method '>' {{(pid=109484) _process_stack /opt/stack/nova/nova/api/openstack/wsgi.py:513}}
Feb 11 23:34:53.464234 dv-neutron-828634-2-hyperv devstack@n-api.service[109484]: INFO nova.api.openstack.requestlog [None req-4064a0cd-def6-4424-a9bb-0d20a8570f2c admin admin] 10.222.0.32 "GET /compute/v2.1" status: 200 len: 388 microversion: 2.1 time: 0.001521
Feb 11 23:34:53.464635 dv-neutron-828634-2-hyperv devstack@n-api.service[109484]: [pid: 109484|app: 0|req: 16/33] 10.222.0.32 () {54 vars in 930 bytes} [Fri Feb 11 23:34:53 2022] GET /compute/v2.1 => generated 388 bytes in 3 msecs (HTTP/1.1 200) 9 headers in 357 bytes (1 switches on core 0)
Feb 11 23:34:53.525255 dv-neutron-828634-2-hyperv devstack@n-api.service[109485]: DEBUG nova.api.openstack.wsgi [None req-11c71052-7d7e-4ed5-8414-5a0d9d239ca2 admin admin] Action: 'create', calling method: >, body: {"flavor": {"name": "m1.xlarge", "vcpus": 8, "disk": 160, "ram": 16384, "rxtx_factor": 1.0, "os-flavor-access:is_public": true, "id": "5", "OS-FLV-EXT-DATA:ephemeral": 0, "swap": 0}} {{(pid=109485) _process_stack /opt/stack/nova/nova/api/openstack/wsgi.py:511}}
Feb 11 23:34:53.620314 dv-neutron-828634-2-hyperv devstack@n-api.service[109485]: INFO nova.api.openstack.requestlog [None req-11c71052-7d7e-4ed5-8414-5a0d9d239ca2 admin admin] 10.222.0.32 "POST /compute/v2.1/flavors" status: 200 len: 408 microversion: 2.61 time: 0.149632
