Feb 08 15:14:03.340108 dv-neutron-828231-1-hyperv neutron-server[87470]: DEBUG neutron.db.l3_dvrscheduler_db [req-0773afc6-a2ba-4b48-8ed2-8c7ae91957ac req-1ac61d97-2673-4a47-bdf3-ad1606b03534 tempest-ServerActionsTestJSON-28027850 tempest-ServerActionsTestJSON-28027850-project] Received port after_create {{(pid=87470) _notify_l3_agent_new_port /opt/stack/neutron/neutron/db/l3_dvrscheduler_db.py:538}}
Feb 08 15:14:03.363051 dv-neutron-828231-1-hyperv neutron-server[87471]: DEBUG neutron_lib.callbacks.manager [None req-a6f2b847-8183-4f47-b3cf-d808cb60d97d tempest-BulkNetworkOpsIpV6Test-417605321 tempest-BulkNetworkOpsIpV6Test-417605321-project] Notify callbacks ['neutron.plugins.ml2.plugin.Ml2Plugin._handle_segment_change-1041085'] for segment, precommit_create {{(pid=87471) _notify_loop /usr/local/lib/python3.8/dist-packages/neutron_lib/callbacks/manager.py:192}}
Feb 08 15:14:03.363479 dv-neutron-828231-1-hyperv neutron-server[87471]: INFO neutron.db.segments_db [None req-a6f2b847-8183-4f47-b3cf-d808cb60d97d tempest-BulkNetworkOpsIpV6Test-417605321 tempest-BulkNetworkOpsIpV6Test-417605321-project] Added segment b4d0e265-ee95-4678-86de-6df06a3f0366 of type vlan for network 9d7ba383-b983-4c9b-be78-dadfec63c9da
Feb 08 15:14:03.371395 dv-neutron-828231-1-hyperv neutron-server[87471]: DEBUG neutron_lib.callbacks.manager [None req-82ecd543-8bfd-44c0-960d-d14e62240fd6 tempest-ServersTestJSON-46250111 tempest-ServersTestJSON-46250111-project] Notify callbacks [] for security_group_rule, before_create {{(pid=87471) _notify_loop /usr/local/lib/python3.8/dist-packages/neutron_lib/callbacks/manager.py:192}}
Feb 08 15:14:03.394078 dv-neutron-828231-1-hyperv neutron-server[87472]: DEBUG neutron.db.l3_hamode_db [None req-5348f0ec-1689-42ad-a6b2-77a22c90eb3a None None] neutron.services.l3_router.l3_router_plugin.L3RouterPlugin method _process_sync_ha_data called with arguments (, [{'id': '9a4a3a40-e7fd-4ac6-8916-4e9dbe9bc179', 'name': 'tempest-ServersTestJSON-98221338-router', 'tenant_id': '63a3330f3a5e4d3ea92074c07af2360d', 'admin_state_up': True, 'status': 'ACTIVE', 'external_gateway_info': {'network_id': 'bf8a5cb2-6caa-4826-b948-39ae66516504', 'external_fixed_ips': [{'subnet_id': 'f623f785-26c8-4525-b386-ed07dcd8d4f5', 'ip_address': '172.26.2.66'}], 'enable_snat': True}, 'gw_port_id': '1bde1317-432b-4772-80ca-09a092d12e49', 'description': '', 'availability_zones': ['nova'], 'distributed': False, 'ha': False, 'ha_vr_id': 0, 'availability_zone_hints': [], 'routes': [], 'flavor_id': None, 'tags': [], 'created_at': '2022-02-08T15:13:41Z', 'updated_at': '2022-02-08T15:13:56Z', 'revision_number': 4, 'project_id': '63a3330f3a5e4d3ea92074c07af2360d', 'gw_port': {'id': '1bde1317-432b-4772-80ca-09a092d12e49', 'name': '', 'network_id': 'bf8a5cb2-6caa-4826-b948-39ae66516504', 'tenant_id': '', 'mac_address': 'fa:16:3e:f2:0e:5b', 'admin_state_up': True, 'status': 'ACTIVE', 'device_id': '9a4a3a40-e7fd-4ac6-8916-4e9dbe9bc179', 'device_owner': 'network:router_gateway', 'standard_attr_id': 53, 'fixed_ips': [{'subnet_id': 'f623f785-26c8-4525-b386-ed07dcd8d4f5', 'ip_address': '172.26.2.66', 'prefixlen': 24}], 'allowed_address_pairs': [], 'extra_dhcp_opts': [], 'security_groups': [], 'description': '', 'binding:vnic_type': 'normal', 'binding:profile': {}, 'binding:host_id': 'dv-neutron-828231-1-hyperv', 'binding:vif_type': 'ovs', 'binding:vif_details': {'connectivity': 'l2', 'port_filter': True, 'ovs_hybrid_plug': False, 'datapath_type': 'system', 'bridge_name': 'br-int'}, 'port_security_enabled': False, 'tags': [], 'created_at': '2022-02-08T15:13:42Z', 'updated_at': '2022-02-08T15:13:54Z', 'revision_number': 4, 'project_id': '', 'subnets': [{'id': 'f623f785-26c8-4525-b386-ed07dcd8d4f5', 'cidr': '172.26.2.0/24', 'gateway_ip': '172.26.2.1', 'dns_nameservers': [], 'ipv6_ra_mode': None, 'subnetpool_id': None}], 'extra_subnets': [], 'address_scopes': {4: None, 6: None}, 'mtu': 1500}, 'enable_snat': True, 'gw_port_host': 'dv-neutron-828231-1-hyperv', '_interfaces': [{'id': '079f1f98-4898-4fbd-a577-67e483a9030b', 'name': '', 'network_id': '46c32efa-27e9-4d68-a0bd-ba001508b126', 'tenant_id': '63a3330f3a5e4d3ea92074c07af2360d', 'mac_address': 'fa:16:3e:49:93:db', 'admin_state_up': True, 'status': 'DOWN', 'device_id': '9a4a3a40-e7fd-4ac6-8916-4e9dbe9bc179', 'device_owner': 'network:router_interface', 'standard_attr_id': 124, 'fixed_ips': [{'subnet_id': '169dd5a0-af8b-4a9f-814f-44a0361567e7', 'ip_address': '172.20.0.1', 'prefixlen': 28}], 'allowed_address_pairs': [], 'extra_dhcp_opts': [], 'security_groups': [], 'description': '', 'binding:vnic_type': 'normal', 'binding:profile': {}, 'binding:host_id': 'dv-neutron-828231-1-hyperv', 'binding:vif_type': 'ovs', 'binding:vif_details': {'connectivity': 'l2', 'port_filter': True, 'ovs_hybrid_plug': False, 'datapath_type': 'system', 'bridge_name': 'br-int'}, 'port_security_enabled': False, 'tags': [], 'created_at': '2022-02-08T15:13:53Z', 'updated_at': '2022-02-08T15:14:01Z', 'revision_number': 4, 'project_id': '63a3330f3a5e4d3ea92074c07af2360d', 'subnets': [{'id': '169dd5a0-af8b-4a9f-814f-44a0361567e7', 'cidr': '172.20.0.0/28', 'gateway_ip': '172.20.0.1', 'dns_nameservers': [], 'ipv6_ra_mode': None, 'subnetpool_id': None}], 'extra_subnets': [], 'address_scopes': {4: None, 6: None}, 'mtu': 1500}]}], 'dv-neutron-828231-1-hyperv', False) {} {{(pid=87472) wrapper /usr/local/lib/python3.8/dist-packages/oslo_log/helpers.py:65}}
Feb 08 15:14:03.400200 dv-neutron-828231-1-hyperv neutron-server[87472]: DEBUG neutron.api.rpc.handlers.l3_rpc [None req-5348f0ec-1689-42ad-a6b2-77a22c90eb3a None None] The sync data for ids ['9a4a3a40-e7fd-4ac6-8916-4e9dbe9bc179'] in dv-neutron-828231-1-hyperv is: [{'id': '9a4a3a40-e7fd-4ac6-8916-4e9dbe9bc179', 'name': 'tempest-ServersTestJSON-98221338-router', 'tenant_id': '63a3330f3a5e4d3ea92074c07af2360d', 'admin_state_up': True, 'status': 'ACTIVE', 'external_gateway_info': {'network_id': 'bf8a5cb2-6caa-4826-b948-39ae66516504', 'external_fixed_ips': [{'subnet_id': 'f623f785-26c8-4525-b386-ed07dcd8d4f5', 'ip_address': '172.26.2.66'}], 'enable_snat': True}, 'gw_port_id': '1bde1317-432b-4772-80ca-09a092d12e49', 'description': '', 'availability_zones': ['nova'], 'distributed': False, 'ha': False, 'ha_vr_id': 0, 'availability_zone_hints': [], 'routes': [], 'flavor_id': None, 'tags': [], 'created_at': '2022-02-08T15:13:41Z', 'updated_at': '2022-02-08T15:13:56Z', 'revision_number': 4, 'project_id': '63a3330f3a5e4d3ea92074c07af2360d', 'gw_port': {'id': '1bde1317-432b-4772-80ca-09a092d12e49', 'name': '', 'network_id': 'bf8a5cb2-6caa-4826-b948-39ae66516504', 'tenant_id': '', 'mac_address': 'fa:16:3e:f2:0e:5b', 'admin_state_up': True, 'status': 'ACTIVE', 'device_id': '9a4a3a40-e7fd-4ac6-8916-4e9dbe9bc179', 'device_owner': 'network:router_gateway', 'standard_attr_id': 53, 'fixed_ips': [{'subnet_id': 'f623f785-26c8-4525-b386-ed07dcd8d4f5', 'ip_address': '172.26.2.66', 'prefixlen': 24}], 'allowed_address_pairs': [], 'extra_dhcp_opts': [], 'security_groups': [], 'description': '', 'binding:vnic_type': 'normal', 'binding:profile': {}, 'binding:host_id': 'dv-neutron-828231-1-hyperv', 'binding:vif_type': 'ovs', 'binding:vif_details': {'connectivity': 'l2', 'port_filter': True, 'ovs_hybrid_plug': False, 'datapath_type': 'system', 'bridge_name': 'br-int'}, 'port_security_enabled': False, 'tags': [], 'created_at': '2022-02-08T15:13:42Z', 'updated_at': '2022-02-08T15:13:54Z', 'revision_number': 4, 'project_id': '', 'subnets': [{'id': 'f623f785-26c8-4525-b386-ed07dcd8d4f5', 'cidr': '172.26.2.0/24', 'gateway_ip': '172.26.2.1', 'dns_nameservers': [], 'ipv6_ra_mode': None, 'subnetpool_id': None}], 'extra_subnets': [], 'address_scopes': {4: None, 6: None}, 'mtu': 1500}, 'enable_snat': True, 'gw_port_host': 'dv-neutron-828231-1-hyperv', '_interfaces': [{'id': '079f1f98-4898-4fbd-a577-67e483a9030b', 'name': '', 'network_id': '46c32efa-27e9-4d68-a0bd-ba001508b126', 'tenant_id': '63a3330f3a5e4d3ea92074c07af2360d', 'mac_address': 'fa:16:3e:49:93:db', 'admin_state_up': True, 'status': 'DOWN', 'device_id': '9a4a3a40-e7fd-4ac6-8916-4e9dbe9bc179', 'device_owner': 'network:router_interface', 'standard_attr_id': 124, 'fixed_ips': [{'subnet_id': '169dd5a0-af8b-4a9f-814f-44a0361567e7', 'ip_address': '172.20.0.1', 'prefixlen': 28}], 'allowed_address_pairs': [], 'extra_dhcp_opts': [], 'security_groups': [], 'description': '', 'binding:vnic_type': 'normal', 'binding:profile': {}, 'binding:host_id': 'dv-neutron-828231-1-hyperv', 'binding:vif_type': 'ovs', 'binding:vif_details': {'connectivity': 'l2', 'port_filter': True, 'ovs_hybrid_plug': False, 'datapath_type': 'system', 'bridge_name': 'br-int'}, 'port_security_enabled': False, 'tags': [], 'created_at': '2022-02-08T15:13:53Z', 'updated_at': '2022-02-08T15:14:01Z', 'revision_number': 4, 'project_id': '63a3330f3a5e4d3ea92074c07af2360d', 'subnets': [{'id': '169dd5a0-af8b-4a9f-814f-44a0361567e7', 'cidr': '172.20.0.0/28', 'gateway_ip': '172.20.0.1', 'dns_nameservers': [], 'ipv6_ra_mode': None, 'subnetpool_id': None}], 'extra_subnets': [], 'address_scopes': {4: None, 6: None}, 'mtu': 1500}]}] {{(pid=87472) sync_routers /opt/stack/neutron/neutron/api/rpc/handlers/l3_rpc.py:137}}
Feb 08 15:14:03.482060 dv-neutron-828231-1-hyperv neutron-server[87471]: DEBUG neutron_lib.callbacks.manager [None req-a6f2b847-8183-4f47-b3cf-d808cb60d97d tempest-BulkNetworkOpsIpV6Test-417605321 tempest-BulkNetworkOpsIpV6Test-417605321-project] Notify callbacks ['neutron.services.auto_allocate.db._ensure_external_network_default_value_callback-8766400288386'] for network, precommit_create {{(pid=87471) _notify_loop /usr/local/lib/python3.8/dist-packages/neutron_lib/callbacks/manager.py:192}}
Feb 08 15:14:03.558108 dv-neutron-828231-1-hyperv neutron-server[87471]: DEBUG neutron_lib.callbacks.manager [None req-82ecd543-8bfd-44c0-960d-d14e62240fd6 tempest-ServersTestJSON-46250111 tempest-ServersTestJSON-46250111-project] Notify callbacks [] for security_group_rule, precommit_create {{(pid=87471) _notify_loop /usr/local/lib/python3.8/dist-packages/neutron_lib/callbacks/manager.py:192}}
Feb 08 15:14:03.586200 dv-neutron-828231-1-hyperv neutron-server[87471]: DEBUG neutron_lib.callbacks.manager [None req-82ecd543-8bfd-44c0-960d-d14e62240fd6 tempest-ServersTestJSON-46250111 tempest-ServersTestJSON-46250111-project] Notify callbacks ['neutron.plugins.ml2.ovo_rpc._ObjectChangeHandler.handle_event-1657691'] for security_group_rule, after_create {{(pid=87471) _notify_loop /usr/local/lib/python3.8/dist-packages/neutron_lib/callbacks/manager.py:192}}
Feb 08 15:14:03.615006 dv-neutron-828231-1-hyperv neutron-server[87471]: DEBUG neutron.plugins.ml2.drivers.helpers [None req-a6f2b847-8183-4f47-b3cf-d808cb60d97d tempest-BulkNetworkOpsIpV6Test-417605321 tempest-BulkNetworkOpsIpV6Test-417605321-project] vlan segment allocate from pool success with {'vlan_id': 106, 'physical_network': 'physnet1'} {{(pid=87471) allocate_partially_specified_segment /opt/stack/neutron/neutron/plugins/ml2/drivers/helpers.py:153}}
Feb 08 15:14:03.622391 dv-neutron-828231-1-hyperv neutron-server[87470]: DEBUG neutron_lib.callbacks.manager [None req-70b90420-478e-4b70-9b3e-7ce2ad62ff38 tempest-PortsAdminExtendedAttrsIpV6TestJSON-438229020 tempest-PortsAdminExtendedAttrsIpV6TestJSON-438229020-project-admin] Notify callbacks ['neutron.plugins.ml2.plugin.SecurityGroupServerNotifierRpcMixin.notify_sg_on_port_change-648446', 'neutron.plugins.ml2.ovo_rpc._ObjectChangeHandler.handle_event-70560', 'neutron.api.rpc.agentnotifiers.dhcp_rpc_agent_api.DhcpAgentNotifyAPI._native_event_send_dhcp_notification-1579267', 'neutron.db.l3_db.L3RpcNotifierMixin._notify_gateway_port_ip_changed-8766400744461', 'neutron.db.l3_dvrscheduler_db._notify_l3_agent_port_update-8766400298527', 'neutron.db.l3_hascheduler_db._notify_l3_agent_ha_port_update-8766400298572', 'neutron.services.segments.plugin.NovaSegmentNotifier._notify_port_updated-2099280'] for port, after_update {{(pid=87470) _notify_loop /usr/local/lib/python3.8/dist-packages/neutron_lib/callbacks/manager.py:192}}
Feb 08 15:14:03.721717 dv-neutron-828231-1-hyperv neutron-server[87470]: DEBUG neutron.plugins.ml2.plugin [None req-70b90420-478e-4b70-9b3e-7ce2ad62ff38 tempest-PortsAdminExtendedAttrsIpV6TestJSON-438229020 tempest-PortsAdminExtendedAttrsIpV6TestJSON-438229020-project-admin] In _notify_port_updated(), no bound segment for port 9a0a204b-75dd-4ad6-a667-d1099199c411 on network 32c17a9c-8196-4cff-9e6b-f3a489bdb732 {{(pid=87470) _notify_port_updated /opt/stack/neutron/neutron/plugins/ml2/plugin.py:870}}
Feb 08 15:14:03.726819 dv-neutron-828231-1-hyperv neutron-server[87470]: DEBUG neutron.pecan_wsgi.hooks.policy_enforcement [None req-70b90420-478e-4b70-9b3e-7ce2ad62ff38 tempest-PortsAdminExtendedAttrsIpV6TestJSON-438229020 tempest-PortsAdminExtendedAttrsIpV6TestJSON-438229020-project-admin] Attributes excluded by policy engine: ['standard_attr_id'] {{(pid=87470) _exclude_attributes_by_policy /opt/stack/neutron/neutron/pecan_wsgi/hooks/policy_enforcement.py:255}}
Feb 08 15:14:03.727516 dv-neutron-828231-1-hyperv neutron-server[87471]: DEBUG neutron_lib.callbacks.manager [None req-a6f2b847-8183-4f47-b3cf-d808cb60d97d tempest-BulkNetworkOpsIpV6Test-417605321 tempest-BulkNetworkOpsIpV6Test-417605321-project] Notify callbacks ['neutron.plugins.ml2.plugin.Ml2Plugin._handle_segment_change-1041085'] for segment, precommit_create {{(pid=87471) _notify_loop /usr/local/lib/python3.8/dist-packages/neutron_lib/callbacks/manager.py:192}}
Feb 08 15:14:03.728194 dv-neutron-828231-1-hyperv neutron-server[87471]: INFO neutron.db.segments_db [None req-a6f2b847-8183-4f47-b3cf-d808cb60d97d tempest-BulkNetworkOpsIpV6Test-417605321 tempest-BulkNetworkOpsIpV6Test-417605321-project] Added segment e93248bb-e7c6-4eca-a528-bac024b6e53e of type vlan for network a75ad90c-d1dd-428d-99da-6dfd36fa7f4f
Feb 08 15:14:03.728934 dv-neutron-828231-1-hyperv neutron-server[87470]: DEBUG neutron_lib.callbacks.manager [None req-70b90420-478e-4b70-9b3e-7ce2ad62ff38 tempest-PortsAdminExtendedAttrsIpV6TestJSON-438229020 tempest-PortsAdminExtendedAttrsIpV6TestJSON-438229020-project-admin] Notify callbacks ['neutron.notifiers.nova.Notifier._send_nova_notification-405044'] for port, before_response {{(pid=87470) _notify_loop /usr/local/lib/python3.8/dist-packages/neutron_lib/callbacks/manager.py:192}}
Feb 08 15:14:03.736065 dv-neutron-828231-1-hyperv neutron-server[87470]: INFO neutron.wsgi [None req-70b90420-478e-4b70-9b3e-7ce2ad62ff38 tempest-PortsAdminExtendedAttrsIpV6TestJSON-438229020 tempest-PortsAdminExtendedAttrsIpV6TestJSON-438229020-project-admin] 10.222.0.15 "PUT /v2.0/ports/9a0a204b-75dd-4ad6-a667-d1099199c411 HTTP/1.1" status: 200 len: 980 time: 5.0818834
Feb 08 15:14:03.754228 dv-neutron-828231-1-hyperv neutron-server[87471]: DEBUG neutron.api.rpc.handlers.resources_rpc [None req-82ecd543-8bfd-44c0-960d-d14e62240fd6 tempest-ServersTestJSON-46250111 tempest-ServersTestJSON-46250111-project] Pushing event updated for resources: {'SecurityGroupRule': ['ID=637e8a3d-2593-4a18-b415-466c8719d92f,revision_number=0']} {{(pid=87471) push /opt/stack/neutron/neutron/api/rpc/handlers/resources_rpc.py:237}}
Feb 08 15:14:03.763428 dv-neutron-828231-1-hyperv neutron-server[87471]: DEBUG neutron.wsgi [-] (87471) accepted ('10.222.0.15', 49372) {{(pid=87471) server /usr/local/lib/python3.8/dist-packages/eventlet/wsgi.py:992}}
Feb 08 15:14:03.815846 dv-neutron-828231-1-hyperv neutron-server[87470]: DEBUG neutron.api.rpc.handlers.resources_rpc [None req-1ac61d97-2673-4a47-bdf3-ad1606b03534 tempest-ServerActionsTestJSON-28027850 tempest-ServerActionsTestJSON-28027850-project] Pushing event updated for resources: {'Port': ['ID=9be94121-7b92-47a5-b398-b9887ccb1a7b,revision_number=1']} {{(pid=87470) push /opt/stack/neutron/neutron/api/rpc/handlers/resources_rpc.py:237}}
Feb 08 15:14:03.849735 dv-neutron-828231-1-hyperv neutron-server[87471]: DEBUG neutron_lib.callbacks.manager [None req-82ecd543-8bfd-44c0-960d-d14e62240fd6 tempest-ServersTestJSON-46250111 tempest-ServersTestJSON-46250111-project] Notify callbacks [] for security_group_rule, before_response {{(pid=87471) _notify_loop /usr/local/lib/python3.8/dist-packages/neutron_lib/callbacks/manager.py:192}}
Feb 08 15:14:03.851620 dv-neutron-828231-1-hyperv neutron-server[87471]: INFO neutron.wsgi [None req-82ecd543-8bfd-44c0-960d-d14e62240fd6 tempest-ServersTestJSON-46250111 tempest-ServersTestJSON-46250111-project] 10.222.0.15 "POST /v2.0/security-group-rules HTTP/1.1" status: 201 len: 769 time: 0.6195960
Feb 08 15:14:03.869639 dv-neutron-828231-1-hyperv neutron-server[87471]: DEBUG neutron.wsgi [-] (87471) accepted ('10.222.0.15', 49376) {{(pid=87471) server /usr/local/lib/python3.8/dist-packages/eventlet/wsgi.py:992}}
Feb 08 15:14:03.908624 dv-neutron-828231-1-hyperv neutron-server[87472]: DEBUG neutron.db.provisioning_blocks [None req-6e37f433-0c0d-45bf-b37b-d007abafa4a0 None None] Provisioning for port 9be94121-7b92-47a5-b398-b9887ccb1a7b completed by entity DHCP. {{(pid=87472) provisioning_complete /opt/stack/neutron/neutron/db/provisioning_blocks.py:133}}
Feb 08 15:14:03.918041 dv-neutron-828231-1-hyperv neutron-server[87472]: DEBUG neutron.db.provisioning_blocks [None req-6e37f433-0c0d-45bf-b37b-d007abafa4a0 None None] Provisioning complete for port 9be94121-7b92-47a5-b398-b9887ccb1a7b triggered by entity DHCP. {{(pid=87472) provisioning_complete /opt/stack/neutron/neutron/db/provisioning_blocks.py:139}}
Feb 08 15:14:03.918407 dv-neutron-828231-1-hyperv neutron-server[87472]: DEBUG neutron_lib.callbacks.manager [None req-6e37f433-0c0d-45bf-b37b-d007abafa4a0 None None] Notify callbacks ['neutron.plugins.ml2.plugin.Ml2Plugin._port_provisioned-1018921'] for port, provisioning_complete {{(pid=87472) _notify_loop /usr/local/lib/python3.8/dist-packages/neutron_lib/callbacks/manager.py:192}}
Feb 08 15:14:03.938025 dv-neutron-828231-1-hyperv neutron-server[87471]: DEBUG neutron.api.v2.base [None req-c483b5fb-3927-4bb8-b081-fb9b34733426 tempest-ServersTestJSON-46250111 tempest-ServersTestJSON-46250111-project] Request body: {'floatingip': {'floating_network_id': 'bf8a5cb2-6caa-4826-b948-39ae66516504'}} {{(pid=87471) prepare_request_body /opt/stack/neutron/neutron/api/v2/base.py:729}}
Feb 08 15:14:03.948197 dv-neutron-828231-1-hyperv neutron-server[87471]: DEBUG neutron_lib.callbacks.manager [None req-a6f2b847-8183-4f47-b3cf-d808cb60d97d tempest-BulkNetworkOpsIpV6Test-417605321 tempest-BulkNetworkOpsIpV6Test-417605321-project] Notify callbacks ['neutron.services.auto_allocate.db._ensure_external_network_default_value_callback-8766400288386'] for network, precommit_create {{(pid=87471) _notify_loop /usr/local/lib/python3.8/dist-packages/neutron_lib/callbacks/manager.py:192}}
Feb 08 15:14:03.960220 dv-neutron-828231-1-hyperv neutron-server[87471]: DEBUG neutron.db.quota.driver [None req-c483b5fb-3927-4bb8-b081-fb9b34733426 tempest-ServersTestJSON-46250111 tempest-ServersTestJSON-46250111-project] Resources subnetpool have unlimited quota limit. It is not required to calculate headroom {{(pid=87471) make_reservation /opt/stack/neutron/neutron/db/quota/driver.py:219}}
Feb 08 15:14:03.991626 dv-neutron-828231-1-hyperv neutron-server[87470]: DEBUG neutron.api.rpc.handlers.resources_rpc [None req-70b90420-478e-4b70-9b3e-7ce2ad62ff38 tempest-PortsAdminExtendedAttrsIpV6TestJSON-438229020 tempest-PortsAdminExtendedAttrsIpV6TestJSON-438229020-project-admin] Pushing event updated for resources: {'Port': ['ID=9a0a204b-75dd-4ad6-a667-d1099199c411,revision_number=3']} {{(pid=87470) push /opt/stack/neutron/neutron/api/rpc/handlers/resources_rpc.py:237}}
Feb 08 15:14:03.993653 dv-neutron-828231-1-hyperv neutron-server[87471]: DEBUG neutron.quota.resource [None req-c483b5fb-3927-4bb8-b081-fb9b34733426 tempest-ServersTestJSON-46250111 tempest-ServersTestJSON-46250111-project] Usage tracker for resource:floatingip and tenant:63a3330f3a5e4d3ea92074c07af2360d is out of sync, need to count used quota {{(pid=87471) count_used /opt/stack/neutron/neutron/quota/resource.py:270}}
Feb 08 15:14:03.999396 dv-neutron-828231-1-hyperv neutron-server[87471]: DEBUG neutron.quota.resource [None req-c483b5fb-3927-4bb8-b081-fb9b34733426 tempest-ServersTestJSON-46250111 tempest-ServersTestJSON-46250111-project] Quota usage for floatingip was recalculated. Used quota:0. {{(pid=87471) count_used /opt/stack/neutron/neutron/quota/resource.py:290}}
Feb 08 15:14:04.015609 dv-neutron-828231-1-hyperv neutron-server[87471]: DEBUG neutron.db.quota.driver [None req-c483b5fb-3927-4bb8-b081-fb9b34733426 tempest-ServersTestJSON-46250111 tempest-ServersTestJSON-46250111-project] Attempting to reserve 1 items for resource floatingip. Total usage: 0; quota limit: 50; headroom:50 {{(pid=87471) make_reservation /opt/stack/neutron/neutron/db/quota/driver.py:246}}
Feb 08 15:14:04.043182 dv-neutron-828231-1-hyperv neutron-server[87471]: DEBUG neutron_lib.callbacks.manager [None req-c483b5fb-3927-4bb8-b081-fb9b34733426 tempest-ServersTestJSON-46250111 tempest-ServersTestJSON-46250111-project] Notify callbacks [] for floatingip, before_create {{(pid=87471) _notify_loop /usr/local/lib/python3.8/dist-packages/neutron_lib/callbacks/manager.py:192}}
Feb 08 15:14:04.060512 dv-neutron-828231-1-hyperv neutron-server[87470]: DEBUG neutron.pecan_wsgi.hooks.policy_enforcement [req-0773afc6-a2ba-4b48-8ed2-8c7ae91957ac req-1ac61d97-2673-4a47-bdf3-ad1606b03534 tempest-ServerActionsTestJSON-28027850 tempest-ServerActionsTestJSON-28027850-project] Attributes excluded by policy engine: ['standard_attr_id', 'binding:profile', 'binding:host_id', 'binding:vif_type', 'binding:vif_details', 'network'] {{(pid=87470) _exclude_attributes_by_policy /opt/stack/neutron/neutron/pecan_wsgi/hooks/policy_enforcement.py:255}}
Feb 08 15:14:04.061146 dv-neutron-828231-1-hyperv neutron-server[87470]: DEBUG neutron_lib.callbacks.manager [req-0773afc6-a2ba-4b48-8ed2-8c7ae91957ac req-1ac61d97-2673-4a47-bdf3-ad1606b03534 tempest-ServerActionsTestJSON-28027850 tempest-ServerActionsTestJSON-28027850-project] Notify callbacks ['neutron.notifiers.nova.Notifier._send_nova_notification-405044'] for port, before_response {{(pid=87470) _notify_loop /usr/local/lib/python3.8/dist-packages/neutron_lib/callbacks/manager.py:192}}
Feb 08 15:14:04.065012 dv-neutron-828231-1-hyperv neutron-server[87471]: DEBUG neutron_lib.callbacks.manager [None req-a6f2b847-8183-4f47-b3cf-d808cb60d97d tempest-BulkNetworkOpsIpV6Test-417605321 tempest-BulkNetworkOpsIpV6Test-417605321-project] Notify callbacks ['neutron.plugins.ml2.ovo_rpc._ObjectChangeHandler.handle_event-1655601', 'neutron.api.rpc.agentnotifiers.dhcp_rpc_agent_api.DhcpAgentNotifyAPI._native_event_send_dhcp_notification-1579267'] for network, after_create {{(pid=87471) _notify_loop /usr/local/lib/python3.8/dist-packages/neutron_lib/callbacks/manager.py:192}}
Feb 08 15:14:04.065524 dv-neutron-828231-1-hyperv neutron-server[87471]: DEBUG neutron_lib.callbacks.manager [None req-a6f2b847-8183-4f47-b3cf-d808cb60d97d tempest-BulkNetworkOpsIpV6Test-417605321 tempest-BulkNetworkOpsIpV6Test-417605321-project] Notify callbacks ['neutron.plugins.ml2.ovo_rpc._ObjectChangeHandler.handle_event-1655601', 'neutron.api.rpc.agentnotifiers.dhcp_rpc_agent_api.DhcpAgentNotifyAPI._native_event_send_dhcp_notification-1579267'] for network, after_create {{(pid=87471) _notify_loop /usr/local/lib/python3.8/dist-packages/neutron_lib/callbacks/manager.py:192}}
Feb 08 15:14:04.071568 dv-neutron-828231-1-hyperv neutron-server[87471]: DEBUG neutron.pecan_wsgi.hooks.policy_enforcement [None req-a6f2b847-8183-4f47-b3cf-d808cb60d97d tempest-BulkNetworkOpsIpV6Test-417605321 tempest-BulkNetworkOpsIpV6Test-417605321-project] Attributes excluded by policy engine: ['standard_attr_id', 'provider:network_type', 'provider:physical_network', 'provider:segmentation_id', 'vlan_transparent'] {{(pid=87471) _exclude_attributes_by_policy /opt/stack/neutron/neutron/pecan_wsgi/hooks/policy_enforcement.py:255}}
Feb 08 15:14:04.084506 dv-neutron-828231-1-hyperv neutron-server[87471]: DEBUG neutron.pecan_wsgi.hooks.policy_enforcement [None req-a6f2b847-8183-4f47-b3cf-d808cb60d97d tempest-BulkNetworkOpsIpV6Test-417605321 tempest-BulkNetworkOpsIpV6Test-417605321-project] Attributes excluded by policy engine: ['standard_attr_id', 'provider:network_type', 'provider:physical_network', 'provider:segmentation_id', 'vlan_transparent'] {{(pid=87471) _exclude_attributes_by_policy /opt/stack/neutron/neutron/pecan_wsgi/hooks/policy_enforcement.py:255}}
Feb 08 15:14:04.085183 dv-neutron-828231-1-hyperv neutron-server[87471]: DEBUG neutron_lib.callbacks.manager [None req-a6f2b847-8183-4f47-b3cf-d808cb60d97d tempest-BulkNetworkOpsIpV6Test-417605321 tempest-BulkNetworkOpsIpV6Test-417605321-project] Notify callbacks ['neutron.api.rpc.agentnotifiers.dhcp_rpc_agent_api.DhcpAgentNotifyAPI._send_dhcp_notification-1579281'] for network, before_response {{(pid=87471) _notify_loop /usr/local/lib/python3.8/dist-packages/neutron_lib/callbacks/manager.py:192}}
Feb 08 15:14:04.139729 dv-neutron-828231-1-hyperv neutron-server[87472]: DEBUG neutron.plugins.ml2.plugin [None req-6e37f433-0c0d-45bf-b37b-d007abafa4a0 None None] Port 9be94121-7b92-47a5-b398-b9887ccb1a7b cannot update to ACTIVE because it is not bound. {{(pid=87472) _port_provisioned /opt/stack/neutron/neutron/plugins/ml2/plugin.py:337}}
Feb 08 15:14:04.183531 dv-neutron-828231-1-hyperv neutron-server[87470]: INFO neutron.wsgi [req-0773afc6-a2ba-4b48-8ed2-8c7ae91957ac req-1ac61d97-2673-4a47-bdf3-ad1606b03534 tempest-ServerActionsTestJSON-28027850 tempest-ServerActionsTestJSON-28027850-project] 10.222.0.48 "POST /v2.0/ports HTTP/1.1" status: 201 len: 934 time: 4.1518331
Feb 08 15:14:04.200761 dv-neutron-828231-1-hyperv neutron-server[87470]: DEBUG neutron.wsgi [req-0773afc6-a2ba-4b48-8ed2-8c7ae91957ac req-930b49b7-5822-4f18-abcd-ab42e5bc1dac tempest-ServerActionsTestJSON-28027850 tempest-ServerActionsTestJSON-28027850-project] http://10.222.0.15:9696/v2.0/extensions returned with HTTP 200 {{(pid=87470) __call__ /opt/stack/neutron/neutron/wsgi.py:729}}
Feb 08 15:14:04.201724 dv-neutron-828231-1-hyperv neutron-server[87470]: INFO neutron.wsgi [req-0773afc6-a2ba-4b48-8ed2-8c7ae91957ac req-930b49b7-5822-4f18-abcd-ab42e5bc1dac tempest-ServerActionsTestJSON-28027850 tempest-ServerActionsTestJSON-28027850-project] 10.222.0.48 "GET /v2.0/extensions HTTP/1.1" status: 200 len: 13640 time: 0.0057585
Feb 08 15:14:04.211583 dv-neutron-828231-1-hyperv neutron-server[87470]: INFO neutron.wsgi [None req-0218d00f-48c0-4df6-8322-b7f9cf5fdaa9 tempest-DHCPAgentSchedulersTestJSON-1242741096 tempest-DHCPAgentSchedulersTestJSON-1242741096-project-admin] 10.222.0.15 "GET /v2.0/agents/2dd1e354-9194-4668-b16d-86d48e333297/dhcp-networks HTTP/1.1" status: 200 len: 6426 time: 1.3866169
Feb 08 15:14:04.222111 dv-neutron-828231-1-hyperv neutron-server[87470]: DEBUG neutron.pecan_wsgi.hooks.policy_enforcement [req-059a02f0-869d-42a6-b1b6-2abd2a276f66 req-f66479ce-9e54-40e4-b2a2-a6b9f1918537 tempest-ServerActionsTestJSON-28027850 tempest-ServerActionsTestJSON-28027850-project] Attributes excluded by policy engine: ['standard_attr_id', 'binding:profile', 'binding:host_id', 'binding:vif_type', 'binding:vif_details'] {{(pid=87470) _exclude_attributes_by_policy /opt/stack/neutron/neutron/pecan_wsgi/hooks/policy_enforcement.py:255}}
Feb 08 15:14:04.223096 dv-neutron-828231-1-hyperv neutron-server[87470]: DEBUG neutron.quota.resource [req-059a02f0-869d-42a6-b1b6-2abd2a276f66 req-f66479ce-9e54-40e4-b2a2-a6b9f1918537 tempest-ServerActionsTestJSON-28027850 tempest-ServerActionsTestJSON-28027850-project] Synchronizing usage tracker for tenant:ba505214271e459c8dfd2f59e9c91ab6 on resource:port {{(pid=87470) resync /opt/stack/neutron/neutron/quota/resource.py:241}}
Feb 08 15:14:04.226798 dv-neutron-828231-1-hyperv neutron-server[87470]: DEBUG neutron.wsgi [-] (87470) accepted ('10.222.0.15', 49386) {{(pid=87470) server /usr/local/lib/python3.8/dist-packages/eventlet/wsgi.py:992}}
Feb 08 15:14:04.437609 dv-neutron-828231-1-hyperv neutron-server[87470]: DEBUG neutron_lib.callbacks.manager [None req-5cc415dd-b195-4080-b641-0d402c444fef tempest-AllowedAddressPairIpV6TestJSON-1780045861 tempest-AllowedAddressPairIpV6TestJSON-1780045861-project] Notify callbacks [] for security_group, precommit_create {{(pid=87470) _notify_loop /usr/local/lib/python3.8/dist-packages/neutron_lib/callbacks/manager.py:192}}
Feb 08 15:14:04.449820 dv-neutron-828231-1-hyperv neutron-server[87470]: DEBUG neutron.quota.resource [req-059a02f0-869d-42a6-b1b6-2abd2a276f66 req-f66479ce-9e54-40e4-b2a2-a6b9f1918537 tempest-ServerActionsTestJSON-28027850 tempest-ServerActionsTestJSON-28027850-project] Unset dirty status for tenant:ba505214271e459c8dfd2f59e9c91ab6 on resource:port {{(pid=87470) _resync /opt/stack/neutron/neutron/quota/resource.py:233}}
Feb 08 15:14:04.452003 dv-neutron-828231-1-hyperv neutron-server[87470]: INFO neutron.wsgi [req-059a02f0-869d-42a6-b1b6-2abd2a276f66 req-f66479ce-9e54-40e4-b2a2-a6b9f1918537 tempest-ServerActionsTestJSON-28027850 tempest-ServerActionsTestJSON-28027850-project] 10.222.0.15 "GET /v2.0/ports?device_id=6c522402-2864-4f70-9c12-ffdcdf9c6ba0 HTTP/1.1" status: 200 len: 932 time: 1.4631820
Feb 08 15:14:04.457608 dv-neutron-828231-1-hyperv neutron-server[87470]: DEBUG neutron_lib.callbacks.manager [None req-5cc415dd-b195-4080-b641-0d402c444fef tempest-AllowedAddressPairIpV6TestJSON-1780045861 tempest-AllowedAddressPairIpV6TestJSON-1780045861-project] Notify callbacks ['neutron.plugins.ml2.ovo_rpc._ObjectChangeHandler.handle_event-1657828'] for security_group, after_create {{(pid=87470) _notify_loop /usr/local/lib/python3.8/dist-packages/neutron_lib/callbacks/manager.py:192}}
Feb 08 15:14:04.531242 dv-neutron-828231-1-hyperv neutron-server[87471]: DEBUG neutron.pecan_wsgi.hooks.policy_enforcement [None req-3486dd3e-6676-4713-ad58-ceef9610e3b4 tempest-PortsAdminExtendedAttrsIpV6TestJSON-438229020 tempest-PortsAdminExtendedAttrsIpV6TestJSON-438229020-project-admin] Attributes excluded by policy engine: ['standard_attr_id'] {{(pid=87471) _exclude_attributes_by_policy /opt/stack/neutron/neutron/pecan_wsgi/hooks/policy_enforcement.py:255}}
Feb 08 15:14:04.531712 dv-neutron-828231-1-hyperv neutron-server[87471]: DEBUG neutron.pecan_wsgi.hooks.policy_enforcement [None req-3486dd3e-6676-4713-ad58-ceef9610e3b4 tempest-PortsAdminExtendedAttrsIpV6TestJSON-438229020 tempest-PortsAdminExtendedAttrsIpV6TestJSON-438229020-project-admin] Attributes excluded by policy engine: ['standard_attr_id'] {{(pid=87471) _exclude_attributes_by_policy /opt/stack/neutron/neutron/pecan_wsgi/hooks/policy_enforcement.py:255}}
Feb 08 15:14:04.532198 dv-neutron-828231-1-hyperv neutron-server[87471]: DEBUG neutron.pecan_wsgi.hooks.policy_enforcement [None req-3486dd3e-6676-4713-ad58-ceef9610e3b4 tempest-PortsAdminExtendedAttrsIpV6TestJSON-438229020 tempest-PortsAdminExtendedAttrsIpV6TestJSON-438229020-project-admin] Attributes excluded by policy engine: ['standard_attr_id'] {{(pid=87471) _exclude_attributes_by_policy /opt/stack/neutron/neutron/pecan_wsgi/hooks/policy_enforcement.py:255}}
Feb 08 15:14:04.533265 dv-neutron-828231-1-hyperv neutron-server[87471]: DEBUG neutron.pecan_wsgi.hooks.policy_enforcement [None req-3486dd3e-6676-4713-ad58-ceef9610e3b4 tempest-PortsAdminExtendedAttrsIpV6TestJSON-438229020 tempest-PortsAdminExtendedAttrsIpV6TestJSON-438229020-project-admin] Attributes excluded by policy engine: ['standard_attr_id'] {{(pid=87471) _exclude_attributes_by_policy /opt/stack/neutron/neutron/pecan_wsgi/hooks/policy_enforcement.py:255}}
Feb 08 15:14:04.533723 dv-neutron-828231-1-hyperv neutron-server[87471]: DEBUG neutron.pecan_wsgi.hooks.policy_enforcement [None req-3486dd3e-6676-4713-ad58-ceef9610e3b4 tempest-PortsAdminExtendedAttrsIpV6TestJSON-438229020 tempest-PortsAdminExtendedAttrsIpV6TestJSON-438229020-project-admin] Attributes excluded by policy engine: ['standard_attr_id'] {{(pid=87471) _exclude_attributes_by_policy /opt/stack/neutron/neutron/pecan_wsgi/hooks/policy_enforcement.py:255}}
Feb 08 15:14:04.534173 dv-neutron-828231-1-hyperv neutron-server[87471]: DEBUG neutron.pecan_wsgi.hooks.policy_enforcement [None req-3486dd3e-6676-4713-ad58-ceef9610e3b4 tempest-PortsAdminExtendedAttrsIpV6TestJSON-438229020 tempest-PortsAdminExtendedAttrsIpV6TestJSON-438229020-project-admin] Attributes excluded by policy engine: ['standard_attr_id'] {{(pid=87471) _exclude_attributes_by_policy /opt/stack/neutron/neutron/pecan_wsgi/hooks/policy_enforcement.py:255}}
Feb 08 15:14:04.534620 dv-neutron-828231-1-hyperv neutron-server[87471]: DEBUG neutron.pecan_wsgi.hooks.policy_enforcement [None req-3486dd3e-6676-4713-ad58-ceef9610e3b4 tempest-PortsAdminExtendedAttrsIpV6TestJSON-438229020 tempest-PortsAdminExtendedAttrsIpV6TestJSON-438229020-project-admin] Attributes excluded by policy engine: ['standard_attr_id'] {{(pid=87471) _exclude_attributes_by_policy /opt/stack/neutron/neutron/pecan_wsgi/hooks/policy_enforcement.py:255}}
Feb 08 15:14:04.535100 dv-neutron-828231-1-hyperv neutron-server[87471]: DEBUG neutron.pecan_wsgi.hooks.policy_enforcement [None req-3486dd3e-6676-4713-ad58-ceef9610e3b4 tempest-PortsAdminExtendedAttrsIpV6TestJSON-438229020 tempest-PortsAdminExtendedAttrsIpV6TestJSON-438229020-project-admin] Attributes excluded by policy engine: ['standard_attr_id'] {{(pid=87471) _exclude_attributes_by_policy /opt/stack/neutron/neutron/pecan_wsgi/hooks/policy_enforcement.py:255}}
Feb 08 15:14:04.535543 dv-neutron-828231-1-hyperv neutron-server[87471]: DEBUG neutron.pecan_wsgi.hooks.policy_enforcement [None req-3486dd3e-6676-4713-ad58-ceef9610e3b4 tempest-PortsAdminExtendedAttrsIpV6TestJSON-438229020 tempest-PortsAdminExtendedAttrsIpV6TestJSON-438229020-project-admin] Attributes excluded by policy engine: ['standard_attr_id'] {{(pid=87471) _exclude_attributes_by_policy /opt/stack/neutron/neutron/pecan_wsgi/hooks/policy_enforcement.py:255}}
Feb 08 15:14:04.535987 dv-neutron-828231-1-hyperv neutron-server[87471]: DEBUG neutron.pecan_wsgi.hooks.policy_enforcement [None req-3486dd3e-6676-4713-ad58-ceef9610e3b4 tempest-PortsAdminExtendedAttrsIpV6TestJSON-438229020 tempest-PortsAdminExtendedAttrsIpV6TestJSON-438229020-project-admin] Attributes excluded by policy engine: ['standard_attr_id'] {{(pid=87471) _exclude_attributes_by_policy /opt/stack/neutron/neutron/pecan_wsgi/hooks/policy_enforcement.py:255}}
Feb 08 15:14:04.536431 dv-neutron-828231-1-hyperv neutron-server[87471]: DEBUG neutron.pecan_wsgi.hooks.policy_enforcement [None req-3486dd3e-6676-4713-ad58-ceef9610e3b4 tempest-PortsAdminExtendedAttrsIpV6TestJSON-438229020 tempest-PortsAdminExtendedAttrsIpV6TestJSON-438229020-project-admin] Attributes excluded by policy engine: ['standard_attr_id'] {{(pid=87471) _exclude_attributes_by_policy /opt/stack/neutron/neutron/pecan_wsgi/hooks/policy_enforcement.py:255}}
Feb 08 15:14:04.536867 dv-neutron-828231-1-hyperv neutron-server[87471]: DEBUG neutron.pecan_wsgi.hooks.policy_enforcement [None req-3486dd3e-6676-4713-ad58-ceef9610e3b4 tempest-PortsAdminExtendedAttrsIpV6TestJSON-438229020 tempest-PortsAdminExtendedAttrsIpV6TestJSON-438229020-project-admin] Attributes excluded by policy engine: ['standard_attr_id'] {{(pid=87471) _exclude_attributes_by_policy /opt/stack/neutron/neutron/pecan_wsgi/hooks/policy_enforcement.py:255}}
Feb 08 15:14:04.537319 dv-neutron-828231-1-hyperv neutron-server[87471]: DEBUG neutron.pecan_wsgi.hooks.policy_enforcement [None req-3486dd3e-6676-4713-ad58-ceef9610e3b4 tempest-PortsAdminExtendedAttrsIpV6TestJSON-438229020 tempest-PortsAdminExtendedAttrsIpV6TestJSON-438229020-project-admin] Attributes excluded by policy engine: ['standard_attr_id'] {{(pid=87471) _exclude_attributes_by_policy /opt/stack/neutron/neutron/pecan_wsgi/hooks/policy_enforcement.py:255}}
Feb 08 15:14:04.537762 dv-neutron-828231-1-hyperv neutron-server[87471]: DEBUG neutron.pecan_wsgi.hooks.policy_enforcement [None req-3486dd3e-6676-4713-ad58-ceef9610e3b4 tempest-PortsAdminExtendedAttrsIpV6TestJSON-438229020 tempest-PortsAdminExtendedAttrsIpV6TestJSON-438229020-project-admin] Attributes excluded by policy engine: ['standard_attr_id'] {{(pid=87471) _exclude_attributes_by_policy /opt/stack/neutron/neutron/pecan_wsgi/hooks/policy_enforcement.py:255}}
Feb 08 15:14:04.538207 dv-neutron-828231-1-hyperv neutron-server[87471]: DEBUG neutron.pecan_wsgi.hooks.policy_enforcement [None req-3486dd3e-6676-4713-ad58-ceef9610e3b4 tempest-PortsAdminExtendedAttrsIpV6TestJSON-438229020 tempest-PortsAdminExtendedAttrsIpV6TestJSON-438229020-project-admin] Attributes excluded by policy engine: ['standard_attr_id'] {{(pid=87471) _exclude_attributes_by_policy /opt/stack/neutron/neutron/pecan_wsgi/hooks/policy_enforcement.py:255}}
Feb 08 15:14:04.540651 dv-neutron-828231-1-hyperv neutron-server[87471]: INFO neutron.wsgi [None req-3486dd3e-6676-4713-ad58-ceef9610e3b4 tempest-PortsAdminExtendedAttrsIpV6TestJSON-438229020 tempest-PortsAdminExtendedAttrsIpV6TestJSON-438229020-project-admin] 10.222.0.15 "GET /v2.0/ports HTTP/1.1" status: 200 len: 13669 time: 0.7751853
Feb 08 15:14:04.552423 dv-neutron-828231-1-hyperv neutron-server[87470]: DEBUG neutron.wsgi [-] (87470) accepted ('10.222.0.15', 49394) {{(pid=87470) server /usr/local/lib/python3.8/dist-packages/eventlet/wsgi.py:992}}
Feb 08 15:14:04.580218 dv-neutron-828231-1-hyperv neutron-server[87471]: DEBUG neutron.api.rpc.handlers.resources_rpc [None req-a6f2b847-8183-4f47-b3cf-d808cb60d97d tempest-BulkNetworkOpsIpV6Test-417605321 tempest-BulkNetworkOpsIpV6Test-417605321-project] Pushing event updated for resources: {'Network': ['ID=9d7ba383-b983-4c9b-be78-dadfec63c9da,revision_number=1']} {{(pid=87471) push /opt/stack/neutron/neutron/api/rpc/handlers/resources_rpc.py:237}}
Feb 08 15:14:04.589759 dv-neutron-828231-1-hyperv neutron-server[87470]: DEBUG neutron.api.v2.base [req-0773afc6-a2ba-4b48-8ed2-8c7ae91957ac req-129caac5-975b-40a2-b9f5-12314a6a5aeb service neutron] Request body: {'port': {'device_id': '6c522402-2864-4f70-9c12-ffdcdf9c6ba0', 'device_owner': 'compute:nova', 'binding:host_id': 'hv-neutron-8282'}} {{(pid=87470) prepare_request_body /opt/stack/neutron/neutron/api/v2/base.py:729}}
Feb 08 15:14:04.592409 dv-neutron-828231-1-hyperv neutron-server[87472]: DEBUG neutron.plugins.ml2.rpc [None req-3a0c3629-fe9b-4d77-9841-f039d6f3f5b7 None None] Network 9d7ba383-b983-4c9b-be78-dadfec63c9da details requested by agent ovs-agent-dv-neutron-828231-1-hyperv with host dv-neutron-828231-1-hyperv {{(pid=87472) get_network_details /opt/stack/neutron/neutron/plugins/ml2/rpc.py:232}}
Feb 08 15:14:04.602238 dv-neutron-828231-1-hyperv neutron-server[87471]: INFO neutron.wsgi [None req-a6f2b847-8183-4f47-b3cf-d808cb60d97d tempest-BulkNetworkOpsIpV6Test-417605321 tempest-BulkNetworkOpsIpV6Test-417605321-project] 10.222.0.15 "POST /v2.0/networks HTTP/1.1" status: 201 len: 1319 time: 3.5499830
Feb 08 15:14:04.606639 dv-neutron-828231-1-hyperv neutron-server[87471]: DEBUG neutron.wsgi [-] (87471) accepted ('10.222.0.15', 49398) {{(pid=87471) server /usr/local/lib/python3.8/dist-packages/eventlet/wsgi.py:992}}
Feb 08 15:14:04.640789 dv-neutron-828231-1-hyperv neutron-server[87471]: DEBUG neutron.quota.resource [None req-1e79bf32-ff6a-46f6-9b4c-9e1103762a63 tempest-ExternalNetworksTestJSON-578447713 tempest-ExternalNetworksTestJSON-578447713-project-admin] Unset dirty status for tenant:7dba13695a5a4b7183981062cc5bdc9c on resource:floatingip {{(pid=87471) _resync /opt/stack/neutron/neutron/quota/resource.py:233}}
Feb 08 15:14:04.642493 dv-neutron-828231-1-hyperv neutron-server[87471]: INFO neutron.wsgi [None req-1e79bf32-ff6a-46f6-9b4c-9e1103762a63 tempest-ExternalNetworksTestJSON-578447713 tempest-ExternalNetworksTestJSON-578447713-project-admin] 10.222.0.15 "GET /v2.0/floatingips?floating_network_id=d82cf18d-7c54-4c11-8fcf-27540f917bae HTTP/1.1" status: 200 len: 689 time: 2.0533969
Feb 08 15:14:04.658756 dv-neutron-828231-1-hyperv neutron-server[87471]: DEBUG neutron.wsgi [-] (87471) accepted ('10.222.0.15', 49402) {{(pid=87471) server /usr/local/lib/python3.8/dist-packages/eventlet/wsgi.py:992}}
Feb 08 15:14:04.681831 dv-neutron-828231-1-hyperv neutron-server[87470]: DEBUG neutron.plugins.ml2.drivers.helpers [None req-5cc415dd-b195-4080-b641-0d402c444fef tempest-AllowedAddressPairIpV6TestJSON-1780045861 tempest-AllowedAddressPairIpV6TestJSON-1780045861-project] vlan segment allocate from pool success with {'vlan_id': 107, 'physical_network': 'physnet1'} {{(pid=87470) allocate_partially_specified_segment /opt/stack/neutron/neutron/plugins/ml2/drivers/helpers.py:153}}
Feb 08 15:14:04.857276 dv-neutron-828231-1-hyperv neutron-server[87470]: DEBUG neutron_lib.callbacks.manager [None req-b8507743-668f-4331-8653-a7c4d5715ddc tempest-DHCPAgentSchedulersTestJSON-1670735544 tempest-DHCPAgentSchedulersTestJSON-1670735544-project] Notify callbacks ['neutron.plugins.ml2.plugin.External_net_db_mixin._before_network_delete_handler-615246'] for network, before_delete {{(pid=87470) _notify_loop /usr/local/lib/python3.8/dist-packages/neutron_lib/callbacks/manager.py:192}}
Feb 08 15:14:04.892411 dv-neutron-828231-1-hyperv neutron-server[87470]: DEBUG neutron.api.rpc.handlers.resources_rpc [None req-5cc415dd-b195-4080-b641-0d402c444fef tempest-AllowedAddressPairIpV6TestJSON-1780045861 tempest-AllowedAddressPairIpV6TestJSON-1780045861-project] Pushing event updated for resources: {'SecurityGroup': ['ID=e806d608-7960-4b98-9bc7-2604419eed28,revision_number=1']} {{(pid=87470) push /opt/stack/neutron/neutron/api/rpc/handlers/resources_rpc.py:237}}
Feb 08 15:14:05.004822 dv-neutron-828231-1-hyperv neutron-server[87471]: DEBUG neutron_lib.callbacks.manager [None req-d26cb311-7a2e-42ca-b8c5-041a0122fd87 tempest-ExternalNetworksTestJSON-578447713 tempest-ExternalNetworksTestJSON-578447713-project-admin] Notify callbacks ['neutron.plugins.ml2.plugin.External_net_db_mixin._before_network_delete_handler-615246'] for network, before_delete {{(pid=87471) _notify_loop /usr/local/lib/python3.8/dist-packages/neutron_lib/callbacks/manager.py:192}}
Feb 08 15:14:05.034324 dv-neutron-828231-1-hyperv neutron-server[87470]: INFO neutron.wsgi [req-059a02f0-869d-42a6-b1b6-2abd2a276f66 req-19f0d9e7-eccd-42e4-963e-5ea8cefb17f4 tempest-ServerActionsTestJSON-28027850 tempest-ServerActionsTestJSON-28027850-project] 10.222.0.15 "GET /v2.0/security-groups?id=a83efc88-2492-4624-9f6d-ff59ac8fa6bd&fields=id&fields=name HTTP/1.1" status: 200 len: 313 time: 0.5662389
Feb 08 15:14:05.053180 dv-neutron-828231-1-hyperv neutron-server[87470]: DEBUG neutron_lib.callbacks.manager [None req-5cc415dd-b195-4080-b641-0d402c444fef tempest-AllowedAddressPairIpV6TestJSON-1780045861 tempest-AllowedAddressPairIpV6TestJSON-1780045861-project] Notify callbacks ['neutron.plugins.ml2.plugin.Ml2Plugin._handle_segment_change-1041085'] for segment, precommit_create {{(pid=87470) _notify_loop /usr/local/lib/python3.8/dist-packages/neutron_lib/callbacks/manager.py:192}}
Feb 08 15:14:05.053920 dv-neutron-828231-1-hyperv neutron-server[87470]: INFO neutron.db.segments_db [None req-5cc415dd-b195-4080-b641-0d402c444fef tempest-AllowedAddressPairIpV6TestJSON-1780045861 tempest-AllowedAddressPairIpV6TestJSON-1780045861-project] Added segment fc4787f7-129d-437b-afdc-c5d343fefbee of type vlan for network 1c89bf0a-0fd0-4616-8caf-61ade083b888
Feb 08 15:14:05.118853 dv-neutron-828231-1-hyperv neutron-server[87472]: DEBUG neutron.plugins.ml2.rpc [None req-3a0c3629-fe9b-4d77-9841-f039d6f3f5b7 None None] Device 079f1f98-4898-4fbd-a577-67e483a9030b up at agent ovs-agent-dv-neutron-828231-1-hyperv {{(pid=87472) update_device_up /opt/stack/neutron/neutron/plugins/ml2/rpc.py:278}}
Feb 08 15:14:05.185984 dv-neutron-828231-1-hyperv neutron-server[87470]: DEBUG neutron.plugins.ml2.plugin [None req-fdbfde95-797d-4fee-8143-ec82b7958618 tempest-PortsAdminExtendedAttrsIpV6TestJSON-438229020 tempest-PortsAdminExtendedAttrsIpV6TestJSON-438229020-project-admin] Deleting port 9a0a204b-75dd-4ad6-a667-d1099199c411 {{(pid=87470) _pre_delete_port /opt/stack/neutron/neutron/plugins/ml2/plugin.py:1915}}
Feb 08 15:14:05.186593 dv-neutron-828231-1-hyperv neutron-server[87470]: DEBUG neutron_lib.callbacks.manager [None req-fdbfde95-797d-4fee-8143-ec82b7958618 tempest-PortsAdminExtendedAttrsIpV6TestJSON-438229020 tempest-PortsAdminExtendedAttrsIpV6TestJSON-438229020-project-admin] Notify callbacks ['neutron.db.l3_db.L3_NAT_dbonly_mixin._prevent_l3_port_delete_callback-8766400740846'] for port, before_delete {{(pid=87470) _notify_loop /usr/local/lib/python3.8/dist-packages/neutron_lib/callbacks/manager.py:192}}
Feb 08 15:14:05.283349 dv-neutron-828231-1-hyperv neutron-server[87472]: DEBUG neutron.db.provisioning_blocks [None req-3a0c3629-fe9b-4d77-9841-f039d6f3f5b7 None None] Provisioning for port 079f1f98-4898-4fbd-a577-67e483a9030b completed by entity L2. {{(pid=87472) provisioning_complete /opt/stack/neutron/neutron/db/provisioning_blocks.py:133}}
Feb 08 15:14:05.294745 dv-neutron-828231-1-hyperv neutron-server[87472]: DEBUG neutron.db.provisioning_blocks [None req-3a0c3629-fe9b-4d77-9841-f039d6f3f5b7 None None] Provisioning complete for port 079f1f98-4898-4fbd-a577-67e483a9030b triggered by entity L2. {{(pid=87472) provisioning_complete /opt/stack/neutron/neutron/db/provisioning_blocks.py:139}}
Feb 08 15:14:05.295136 dv-neutron-828231-1-hyperv neutron-server[87472]: DEBUG neutron_lib.callbacks.manager [None req-3a0c3629-fe9b-4d77-9841-f039d6f3f5b7 None None] Notify callbacks ['neutron.plugins.ml2.plugin.Ml2Plugin._port_provisioned-1018921'] for port, provisioning_complete {{(pid=87472) _notify_loop /usr/local/lib/python3.8/dist-packages/neutron_lib/callbacks/manager.py:192}}
Feb 08 15:14:05.399467 dv-neutron-828231-1-hyperv neutron-server[87471]: DEBUG neutron.api.rpc.handlers.resources_rpc [None req-a6f2b847-8183-4f47-b3cf-d808cb60d97d tempest-BulkNetworkOpsIpV6Test-417605321 tempest-BulkNetworkOpsIpV6Test-417605321-project] Pushing event updated for resources: {'Network': ['ID=a75ad90c-d1dd-428d-99da-6dfd36fa7f4f,revision_number=1']} {{(pid=87471) push /opt/stack/neutron/neutron/api/rpc/handlers/resources_rpc.py:237}}
Feb 08 15:14:05.413762 dv-neutron-828231-1-hyperv neutron-server[87472]: DEBUG neutron.plugins.ml2.rpc [None req-3a0c3629-fe9b-4d77-9841-f039d6f3f5b7 None None] Network a75ad90c-d1dd-428d-99da-6dfd36fa7f4f details requested by agent ovs-agent-dv-neutron-828231-1-hyperv with host dv-neutron-828231-1-hyperv {{(pid=87472) get_network_details /opt/stack/neutron/neutron/plugins/ml2/rpc.py:232}}
Feb 08 15:14:05.423383 dv-neutron-828231-1-hyperv neutron-server[87471]: DEBUG neutron.plugins.ml2.plugin [None req-d26cb311-7a2e-42ca-b8c5-041a0122fd87 tempest-ExternalNetworksTestJSON-578447713 tempest-ExternalNetworksTestJSON-578447713-project-admin] Deleting port cbba7fc3-bc40-4fb9-a146-22db50492ffb {{(pid=87471) _pre_delete_port /opt/stack/neutron/neutron/plugins/ml2/plugin.py:1915}}
Feb 08 15:14:05.423713 dv-neutron-828231-1-hyperv neutron-server[87471]: DEBUG neutron_lib.callbacks.manager [None req-d26cb311-7a2e-42ca-b8c5-041a0122fd87 tempest-ExternalNetworksTestJSON-578447713 tempest-ExternalNetworksTestJSON-578447713-project-admin] Notify callbacks ['neutron.db.l3_db.L3_NAT_dbonly_mixin._prevent_l3_port_delete_callback-8766400740846'] for port, before_delete {{(pid=87471) _notify_loop /usr/local/lib/python3.8/dist-packages/neutron_lib/callbacks/manager.py:192}}
Feb 08 15:14:05.614456 dv-neutron-828231-1-hyperv neutron-server[87470]: DEBUG neutron_lib.callbacks.manager [None req-b8507743-668f-4331-8653-a7c4d5715ddc tempest-DHCPAgentSchedulersTestJSON-1670735544 tempest-DHCPAgentSchedulersTestJSON-1670735544-project] Notify callbacks ['neutron.plugins.ml2.plugin.Ml2Plugin._network_delete_precommit_handler-1046180', 'neutron.services.segments.db._delete_segments_for_network-8766400790842'] for network, precommit_delete {{(pid=87470) _notify_loop /usr/local/lib/python3.8/dist-packages/neutron_lib/callbacks/manager.py:192}}
Feb 08 15:14:05.682204 dv-neutron-828231-1-hyperv neutron-server[87470]: DEBUG neutron.services.segments.db [None req-b8507743-668f-4331-8653-a7c4d5715ddc tempest-DHCPAgentSchedulersTestJSON-1670735544 tempest-DHCPAgentSchedulersTestJSON-1670735544-project] neutron.services.segments.plugin.Plugin method get_segments called with arguments (,) {'filters': {'network_id': ['9318c934-452a-4a68-97e2-1bd9fe3de07c']}} {{(pid=87470) wrapper /usr/local/lib/python3.8/dist-packages/oslo_log/helpers.py:65}}
Feb 08 15:14:05.713142 dv-neutron-828231-1-hyperv neutron-server[87470]: DEBUG neutron.services.segments.db [None req-b8507743-668f-4331-8653-a7c4d5715ddc tempest-DHCPAgentSchedulersTestJSON-1670735544 tempest-DHCPAgentSchedulersTestJSON-1670735544-project] neutron.services.segments.plugin.Plugin method delete_segment called with arguments (, 'cc5fbca7-1d72-4a28-be19-257a5fd3b8f6') {'for_net_delete': True} {{(pid=87470) wrapper /usr/local/lib/python3.8/dist-packages/oslo_log/helpers.py:65}}
Feb 08 15:14:05.713470 dv-neutron-828231-1-hyperv neutron-server[87470]: DEBUG neutron.services.segments.db [None req-b8507743-668f-4331-8653-a7c4d5715ddc tempest-DHCPAgentSchedulersTestJSON-1670735544 tempest-DHCPAgentSchedulersTestJSON-1670735544-project] neutron.services.segments.plugin.Plugin method get_segment called with arguments (, 'cc5fbca7-1d72-4a28-be19-257a5fd3b8f6') {} {{(pid=87470) wrapper /usr/local/lib/python3.8/dist-packages/oslo_log/helpers.py:65}}
