Feb 16 16:55:57.435550 dv-neutron-828143-4-hyperv neutron-server[87637]: DEBUG neutron.db.provisioning_blocks [None req-5a1e7e87-0fb8-4b0b-89eb-35ffd0264c25 None None] Provisioning for port c0ea6238-6ab3-4a34-98c5-0fc0258f494a completed by entity L2. {{(pid=87637) provisioning_complete /opt/stack/neutron/neutron/db/provisioning_blocks.py:133}}
Feb 16 16:55:57.439000 dv-neutron-828143-4-hyperv neutron-server[87637]: DEBUG neutron.db.provisioning_blocks [None req-978d4154-bc72-4b5e-a0be-6a08a83d9f1b None None] Transition to ACTIVE for port object a545c0ce-696f-46c4-ac3e-fb73ebc5f6aa will not be triggered until provisioned by entity DHCP. {{(pid=87637) add_provisioning_component /opt/stack/neutron/neutron/db/provisioning_blocks.py:73}}
Feb 16 16:55:57.443467 dv-neutron-828143-4-hyperv neutron-server[87637]: DEBUG neutron.db.provisioning_blocks [None req-5a1e7e87-0fb8-4b0b-89eb-35ffd0264c25 None None] Provisioning complete for port c0ea6238-6ab3-4a34-98c5-0fc0258f494a triggered by entity L2. {{(pid=87637) provisioning_complete /opt/stack/neutron/neutron/db/provisioning_blocks.py:139}}
Feb 16 16:55:57.443843 dv-neutron-828143-4-hyperv neutron-server[87637]: DEBUG neutron_lib.callbacks.manager [None req-5a1e7e87-0fb8-4b0b-89eb-35ffd0264c25 None None] Notify callbacks ['neutron.plugins.ml2.plugin.Ml2Plugin._port_provisioned-1629440'] for port, provisioning_complete {{(pid=87637) _notify_loop /usr/local/lib/python3.8/dist-packages/neutron_lib/callbacks/manager.py:192}}
Feb 16 16:55:57.479477 dv-neutron-828143-4-hyperv neutron-server[87637]: DEBUG neutron_lib.callbacks.manager [None req-978d4154-bc72-4b5e-a0be-6a08a83d9f1b None None] Notify callbacks ['neutron.plugins.ml2.plugin.SecurityGroupServerNotifierRpcMixin.notify_sg_on_port_change-1606573', 'neutron.plugins.ml2.ovo_rpc._ObjectChangeHandler.handle_event-169172', 'neutron.api.rpc.agentnotifiers.dhcp_rpc_agent_api.DhcpAgentNotifyAPI._native_event_send_dhcp_notification-529248', 'neutron.db.l3_dvrscheduler_db._notify_l3_agent_new_port-8727637962635'] for port, after_create {{(pid=87637) _notify_loop /usr/local/lib/python3.8/dist-packages/neutron_lib/callbacks/manager.py:192}}
Feb 16 16:55:57.486066 dv-neutron-828143-4-hyperv neutron-server[87636]: DEBUG neutron.scheduler.base_scheduler [None req-5d81d79b-9deb-4378-a585-3d7994c39a00 tempest-AllowedAddressPairIpV6TestJSON-1543102052 tempest-AllowedAddressPairIpV6TestJSON-1543102052-project] Resources bound (agent type, host, resource id): {{(pid=87636) schedule /opt/stack/neutron/neutron/scheduler/base_scheduler.py:57}}
Feb 16 16:55:57.488864 dv-neutron-828143-4-hyperv neutron-server[87636]: DEBUG neutron.db.l3_dvrscheduler_db [None req-5d81d79b-9deb-4378-a585-3d7994c39a00 tempest-AllowedAddressPairIpV6TestJSON-1543102052 tempest-AllowedAddressPairIpV6TestJSON-1543102052-project] Received port after_create {{(pid=87636) _notify_l3_agent_new_port /opt/stack/neutron/neutron/db/l3_dvrscheduler_db.py:538}}
Feb 16 16:55:57.496115 dv-neutron-828143-4-hyperv neutron-server[87636]: DEBUG neutron.pecan_wsgi.hooks.policy_enforcement [None req-5d81d79b-9deb-4378-a585-3d7994c39a00 tempest-AllowedAddressPairIpV6TestJSON-1543102052 tempest-AllowedAddressPairIpV6TestJSON-1543102052-project] Attributes excluded by policy engine: ['standard_attr_id', 'binding:profile', 'binding:host_id', 'binding:vif_type', 'binding:vif_details', 'network'] {{(pid=87636) _exclude_attributes_by_policy /opt/stack/neutron/neutron/pecan_wsgi/hooks/policy_enforcement.py:255}}
Feb 16 16:55:57.496779 dv-neutron-828143-4-hyperv neutron-server[87636]: DEBUG neutron_lib.callbacks.manager [None req-5d81d79b-9deb-4378-a585-3d7994c39a00 tempest-AllowedAddressPairIpV6TestJSON-1543102052 tempest-AllowedAddressPairIpV6TestJSON-1543102052-project] Notify callbacks ['neutron.notifiers.nova.Notifier._send_nova_notification-159942'] for port, before_response {{(pid=87636) _notify_loop /usr/local/lib/python3.8/dist-packages/neutron_lib/callbacks/manager.py:192}}
Feb 16 16:55:57.500948 dv-neutron-828143-4-hyperv neutron-server[87635]: DEBUG neutron.api.rpc.handlers.resources_rpc [None req-dea0a9da-6c5c-48f8-9069-621032b4555a tempest-RoutersAdminNegativeTest-785259714 tempest-RoutersAdminNegativeTest-785259714-project-admin] Pushing event deleted for resources: {'Port': ['ID=b65fbde3-e691-43f7-8f83-fa59fb685297,revision_number=None']} {{(pid=87635) push /opt/stack/neutron/neutron/api/rpc/handlers/resources_rpc.py:237}}
Feb 16 16:55:57.501913 dv-neutron-828143-4-hyperv neutron-server[87636]: DEBUG neutron_lib.callbacks.manager [None req-ab77ce6a-a12f-4a22-bff1-306f705941b9 tempest-ServerActionsTestJSON-534784037 tempest-ServerActionsTestJSON-534784037-project] Notify callbacks ['neutron.plugins.ml2.plugin.SecurityGroupDbMixin._ensure_default_security_group_handler-1606636'] for port, before_create {{(pid=87636) _notify_loop /usr/local/lib/python3.8/dist-packages/neutron_lib/callbacks/manager.py:192}}
Feb 16 16:55:57.574078 dv-neutron-828143-4-hyperv neutron-server[87636]: DEBUG neutron.api.rpc.handlers.resources_rpc [None req-5d81d79b-9deb-4378-a585-3d7994c39a00 tempest-AllowedAddressPairIpV6TestJSON-1543102052 tempest-AllowedAddressPairIpV6TestJSON-1543102052-project] Pushing event updated for resources: {'Port': ['ID=be506702-df02-4ebd-a349-f27a1991db7b,revision_number=1']} {{(pid=87636) push /opt/stack/neutron/neutron/api/rpc/handlers/resources_rpc.py:237}}
Feb 16 16:55:57.596852 dv-neutron-828143-4-hyperv neutron-server[87637]: DEBUG neutron.api.rpc.handlers.resources_rpc [None req-978d4154-bc72-4b5e-a0be-6a08a83d9f1b None None] Pushing event updated for resources: {'Port': ['ID=a545c0ce-696f-46c4-ac3e-fb73ebc5f6aa,revision_number=1']} {{(pid=87637) push /opt/stack/neutron/neutron/api/rpc/handlers/resources_rpc.py:237}}
Feb 16 16:55:57.619044 dv-neutron-828143-4-hyperv neutron-server[87637]: DEBUG neutron.scheduler.dhcp_agent_scheduler [None req-978d4154-bc72-4b5e-a0be-6a08a83d9f1b None None] Network 9f6fe84f-dd08-4634-815d-4de2cffdec53 is already hosted by enough agents. {{(pid=87637) _get_dhcp_agents_hosting_network /opt/stack/neutron/neutron/scheduler/dhcp_agent_scheduler.py:275}}
Feb 16 16:55:57.622742 dv-neutron-828143-4-hyperv neutron-server[87637]: DEBUG neutron.scheduler.base_scheduler [None req-978d4154-bc72-4b5e-a0be-6a08a83d9f1b None None] Resources bound (agent type, host, resource id): {{(pid=87637) schedule /opt/stack/neutron/neutron/scheduler/base_scheduler.py:57}}
Feb 16 16:55:57.625690 dv-neutron-828143-4-hyperv neutron-server[87635]: DEBUG neutron.quota.resource [None req-1e39bed9-781d-4f3b-8c07-15c9ba9723d8 tempest-PortsAdminExtendedAttrsIpV6TestJSON-506123348 tempest-PortsAdminExtendedAttrsIpV6TestJSON-506123348-project-admin] Unset dirty status for tenant:b8aa97a743fc41cda2b8242501422eaf on resource:port {{(pid=87635) _resync /opt/stack/neutron/neutron/quota/resource.py:233}}
Feb 16 16:55:57.630482 dv-neutron-828143-4-hyperv neutron-server[87637]: DEBUG neutron.db.l3_dvrscheduler_db [None req-978d4154-bc72-4b5e-a0be-6a08a83d9f1b None None] Received port after_create {{(pid=87637) _notify_l3_agent_new_port /opt/stack/neutron/neutron/db/l3_dvrscheduler_db.py:538}}
Feb 16 16:55:57.630634 dv-neutron-828143-4-hyperv neutron-server[87635]: INFO neutron.wsgi [None req-1e39bed9-781d-4f3b-8c07-15c9ba9723d8 tempest-PortsAdminExtendedAttrsIpV6TestJSON-506123348 tempest-PortsAdminExtendedAttrsIpV6TestJSON-506123348-project-admin] 10.222.0.96 "GET /v2.0/ports/8600bb59-abdf-4345-a898-fbcde2507226 HTTP/1.1" status: 404 len: 333 time: 0.3588336
Feb 16 16:55:57.694091 dv-neutron-828143-4-hyperv neutron-server[87635]: DEBUG neutron.wsgi [-] (87635) accepted ('10.222.0.96', 40030) {{(pid=87635) server /usr/local/lib/python3.8/dist-packages/eventlet/wsgi.py:992}}
Feb 16 16:55:57.713903 dv-neutron-828143-4-hyperv neutron-server[87635]: DEBUG neutron.api.v2.base [None req-1b1d9f69-ac2f-432e-b4af-8d611ecd1076 tempest-PortsAdminExtendedAttrsIpV6TestJSON-506123348 tempest-PortsAdminExtendedAttrsIpV6TestJSON-506123348-project-admin] Request body: {'port': {'network_id': 'a69cc684-eb32-4d2b-8e1a-86210ab0b76e', 'name': 'tempest-PortsAdminExtendedAttrsIpV6TestJSON-191717934'}} {{(pid=87635) prepare_request_body /opt/stack/neutron/neutron/api/v2/base.py:729}}
Feb 16 16:55:57.725838 dv-neutron-828143-4-hyperv neutron-server[87635]: DEBUG neutron_lib.callbacks.manager [None req-dea0a9da-6c5c-48f8-9069-621032b4555a tempest-RoutersAdminNegativeTest-785259714 tempest-RoutersAdminNegativeTest-785259714-project-admin] Notify callbacks ['neutron.notifiers.nova.Notifier._send_nova_notification-159942'] for port, before_response {{(pid=87635) _notify_loop /usr/local/lib/python3.8/dist-packages/neutron_lib/callbacks/manager.py:192}}
Feb 16 16:55:57.742435 dv-neutron-828143-4-hyperv neutron-server[87636]: INFO neutron.wsgi [None req-5d81d79b-9deb-4378-a585-3d7994c39a00 tempest-AllowedAddressPairIpV6TestJSON-1543102052 tempest-AllowedAddressPairIpV6TestJSON-1543102052-project] 10.222.0.96 "POST /v2.0/ports HTTP/1.1" status: 201 len: 944 time: 4.3576784
Feb 16 16:55:57.748890 dv-neutron-828143-4-hyperv neutron-server[87635]: INFO neutron.wsgi [None req-dea0a9da-6c5c-48f8-9069-621032b4555a tempest-RoutersAdminNegativeTest-785259714 tempest-RoutersAdminNegativeTest-785259714-project-admin] 10.222.0.96 "DELETE /v2.0/ports/b65fbde3-e691-43f7-8f83-fa59fb685297 HTTP/1.1" status: 204 len: 168 time: 3.1808286
Feb 16 16:55:57.749921 dv-neutron-828143-4-hyperv neutron-server[87635]: DEBUG neutron.wsgi [-] (87635) accepted ('10.222.0.96', 40034) {{(pid=87635) server /usr/local/lib/python3.8/dist-packages/eventlet/wsgi.py:992}}
Feb 16 16:55:57.751434 dv-neutron-828143-4-hyperv neutron-server[87635]: DEBUG neutron.db.quota.driver [None req-1b1d9f69-ac2f-432e-b4af-8d611ecd1076 tempest-PortsAdminExtendedAttrsIpV6TestJSON-506123348 tempest-PortsAdminExtendedAttrsIpV6TestJSON-506123348-project-admin] Resources subnetpool have unlimited quota limit. It is not required to calculate headroom {{(pid=87635) make_reservation /opt/stack/neutron/neutron/db/quota/driver.py:219}}
Feb 16 16:55:57.773682 dv-neutron-828143-4-hyperv neutron-server[87635]: DEBUG neutron.api.v2.base [None req-6368bae2-a58f-4677-a709-68c1ccff2dbf tempest-AllowedAddressPairIpV6TestJSON-1543102052 tempest-AllowedAddressPairIpV6TestJSON-1543102052-project] Request body: {'port': {'allowed_address_pairs': [{'ip_address': '2001:db8::1fe', 'mac_address': 'fa:16:3e:b2:fe:65'}]}} {{(pid=87635) prepare_request_body /opt/stack/neutron/neutron/api/v2/base.py:729}}
Feb 16 16:55:57.835201 dv-neutron-828143-4-hyperv neutron-server[87637]: DEBUG neutron.plugins.ml2.managers [None req-978d4154-bc72-4b5e-a0be-6a08a83d9f1b None None] Attempting to bind port a545c0ce-696f-46c4-ac3e-fb73ebc5f6aa on host dv-neutron-828143-4-hyperv for vnic_type normal with profile {{(pid=87637) bind_port /opt/stack/neutron/neutron/plugins/ml2/managers.py:790}}
Feb 16 16:55:57.835575 dv-neutron-828143-4-hyperv neutron-server[87637]: DEBUG neutron.plugins.ml2.managers [None req-978d4154-bc72-4b5e-a0be-6a08a83d9f1b None None] Attempting to bind port a545c0ce-696f-46c4-ac3e-fb73ebc5f6aa by drivers openvswitch,hyperv on host dv-neutron-828143-4-hyperv at level 0 using segments [{'id': '776c548f-dce4-4cbb-aa7b-15f6438f1a45', 'network_type': 'vlan', 'physical_network': 'physnet1', 'segmentation_id': 669, 'network_id': '9f6fe84f-dd08-4634-815d-4de2cffdec53'}] {{(pid=87637) _bind_port_level /opt/stack/neutron/neutron/plugins/ml2/managers.py:815}}
Feb 16 16:55:57.835937 dv-neutron-828143-4-hyperv neutron-server[87637]: DEBUG neutron.plugins.ml2.drivers.mech_agent [None req-978d4154-bc72-4b5e-a0be-6a08a83d9f1b None None] Attempting to bind port a545c0ce-696f-46c4-ac3e-fb73ebc5f6aa on network 9f6fe84f-dd08-4634-815d-4de2cffdec53 {{(pid=87637) bind_port /opt/stack/neutron/neutron/plugins/ml2/drivers/mech_agent.py:86}}
Feb 16 16:55:57.863483 dv-neutron-828143-4-hyperv neutron-server[87637]: DEBUG neutron.plugins.ml2.drivers.mech_agent [None req-978d4154-bc72-4b5e-a0be-6a08a83d9f1b None None] Checking agent: {'id': '7364de40-a30c-48e0-a974-842e5c82e15e', 'agent_type': 'Open vSwitch agent', 'binary': 'neutron-openvswitch-agent', 'topic': 'N/A', 'host': 'dv-neutron-828143-4-hyperv', 'admin_state_up': True, 'created_at': datetime.datetime(2022, 2, 16, 16, 47, 35), 'started_at': datetime.datetime(2022, 2, 16, 16, 48, 5), 'heartbeat_timestamp': datetime.datetime(2022, 2, 16, 16, 55, 35), 'description': None, 'resources_synced': None, 'availability_zone': None, 'alive': True, 'configurations': {'arp_responder_enabled': False, 'baremetal_smartnic': False, 'bridge_mappings': {'physnet1': 'br-data'}, 'datapath_type': 'system', 'devices': 0, 'enable_distributed_routing': False, 'extensions': [], 'in_distributed_mode': False, 'integration_bridge': 'br-int', 'l2_population': False, 'log_agent_heartbeats': False, 'ovs_capabilities': {'datapath_types': ['netdev', 'system'], 'iface_types': ['erspan', 'geneve', 'gre', 'internal', 'ip6erspan', 'ip6gre', 'lisp', 'patch', 'stt', 'system', 'tap', 'vxlan']}, 'ovs_hybrid_plug': False, 'resource_provider_bandwidths': {}, 'resource_provider_hypervisors': {'br-data': 'dv-neutron-828143-4-hyperv'}, 'resource_provider_inventory_defaults': {'allocation_ratio': 1.0, 'min_unit': 1, 'step_size': 1, 'reserved': 0}, 'tunnel_types': [], 'tunneling_ip': None, 'vhostuser_socket_dir': '/var/run/openvswitch'}, 'resource_versions': {'AddressGroup': '1.2', 'ConntrackHelper': '1.0', 'Log': '1.0', 'Network': '1.1', 'Port': '1.7', 'PortForwarding': '1.2', 'QosPolicy': '1.8', 'SecurityGroup': '1.4', 'SecurityGroupRule': '1.2', 'SubPort': '1.0', 'Subnet': '1.1', 'Trunk': '1.1'}} {{(pid=87637) bind_port /opt/stack/neutron/neutron/plugins/ml2/drivers/mech_agent.py:105}}
Feb 16 16:55:57.863849 dv-neutron-828143-4-hyperv neutron-server[87637]: DEBUG neutron.plugins.ml2.drivers.mech_agent [None req-978d4154-bc72-4b5e-a0be-6a08a83d9f1b None None] Checking segment: {'id': '776c548f-dce4-4cbb-aa7b-15f6438f1a45', 'network_type': 'vlan', 'physical_network': 'physnet1', 'segmentation_id': 669, 'network_id': '9f6fe84f-dd08-4634-815d-4de2cffdec53'} for mappings: {'physnet1': 'br-data'} with network types: ['local', 'flat', 'vlan'] {{(pid=87637) check_segment_for_agent /opt/stack/neutron/neutron/plugins/ml2/drivers/mech_agent.py:343}}
Feb 16 16:55:57.864179 dv-neutron-828143-4-hyperv neutron-server[87637]: DEBUG neutron_lib.callbacks.manager [None req-978d4154-bc72-4b5e-a0be-6a08a83d9f1b None None] Notify callbacks [] for ovs_bridge_name, before_read {{(pid=87637) _notify_loop /usr/local/lib/python3.8/dist-packages/neutron_lib/callbacks/manager.py:192}}
Feb 16 16:55:57.864576 dv-neutron-828143-4-hyperv neutron-server[87637]: DEBUG neutron.plugins.ml2.drivers.mech_agent [None req-978d4154-bc72-4b5e-a0be-6a08a83d9f1b None None] Bound using segment: {'id': '776c548f-dce4-4cbb-aa7b-15f6438f1a45', 'network_type': 'vlan', 'physical_network': 'physnet1', 'segmentation_id': 669, 'network_id': '9f6fe84f-dd08-4634-815d-4de2cffdec53'} {{(pid=87637) bind_port /opt/stack/neutron/neutron/plugins/ml2/drivers/mech_agent.py:115}}
Feb 16 16:55:57.865063 dv-neutron-828143-4-hyperv neutron-server[87637]: DEBUG neutron.plugins.ml2.managers [None req-978d4154-bc72-4b5e-a0be-6a08a83d9f1b None None] Bound port: a545c0ce-696f-46c4-ac3e-fb73ebc5f6aa, host: dv-neutron-828143-4-hyperv, vif_type: ovs, vif_details: {"connectivity": "l2", "port_filter": true, "ovs_hybrid_plug": false, "datapath_type": "system", "bridge_name": "br-int"}, binding_levels: [{'bound_driver': 'openvswitch', 'bound_segment': {'id': '776c548f-dce4-4cbb-aa7b-15f6438f1a45', 'network_type': 'vlan', 'physical_network': 'physnet1', 'segmentation_id': 669, 'network_id': '9f6fe84f-dd08-4634-815d-4de2cffdec53'}}] {{(pid=87637) _bind_port_level /opt/stack/neutron/neutron/plugins/ml2/managers.py:928}}
Feb 16 16:55:57.865432 dv-neutron-828143-4-hyperv neutron-server[87637]: DEBUG neutron_lib.callbacks.manager [None req-978d4154-bc72-4b5e-a0be-6a08a83d9f1b None None] Notify callbacks ['neutron.plugins.ml2.plugin.SecurityGroupDbMixin._ensure_default_security_group_handler-1606636'] for port, before_update {{(pid=87637) _notify_loop /usr/local/lib/python3.8/dist-packages/neutron_lib/callbacks/manager.py:192}}
Feb 16 16:55:57.906160 dv-neutron-828143-4-hyperv neutron-server[87635]: DEBUG neutron.db.quota.driver [None req-1b1d9f69-ac2f-432e-b4af-8d611ecd1076 tempest-PortsAdminExtendedAttrsIpV6TestJSON-506123348 tempest-PortsAdminExtendedAttrsIpV6TestJSON-506123348-project-admin] Attempting to reserve 1 items for resource port. Total usage: 0; quota limit: 500; headroom:500 {{(pid=87635) make_reservation /opt/stack/neutron/neutron/db/quota/driver.py:246}}
Feb 16 16:55:57.930486 dv-neutron-828143-4-hyperv neutron-server[87636]: DEBUG neutron_lib.callbacks.manager [None req-7ad1d151-bcfe-48e8-a43a-6021157b2307 tempest-FloatingIPAdminTestJSON-954739883 tempest-FloatingIPAdminTestJSON-954739883-project] Notify callbacks [] for port, precommit_create {{(pid=87636) _notify_loop /usr/local/lib/python3.8/dist-packages/neutron_lib/callbacks/manager.py:192}}
Feb 16 16:55:57.958962 dv-neutron-828143-4-hyperv neutron-server[87637]: DEBUG neutron_lib.callbacks.manager [None req-5a1e7e87-0fb8-4b0b-89eb-35ffd0264c25 None None] Notify callbacks ['neutron.plugins.ml2.plugin.SecurityGroupDbMixin._ensure_default_security_group_handler-1606636'] for port, before_update {{(pid=87637) _notify_loop /usr/local/lib/python3.8/dist-packages/neutron_lib/callbacks/manager.py:192}}
Feb 16 16:55:58.007282 dv-neutron-828143-4-hyperv neutron-server[87635]: DEBUG neutron.pecan_wsgi.hooks.quota_enforcement [None req-1b1d9f69-ac2f-432e-b4af-8d611ecd1076 tempest-PortsAdminExtendedAttrsIpV6TestJSON-506123348 tempest-PortsAdminExtendedAttrsIpV6TestJSON-506123348-project-admin] Made reservation on behalf of b8aa97a743fc41cda2b8242501422eaf for: {'port': 1} {{(pid=87635) before /opt/stack/neutron/neutron/pecan_wsgi/hooks/quota_enforcement.py:53}}
Feb 16 16:55:58.010635 dv-neutron-828143-4-hyperv neutron-server[87635]: DEBUG neutron_lib.callbacks.manager [None req-1b1d9f69-ac2f-432e-b4af-8d611ecd1076 tempest-PortsAdminExtendedAttrsIpV6TestJSON-506123348 tempest-PortsAdminExtendedAttrsIpV6TestJSON-506123348-project-admin] Notify callbacks ['neutron.plugins.ml2.plugin.SecurityGroupDbMixin._ensure_default_security_group_handler-1606636'] for port, before_create {{(pid=87635) _notify_loop /usr/local/lib/python3.8/dist-packages/neutron_lib/callbacks/manager.py:192}}
Feb 16 16:55:58.040426 dv-neutron-828143-4-hyperv neutron-server[87636]: DEBUG neutron.scheduler.l3_agent_scheduler [None req-fb79f7f1-6555-4071-8a65-3d1c30e208df admin admin] Router 3f0f6718-fae3-41b8-9a12-7f66b52651fb is scheduled to L3 agent 4bdca0dd-109d-44a4-8f7f-d2e6222b38b5 with binding_index 1 {{(pid=87636) bind_router /opt/stack/neutron/neutron/scheduler/l3_agent_scheduler.py:210}}
Feb 16 16:55:58.091495 dv-neutron-828143-4-hyperv neutron-server[87637]: DEBUG neutron.plugins.ml2.db [None req-5a1e7e87-0fb8-4b0b-89eb-35ffd0264c25 None None] For port c0ea6238-6ab3-4a34-98c5-0fc0258f494a, host dv-neutron-828143-4-hyperv, got binding levels [PortBindingLevel(driver='openvswitch',host='dv-neutron-828143-4-hyperv',level=0,port_id=c0ea6238-6ab3-4a34-98c5-0fc0258f494a,segment=NetworkSegment(d65b0235-0c94-4e61-921f-1ed00c3fee03),segment_id=d65b0235-0c94-4e61-921f-1ed00c3fee03)] {{(pid=87637) get_binding_level_objs /opt/stack/neutron/neutron/plugins/ml2/db.py:75}}
Feb 16 16:55:58.128149 dv-neutron-828143-4-hyperv neutron-server[87637]: DEBUG neutron_lib.callbacks.manager [None req-5a1e7e87-0fb8-4b0b-89eb-35ffd0264c25 None None] Notify callbacks ['neutron.plugins.ml2.plugin.SecurityGroupServerNotifierRpcMixin.notify_sg_on_port_change-1606573', 'neutron.plugins.ml2.ovo_rpc._ObjectChangeHandler.handle_event-169172', 'neutron.api.rpc.agentnotifiers.dhcp_rpc_agent_api.DhcpAgentNotifyAPI._native_event_send_dhcp_notification-529248', 'neutron.db.l3_db.L3RpcNotifierMixin._notify_gateway_port_ip_changed-8727638273073', 'neutron.db.l3_dvrscheduler_db._notify_l3_agent_port_update-8727637962653', 'neutron.db.l3_hascheduler_db._notify_l3_agent_ha_port_update-8727637962698'] for port, after_update {{(pid=87637) _notify_loop /usr/local/lib/python3.8/dist-packages/neutron_lib/callbacks/manager.py:192}}
Feb 16 16:55:58.129579 dv-neutron-828143-4-hyperv neutron-server[87636]: DEBUG neutron.objects.ports [None req-7eb50693-a38e-4a65-a70d-10d6cd51b9fe tempest-ExternalNetworksTestJSON-1300960637 tempest-ExternalNetworksTestJSON-1300960637-project-admin] Time-cost: Fetching 0 ports in 0 security groups {{(pid=87636) get_objects /opt/stack/neutron/neutron/objects/ports.py:461}}
Feb 16 16:55:58.130309 dv-neutron-828143-4-hyperv neutron-server[87636]: DEBUG neutron_lib.callbacks.manager [None req-7eb50693-a38e-4a65-a70d-10d6cd51b9fe tempest-ExternalNetworksTestJSON-1300960637 tempest-ExternalNetworksTestJSON-1300960637-project-admin] Notify callbacks ['neutron.plugins.ml2.ovo_rpc._ObjectChangeHandler.handle_event-649102', 'neutron.api.rpc.agentnotifiers.dhcp_rpc_agent_api.DhcpAgentNotifyAPI._native_event_send_dhcp_notification-529248', 'neutron.services.segments.plugin.NovaSegmentNotifier._notify_subnet_created-6329344', 'neutron.services.segments.plugin.SegmentHostRoutes.host_routes_after_create-6325402'] for subnet, after_create {{(pid=87636) _notify_loop /usr/local/lib/python3.8/dist-packages/neutron_lib/callbacks/manager.py:192}}
Feb 16 16:55:58.136073 dv-neutron-828143-4-hyperv neutron-server[87637]: DEBUG neutron.plugins.ml2.rpc [None req-5a1e7e87-0fb8-4b0b-89eb-35ffd0264c25 None None] Device 848a9941-b54d-4022-ab20-0fab5a9c6091 up at agent ovs-agent-dv-neutron-828143-4-hyperv {{(pid=87637) update_device_up /opt/stack/neutron/neutron/plugins/ml2/rpc.py:278}}
Feb 16 16:55:58.210432 dv-neutron-828143-4-hyperv neutron-server[87635]: DEBUG neutron.notifiers.nova [None req-1b1d9f69-ac2f-432e-b4af-8d611ecd1076 tempest-PortsAdminExtendedAttrsIpV6TestJSON-506123348 tempest-PortsAdminExtendedAttrsIpV6TestJSON-506123348-project-admin] device_id is not set on port 47d8c7fa-dde5-493a-97ea-4fa1e38e01c9 yet. {{(pid=87635) _can_notify /opt/stack/neutron/neutron/notifiers/nova.py:190}}
Feb 16 16:55:58.352368 dv-neutron-828143-4-hyperv neutron-server[87636]: DEBUG neutron.wsgi [-] (87636) accepted ('10.222.0.96', 40044) {{(pid=87636) server /usr/local/lib/python3.8/dist-packages/eventlet/wsgi.py:992}}
Feb 16 16:55:58.366598 dv-neutron-828143-4-hyperv neutron-server[87637]: DEBUG neutron.plugins.ml2.db [None req-978d4154-bc72-4b5e-a0be-6a08a83d9f1b None None] For port a545c0ce-696f-46c4-ac3e-fb73ebc5f6aa, host dv-neutron-828143-4-hyperv, cleared binding levels {{(pid=87637) clear_binding_levels /opt/stack/neutron/neutron/plugins/ml2/db.py:88}}
Feb 16 16:55:58.381742 dv-neutron-828143-4-hyperv neutron-server[87637]: DEBUG neutron.db.provisioning_blocks [None req-7e5c456a-6121-4094-94ed-2b13d2117c2e None None] Provisioning for port be506702-df02-4ebd-a349-f27a1991db7b completed by entity DHCP. {{(pid=87637) provisioning_complete /opt/stack/neutron/neutron/db/provisioning_blocks.py:133}}
Feb 16 16:55:58.410283 dv-neutron-828143-4-hyperv neutron-server[87637]: DEBUG neutron.db.provisioning_blocks [None req-7e5c456a-6121-4094-94ed-2b13d2117c2e None None] Provisioning complete for port be506702-df02-4ebd-a349-f27a1991db7b triggered by entity DHCP. {{(pid=87637) provisioning_complete /opt/stack/neutron/neutron/db/provisioning_blocks.py:139}}
Feb 16 16:55:58.410886 dv-neutron-828143-4-hyperv neutron-server[87637]: DEBUG neutron_lib.callbacks.manager [None req-7e5c456a-6121-4094-94ed-2b13d2117c2e None None] Notify callbacks ['neutron.plugins.ml2.plugin.Ml2Plugin._port_provisioned-1629440'] for port, provisioning_complete {{(pid=87637) _notify_loop /usr/local/lib/python3.8/dist-packages/neutron_lib/callbacks/manager.py:192}}
Feb 16 16:55:58.454040 dv-neutron-828143-4-hyperv neutron-server[87637]: DEBUG neutron.plugins.ml2.db [None req-978d4154-bc72-4b5e-a0be-6a08a83d9f1b None None] For port a545c0ce-696f-46c4-ac3e-fb73ebc5f6aa, host dv-neutron-828143-4-hyperv, set binding levels [PortBindingLevel(driver='openvswitch',host='dv-neutron-828143-4-hyperv',level=0,port_id=a545c0ce-696f-46c4-ac3e-fb73ebc5f6aa,segment=NetworkSegment(776c548f-dce4-4cbb-aa7b-15f6438f1a45),segment_id=776c548f-dce4-4cbb-aa7b-15f6438f1a45)] {{(pid=87637) set_binding_levels /opt/stack/neutron/neutron/plugins/ml2/db.py:60}}
Feb 16 16:55:58.490320 dv-neutron-828143-4-hyperv neutron-server[87637]: DEBUG neutron_lib.callbacks.manager [None req-978d4154-bc72-4b5e-a0be-6a08a83d9f1b None None] Notify callbacks ['neutron.plugins.ml2.plugin.SecurityGroupServerNotifierRpcMixin.notify_sg_on_port_change-1606573', 'neutron.plugins.ml2.ovo_rpc._ObjectChangeHandler.handle_event-169172', 'neutron.api.rpc.agentnotifiers.dhcp_rpc_agent_api.DhcpAgentNotifyAPI._native_event_send_dhcp_notification-529248', 'neutron.db.l3_db.L3RpcNotifierMixin._notify_gateway_port_ip_changed-8727638273073', 'neutron.db.l3_dvrscheduler_db._notify_l3_agent_port_update-8727637962653', 'neutron.db.l3_hascheduler_db._notify_l3_agent_ha_port_update-8727637962698'] for port, after_update {{(pid=87637) _notify_loop /usr/local/lib/python3.8/dist-packages/neutron_lib/callbacks/manager.py:192}}
Feb 16 16:55:58.512669 dv-neutron-828143-4-hyperv neutron-server[87637]: DEBUG neutron.api.rpc.handlers.resources_rpc [None req-5a1e7e87-0fb8-4b0b-89eb-35ffd0264c25 None None] Pushing event updated for resources: {'Port': ['ID=c0ea6238-6ab3-4a34-98c5-0fc0258f494a,revision_number=5']} {{(pid=87637) push /opt/stack/neutron/neutron/api/rpc/handlers/resources_rpc.py:237}}
Feb 16 16:55:58.588065 dv-neutron-828143-4-hyperv neutron-server[87637]: DEBUG neutron.plugins.ml2.plugin [None req-7e5c456a-6121-4094-94ed-2b13d2117c2e None None] Port be506702-df02-4ebd-a349-f27a1991db7b cannot update to ACTIVE because it is not bound. {{(pid=87637) _port_provisioned /opt/stack/neutron/neutron/plugins/ml2/plugin.py:337}}
Feb 16 16:55:58.613732 dv-neutron-828143-4-hyperv neutron-server[87635]: DEBUG neutron.db.db_base_plugin_common [None req-ade01e14-f8e7-4408-9c12-f0bdae8ea2f4 admin admin] Allocated IP 172.20.0.1 (9083d5b1-d40b-4acf-ba4d-5db2a8dd9d63/d9c923fb-cf7b-43d2-96e9-a4d5fbf9b372/4d3d710a-985d-4992-b44a-a77f166d4090) {{(pid=87635) _store_ip_allocation /opt/stack/neutron/neutron/db/db_base_plugin_common.py:131}}
Feb 16 16:55:58.617804 dv-neutron-828143-4-hyperv neutron-server[87637]: DEBUG neutron.db.provisioning_blocks [None req-5a1e7e87-0fb8-4b0b-89eb-35ffd0264c25 None None] Provisioning complete for port 848a9941-b54d-4022-ab20-0fab5a9c6091 triggered by entity L2. {{(pid=87637) provisioning_complete /opt/stack/neutron/neutron/db/provisioning_blocks.py:139}}
Feb 16 16:55:58.618333 dv-neutron-828143-4-hyperv neutron-server[87637]: DEBUG neutron_lib.callbacks.manager [None req-5a1e7e87-0fb8-4b0b-89eb-35ffd0264c25 None None] Notify callbacks ['neutron.plugins.ml2.plugin.Ml2Plugin._port_provisioned-1629440'] for port, provisioning_complete {{(pid=87637) _notify_loop /usr/local/lib/python3.8/dist-packages/neutron_lib/callbacks/manager.py:192}}
Feb 16 16:55:58.703629 dv-neutron-828143-4-hyperv neutron-server[87637]: DEBUG neutron.api.rpc.handlers.resources_rpc [None req-978d4154-bc72-4b5e-a0be-6a08a83d9f1b None None] Pushing event updated for resources: {'Port': ['ID=a545c0ce-696f-46c4-ac3e-fb73ebc5f6aa,revision_number=2']} {{(pid=87637) push /opt/stack/neutron/neutron/api/rpc/handlers/resources_rpc.py:237}}
Feb 16 16:55:58.766504 dv-neutron-828143-4-hyperv neutron-server[87635]: DEBUG neutron_lib.callbacks.manager [None req-1b1d9f69-ac2f-432e-b4af-8d611ecd1076 tempest-PortsAdminExtendedAttrsIpV6TestJSON-506123348 tempest-PortsAdminExtendedAttrsIpV6TestJSON-506123348-project-admin] Notify callbacks [] for port, precommit_create {{(pid=87635) _notify_loop /usr/local/lib/python3.8/dist-packages/neutron_lib/callbacks/manager.py:192}}
Feb 16 16:55:58.795357 dv-neutron-828143-4-hyperv neutron-server[87636]: DEBUG neutron_lib.callbacks.manager [None req-7ad1d151-bcfe-48e8-a43a-6021157b2307 tempest-FloatingIPAdminTestJSON-954739883 tempest-FloatingIPAdminTestJSON-954739883-project] Notify callbacks ['neutron.plugins.ml2.plugin.SecurityGroupServerNotifierRpcMixin.notify_sg_on_port_change-1606573', 'neutron.plugins.ml2.ovo_rpc._ObjectChangeHandler.handle_event-169172', 'neutron.api.rpc.agentnotifiers.dhcp_rpc_agent_api.DhcpAgentNotifyAPI._native_event_send_dhcp_notification-529248', 'neutron.db.l3_dvrscheduler_db._notify_l3_agent_new_port-8727637962635', 'neutron.services.segments.plugin.NovaSegmentNotifier._notify_port_created_or_deleted-6328496'] for port, after_create {{(pid=87636) _notify_loop /usr/local/lib/python3.8/dist-packages/neutron_lib/callbacks/manager.py:192}}
Feb 16 16:55:58.799329 dv-neutron-828143-4-hyperv neutron-server[87636]: DEBUG neutron.api.rpc.handlers.resources_rpc [None req-7eb50693-a38e-4a65-a70d-10d6cd51b9fe tempest-ExternalNetworksTestJSON-1300960637 tempest-ExternalNetworksTestJSON-1300960637-project-admin] Pushing event updated for resources: {'Subnet': ['ID=673fb8cc-90b6-4587-842c-cb0797d4d693,revision_number=0']} {{(pid=87636) push /opt/stack/neutron/neutron/api/rpc/handlers/resources_rpc.py:237}}
Feb 16 16:55:58.843576 dv-neutron-828143-4-hyperv neutron-server[87637]: DEBUG neutron.plugins.ml2.rpc [None req-5a1e7e87-0fb8-4b0b-89eb-35ffd0264c25 None None] Device c6d5bfd4-a91a-4210-891a-ac1b84be4949 up at agent ovs-agent-dv-neutron-828143-4-hyperv {{(pid=87637) update_device_up /opt/stack/neutron/neutron/plugins/ml2/rpc.py:278}}
Feb 16 16:55:58.852239 dv-neutron-828143-4-hyperv neutron-server[87635]: DEBUG neutron_lib.callbacks.manager [None req-6368bae2-a58f-4677-a709-68c1ccff2dbf tempest-AllowedAddressPairIpV6TestJSON-1543102052 tempest-AllowedAddressPairIpV6TestJSON-1543102052-project] Notify callbacks ['neutron.plugins.ml2.plugin.SecurityGroupDbMixin._ensure_default_security_group_handler-1606636'] for port, before_update {{(pid=87635) _notify_loop /usr/local/lib/python3.8/dist-packages/neutron_lib/callbacks/manager.py:192}}
Feb 16 16:55:58.909252 dv-neutron-828143-4-hyperv neutron-server[87636]: DEBUG neutron.api.rpc.handlers.resources_rpc [None req-7ad1d151-bcfe-48e8-a43a-6021157b2307 tempest-FloatingIPAdminTestJSON-954739883 tempest-FloatingIPAdminTestJSON-954739883-project] Pushing event updated for resources: {'Port': ['ID=23772fd5-057b-406b-a7c3-af6d04183fd4,revision_number=1']} {{(pid=87636) push /opt/stack/neutron/neutron/api/rpc/handlers/resources_rpc.py:237}}
Feb 16 16:55:58.920151 dv-neutron-828143-4-hyperv neutron-server[87636]: DEBUG neutron.plugins.ml2.drivers.mech_agent [None req-7eb50693-a38e-4a65-a70d-10d6cd51b9fe tempest-ExternalNetworksTestJSON-1300960637 tempest-ExternalNetworksTestJSON-1300960637-project-admin] Checking segment: {'id': '9d646035-8f32-4578-8ea9-16a247f9b9cd', 'network_type': 'vlan', 'physical_network': 'physnet1', 'segmentation_id': 681, 'network_id': 'b64b044d-1c66-49c0-89ac-a287ca057637'} for mappings: {'physnet1': 'br-data'} with network types: ['local', 'flat', 'vlan'] {{(pid=87636) check_segment_for_agent /opt/stack/neutron/neutron/plugins/ml2/drivers/mech_agent.py:343}}
Feb 16 16:55:58.920511 dv-neutron-828143-4-hyperv neutron-server[87636]: DEBUG neutron.scheduler.dhcp_agent_scheduler [None req-7eb50693-a38e-4a65-a70d-10d6cd51b9fe tempest-ExternalNetworksTestJSON-1300960637 tempest-ExternalNetworksTestJSON-1300960637-project-admin] Network hostable DHCP agents. Network: b64b044d-1c66-49c0-89ac-a287ca057637, hostable agents: ['db427564-2e3c-4309-a040-06963cea258a'], hosted agents: [] {{(pid=87636) _get_network_hostable_dhcp_agents /opt/stack/neutron/neutron/scheduler/dhcp_agent_scheduler.py:329}}
Feb 16 16:55:58.936736 dv-neutron-828143-4-hyperv neutron-server[87636]: DEBUG neutron_lib.callbacks.manager [None req-cc4bb086-6388-4894-94ea-adc412d0763a admin admin] Notify callbacks [] for security_group, before_create {{(pid=87636) _notify_loop /usr/local/lib/python3.8/dist-packages/neutron_lib/callbacks/manager.py:192}}
Feb 16 16:55:58.960485 dv-neutron-828143-4-hyperv neutron-server[87637]: DEBUG neutron.db.provisioning_blocks [None req-5a1e7e87-0fb8-4b0b-89eb-35ffd0264c25 None None] Provisioning complete for port c6d5bfd4-a91a-4210-891a-ac1b84be4949 triggered by entity L2. {{(pid=87637) provisioning_complete /opt/stack/neutron/neutron/db/provisioning_blocks.py:139}}
Feb 16 16:55:58.960863 dv-neutron-828143-4-hyperv neutron-server[87637]: DEBUG neutron_lib.callbacks.manager [None req-5a1e7e87-0fb8-4b0b-89eb-35ffd0264c25 None None] Notify callbacks ['neutron.plugins.ml2.plugin.Ml2Plugin._port_provisioned-1629440'] for port, provisioning_complete {{(pid=87637) _notify_loop /usr/local/lib/python3.8/dist-packages/neutron_lib/callbacks/manager.py:192}}
Feb 16 16:55:59.001697 dv-neutron-828143-4-hyperv neutron-server[87636]: DEBUG neutron.scheduler.dhcp_agent_scheduler [None req-7ad1d151-bcfe-48e8-a43a-6021157b2307 tempest-FloatingIPAdminTestJSON-954739883 tempest-FloatingIPAdminTestJSON-954739883-project] Network 6b8c43d5-3c6d-4c47-b391-d2c8c169574f is already hosted by enough agents. {{(pid=87636) _get_dhcp_agents_hosting_network /opt/stack/neutron/neutron/scheduler/dhcp_agent_scheduler.py:275}}
Feb 16 16:55:59.007451 dv-neutron-828143-4-hyperv neutron-server[87636]: DEBUG neutron.scheduler.dhcp_agent_scheduler [None req-7eb50693-a38e-4a65-a70d-10d6cd51b9fe tempest-ExternalNetworksTestJSON-1300960637 tempest-ExternalNetworksTestJSON-1300960637-project-admin] Network b64b044d-1c66-49c0-89ac-a287ca057637 is scheduled to be hosted by DHCP agent db427564-2e3c-4309-a040-06963cea258a with binding_index 1 {{(pid=87636) bind /opt/stack/neutron/neutron/scheduler/dhcp_agent_scheduler.py:227}}
Feb 16 16:55:59.023846 dv-neutron-828143-4-hyperv neutron-server[87636]: DEBUG neutron.scheduler.base_scheduler [None req-7ad1d151-bcfe-48e8-a43a-6021157b2307 tempest-FloatingIPAdminTestJSON-954739883 tempest-FloatingIPAdminTestJSON-954739883-project] Resources bound (agent type, host, resource id): {{(pid=87636) schedule /opt/stack/neutron/neutron/scheduler/base_scheduler.py:57}}
Feb 16 16:55:59.031753 dv-neutron-828143-4-hyperv neutron-server[87636]: DEBUG neutron.db.quota.driver [None req-cc4bb086-6388-4894-94ea-adc412d0763a admin admin] Resources subnetpool have unlimited quota limit. It is not required to calculate headroom {{(pid=87636) make_reservation /opt/stack/neutron/neutron/db/quota/driver.py:219}}
Feb 16 16:55:59.036020 dv-neutron-828143-4-hyperv neutron-server[87635]: DEBUG neutron_lib.callbacks.manager [None req-1b1d9f69-ac2f-432e-b4af-8d611ecd1076 tempest-PortsAdminExtendedAttrsIpV6TestJSON-506123348 tempest-PortsAdminExtendedAttrsIpV6TestJSON-506123348-project-admin] Notify callbacks ['neutron.plugins.ml2.plugin.SecurityGroupServerNotifierRpcMixin.notify_sg_on_port_change-1606573', 'neutron.plugins.ml2.ovo_rpc._ObjectChangeHandler.handle_event-169172', 'neutron.api.rpc.agentnotifiers.dhcp_rpc_agent_api.DhcpAgentNotifyAPI._native_event_send_dhcp_notification-529248', 'neutron.db.l3_dvrscheduler_db._notify_l3_agent_new_port-8727637962635'] for port, after_create {{(pid=87635) _notify_loop /usr/local/lib/python3.8/dist-packages/neutron_lib/callbacks/manager.py:192}}
Feb 16 16:55:59.042794 dv-neutron-828143-4-hyperv neutron-server[87636]: DEBUG neutron.db.l3_dvrscheduler_db [None req-7ad1d151-bcfe-48e8-a43a-6021157b2307 tempest-FloatingIPAdminTestJSON-954739883 tempest-FloatingIPAdminTestJSON-954739883-project] Received port after_create {{(pid=87636) _notify_l3_agent_new_port /opt/stack/neutron/neutron/db/l3_dvrscheduler_db.py:538}}
Feb 16 16:55:59.069244 dv-neutron-828143-4-hyperv neutron-server[87636]: DEBUG neutron.api.rpc.agentnotifiers.l3_rpc_agent_api [None req-fb79f7f1-6555-4071-8a65-3d1c30e208df admin admin] Notify agent at l3_agent.dv-neutron-828143-4-hyperv the message routers_updated {{(pid=87636) _agent_notification /opt/stack/neutron/neutron/api/rpc/agentnotifiers/l3_rpc_agent_api.py:68}}
Feb 16 16:55:59.081539 dv-neutron-828143-4-hyperv neutron-server[87636]: DEBUG neutron.quota.resource [None req-cc4bb086-6388-4894-94ea-adc412d0763a admin admin] Usage tracker for resource:security_group_rule and tenant:69b1d6cab1784fb3b378d1069c08b157 is out of sync, need to count used quota {{(pid=87636) count_used /opt/stack/neutron/neutron/quota/resource.py:270}}
Feb 16 16:55:59.087735 dv-neutron-828143-4-hyperv neutron-server[87637]: DEBUG neutron.api.rpc.handlers.l3_rpc [None req-54d95859-b679-454c-bcdc-777199820807 None None] Sync routers for ids ['3f0f6718-fae3-41b8-9a12-7f66b52651fb'] in dv-neutron-828143-4-hyperv {{(pid=87637) sync_routers /opt/stack/neutron/neutron/api/rpc/handlers/l3_rpc.py:125}}
Feb 16 16:55:59.100533 dv-neutron-828143-4-hyperv neutron-server[87636]: DEBUG neutron.quota.resource [None req-cc4bb086-6388-4894-94ea-adc412d0763a admin admin] Quota usage for security_group_rule was recalculated. Used quota:0. {{(pid=87636) count_used /opt/stack/neutron/neutron/quota/resource.py:290}}
Feb 16 16:55:59.116218 dv-neutron-828143-4-hyperv neutron-server[87636]: DEBUG neutron.db.db_base_plugin_common [None req-ab77ce6a-a12f-4a22-bff1-306f705941b9 tempest-ServerActionsTestJSON-534784037 tempest-ServerActionsTestJSON-534784037-project] Allocated IP 172.26.6.93 (6b8c43d5-3c6d-4c47-b391-d2c8c169574f/3eaf961a-9ca5-4aa8-bbd1-3766785d824e/d2868874-f17d-4d83-bda5-95b42abdb985) {{(pid=87636) _store_ip_allocation /opt/stack/neutron/neutron/db/db_base_plugin_common.py:131}}
Feb 16 16:55:59.120806 dv-neutron-828143-4-hyperv neutron-server[87636]: DEBUG neutron.scheduler.base_scheduler [None req-7eb50693-a38e-4a65-a70d-10d6cd51b9fe tempest-ExternalNetworksTestJSON-1300960637 tempest-ExternalNetworksTestJSON-1300960637-project-admin] Resources bound (agent type, host, resource id): (DHCP agent, dv-neutron-828143-4-hyperv, b64b044d-1c66-49c0-89ac-a287ca057637) {{(pid=87636) schedule /opt/stack/neutron/neutron/scheduler/base_scheduler.py:57}}
Feb 16 16:55:59.122987 dv-neutron-828143-4-hyperv neutron-server[87636]: DEBUG neutron.db.quota.driver [None req-cc4bb086-6388-4894-94ea-adc412d0763a admin admin] Attempting to reserve 4 items for resource security_group_rule. Total usage: 0; quota limit: 100; headroom:100 {{(pid=87636) make_reservation /opt/stack/neutron/neutron/db/quota/driver.py:246}}
Feb 16 16:55:59.138877 dv-neutron-828143-4-hyperv neutron-server[87636]: DEBUG neutron.pecan_wsgi.hooks.policy_enforcement [None req-7eb50693-a38e-4a65-a70d-10d6cd51b9fe tempest-ExternalNetworksTestJSON-1300960637 tempest-ExternalNetworksTestJSON-1300960637-project-admin] Attributes excluded by policy engine: ['standard_attr_id', 'shared', 'segment_id', 'network'] {{(pid=87636) _exclude_attributes_by_policy /opt/stack/neutron/neutron/pecan_wsgi/hooks/policy_enforcement.py:255}}
Feb 16 16:55:59.139421 dv-neutron-828143-4-hyperv neutron-server[87636]: DEBUG neutron_lib.callbacks.manager [None req-7eb50693-a38e-4a65-a70d-10d6cd51b9fe tempest-ExternalNetworksTestJSON-1300960637 tempest-ExternalNetworksTestJSON-1300960637-project-admin] Notify callbacks ['neutron.api.rpc.agentnotifiers.dhcp_rpc_agent_api.DhcpAgentNotifyAPI._send_dhcp_notification-530570'] for subnet, before_response {{(pid=87636) _notify_loop /usr/local/lib/python3.8/dist-packages/neutron_lib/callbacks/manager.py:192}}
Feb 16 16:55:59.165885 dv-neutron-828143-4-hyperv neutron-server[87637]: DEBUG neutron.db.l3_dvrscheduler_db [None req-54d95859-b679-454c-bcdc-777199820807 None None] Routers {'3f0f6718-fae3-41b8-9a12-7f66b52651fb'} bound to L3 agent in host dv-neutron-828143-4-hyperv {{(pid=87637) _get_router_ids_for_agent /opt/stack/neutron/neutron/db/l3_dvrscheduler_db.py:423}}
Feb 16 16:55:59.167854 dv-neutron-828143-4-hyperv neutron-server[87637]: DEBUG neutron.db.l3_hamode_db [None req-54d95859-b679-454c-bcdc-777199820807 None None] neutron.services.l3_router.l3_router_plugin.L3RouterPlugin method get_ha_sync_data_for_host called with arguments (, 'dv-neutron-828143-4-hyperv', Agent(admin_state_up=True,agent_type='L3 agent',availability_zone='nova',binary='neutron-l3-agent',configurations={"agent_mode": "legacy", "ex_gw_ports": 1, "extensions": [], "floating_ips": 0, "handle_internal_only_routers": true, "interface_driver": "openvswitch", "interfaces": 1, "log_agent_heartbeats": false, "routers": 1},created_at=2022-02-16T16:47:34Z,description=,heartbeat_timestamp=2022-02-16T16:55:34Z,host='dv-neutron-828143-4-hyperv',id=4bdca0dd-109d-44a4-8f7f-d2e6222b38b5,load=0,resource_versions=,resources_synced=,started_at=2022-02-16T16:47:34Z,topic='l3_agent')) {'router_ids': ['3f0f6718-fae3-41b8-9a12-7f66b52651fb'], 'active': True} {{(pid=87637) wrapper /usr/local/lib/python3.8/dist-packages/oslo_log/helpers.py:65}}
Feb 16 16:55:59.168230 dv-neutron-828143-4-hyperv neutron-server[87635]: DEBUG neutron.api.rpc.handlers.resources_rpc [None req-1b1d9f69-ac2f-432e-b4af-8d611ecd1076 tempest-PortsAdminExtendedAttrsIpV6TestJSON-506123348 tempest-PortsAdminExtendedAttrsIpV6TestJSON-506123348-project-admin] Pushing event updated for resources: {'Port': ['ID=47d8c7fa-dde5-493a-97ea-4fa1e38e01c9,revision_number=1']} {{(pid=87635) push /opt/stack/neutron/neutron/api/rpc/handlers/resources_rpc.py:237}}
Feb 16 16:55:59.176711 dv-neutron-828143-4-hyperv neutron-server[87636]: DEBUG neutron_lib.callbacks.manager [None req-fb79f7f1-6555-4071-8a65-3d1c30e208df admin admin] Notify callbacks [] for router, before_response {{(pid=87636) _notify_loop /usr/local/lib/python3.8/dist-packages/neutron_lib/callbacks/manager.py:192}}
Feb 16 16:55:59.178199 dv-neutron-828143-4-hyperv neutron-server[87636]: INFO neutron.wsgi [None req-fb79f7f1-6555-4071-8a65-3d1c30e208df admin admin] 10.222.0.96 "POST /v2.0/routers HTTP/1.1" status: 201 len: 923 time: 14.8337233
Feb 16 16:55:59.182451 dv-neutron-828143-4-hyperv neutron-server[87636]: INFO neutron.wsgi [None req-7eb50693-a38e-4a65-a70d-10d6cd51b9fe tempest-ExternalNetworksTestJSON-1300960637 tempest-ExternalNetworksTestJSON-1300960637-project-admin] 10.222.0.96 "POST /v2.0/subnets HTTP/1.1" status: 201 len: 802 time: 3.9060228
Feb 16 16:55:59.187233 dv-neutron-828143-4-hyperv neutron-server[87636]: DEBUG neutron.wsgi [-] (87636) accepted ('10.222.0.96', 40050) {{(pid=87636) server /usr/local/lib/python3.8/dist-packages/eventlet/wsgi.py:992}}
Feb 16 16:55:59.187636 dv-neutron-828143-4-hyperv neutron-server[87636]: DEBUG neutron.wsgi [-] (87636) accepted ('10.222.0.96', 40052) {{(pid=87636) server /usr/local/lib/python3.8/dist-packages/eventlet/wsgi.py:992}}
Feb 16 16:55:59.198881 dv-neutron-828143-4-hyperv neutron-server[87636]: DEBUG neutron.api.v2.base [None req-1c705051-9829-4a22-b2aa-eb1b0551f2f3 tempest-ExternalNetworksTestJSON-1300960637 tempest-ExternalNetworksTestJSON-1300960637-project-admin] Request body: {'floatingip': {'floating_network_id': 'b64b044d-1c66-49c0-89ac-a287ca057637'}} {{(pid=87636) prepare_request_body /opt/stack/neutron/neutron/api/v2/base.py:729}}
Feb 16 16:55:59.239760 dv-neutron-828143-4-hyperv neutron-server[87635]: DEBUG neutron_lib.callbacks.manager [None req-ade01e14-f8e7-4408-9c12-f0bdae8ea2f4 admin admin] Notify callbacks [] for port, precommit_create {{(pid=87635) _notify_loop /usr/local/lib/python3.8/dist-packages/neutron_lib/callbacks/manager.py:192}}
Feb 16 16:55:59.243355 dv-neutron-828143-4-hyperv neutron-server[87637]: DEBUG neutron.api.rpc.handlers.dhcp_rpc [None req-126ec937-b20e-4c9d-a716-9f1d53ac4f91 None None] Network b64b044d-1c66-49c0-89ac-a287ca057637 requested from dv-neutron-828143-4-hyperv {{(pid=87637) get_network_info /opt/stack/neutron/neutron/api/rpc/handlers/dhcp_rpc.py:213}}
Feb 16 16:55:59.350693 dv-neutron-828143-4-hyperv neutron-server[87636]: DEBUG neutron.db.quota.driver [None req-1c705051-9829-4a22-b2aa-eb1b0551f2f3 tempest-ExternalNetworksTestJSON-1300960637 tempest-ExternalNetworksTestJSON-1300960637-project-admin] Resources subnetpool have unlimited quota limit. It is not required to calculate headroom {{(pid=87636) make_reservation /opt/stack/neutron/neutron/db/quota/driver.py:219}}
Feb 16 16:55:59.495262 dv-neutron-828143-4-hyperv neutron-server[87636]: DEBUG neutron.quota.resource [None req-1c705051-9829-4a22-b2aa-eb1b0551f2f3 tempest-ExternalNetworksTestJSON-1300960637 tempest-ExternalNetworksTestJSON-1300960637-project-admin] Usage tracker for resource:floatingip and tenant:18a3c1ed6cb64dd6b73d703e6f3a3aa7 is out of sync, need to count used quota {{(pid=87636) count_used /opt/stack/neutron/neutron/quota/resource.py:270}}
Feb 16 16:55:59.511974 dv-neutron-828143-4-hyperv neutron-server[87636]: DEBUG neutron.quota.resource [None req-1c705051-9829-4a22-b2aa-eb1b0551f2f3 tempest-ExternalNetworksTestJSON-1300960637 tempest-ExternalNetworksTestJSON-1300960637-project-admin] Quota usage for floatingip was recalculated. Used quota:0. {{(pid=87636) count_used /opt/stack/neutron/neutron/quota/resource.py:290}}
Feb 16 16:55:59.512571 dv-neutron-828143-4-hyperv neutron-server[87635]: DEBUG neutron.scheduler.dhcp_agent_scheduler [None req-1b1d9f69-ac2f-432e-b4af-8d611ecd1076 tempest-PortsAdminExtendedAttrsIpV6TestJSON-506123348 tempest-PortsAdminExtendedAttrsIpV6TestJSON-506123348-project-admin] Network a69cc684-eb32-4d2b-8e1a-86210ab0b76e is already hosted by enough agents. {{(pid=87635) _get_dhcp_agents_hosting_network /opt/stack/neutron/neutron/scheduler/dhcp_agent_scheduler.py:275}}
Feb 16 16:55:59.534346 dv-neutron-828143-4-hyperv neutron-server[87635]: DEBUG neutron.scheduler.base_scheduler [None req-1b1d9f69-ac2f-432e-b4af-8d611ecd1076 tempest-PortsAdminExtendedAttrsIpV6TestJSON-506123348 tempest-PortsAdminExtendedAttrsIpV6TestJSON-506123348-project-admin] Resources bound (agent type, host, resource id): {{(pid=87635) schedule /opt/stack/neutron/neutron/scheduler/base_scheduler.py:57}}
Feb 16 16:55:59.536344 dv-neutron-828143-4-hyperv neutron-server[87635]: DEBUG neutron.db.l3_dvrscheduler_db [None req-1b1d9f69-ac2f-432e-b4af-8d611ecd1076 tempest-PortsAdminExtendedAttrsIpV6TestJSON-506123348 tempest-PortsAdminExtendedAttrsIpV6TestJSON-506123348-project-admin] Received port after_create {{(pid=87635) _notify_l3_agent_new_port /opt/stack/neutron/neutron/db/l3_dvrscheduler_db.py:538}}
Feb 16 16:55:59.537804 dv-neutron-828143-4-hyperv neutron-server[87635]: DEBUG neutron.pecan_wsgi.hooks.policy_enforcement [None req-1b1d9f69-ac2f-432e-b4af-8d611ecd1076 tempest-PortsAdminExtendedAttrsIpV6TestJSON-506123348 tempest-PortsAdminExtendedAttrsIpV6TestJSON-506123348-project-admin] Attributes excluded by policy engine: ['standard_attr_id', 'network'] {{(pid=87635) _exclude_attributes_by_policy /opt/stack/neutron/neutron/pecan_wsgi/hooks/policy_enforcement.py:255}}
Feb 16 16:55:59.537980 dv-neutron-828143-4-hyperv neutron-server[87635]: DEBUG neutron_lib.callbacks.manager [None req-1b1d9f69-ac2f-432e-b4af-8d611ecd1076 tempest-PortsAdminExtendedAttrsIpV6TestJSON-506123348 tempest-PortsAdminExtendedAttrsIpV6TestJSON-506123348-project-admin] Notify callbacks ['neutron.notifiers.nova.Notifier._send_nova_notification-159942'] for port, before_response {{(pid=87635) _notify_loop /usr/local/lib/python3.8/dist-packages/neutron_lib/callbacks/manager.py:192}}
Feb 16 16:55:59.542548 dv-neutron-828143-4-hyperv neutron-server[87636]: DEBUG neutron.db.quota.driver [None req-1c705051-9829-4a22-b2aa-eb1b0551f2f3 tempest-ExternalNetworksTestJSON-1300960637 tempest-ExternalNetworksTestJSON-1300960637-project-admin] Attempting to reserve 1 items for resource floatingip. Total usage: 0; quota limit: 50; headroom:50 {{(pid=87636) make_reservation /opt/stack/neutron/neutron/db/quota/driver.py:246}}
Feb 16 16:55:59.554781 dv-neutron-828143-4-hyperv neutron-server[87635]: DEBUG neutron.db.provisioning_blocks [None req-ade01e14-f8e7-4408-9c12-f0bdae8ea2f4 admin admin] Transition to ACTIVE for port object 4d3d710a-985d-4992-b44a-a77f166d4090 will not be triggered until provisioned by entity DHCP. {{(pid=87635) add_provisioning_component /opt/stack/neutron/neutron/db/provisioning_blocks.py:73}}
Feb 16 16:55:59.572487 dv-neutron-828143-4-hyperv neutron-server[87635]: DEBUG neutron_lib.callbacks.manager [None req-6368bae2-a58f-4677-a709-68c1ccff2dbf tempest-AllowedAddressPairIpV6TestJSON-1543102052 tempest-AllowedAddressPairIpV6TestJSON-1543102052-project] Notify callbacks [] for port, precommit_update {{(pid=87635) _notify_loop /usr/local/lib/python3.8/dist-packages/neutron_lib/callbacks/manager.py:192}}
Feb 16 16:55:59.640156 dv-neutron-828143-4-hyperv neutron-server[87635]: DEBUG neutron_lib.callbacks.manager [None req-6368bae2-a58f-4677-a709-68c1ccff2dbf tempest-AllowedAddressPairIpV6TestJSON-1543102052 tempest-AllowedAddressPairIpV6TestJSON-1543102052-project] Notify callbacks ['neutron.plugins.ml2.plugin.SecurityGroupServerNotifierRpcMixin.notify_sg_on_port_change-1606573', 'neutron.plugins.ml2.ovo_rpc._ObjectChangeHandler.handle_event-169172', 'neutron.api.rpc.agentnotifiers.dhcp_rpc_agent_api.DhcpAgentNotifyAPI._native_event_send_dhcp_notification-529248', 'neutron.db.l3_db.L3RpcNotifierMixin._notify_gateway_port_ip_changed-8727638273073', 'neutron.db.l3_dvrscheduler_db._notify_l3_agent_port_update-8727637962653', 'neutron.db.l3_hascheduler_db._notify_l3_agent_ha_port_update-8727637962698'] for port, after_update {{(pid=87635) _notify_loop /usr/local/lib/python3.8/dist-packages/neutron_lib/callbacks/manager.py:192}}
Feb 16 16:55:59.640857 dv-neutron-828143-4-hyperv neutron-server[87637]: DEBUG neutron.db.l3_dvr_db [None req-54d95859-b679-454c-bcdc-777199820807 None None] Set router 3f0f6718-fae3-41b8-9a12-7f66b52651fb gateway port host: dv-neutron-828143-4-hyperv {{(pid=87637) _build_routers_list /opt/stack/neutron/neutron/db/l3_dvr_db.py:875}}
