Feb 03 06:53:12.974366 dv-neutron-827593-1-hyperv neutron-server[103188]: DEBUG neutron_lib.callbacks.manager [None req-ff276edd-a63e-4916-b442-9df7f37edef2 None None] Publish callbacks ['neutron.plugins.ml2.plugin.SecurityGroupDbMixin._ensure_default_security_group_handler-1932016'] for port (559f86da-297f-4320-a060-d0161917c448), before_update {{(pid=103188) _notify_loop /usr/local/lib/python3.8/dist-packages/neutron_lib/callbacks/manager.py:176}}
Feb 03 06:53:13.002824 dv-neutron-827593-1-hyperv neutron-server[103188]: DEBUG neutron.plugins.ml2.db [None req-ff276edd-a63e-4916-b442-9df7f37edef2 None None] For port 559f86da-297f-4320-a060-d0161917c448, host dv-neutron-827593-1-hyperv, got binding levels [PortBindingLevel(driver='openvswitch',host='dv-neutron-827593-1-hyperv',level=0,port_id=559f86da-297f-4320-a060-d0161917c448,segment=NetworkSegment(1bc338ea-6e0b-4e04-9a63-42556b67ba3f),segment_id=1bc338ea-6e0b-4e04-9a63-42556b67ba3f)] {{(pid=103188) get_binding_level_objs /opt/stack/neutron/neutron/plugins/ml2/db.py:74}}
Feb 03 06:53:13.009533 dv-neutron-827593-1-hyperv neutron-server[103188]: DEBUG neutron_lib.callbacks.manager [None req-ff276edd-a63e-4916-b442-9df7f37edef2 None None] Publish callbacks ['neutron.plugins.ml2.plugin.SecurityGroupServerNotifierRpcMixin._notify_sg_on_port_change-1931685', 'neutron.plugins.ml2.ovo_rpc._ObjectChangeHandler.handle_event-7242', 'neutron.api.rpc.agentnotifiers.dhcp_rpc_agent_api.DhcpAgentNotifyAPI._native_event_send_dhcp_notification-564426', 'neutron.db.l3_db.L3RpcNotifierMixin._notify_gateway_port_ip_changed-8735590721006', 'neutron.db.l3_dvrscheduler_db._notify_l3_agent_port_update-8735590321228', 'neutron.db.l3_hascheduler_db._notify_l3_agent_ha_port_update-8735590321246'] for port (559f86da-297f-4320-a060-d0161917c448), after_update {{(pid=103188) _notify_loop /usr/local/lib/python3.8/dist-packages/neutron_lib/callbacks/manager.py:176}}
Feb 03 06:53:13.013881 dv-neutron-827593-1-hyperv neutron-server[103187]: DEBUG neutron_lib.callbacks.manager [None req-ca32081c-2df5-48da-b287-8c740312edf2 admin admin] Publish callbacks [] for security_group (9bbc4a37-7b18-4919-b0c8-e858bc0574ab), before_delete {{(pid=103187) _notify_loop /usr/local/lib/python3.8/dist-packages/neutron_lib/callbacks/manager.py:176}}
Feb 03 06:53:13.015552 dv-neutron-827593-1-hyperv neutron-server[103187]: DEBUG neutron_lib.callbacks.manager [None req-f38220dc-4b42-48da-bcdd-d29be997a846 tempest-AllowedAddressPairIpV6TestJSON-437769872 tempest-AllowedAddressPairIpV6TestJSON-437769872-project] Publish callbacks ['neutron.plugins.ml2.plugin.SecurityGroupServerNotifierRpcMixin._notify_sg_on_port_change-1931685', 'neutron.plugins.ml2.ovo_rpc._ObjectChangeHandler.handle_event-7242', 'neutron.api.rpc.agentnotifiers.dhcp_rpc_agent_api.DhcpAgentNotifyAPI._native_event_send_dhcp_notification-564426', 'neutron.db.l3_db.L3RpcNotifierMixin._notify_routers_callback-8735590720988', 'neutron.db.l3_dvrscheduler_db._notify_port_delete-8735590321219', 'neutron.services.segments.plugin.NovaSegmentNotifier._notify_port_created_or_deleted-4962682'] for port (20bd125f-71b8-420e-9c6c-8f8e099faf1d), after_delete {{(pid=103187) _notify_loop /usr/local/lib/python3.8/dist-packages/neutron_lib/callbacks/manager.py:176}}
Feb 03 06:53:13.022887 dv-neutron-827593-1-hyperv neutron-server[103186]: DEBUG neutron_lib.callbacks.manager [None req-0c30f1a5-f8d4-426d-b5b9-5ad47d6d6a2f tempest-MeteringTestJSON-1801916076 tempest-MeteringTestJSON-1801916076-project-admin] Publish callbacks [] for metering_label (None), before_response {{(pid=103186) _notify_loop /usr/local/lib/python3.8/dist-packages/neutron_lib/callbacks/manager.py:176}}
Feb 03 06:53:13.026819 dv-neutron-827593-1-hyperv neutron-server[103186]: INFO neutron.wsgi [None req-0c30f1a5-f8d4-426d-b5b9-5ad47d6d6a2f tempest-MeteringTestJSON-1801916076 tempest-MeteringTestJSON-1801916076-project-admin] 10.222.0.13 "POST /v2.0/metering/metering-labels HTTP/1.1" status: 201 len: 470 time: 0.3292418
Feb 03 06:53:13.028266 dv-neutron-827593-1-hyperv neutron-server[103186]: DEBUG neutron.wsgi [-] (103186) accepted ('10.222.0.13', 37756) {{(pid=103186) server /usr/local/lib/python3.8/dist-packages/eventlet/wsgi.py:1004}}
Feb 03 06:53:13.074829 dv-neutron-827593-1-hyperv neutron-server[103188]: DEBUG neutron.api.rpc.handlers.resources_rpc [None req-ff276edd-a63e-4916-b442-9df7f37edef2 None None] Pushing event updated for resources: {'Port': ['ID=559f86da-297f-4320-a060-d0161917c448,revision_number=4']} {{(pid=103188) push /opt/stack/neutron/neutron/api/rpc/handlers/resources_rpc.py:237}}
Feb 03 06:53:13.101706 dv-neutron-827593-1-hyperv neutron-server[103186]: INFO neutron.wsgi [None req-da7d5dd2-d184-4a3d-a7b0-d46fb3018172 tempest-MeteringTestJSON-1801916076 tempest-MeteringTestJSON-1801916076-project-admin] 10.222.0.13 "GET /v2.0/metering/metering-labels?id=acb41b24-b614-46f0-8165-250eda490bd1 HTTP/1.1" status: 200 len: 468 time: 0.0679414
Feb 03 06:53:13.103706 dv-neutron-827593-1-hyperv neutron-server[103187]: DEBUG neutron.wsgi [-] (103187) accepted ('10.222.0.13', 37758) {{(pid=103187) server /usr/local/lib/python3.8/dist-packages/eventlet/wsgi.py:1004}}
Feb 03 06:53:13.130822 dv-neutron-827593-1-hyperv neutron-server[103187]: DEBUG neutron.api.rpc.handlers.resources_rpc [None req-f38220dc-4b42-48da-bcdd-d29be997a846 tempest-AllowedAddressPairIpV6TestJSON-437769872 tempest-AllowedAddressPairIpV6TestJSON-437769872-project] Pushing event deleted for resources: {'Port': ['ID=20bd125f-71b8-420e-9c6c-8f8e099faf1d,revision_number=None']} {{(pid=103187) push /opt/stack/neutron/neutron/api/rpc/handlers/resources_rpc.py:237}}
Feb 03 06:53:13.141329 dv-neutron-827593-1-hyperv neutron-server[103186]: DEBUG neutron.pecan_wsgi.hooks.policy_enforcement [req-52251e3d-e994-45be-a697-059592f06329 req-ccda772d-bbd9-49f7-90bc-59fa7db92936 tempest-ServersTestJSON-1518869472 tempest-ServersTestJSON-1518869472-project] Attributes excluded by policy engine: ['standard_attr_id', 'binding:profile', 'binding:host_id', 'binding:vif_type', 'binding:vif_details'] {{(pid=103186) _exclude_attributes_by_policy /opt/stack/neutron/neutron/pecan_wsgi/hooks/policy_enforcement.py:255}}
Feb 03 06:53:13.144178 dv-neutron-827593-1-hyperv neutron-server[103186]: INFO neutron.wsgi [req-52251e3d-e994-45be-a697-059592f06329 req-ccda772d-bbd9-49f7-90bc-59fa7db92936 tempest-ServersTestJSON-1518869472 tempest-ServersTestJSON-1518869472-project] 10.222.0.13 "GET /v2.0/ports?device_id=7eb44658-2857-44fd-8618-debdf04be9c6 HTTP/1.1" status: 200 len: 943 time: 0.3143735
Feb 03 06:53:13.156726 dv-neutron-827593-1-hyperv neutron-server[103186]: DEBUG neutron.scheduler.l3_agent_scheduler [None req-90144741-3665-41d9-8332-4fbba778e198 tempest-FloatingIPAdminTestJSON-1498702089 tempest-FloatingIPAdminTestJSON-1498702089-project-admin] Router 8009ca8a-f6c9-4a34-a348-d8fe31c78c20 has already been hosted by L3 agent 543b1255-347d-4d81-836b-97b0f5c0abf1 {{(pid=103186) _get_candidates /opt/stack/neutron/neutron/scheduler/l3_agent_scheduler.py:126}}
Feb 03 06:53:13.220082 dv-neutron-827593-1-hyperv neutron-server[103187]: DEBUG neutron_lib.callbacks.manager [None req-ca32081c-2df5-48da-b287-8c740312edf2 admin admin] Publish callbacks [] for security_group (9bbc4a37-7b18-4919-b0c8-e858bc0574ab), precommit_delete {{(pid=103187) _notify_loop /usr/local/lib/python3.8/dist-packages/neutron_lib/callbacks/manager.py:176}}
Feb 03 06:53:13.260016 dv-neutron-827593-1-hyperv neutron-server[103186]: INFO neutron.wsgi [req-52251e3d-e994-45be-a697-059592f06329 req-ef46c847-c98e-4e43-b2c1-b5ed4fc15893 tempest-ServersTestJSON-1518869472 tempest-ServersTestJSON-1518869472-project] 10.222.0.13 "GET /v2.0/security-groups?id=81366814-321d-4325-8701-74a2323c751a&fields=id&fields=name HTTP/1.1" status: 200 len: 311 time: 0.1077228
Feb 03 06:53:13.336482 dv-neutron-827593-1-hyperv neutron-server[103186]: DEBUG neutron.api.rpc.agentnotifiers.l3_rpc_agent_api [None req-90144741-3665-41d9-8332-4fbba778e198 tempest-FloatingIPAdminTestJSON-1498702089 tempest-FloatingIPAdminTestJSON-1498702089-project-admin] Notify agent at l3_agent.dv-neutron-827593-1-hyperv the message routers_updated {{(pid=103186) _agent_notification /opt/stack/neutron/neutron/api/rpc/agentnotifiers/l3_rpc_agent_api.py:65}}
Feb 03 06:53:13.342451 dv-neutron-827593-1-hyperv neutron-server[103187]: INFO neutron.wsgi [req-8ee5ed64-b101-44a0-82b5-e671bd6cdf68 req-2a87504b-77fc-40f4-b916-35bc7260c437 tempest-ServersTestManualDisk-931691801 tempest-ServersTestManualDisk-931691801-project] 10.222.0.13 "GET /v2.0/security-groups?id=a1e09ebc-bea7-4ffc-b7f9-1b8ad13a3888&fields=id&fields=name HTTP/1.1" status: 200 len: 313 time: 0.4312925
Feb 03 06:53:13.355519 dv-neutron-827593-1-hyperv neutron-server[103188]: DEBUG neutron.api.rpc.handlers.l3_rpc [None req-06ae148e-d1ab-49db-9f76-0455cf22735c None None] Sync routers for ids ['8009ca8a-f6c9-4a34-a348-d8fe31c78c20'] in dv-neutron-827593-1-hyperv {{(pid=103188) sync_routers /opt/stack/neutron/neutron/api/rpc/handlers/l3_rpc.py:125}}
Feb 03 06:53:13.366703 dv-neutron-827593-1-hyperv neutron-server[103186]: DEBUG neutron_lib.callbacks.manager [None req-90144741-3665-41d9-8332-4fbba778e198 tempest-FloatingIPAdminTestJSON-1498702089 tempest-FloatingIPAdminTestJSON-1498702089-project-admin] Publish callbacks ['neutron.notifiers.nova.Notifier._send_nova_notification-123904'] for floatingip (None), before_response {{(pid=103186) _notify_loop /usr/local/lib/python3.8/dist-packages/neutron_lib/callbacks/manager.py:176}}
Feb 03 06:53:13.377796 dv-neutron-827593-1-hyperv neutron-server[103188]: DEBUG neutron.db.l3_dvrscheduler_db [None req-06ae148e-d1ab-49db-9f76-0455cf22735c None None] Routers {'8009ca8a-f6c9-4a34-a348-d8fe31c78c20'} bound to L3 agent in host dv-neutron-827593-1-hyperv {{(pid=103188) _get_router_ids_for_agent /opt/stack/neutron/neutron/db/l3_dvrscheduler_db.py:421}}
Feb 03 06:53:13.378777 dv-neutron-827593-1-hyperv neutron-server[103188]: DEBUG neutron.db.l3_hamode_db [None req-06ae148e-d1ab-49db-9f76-0455cf22735c None None] neutron.services.l3_router.l3_router_plugin.L3RouterPlugin method get_ha_sync_data_for_host called with arguments (, 'dv-neutron-827593-1-hyperv', Agent(admin_state_up=True,agent_type='L3 agent',availability_zone='nova',binary='neutron-l3-agent',configurations={"agent_mode": "legacy", "ex_gw_ports": 3, "extensions": [], "floating_ips": 0, "handle_internal_only_routers": true, "interface_driver": "openvswitch", "interfaces": 3, "log_agent_heartbeats": false, "routers": 3},created_at=2022-02-03T06:45:16Z,description=,heartbeat_timestamp=2022-02-03T06:52:46Z,host='dv-neutron-827593-1-hyperv',id=543b1255-347d-4d81-836b-97b0f5c0abf1,load=0,resource_versions=,resources_synced=,started_at=2022-02-03T06:45:17Z,topic='l3_agent')) {'router_ids': ['8009ca8a-f6c9-4a34-a348-d8fe31c78c20'], 'active': True} {{(pid=103188) wrapper /usr/local/lib/python3.8/dist-packages/oslo_log/helpers.py:65}}
Feb 03 06:53:13.418440 dv-neutron-827593-1-hyperv neutron-server[103186]: INFO neutron.wsgi [None req-90144741-3665-41d9-8332-4fbba778e198 tempest-FloatingIPAdminTestJSON-1498702089 tempest-FloatingIPAdminTestJSON-1498702089-project-admin] 10.222.0.13 "POST /v2.0/floatingips HTTP/1.1" status: 201 len: 987 time: 10.2708466
Feb 03 06:53:13.418847 dv-neutron-827593-1-hyperv neutron-server[103187]: DEBUG neutron.notifiers.nova [req-67ab5d0c-3a34-4a20-a491-7e0fdbd52677 req-07727d81-ac8c-49dc-a9d7-cba274be05f9 service neutron] Ignoring state change previous_port_status: DOWN current_port_status: DOWN port_id f8a3613d-5e06-4dbe-a964-dcac9d86e9f8 {{(pid=103187) record_port_status_changed /opt/stack/neutron/neutron/notifiers/nova.py:228}}
Feb 03 06:53:13.419093 dv-neutron-827593-1-hyperv neutron-server[103186]: DEBUG neutron.wsgi [-] (103186) accepted ('10.222.0.13', 37760) {{(pid=103186) server /usr/local/lib/python3.8/dist-packages/eventlet/wsgi.py:1004}}
Feb 03 06:53:13.431031 dv-neutron-827593-1-hyperv neutron-server[103188]: DEBUG neutron.db.l3_hamode_db [None req-06ae148e-d1ab-49db-9f76-0455cf22735c None None] neutron.services.l3_router.l3_router_plugin.L3RouterPlugin method _process_sync_ha_data called with arguments (, [], 'dv-neutron-827593-1-hyperv', False) {} {{(pid=103188) wrapper /usr/local/lib/python3.8/dist-packages/oslo_log/helpers.py:65}}
Feb 03 06:53:13.442471 dv-neutron-827593-1-hyperv neutron-server[103188]: DEBUG neutron.db.l3_dvrscheduler_db [None req-06ae148e-d1ab-49db-9f76-0455cf22735c None None] Routers {'8009ca8a-f6c9-4a34-a348-d8fe31c78c20'} bound to L3 agent in host dv-neutron-827593-1-hyperv {{(pid=103188) _get_router_ids_for_agent /opt/stack/neutron/neutron/db/l3_dvrscheduler_db.py:421}}
Feb 03 06:53:13.443310 dv-neutron-827593-1-hyperv neutron-server[103188]: DEBUG neutron.db.l3_hamode_db [None req-06ae148e-d1ab-49db-9f76-0455cf22735c None None] neutron.services.l3_router.l3_router_plugin.L3RouterPlugin method get_ha_sync_data_for_host called with arguments (, 'dv-neutron-827593-1-hyperv', Agent(admin_state_up=True,agent_type='L3 agent',availability_zone='nova',binary='neutron-l3-agent',configurations={"agent_mode": "legacy", "ex_gw_ports": 3, "extensions": [], "floating_ips": 0, "handle_internal_only_routers": true, "interface_driver": "openvswitch", "interfaces": 3, "log_agent_heartbeats": false, "routers": 3},created_at=2022-02-03T06:45:16Z,description=,heartbeat_timestamp=2022-02-03T06:52:46Z,host='dv-neutron-827593-1-hyperv',id=543b1255-347d-4d81-836b-97b0f5c0abf1,load=0,resource_versions=,resources_synced=,started_at=2022-02-03T06:45:17Z,topic='l3_agent')) {'router_ids': ['8009ca8a-f6c9-4a34-a348-d8fe31c78c20'], 'active': True} {{(pid=103188) wrapper /usr/local/lib/python3.8/dist-packages/oslo_log/helpers.py:65}}
Feb 03 06:53:13.443452 dv-neutron-827593-1-hyperv neutron-server[103187]: DEBUG neutron_lib.callbacks.manager [req-67ab5d0c-3a34-4a20-a491-7e0fdbd52677 req-07727d81-ac8c-49dc-a9d7-cba274be05f9 service neutron] Publish callbacks [] for port (f8a3613d-5e06-4dbe-a964-dcac9d86e9f8), precommit_update {{(pid=103187) _notify_loop /usr/local/lib/python3.8/dist-packages/neutron_lib/callbacks/manager.py:176}}
Feb 03 06:53:13.478477 dv-neutron-827593-1-hyperv neutron-server[103188]: DEBUG neutron.db.l3_hamode_db [None req-06ae148e-d1ab-49db-9f76-0455cf22735c None None] neutron.services.l3_router.l3_router_plugin.L3RouterPlugin method _process_sync_ha_data called with arguments (, [], 'dv-neutron-827593-1-hyperv', False) {} {{(pid=103188) wrapper /usr/local/lib/python3.8/dist-packages/oslo_log/helpers.py:65}}
Feb 03 06:53:13.479313 dv-neutron-827593-1-hyperv neutron-server[103188]: DEBUG neutron.api.rpc.handlers.l3_rpc [None req-06ae148e-d1ab-49db-9f76-0455cf22735c None None] The sync data for ids ['8009ca8a-f6c9-4a34-a348-d8fe31c78c20'] in dv-neutron-827593-1-hyperv is: [] {{(pid=103188) sync_routers /opt/stack/neutron/neutron/api/rpc/handlers/l3_rpc.py:137}}
Feb 03 06:53:13.538371 dv-neutron-827593-1-hyperv neutron-server[103187]: DEBUG neutron_lib.callbacks.manager [None req-c2d30d92-6f7f-4c46-a7a2-892d415b82cf tempest-MeteringTestJSON-1801916076 tempest-MeteringTestJSON-1801916076-project-admin] Publish callbacks [] for metering_label (None), before_response {{(pid=103187) _notify_loop /usr/local/lib/python3.8/dist-packages/neutron_lib/callbacks/manager.py:176}}
Feb 03 06:53:13.539510 dv-neutron-827593-1-hyperv neutron-server[103187]: INFO neutron.wsgi [None req-c2d30d92-6f7f-4c46-a7a2-892d415b82cf tempest-MeteringTestJSON-1801916076 tempest-MeteringTestJSON-1801916076-project-admin] 10.222.0.13 "DELETE /v2.0/metering/metering-labels/acb41b24-b614-46f0-8165-250eda490bd1 HTTP/1.1" status: 204 len: 168 time: 0.4195349
Feb 03 06:53:13.547930 dv-neutron-827593-1-hyperv neutron-server[103186]: DEBUG neutron.wsgi [-] (103186) accepted ('10.222.0.13', 37762) {{(pid=103186) server /usr/local/lib/python3.8/dist-packages/eventlet/wsgi.py:1004}}
Feb 03 06:53:13.556890 dv-neutron-827593-1-hyperv neutron-server[103187]: DEBUG neutron.db.provisioning_blocks [req-67ab5d0c-3a34-4a20-a491-7e0fdbd52677 req-07727d81-ac8c-49dc-a9d7-cba274be05f9 service neutron] Transition to ACTIVE for port object f8a3613d-5e06-4dbe-a964-dcac9d86e9f8 will not be triggered until provisioned by entity L2. {{(pid=103187) add_provisioning_component /opt/stack/neutron/neutron/db/provisioning_blocks.py:73}}
Feb 03 06:53:13.560132 dv-neutron-827593-1-hyperv neutron-server[103187]: DEBUG neutron_lib.callbacks.manager [None req-b8ee4311-55fa-49ed-a68f-e9a334bc0e73 tempest-RoutersAdminTest-2130275153 tempest-RoutersAdminTest-2130275153-project-admin] Publish callbacks ['neutron.plugins.ml2.plugin.SecurityGroupServerNotifierRpcMixin._notify_sg_on_port_change-1931685', 'neutron.plugins.ml2.ovo_rpc._ObjectChangeHandler.handle_event-7242', 'neutron.api.rpc.agentnotifiers.dhcp_rpc_agent_api.DhcpAgentNotifyAPI._native_event_send_dhcp_notification-564426', 'neutron.db.l3_db.L3RpcNotifierMixin._notify_routers_callback-8735590720988', 'neutron.db.l3_dvrscheduler_db._notify_port_delete-8735590321219', 'neutron.services.segments.plugin.NovaSegmentNotifier._notify_port_created_or_deleted-4962682'] for port (559f86da-297f-4320-a060-d0161917c448), after_delete {{(pid=103187) _notify_loop /usr/local/lib/python3.8/dist-packages/neutron_lib/callbacks/manager.py:176}}
Feb 03 06:53:13.572287 dv-neutron-827593-1-hyperv neutron-server[103186]: INFO neutron.wsgi [None req-5bf1e651-0b83-4c3b-969a-8fde63acd092 tempest-FloatingIPAdminTestJSON-1498702089 tempest-FloatingIPAdminTestJSON-1498702089-project-admin] 10.222.0.13 "GET /v2.0/floatingips/bc1d9753-0187-4082-b8f1-354cd847416c HTTP/1.1" status: 200 len: 982 time: 0.1496513
Feb 03 06:53:13.572287 dv-neutron-827593-1-hyperv neutron-server[103186]: INFO neutron.wsgi [None req-272419a8-24ef-4c15-adcd-186b149b86b5 tempest-MeteringTestJSON-1801916076 tempest-MeteringTestJSON-1801916076-project-admin] 10.222.0.13 "GET /v2.0/metering/metering-labels?id=acb41b24-b614-46f0-8165-250eda490bd1 HTTP/1.1" status: 200 len: 216 time: 0.0224853
Feb 03 06:53:13.573463 dv-neutron-827593-1-hyperv neutron-server[103186]: DEBUG neutron.wsgi [-] (103186) accepted ('10.222.0.13', 37764) {{(pid=103186) server /usr/local/lib/python3.8/dist-packages/eventlet/wsgi.py:1004}}
Feb 03 06:53:13.573594 dv-neutron-827593-1-hyperv neutron-server[103187]: DEBUG neutron_lib.callbacks.manager [req-67ab5d0c-3a34-4a20-a491-7e0fdbd52677 req-07727d81-ac8c-49dc-a9d7-cba274be05f9 service neutron] Publish callbacks ['neutron.plugins.ml2.plugin.SecurityGroupServerNotifierRpcMixin._notify_sg_on_port_change-1931685', 'neutron.plugins.ml2.ovo_rpc._ObjectChangeHandler.handle_event-7242', 'neutron.api.rpc.agentnotifiers.dhcp_rpc_agent_api.DhcpAgentNotifyAPI._native_event_send_dhcp_notification-564426', 'neutron.db.l3_db.L3RpcNotifierMixin._notify_gateway_port_ip_changed-8735590721006', 'neutron.db.l3_dvrscheduler_db._notify_l3_agent_port_update-8735590321228', 'neutron.db.l3_hascheduler_db._notify_l3_agent_ha_port_update-8735590321246', 'neutron.services.segments.plugin.NovaSegmentNotifier._notify_port_updated-4962661'] for port (f8a3613d-5e06-4dbe-a964-dcac9d86e9f8), after_update {{(pid=103187) _notify_loop /usr/local/lib/python3.8/dist-packages/neutron_lib/callbacks/manager.py:176}}
Feb 03 06:53:13.576090 dv-neutron-827593-1-hyperv neutron-server[103186]: DEBUG neutron.wsgi [-] (103186) accepted ('10.222.0.13', 37766) {{(pid=103186) server /usr/local/lib/python3.8/dist-packages/eventlet/wsgi.py:1004}}
Feb 03 06:53:13.606425 dv-neutron-827593-1-hyperv neutron-server[103187]: DEBUG neutron.api.rpc.handlers.resources_rpc [None req-b8ee4311-55fa-49ed-a68f-e9a334bc0e73 tempest-RoutersAdminTest-2130275153 tempest-RoutersAdminTest-2130275153-project-admin] Pushing event deleted for resources: {'Port': ['ID=559f86da-297f-4320-a060-d0161917c448,revision_number=None']} {{(pid=103187) push /opt/stack/neutron/neutron/api/rpc/handlers/resources_rpc.py:237}}
Feb 03 06:53:13.610842 dv-neutron-827593-1-hyperv neutron-server[103187]: DEBUG neutron_lib.callbacks.manager [None req-ca32081c-2df5-48da-b287-8c740312edf2 admin admin] Publish callbacks ['neutron.plugins.ml2.ovo_rpc._ObjectChangeHandler.handle_event-715905'] for security_group (9bbc4a37-7b18-4919-b0c8-e858bc0574ab), after_delete {{(pid=103187) _notify_loop /usr/local/lib/python3.8/dist-packages/neutron_lib/callbacks/manager.py:176}}
Feb 03 06:53:13.614318 dv-neutron-827593-1-hyperv neutron-server[103187]: DEBUG neutron_lib.callbacks.manager [None req-ca32081c-2df5-48da-b287-8c740312edf2 admin admin] Publish callbacks [] for security_group (None), before_response {{(pid=103187) _notify_loop /usr/local/lib/python3.8/dist-packages/neutron_lib/callbacks/manager.py:176}}
Feb 03 06:53:13.615464 dv-neutron-827593-1-hyperv neutron-server[103187]: INFO neutron.wsgi [None req-ca32081c-2df5-48da-b287-8c740312edf2 admin admin] 10.222.0.13 "DELETE /v2.0/security-groups/9bbc4a37-7b18-4919-b0c8-e858bc0574ab HTTP/1.1" status: 204 len: 168 time: 0.9313440
Feb 03 06:53:13.716267 dv-neutron-827593-1-hyperv neutron-server[103186]: INFO neutron.wsgi [req-55a9ac6c-c437-4cbe-909f-a33ecef121e6 req-f7ba4b59-7be8-4d08-84b6-172eb05edeea service neutron] 10.222.0.46 "GET /v2.0/floatingips?fixed_ip_address=172.20.0.4&port_id=ec09971e-e7ea-4a50-8598-456a1a0ad0db HTTP/1.1" status: 200 len: 217 time: 0.1159096
Feb 03 06:53:13.719792 dv-neutron-827593-1-hyperv neutron-server[103187]: DEBUG neutron.api.rpc.handlers.resources_rpc [None req-ca32081c-2df5-48da-b287-8c740312edf2 admin admin] Pushing event deleted for resources: {'SecurityGroup': ['ID=9bbc4a37-7b18-4919-b0c8-e858bc0574ab,revision_number=None']} {{(pid=103187) push /opt/stack/neutron/neutron/api/rpc/handlers/resources_rpc.py:237}}
Feb 03 06:53:13.760693 dv-neutron-827593-1-hyperv neutron-server[103186]: INFO neutron.wsgi [None req-d76f7f95-994e-4aa1-863a-1665897dc4a4 tempest-MeteringTestJSON-1801916076 tempest-MeteringTestJSON-1801916076-project-admin] 10.222.0.13 "GET /v2.0/metering/metering-label-rules?id=33 HTTP/1.1" status: 200 len: 221 time: 0.1793132
Feb 03 06:53:13.775552 dv-neutron-827593-1-hyperv neutron-server[103187]: DEBUG neutron.wsgi [-] (103187) accepted ('10.222.0.13', 37772) {{(pid=103187) server /usr/local/lib/python3.8/dist-packages/eventlet/wsgi.py:1004}}
Feb 03 06:53:13.821177 dv-neutron-827593-1-hyperv neutron-server[103187]: DEBUG neutron.api.rpc.handlers.resources_rpc [None req-07727d81-ac8c-49dc-a9d7-cba274be05f9 service neutron] Pushing event updated for resources: {'Port': ['ID=f8a3613d-5e06-4dbe-a964-dcac9d86e9f8,revision_number=2']} {{(pid=103187) push /opt/stack/neutron/neutron/api/rpc/handlers/resources_rpc.py:237}}
Feb 03 06:53:13.827332 dv-neutron-827593-1-hyperv neutron-server[103187]: DEBUG neutron_lib.callbacks.manager [None req-f38220dc-4b42-48da-bcdd-d29be997a846 tempest-AllowedAddressPairIpV6TestJSON-437769872 tempest-AllowedAddressPairIpV6TestJSON-437769872-project] Publish callbacks ['neutron.notifiers.nova.Notifier._send_nova_notification-123904'] for port (None), before_response {{(pid=103187) _notify_loop /usr/local/lib/python3.8/dist-packages/neutron_lib/callbacks/manager.py:176}}
Feb 03 06:53:13.831261 dv-neutron-827593-1-hyperv neutron-server[103187]: INFO neutron.wsgi [None req-f38220dc-4b42-48da-bcdd-d29be997a846 tempest-AllowedAddressPairIpV6TestJSON-437769872 tempest-AllowedAddressPairIpV6TestJSON-437769872-project] 10.222.0.13 "DELETE /v2.0/ports/20bd125f-71b8-420e-9c6c-8f8e099faf1d HTTP/1.1" status: 204 len: 168 time: 3.7118425
Feb 03 06:53:13.849073 dv-neutron-827593-1-hyperv neutron-server[103187]: DEBUG neutron.wsgi [-] (103187) accepted ('10.222.0.13', 37776) {{(pid=103187) server /usr/local/lib/python3.8/dist-packages/eventlet/wsgi.py:1004}}
Feb 03 06:53:13.855970 dv-neutron-827593-1-hyperv neutron-server[103187]: INFO neutron.wsgi [None req-54a12898-2906-401d-91e0-96ddf9ea4be7 tempest-MeteringTestJSON-1801916076 tempest-MeteringTestJSON-1801916076-project-admin] 10.222.0.13 "GET /v2.0/metering/metering-labels?id=33 HTTP/1.1" status: 200 len: 216 time: 0.0754178
Feb 03 06:53:13.866769 dv-neutron-827593-1-hyperv neutron-server[103187]: DEBUG neutron.wsgi [-] (103187) accepted ('10.222.0.13', 37778) {{(pid=103187) server /usr/local/lib/python3.8/dist-packages/eventlet/wsgi.py:1004}}
Feb 03 06:53:13.891648 dv-neutron-827593-1-hyperv neutron-server[103186]: DEBUG neutron.pecan_wsgi.hooks.policy_enforcement [req-55a9ac6c-c437-4cbe-909f-a33ecef121e6 req-15b4b8e7-af76-4e5f-91f8-3e580b4daa55 service neutron] Attributes excluded by policy engine: ['standard_attr_id', 'shared', 'segment_id'] {{(pid=103186) _exclude_attributes_by_policy /opt/stack/neutron/neutron/pecan_wsgi/hooks/policy_enforcement.py:255}}
Feb 03 06:53:13.893141 dv-neutron-827593-1-hyperv neutron-server[103186]: INFO neutron.wsgi [req-55a9ac6c-c437-4cbe-909f-a33ecef121e6 req-15b4b8e7-af76-4e5f-91f8-3e580b4daa55 service neutron] 10.222.0.46 "GET /v2.0/subnets?id=9c8ebda5-3889-4084-b13d-c2be65999859 HTTP/1.1" status: 200 len: 851 time: 0.1569374
Feb 03 06:53:13.932355 dv-neutron-827593-1-hyperv neutron-server[103188]: DEBUG neutron_lib.callbacks.manager [None req-e3a29650-b129-444f-9d97-0cc000c13e6c None None] Publish callbacks ['neutron.services.segments.db._update_segment_host_mapping_for_agent-8735590789012', 'neutron.plugins.ml2.plugin.Ml2Plugin._retry_binding_revived_agents-1100974'] for agent (57a9f35e-efde-4c4f-a97d-19c35a510ab8), after_update {{(pid=103188) _notify_loop /usr/local/lib/python3.8/dist-packages/neutron_lib/callbacks/manager.py:176}}
Feb 03 06:53:13.935727 dv-neutron-827593-1-hyperv neutron-server[103187]: DEBUG neutron_lib.callbacks.manager [None req-b8ee4311-55fa-49ed-a68f-e9a334bc0e73 tempest-RoutersAdminTest-2130275153 tempest-RoutersAdminTest-2130275153-project-admin] Publish callbacks ['neutron.services.l3_router.l3_router_plugin.DVRResourceOperationHandler._delete_dvr_internal_ports-686973'] for router_gateway (93e39c9b-812e-412f-ae00-89f5173e8712), after_delete {{(pid=103187) _notify_loop /usr/local/lib/python3.8/dist-packages/neutron_lib/callbacks/manager.py:176}}
Feb 03 06:53:13.961648 dv-neutron-827593-1-hyperv neutron-server[103187]: INFO neutron.pecan_wsgi.hooks.translation [None req-44e04fb5-c50d-4777-b290-5cddb7d52d13 tempest-AllowedAddressPairIpV6TestJSON-437769872 tempest-AllowedAddressPairIpV6TestJSON-437769872-project] GET failed (client error): The resource could not be found.
Feb 03 06:53:13.965413 dv-neutron-827593-1-hyperv neutron-server[103187]: INFO neutron.wsgi [None req-44e04fb5-c50d-4777-b290-5cddb7d52d13 tempest-AllowedAddressPairIpV6TestJSON-437769872 tempest-AllowedAddressPairIpV6TestJSON-437769872-project] 10.222.0.13 "GET /v2.0/ports/20bd125f-71b8-420e-9c6c-8f8e099faf1d HTTP/1.1" status: 404 len: 333 time: 0.1112592
Feb 03 06:53:14.006512 dv-neutron-827593-1-hyperv neutron-server[103187]: DEBUG neutron.wsgi [-] (103187) accepted ('10.222.0.13', 37780) {{(pid=103187) server /usr/local/lib/python3.8/dist-packages/eventlet/wsgi.py:1004}}
Feb 03 06:53:14.033673 dv-neutron-827593-1-hyperv neutron-server[103186]: INFO neutron.wsgi [None req-a750058a-b193-4daa-b9ad-b105134d690c tempest-FloatingIPAdminTestJSON-1498702089 tempest-FloatingIPAdminTestJSON-1498702089-project-admin] 10.222.0.13 "GET /v2.0/floatingips HTTP/1.1" status: 200 len: 2904 time: 0.4584920
Feb 03 06:53:14.044708 dv-neutron-827593-1-hyperv neutron-server[103186]: DEBUG neutron.wsgi [-] (103186) accepted ('10.222.0.13', 37782) {{(pid=103186) server /usr/local/lib/python3.8/dist-packages/eventlet/wsgi.py:1004}}
Feb 03 06:53:14.055569 dv-neutron-827593-1-hyperv neutron-server[103186]: DEBUG neutron.pecan_wsgi.hooks.policy_enforcement [req-ee25a032-54f6-45c1-ad98-99d1f2aea409 req-dc60af65-df05-4111-854f-510d698a213b service neutron] Attributes excluded by policy engine: ['standard_attr_id'] {{(pid=103186) _exclude_attributes_by_policy /opt/stack/neutron/neutron/pecan_wsgi/hooks/policy_enforcement.py:255}}
Feb 03 06:53:14.057221 dv-neutron-827593-1-hyperv neutron-server[103186]: INFO neutron.wsgi [req-ee25a032-54f6-45c1-ad98-99d1f2aea409 req-dc60af65-df05-4111-854f-510d698a213b service neutron] 10.222.0.46 "GET /v2.0/ports?tenant_id=22f54eff2d774c87b93548b0bb239d91&device_id=7eb44658-2857-44fd-8618-debdf04be9c6 HTTP/1.1" status: 200 len: 1127 time: 0.3661320
Feb 03 06:53:14.092533 dv-neutron-827593-1-hyperv neutron-server[103187]: INFO neutron.wsgi [None req-7cbb0a60-86ba-423f-be35-903c9870822b tempest-MeteringTestJSON-1801916076 tempest-MeteringTestJSON-1801916076-project-admin] 10.222.0.13 "GET /v2.0/metering/metering-labels/05058973-481d-42c3-9122-b799b6afa168 HTTP/1.1" status: 200 len: 473 time: 0.2218468
Feb 03 06:53:14.136429 dv-neutron-827593-1-hyperv neutron-server[103186]: DEBUG neutron.wsgi [-] (103186) accepted ('10.222.0.13', 37784) {{(pid=103186) server /usr/local/lib/python3.8/dist-packages/eventlet/wsgi.py:1004}}
Feb 03 06:53:14.136662 dv-neutron-827593-1-hyperv neutron-server[103186]: DEBUG neutron.wsgi [-] (103186) accepted ('10.222.0.13', 37786) {{(pid=103186) server /usr/local/lib/python3.8/dist-packages/eventlet/wsgi.py:1004}}
Feb 03 06:53:14.161182 dv-neutron-827593-1-hyperv neutron-server[103187]: DEBUG neutron_lib.callbacks.manager [None req-b8ee4311-55fa-49ed-a68f-e9a334bc0e73 tempest-RoutersAdminTest-2130275153 tempest-RoutersAdminTest-2130275153-project-admin] Publish callbacks ['neutron.services.l3_router.l3_router_plugin.L3_HA_NAT_db_mixin._release_router_vr_id-680420', 'neutron.services.l3_router.service_providers.driver_controller.DriverController._clear_router_provider-65012'] for router (93e39c9b-812e-412f-ae00-89f5173e8712), precommit_delete {{(pid=103187) _notify_loop /usr/local/lib/python3.8/dist-packages/neutron_lib/callbacks/manager.py:176}}
Feb 03 06:53:14.165154 dv-neutron-827593-1-hyperv neutron-server[103187]: DEBUG neutron_lib.callbacks.manager [None req-b8ee4311-55fa-49ed-a68f-e9a334bc0e73 tempest-RoutersAdminTest-2130275153 tempest-RoutersAdminTest-2130275153-project-admin] Publish callbacks [] for router_controller (93e39c9b-812e-412f-ae00-89f5173e8712), precommit_delete_associations {{(pid=103187) _notify_loop /usr/local/lib/python3.8/dist-packages/neutron_lib/callbacks/manager.py:176}}
Feb 03 06:53:14.203882 dv-neutron-827593-1-hyperv neutron-server[103186]: DEBUG neutron.notifiers.nova [-] Sending events: [{'name': 'network-changed', 'server_uuid': '7eb44658-2857-44fd-8618-debdf04be9c6', 'tag': '70dfc01e-e649-453f-b22b-de7a70efdcde'}] {{(pid=103186) send_events /opt/stack/neutron/neutron/notifiers/nova.py:266}}
Feb 03 06:53:14.206005 dv-neutron-827593-1-hyperv neutron-server[103186]: DEBUG novaclient.v2.client [-] REQ: curl -g -i --cacert "/opt/stack/data/ca-bundle.pem" -X POST http://10.222.0.13/compute/v2.1/os-server-external-events -H "Accept: application/json" -H "Content-Type: application/json" -H "User-Agent: python-novaclient" -H "X-Auth-Token: {SHA256}50e454d1d5fd94e3f4814c25b1a47d662aebf775f826cfeee9dbad2efa2e7031" -H "X-OpenStack-Nova-API-Version: 2.1" -H "X-OpenStack-Request-ID: req-4d5e6944-3af0-4276-bbf8-3961f46d5c70" -d '{"events": [{"name": "network-changed", "server_uuid": "7eb44658-2857-44fd-8618-debdf04be9c6", "tag": "70dfc01e-e649-453f-b22b-de7a70efdcde"}]}' {{(pid=103186) _http_log_request /usr/local/lib/python3.8/dist-packages/keystoneauth1/session.py:519}}
Feb 03 06:53:14.240110 dv-neutron-827593-1-hyperv neutron-server[103187]: DEBUG neutron.plugins.ml2.managers [req-67ab5d0c-3a34-4a20-a491-7e0fdbd52677 req-07727d81-ac8c-49dc-a9d7-cba274be05f9 service neutron] Attempting to bind port f8a3613d-5e06-4dbe-a964-dcac9d86e9f8 on host hv-neutron-8275 for vnic_type normal with profile {{(pid=103187) bind_port /opt/stack/neutron/neutron/plugins/ml2/managers.py:795}}
Feb 03 06:53:14.240530 dv-neutron-827593-1-hyperv neutron-server[103187]: DEBUG neutron.plugins.ml2.managers [req-67ab5d0c-3a34-4a20-a491-7e0fdbd52677 req-07727d81-ac8c-49dc-a9d7-cba274be05f9 service neutron] Attempting to bind port f8a3613d-5e06-4dbe-a964-dcac9d86e9f8 by drivers openvswitch,hyperv on host hv-neutron-8275 at level 0 using segments [{'id': '2e1a8596-a66a-44c8-bba3-31e7cf0f9661', 'network_type': 'vlan', 'physical_network': 'physnet1', 'segmentation_id': 288, 'network_id': '1294b874-a5c2-4005-b421-3de211bae469'}] {{(pid=103187) _bind_port_level /opt/stack/neutron/neutron/plugins/ml2/managers.py:820}}
Feb 03 06:53:14.240690 dv-neutron-827593-1-hyperv neutron-server[103186]: INFO neutron.wsgi [req-ee25a032-54f6-45c1-ad98-99d1f2aea409 req-39cbf5e5-f11d-4a1c-a771-7be305ba13ae service neutron] 10.222.0.46 "GET /v2.0/floatingips?fixed_ip_address=172.20.0.7&port_id=70dfc01e-e649-453f-b22b-de7a70efdcde HTTP/1.1" status: 200 len: 217 time: 0.1533008
Feb 03 06:53:14.240882 dv-neutron-827593-1-hyperv neutron-server[103187]: DEBUG neutron.plugins.ml2.drivers.mech_agent [req-67ab5d0c-3a34-4a20-a491-7e0fdbd52677 req-07727d81-ac8c-49dc-a9d7-cba274be05f9 service neutron] Attempting to bind port f8a3613d-5e06-4dbe-a964-dcac9d86e9f8 on network 1294b874-a5c2-4005-b421-3de211bae469 {{(pid=103187) bind_port /opt/stack/neutron/neutron/plugins/ml2/drivers/mech_agent.py:91}}
Feb 03 06:53:14.256266 dv-neutron-827593-1-hyperv neutron-server[103186]: INFO neutron.wsgi [None req-79d22937-7770-443e-a272-cb2a50d1035d tempest-MeteringTestJSON-1801916076 tempest-MeteringTestJSON-1801916076-project-admin] 10.222.0.13 "GET /v2.0/metering/metering-label-rules/5ffcfb7d-0a0f-434f-9ccd-549e35d680af HTTP/1.1" status: 200 len: 461 time: 0.1063430
Feb 03 06:53:14.264366 dv-neutron-827593-1-hyperv neutron-server[103186]: DEBUG neutron.wsgi [-] (103186) accepted ('10.222.0.13', 37790) {{(pid=103186) server /usr/local/lib/python3.8/dist-packages/eventlet/wsgi.py:1004}}
Feb 03 06:53:14.273667 dv-neutron-827593-1-hyperv neutron-server[103186]: DEBUG novaclient.v2.client [-] RESP: [200] Connection: close Content-Length: 179 Content-Type: application/json Date: Thu, 03 Feb 2022 06:53:14 GMT OpenStack-API-Version: compute 2.1 Server: Apache/2.4.41 (Ubuntu) Vary: OpenStack-API-Version,X-OpenStack-Nova-API-Version X-OpenStack-Nova-API-Version: 2.1 x-compute-request-id: req-fb3f3fce-ac52-4862-a80c-9d9059f2df02 x-openstack-request-id: req-fb3f3fce-ac52-4862-a80c-9d9059f2df02 {{(pid=103186) _http_log_response /usr/local/lib/python3.8/dist-packages/keystoneauth1/session.py:550}}
Feb 03 06:53:14.273965 dv-neutron-827593-1-hyperv neutron-server[103186]: DEBUG novaclient.v2.client [-] RESP BODY: {"events": [{"name": "network-changed", "server_uuid": "7eb44658-2857-44fd-8618-debdf04be9c6", "tag": "70dfc01e-e649-453f-b22b-de7a70efdcde", "status": "completed", "code": 200}]} {{(pid=103186) _http_log_response /usr/local/lib/python3.8/dist-packages/keystoneauth1/session.py:582}}
Feb 03 06:53:14.274262 dv-neutron-827593-1-hyperv neutron-server[103186]: DEBUG novaclient.v2.client [-] POST call to compute for http://10.222.0.13/compute/v2.1/os-server-external-events used request id req-fb3f3fce-ac52-4862-a80c-9d9059f2df02 {{(pid=103186) request /usr/local/lib/python3.8/dist-packages/keystoneauth1/session.py:954}}
Feb 03 06:53:14.274655 dv-neutron-827593-1-hyperv neutron-server[103186]: INFO neutron.notifiers.nova [-] Nova event response: {'name': 'network-changed', 'server_uuid': '7eb44658-2857-44fd-8618-debdf04be9c6', 'tag': '70dfc01e-e649-453f-b22b-de7a70efdcde', 'status': 'completed', 'code': 200}
Feb 03 06:53:14.275903 dv-neutron-827593-1-hyperv neutron-server[103187]: DEBUG neutron_lib.callbacks.manager [None req-b8ee4311-55fa-49ed-a68f-e9a334bc0e73 tempest-RoutersAdminTest-2130275153 tempest-RoutersAdminTest-2130275153-project-admin] Publish callbacks ['neutron.services.l3_router.l3_router_plugin.L3_HA_NAT_db_mixin._cleanup_ha_network_handler-680429'] for router (93e39c9b-812e-412f-ae00-89f5173e8712), after_delete {{(pid=103187) _notify_loop /usr/local/lib/python3.8/dist-packages/neutron_lib/callbacks/manager.py:176}}
Feb 03 06:53:14.276460 dv-neutron-827593-1-hyperv neutron-server[103187]: DEBUG neutron.api.rpc.agentnotifiers.l3_rpc_agent_api [None req-b8ee4311-55fa-49ed-a68f-e9a334bc0e73 tempest-RoutersAdminTest-2130275153 tempest-RoutersAdminTest-2130275153-project-admin] Fanout notify agent at l3_agent the message router_deleted on router 93e39c9b-812e-412f-ae00-89f5173e8712 {{(pid=103187) _notification_fanout /opt/stack/neutron/neutron/api/rpc/agentnotifiers/l3_rpc_agent_api.py:114}}
Feb 03 06:53:14.278739 dv-neutron-827593-1-hyperv neutron-server[103187]: DEBUG neutron.plugins.ml2.drivers.mech_agent [req-67ab5d0c-3a34-4a20-a491-7e0fdbd52677 req-07727d81-ac8c-49dc-a9d7-cba274be05f9 service neutron] Port f8a3613d-5e06-4dbe-a964-dcac9d86e9f8 on network 1294b874-a5c2-4005-b421-3de211bae469 not bound, no agent of type Open vSwitch agent registered on host hv-neutron-8275 {{(pid=103187) bind_port /opt/stack/neutron/neutron/plugins/ml2/drivers/mech_agent.py:103}}
Feb 03 06:53:14.279081 dv-neutron-827593-1-hyperv neutron-server[103187]: DEBUG neutron.plugins.ml2.drivers.mech_agent [req-67ab5d0c-3a34-4a20-a491-7e0fdbd52677 req-07727d81-ac8c-49dc-a9d7-cba274be05f9 service neutron] Attempting to bind port f8a3613d-5e06-4dbe-a964-dcac9d86e9f8 on network 1294b874-a5c2-4005-b421-3de211bae469 {{(pid=103187) bind_port /opt/stack/neutron/neutron/plugins/ml2/drivers/mech_agent.py:91}}
Feb 03 06:53:14.286614 dv-neutron-827593-1-hyperv neutron-server[103187]: DEBUG neutron_lib.callbacks.manager [None req-b8ee4311-55fa-49ed-a68f-e9a334bc0e73 tempest-RoutersAdminTest-2130275153 tempest-RoutersAdminTest-2130275153-project-admin] Publish callbacks [] for router (None), before_response {{(pid=103187) _notify_loop /usr/local/lib/python3.8/dist-packages/neutron_lib/callbacks/manager.py:176}}
Feb 03 06:53:14.290251 dv-neutron-827593-1-hyperv neutron-server[103187]: INFO neutron.wsgi [None req-b8ee4311-55fa-49ed-a68f-e9a334bc0e73 tempest-RoutersAdminTest-2130275153 tempest-RoutersAdminTest-2130275153-project-admin] 10.222.0.13 "DELETE /v2.0/routers/93e39c9b-812e-412f-ae00-89f5173e8712 HTTP/1.1" status: 204 len: 168 time: 5.0962365
Feb 03 06:53:14.293055 dv-neutron-827593-1-hyperv neutron-server[103187]: DEBUG neutron.wsgi [-] (103187) accepted ('10.222.0.13', 37792) {{(pid=103187) server /usr/local/lib/python3.8/dist-packages/eventlet/wsgi.py:1004}}
Feb 03 06:53:14.319612 dv-neutron-827593-1-hyperv neutron-server[103187]: DEBUG neutron.plugins.ml2.drivers.mech_agent [req-67ab5d0c-3a34-4a20-a491-7e0fdbd52677 req-07727d81-ac8c-49dc-a9d7-cba274be05f9 service neutron] Checking agent: {'id': 'c5fa52e1-f971-45de-ad3c-6b8700cf091b', 'agent_type': 'HyperV agent', 'binary': 'neutron-hyperv-agent', 'topic': 'N/A', 'host': 'hv-neutron-8275', 'admin_state_up': True, 'created_at': datetime.datetime(2022, 2, 3, 6, 50, 58), 'started_at': datetime.datetime(2022, 2, 3, 6, 50, 58), 'heartbeat_timestamp': datetime.datetime(2022, 2, 3, 6, 52, 58), 'description': None, 'resources_synced': None, 'availability_zone': None, 'alive': True, 'configurations': {'vswitch_mappings': {'physnet1$': 'br-data'}}, 'resource_versions': {}} {{(pid=103187) bind_port /opt/stack/neutron/neutron/plugins/ml2/drivers/mech_agent.py:110}}
Feb 03 06:53:14.319955 dv-neutron-827593-1-hyperv neutron-server[103187]: DEBUG neutron.plugins.ml2.drivers.mech_agent [req-67ab5d0c-3a34-4a20-a491-7e0fdbd52677 req-07727d81-ac8c-49dc-a9d7-cba274be05f9 service neutron] Checking segment: {'id': '2e1a8596-a66a-44c8-bba3-31e7cf0f9661', 'network_type': 'vlan', 'physical_network': 'physnet1', 'segmentation_id': 288, 'network_id': '1294b874-a5c2-4005-b421-3de211bae469'} for mappings: {'physnet1$': 'br-data'} with network types: ['local', 'flat', 'vlan'] {{(pid=103187) check_segment_for_agent /opt/stack/neutron/neutron/plugins/ml2/drivers/mech_agent.py:373}}
Feb 03 06:53:14.320512 dv-neutron-827593-1-hyperv neutron-server[103187]: DEBUG neutron.plugins.ml2.drivers.mech_agent [req-67ab5d0c-3a34-4a20-a491-7e0fdbd52677 req-07727d81-ac8c-49dc-a9d7-cba274be05f9 service neutron] Bound using segment: {'id': '2e1a8596-a66a-44c8-bba3-31e7cf0f9661', 'network_type': 'vlan', 'physical_network': 'physnet1', 'segmentation_id': 288, 'network_id': '1294b874-a5c2-4005-b421-3de211bae469'} {{(pid=103187) bind_port /opt/stack/neutron/neutron/plugins/ml2/drivers/mech_agent.py:120}}
Feb 03 06:53:14.320984 dv-neutron-827593-1-hyperv neutron-server[103187]: DEBUG neutron.plugins.ml2.managers [req-67ab5d0c-3a34-4a20-a491-7e0fdbd52677 req-07727d81-ac8c-49dc-a9d7-cba274be05f9 service neutron] Bound port: f8a3613d-5e06-4dbe-a964-dcac9d86e9f8, host: hv-neutron-8275, vif_type: hyperv, vif_details: {"connectivity": "legacy", "port_filter": false}, binding_levels: [{'bound_driver': 'hyperv', 'bound_segment': {'id': '2e1a8596-a66a-44c8-bba3-31e7cf0f9661', 'network_type': 'vlan', 'physical_network': 'physnet1', 'segmentation_id': 288, 'network_id': '1294b874-a5c2-4005-b421-3de211bae469'}}] {{(pid=103187) _bind_port_level /opt/stack/neutron/neutron/plugins/ml2/managers.py:932}}
Feb 03 06:53:14.321336 dv-neutron-827593-1-hyperv neutron-server[103187]: DEBUG neutron_lib.callbacks.manager [req-67ab5d0c-3a34-4a20-a491-7e0fdbd52677 req-07727d81-ac8c-49dc-a9d7-cba274be05f9 service neutron] Publish callbacks ['neutron.plugins.ml2.plugin.SecurityGroupDbMixin._ensure_default_security_group_handler-1932016'] for port (f8a3613d-5e06-4dbe-a964-dcac9d86e9f8), before_update {{(pid=103187) _notify_loop /usr/local/lib/python3.8/dist-packages/neutron_lib/callbacks/manager.py:176}}
Feb 03 06:53:14.390471 dv-neutron-827593-1-hyperv neutron-server[103186]: DEBUG neutron.pecan_wsgi.hooks.policy_enforcement [req-73d89a85-7428-42db-b8b8-8d997dc52871 req-6f676d37-4f7d-47bc-a07f-fb8de3c27d50 tempest-ServerActionsTestJSON-1963896971 tempest-ServerActionsTestJSON-1963896971-project] Attributes excluded by policy engine: ['standard_attr_id', 'binding:profile', 'binding:host_id', 'binding:vif_type', 'binding:vif_details'] {{(pid=103186) _exclude_attributes_by_policy /opt/stack/neutron/neutron/pecan_wsgi/hooks/policy_enforcement.py:255}}
Feb 03 06:53:14.392002 dv-neutron-827593-1-hyperv neutron-server[103186]: INFO neutron.wsgi [req-73d89a85-7428-42db-b8b8-8d997dc52871 req-6f676d37-4f7d-47bc-a07f-fb8de3c27d50 tempest-ServerActionsTestJSON-1963896971 tempest-ServerActionsTestJSON-1963896971-project] 10.222.0.13 "GET /v2.0/ports?device_id=348299b9-944e-4666-bb95-3c63a37b71f7 HTTP/1.1" status: 200 len: 943 time: 0.5094802
Feb 03 06:53:14.394562 dv-neutron-827593-1-hyperv neutron-server[103187]: DEBUG neutron.db.db_base_plugin_v2 [None req-f3357a9f-596a-4397-8912-ecafcb77cc94 tempest-RoutersAdminTest-2130275153 tempest-RoutersAdminTest-2130275153-project-admin] Deleting subnet 8de9467f-0b45-40f6-96b8-bfbb7d49aef0 {{(pid=103187) delete_subnet /opt/stack/neutron/neutron/db/db_base_plugin_v2.py:1065}}
Feb 03 06:53:14.395911 dv-neutron-827593-1-hyperv neutron-server[103186]: DEBUG neutron.pecan_wsgi.hooks.policy_enforcement [req-55a9ac6c-c437-4cbe-909f-a33ecef121e6 req-10599bb3-4b30-4f1b-b469-c6b97d028ee4 service neutron] Attributes excluded by policy engine: ['standard_attr_id'] {{(pid=103186) _exclude_attributes_by_policy /opt/stack/neutron/neutron/pecan_wsgi/hooks/policy_enforcement.py:255}}
Feb 03 06:53:14.397802 dv-neutron-827593-1-hyperv neutron-server[103186]: INFO neutron.wsgi [req-55a9ac6c-c437-4cbe-909f-a33ecef121e6 req-10599bb3-4b30-4f1b-b469-c6b97d028ee4 service neutron] 10.222.0.46 "GET /v2.0/ports?network_id=b42223d4-379e-4b8d-a270-72e6057d63d1&device_owner=network%3Adhcp HTTP/1.1" status: 200 len: 1214 time: 0.4833627
Feb 03 06:53:14.453329 dv-neutron-827593-1-hyperv neutron-server[103186]: INFO neutron.wsgi [None req-d0493e29-8610-4699-ac30-1f404b5ffa5a admin admin] 10.222.0.13 "GET /v2.0/security-groups?tenant_id=4b672ef63c15402da644e73520b3605b&name=default HTTP/1.1" status: 200 len: 2992 time: 0.2997239
Feb 03 06:53:14.465939 dv-neutron-827593-1-hyperv neutron-server[103186]: DEBUG neutron.wsgi [-] (103186) accepted ('10.222.0.13', 37798) {{(pid=103186) server /usr/local/lib/python3.8/dist-packages/eventlet/wsgi.py:1004}}
Feb 03 06:53:14.651814 dv-neutron-827593-1-hyperv neutron-server[103187]: DEBUG neutron_lib.callbacks.manager [None req-f3357a9f-596a-4397-8912-ecafcb77cc94 tempest-RoutersAdminTest-2130275153 tempest-RoutersAdminTest-2130275153-project-admin] Publish callbacks [] for subnet (8de9467f-0b45-40f6-96b8-bfbb7d49aef0), before_delete {{(pid=103187) _notify_loop /usr/local/lib/python3.8/dist-packages/neutron_lib/callbacks/manager.py:176}}
Feb 03 06:53:14.678558 dv-neutron-827593-1-hyperv neutron-server[103187]: DEBUG neutron.plugins.ml2.plugin [None req-8c908d1a-e662-4999-898b-82a5d22718f6 tempest-AllowedAddressPairIpV6TestJSON-437769872 tempest-AllowedAddressPairIpV6TestJSON-437769872-project] Deleting port fc8af15f-e136-47ee-9759-8b1b2976d3aa {{(pid=103187) _pre_delete_port /opt/stack/neutron/neutron/plugins/ml2/plugin.py:1984}}
Feb 03 06:53:14.678907 dv-neutron-827593-1-hyperv neutron-server[103187]: DEBUG neutron_lib.callbacks.manager [None req-8c908d1a-e662-4999-898b-82a5d22718f6 tempest-AllowedAddressPairIpV6TestJSON-437769872 tempest-AllowedAddressPairIpV6TestJSON-437769872-project] Publish callbacks ['neutron.db.l3_db.L3_NAT_dbonly_mixin._prevent_l3_port_delete_callback-8735590717058'] for port (fc8af15f-e136-47ee-9759-8b1b2976d3aa), before_delete {{(pid=103187) _notify_loop /usr/local/lib/python3.8/dist-packages/neutron_lib/callbacks/manager.py:176}}
Feb 03 06:53:14.749453 dv-neutron-827593-1-hyperv neutron-server[103186]: DEBUG neutron.pecan_wsgi.hooks.policy_enforcement [req-ee25a032-54f6-45c1-ad98-99d1f2aea409 req-ed1b2056-f31a-4776-a828-943db3397022 service neutron] Attributes excluded by policy engine: ['standard_attr_id', 'shared', 'segment_id'] {{(pid=103186) _exclude_attributes_by_policy /opt/stack/neutron/neutron/pecan_wsgi/hooks/policy_enforcement.py:255}}
Feb 03 06:53:14.750836 dv-neutron-827593-1-hyperv neutron-server[103186]: INFO neutron.wsgi [req-ee25a032-54f6-45c1-ad98-99d1f2aea409 req-ed1b2056-f31a-4776-a828-943db3397022 service neutron] 10.222.0.46 "GET /v2.0/subnets?id=f02699b6-948f-41a9-92d5-4dbc25f38226 HTTP/1.1" status: 200 len: 845 time: 0.4926186
Feb 03 06:53:14.775936 dv-neutron-827593-1-hyperv neutron-server[103187]: DEBUG neutron_lib.callbacks.manager [None req-f3357a9f-596a-4397-8912-ecafcb77cc94 tempest-RoutersAdminTest-2130275153 tempest-RoutersAdminTest-2130275153-project-admin] Publish callbacks ['neutron.services.segments.plugin.Plugin._validate_auto_address_subnet_delete-5111232'] for subnet (8de9467f-0b45-40f6-96b8-bfbb7d49aef0), precommit_delete_associations {{(pid=103187) _notify_loop /usr/local/lib/python3.8/dist-packages/neutron_lib/callbacks/manager.py:176}}
Feb 03 06:53:14.798836 dv-neutron-827593-1-hyperv neutron-server[103187]: DEBUG neutron.plugins.ml2.db [req-67ab5d0c-3a34-4a20-a491-7e0fdbd52677 req-07727d81-ac8c-49dc-a9d7-cba274be05f9 service neutron] For port f8a3613d-5e06-4dbe-a964-dcac9d86e9f8, host hv-neutron-8275, cleared binding levels {{(pid=103187) clear_binding_levels /opt/stack/neutron/neutron/plugins/ml2/db.py:87}}
Feb 03 06:53:14.835417 dv-neutron-827593-1-hyperv neutron-server[103187]: DEBUG neutron.pecan_wsgi.hooks.policy_enforcement [req-7413da7d-5f9a-4735-adb3-2bc652f45c39 req-2990f346-f6c5-44f0-9395-feaf1e0c929b tempest-ServersTestJSON-1518869472 tempest-ServersTestJSON-1518869472-project] Attributes excluded by policy engine: ['standard_attr_id', 'binding:profile', 'binding:host_id', 'binding:vif_type', 'binding:vif_details'] {{(pid=103187) _exclude_attributes_by_policy /opt/stack/neutron/neutron/pecan_wsgi/hooks/policy_enforcement.py:255}}
Feb 03 06:53:14.836933 dv-neutron-827593-1-hyperv neutron-server[103187]: INFO neutron.wsgi [req-7413da7d-5f9a-4735-adb3-2bc652f45c39 req-2990f346-f6c5-44f0-9395-feaf1e0c929b tempest-ServersTestJSON-1518869472 tempest-ServersTestJSON-1518869472-project] 10.222.0.13 "GET /v2.0/ports?device_id=7eb44658-2857-44fd-8618-debdf04be9c6 HTTP/1.1" status: 200 len: 943 time: 0.4617038
Feb 03 06:53:14.838782 dv-neutron-827593-1-hyperv neutron-server[103187]: DEBUG neutron.plugins.ml2.db [req-67ab5d0c-3a34-4a20-a491-7e0fdbd52677 req-07727d81-ac8c-49dc-a9d7-cba274be05f9 service neutron] For port f8a3613d-5e06-4dbe-a964-dcac9d86e9f8, host hv-neutron-8275, set binding levels [PortBindingLevel(driver='hyperv',host='hv-neutron-8275',level=0,port_id=f8a3613d-5e06-4dbe-a964-dcac9d86e9f8,segment=NetworkSegment(2e1a8596-a66a-44c8-bba3-31e7cf0f9661),segment_id=2e1a8596-a66a-44c8-bba3-31e7cf0f9661)] {{(pid=103187) set_binding_levels /opt/stack/neutron/neutron/plugins/ml2/db.py:59}}
Feb 03 06:53:14.864214 dv-neutron-827593-1-hyperv neutron-server[103187]: DEBUG neutron_lib.callbacks.manager [req-67ab5d0c-3a34-4a20-a491-7e0fdbd52677 req-07727d81-ac8c-49dc-a9d7-cba274be05f9 service neutron] Publish callbacks ['neutron.plugins.ml2.plugin.SecurityGroupServerNotifierRpcMixin._notify_sg_on_port_change-1931685', 'neutron.plugins.ml2.ovo_rpc._ObjectChangeHandler.handle_event-7242', 'neutron.api.rpc.agentnotifiers.dhcp_rpc_agent_api.DhcpAgentNotifyAPI._native_event_send_dhcp_notification-564426', 'neutron.db.l3_db.L3RpcNotifierMixin._notify_gateway_port_ip_changed-8735590721006', 'neutron.db.l3_dvrscheduler_db._notify_l3_agent_port_update-8735590321228', 'neutron.db.l3_hascheduler_db._notify_l3_agent_ha_port_update-8735590321246', 'neutron.services.segments.plugin.NovaSegmentNotifier._notify_port_updated-4962661'] for port (f8a3613d-5e06-4dbe-a964-dcac9d86e9f8), after_update {{(pid=103187) _notify_loop /usr/local/lib/python3.8/dist-packages/neutron_lib/callbacks/manager.py:176}}
