Feb 03 06:44:32.255101 dv-neutron-827590-1-hyperv neutron-server[110305]: DEBUG neutron_lib.callbacks.manager [None req-13000fa7-810a-494b-87d2-7278151b0bab admin admin] Publish callbacks [] for security_group (17253cb4-44e6-4df6-aeeb-e376f09b3433), before_delete {{(pid=110305) _notify_loop /usr/local/lib/python3.8/dist-packages/neutron_lib/callbacks/manager.py:176}}
Feb 03 06:44:32.295888 dv-neutron-827590-1-hyperv neutron-server[110305]: DEBUG neutron_lib.callbacks.manager [None req-13000fa7-810a-494b-87d2-7278151b0bab admin admin] Publish callbacks [] for security_group (17253cb4-44e6-4df6-aeeb-e376f09b3433), precommit_delete {{(pid=110305) _notify_loop /usr/local/lib/python3.8/dist-packages/neutron_lib/callbacks/manager.py:176}}
Feb 03 06:44:32.327244 dv-neutron-827590-1-hyperv neutron-server[110305]: DEBUG neutron_lib.callbacks.manager [None req-b3bc3576-f5fa-4845-be5a-32abaf584364 tempest-ExternalNetworksTestJSON-2118121034 tempest-ExternalNetworksTestJSON-2118121034-project-admin] Publish callbacks ['neutron.plugins.ml2.plugin.Ml2Plugin._network_delete_precommit_handler-1151415', 'neutron.services.segments.db._delete_segments_for_network-8758604763046'] for network (a3bd1375-6f82-4f35-bae6-f59fffaa7fca), precommit_delete {{(pid=110305) _notify_loop /usr/local/lib/python3.8/dist-packages/neutron_lib/callbacks/manager.py:176}}
Feb 03 06:44:32.338181 dv-neutron-827590-1-hyperv neutron-server[110306]: DEBUG neutron_lib.callbacks.manager [None req-d85cf77c-61f6-42a5-a694-70a29964a085 tempest-ServerActionsTestJSON-120779490 tempest-ServerActionsTestJSON-120779490-project] Publish callbacks [] for floatingip (2c4ab7b6-1ba1-44cb-999e-0a25d023884f), precommit_create {{(pid=110306) _notify_loop /usr/local/lib/python3.8/dist-packages/neutron_lib/callbacks/manager.py:176}}
Feb 03 06:44:32.364542 dv-neutron-827590-1-hyperv neutron-server[110305]: DEBUG neutron.services.segments.db [None req-b3bc3576-f5fa-4845-be5a-32abaf584364 tempest-ExternalNetworksTestJSON-2118121034 tempest-ExternalNetworksTestJSON-2118121034-project-admin] neutron.services.segments.plugin.Plugin method get_segments called with arguments (,) {'filters': {'network_id': ['a3bd1375-6f82-4f35-bae6-f59fffaa7fca']}} {{(pid=110305) wrapper /usr/local/lib/python3.8/dist-packages/oslo_log/helpers.py:65}}
Feb 03 06:44:32.376902 dv-neutron-827590-1-hyperv neutron-server[110305]: DEBUG neutron.services.segments.db [None req-b3bc3576-f5fa-4845-be5a-32abaf584364 tempest-ExternalNetworksTestJSON-2118121034 tempest-ExternalNetworksTestJSON-2118121034-project-admin] neutron.services.segments.plugin.Plugin method delete_segment called with arguments (, 'caae2261-06fa-46ca-a9c3-a8e4caf6a9b5') {'for_net_delete': True} {{(pid=110305) wrapper /usr/local/lib/python3.8/dist-packages/oslo_log/helpers.py:65}}
Feb 03 06:44:32.377237 dv-neutron-827590-1-hyperv neutron-server[110305]: DEBUG neutron.services.segments.db [None req-b3bc3576-f5fa-4845-be5a-32abaf584364 tempest-ExternalNetworksTestJSON-2118121034 tempest-ExternalNetworksTestJSON-2118121034-project-admin] neutron.services.segments.plugin.Plugin method get_segment called with arguments (, 'caae2261-06fa-46ca-a9c3-a8e4caf6a9b5') {} {{(pid=110305) wrapper /usr/local/lib/python3.8/dist-packages/oslo_log/helpers.py:65}}
Feb 03 06:44:32.387794 dv-neutron-827590-1-hyperv neutron-server[110305]: DEBUG neutron_lib.callbacks.manager [None req-b3bc3576-f5fa-4845-be5a-32abaf584364 tempest-ExternalNetworksTestJSON-2118121034 tempest-ExternalNetworksTestJSON-2118121034-project-admin] Publish callbacks ['neutron.plugins.ml2.db._prevent_segment_delete_with_port_bound-8758604798639', 'neutron.services.segments.plugin.Plugin._prevent_segment_delete_with_subnet_associated-14274412'] for segment (caae2261-06fa-46ca-a9c3-a8e4caf6a9b5), before_delete {{(pid=110305) _notify_loop /usr/local/lib/python3.8/dist-packages/neutron_lib/callbacks/manager.py:176}}
Feb 03 06:44:32.403482 dv-neutron-827590-1-hyperv neutron-server[110305]: DEBUG neutron_lib.callbacks.manager [None req-b3bc3576-f5fa-4845-be5a-32abaf584364 tempest-ExternalNetworksTestJSON-2118121034 tempest-ExternalNetworksTestJSON-2118121034-project-admin] Publish callbacks ['neutron.plugins.ml2.plugin.Ml2Plugin._handle_segment_change-1156243'] for segment (caae2261-06fa-46ca-a9c3-a8e4caf6a9b5), precommit_delete {{(pid=110305) _notify_loop /usr/local/lib/python3.8/dist-packages/neutron_lib/callbacks/manager.py:176}}
Feb 03 06:44:32.406735 dv-neutron-827590-1-hyperv neutron-server[110306]: DEBUG neutron_lib.callbacks.manager [None req-1135408e-e633-4f22-be33-3e8ae7c6d4b3 admin admin] Publish callbacks [] for security_group (027c1a2f-217f-4f20-b6e1-ccdf290934e1), precommit_create {{(pid=110306) _notify_loop /usr/local/lib/python3.8/dist-packages/neutron_lib/callbacks/manager.py:176}}
Feb 03 06:44:32.413619 dv-neutron-827590-1-hyperv neutron-server[110305]: DEBUG neutron.plugins.ml2.drivers.type_vlan [None req-b3bc3576-f5fa-4845-be5a-32abaf584364 tempest-ExternalNetworksTestJSON-2118121034 tempest-ExternalNetworksTestJSON-2118121034-project-admin] Releasing vlan 246 on physical network physnet1 to pool {{(pid=110305) release_segment /opt/stack/neutron/neutron/plugins/ml2/drivers/type_vlan.py:304}}
Feb 03 06:44:32.423556 dv-neutron-827590-1-hyperv neutron-server[110305]: DEBUG neutron_lib.callbacks.manager [None req-b3bc3576-f5fa-4845-be5a-32abaf584364 tempest-ExternalNetworksTestJSON-2118121034 tempest-ExternalNetworksTestJSON-2118121034-project-admin] Publish callbacks ['neutron.plugins.ml2.plugin.Ml2Plugin._handle_segment_change-1156243', 'neutron.services.segments.plugin.NovaSegmentNotifier._notify_segment_deleted-14336546'] for segment (caae2261-06fa-46ca-a9c3-a8e4caf6a9b5), after_delete {{(pid=110305) _notify_loop /usr/local/lib/python3.8/dist-packages/neutron_lib/callbacks/manager.py:176}}
Feb 03 06:44:32.423556 dv-neutron-827590-1-hyperv neutron-server[110305]: Traceback (most recent call last):
Feb 03 06:44:32.423556 dv-neutron-827590-1-hyperv neutron-server[110305]: File "/usr/local/lib/python3.8/dist-packages/eventlet/hubs/hub.py", line 476, in fire_timers
Feb 03 06:44:32.423556 dv-neutron-827590-1-hyperv neutron-server[110305]: timer()
Feb 03 06:44:32.423556 dv-neutron-827590-1-hyperv neutron-server[110305]: File "/usr/local/lib/python3.8/dist-packages/eventlet/hubs/timer.py", line 59, in __call__
Feb 03 06:44:32.423556 dv-neutron-827590-1-hyperv neutron-server[110305]: cb(*args, **kw)
Feb 03 06:44:32.423556 dv-neutron-827590-1-hyperv neutron-server[110305]: File "/opt/stack/neutron/neutron/common/utils.py", line 921, in wrapper
Feb 03 06:44:32.423556 dv-neutron-827590-1-hyperv neutron-server[110305]: return func(*args, **kwargs)
Feb 03 06:44:32.423556 dv-neutron-827590-1-hyperv neutron-server[110305]: File "/opt/stack/neutron/neutron/notifiers/batch_notifier.py", line 58, in synced_send
Feb 03 06:44:32.423556 dv-neutron-827590-1-hyperv neutron-server[110305]: self._notify()
Feb 03 06:44:32.423556 dv-neutron-827590-1-hyperv neutron-server[110305]: File "/opt/stack/neutron/neutron/notifiers/batch_notifier.py", line 69, in _notify
Feb 03 06:44:32.423556 dv-neutron-827590-1-hyperv neutron-server[110305]: self.callback(batched_events)
Feb 03 06:44:32.423556 dv-neutron-827590-1-hyperv neutron-server[110305]: File "/opt/stack/neutron/neutron/services/segments/plugin.py", line 211, in _send_notifications
Feb 03 06:44:32.423556 dv-neutron-827590-1-hyperv neutron-server[110305]: event.method(event)
Feb 03 06:44:32.423556 dv-neutron-827590-1-hyperv neutron-server[110305]: File "/opt/stack/neutron/neutron/services/segments/plugin.py", line 383, in _delete_nova_inventory
Feb 03 06:44:32.423556 dv-neutron-827590-1-hyperv neutron-server[110305]: aggregate_id = self._get_aggregate_id(event.segment_id)
Feb 03 06:44:32.423556 dv-neutron-827590-1-hyperv neutron-server[110305]: File "/opt/stack/neutron/neutron/services/segments/plugin.py", line 370, in _get_aggregate_id
Feb 03 06:44:32.423556 dv-neutron-827590-1-hyperv neutron-server[110305]: aggregate_uuid = self.p_client.list_aggregates(
Feb 03 06:44:32.423556 dv-neutron-827590-1-hyperv neutron-server[110305]: File "/usr/local/lib/python3.8/dist-packages/neutron_lib/placement/client.py", line 58, in wrapper
Feb 03 06:44:32.423556 dv-neutron-827590-1-hyperv neutron-server[110305]: return f(self, *a, **k)
Feb 03 06:44:32.423556 dv-neutron-827590-1-hyperv neutron-server[110305]: File "/usr/local/lib/python3.8/dist-packages/neutron_lib/placement/client.py", line 554, in list_aggregates
Feb 03 06:44:32.423556 dv-neutron-827590-1-hyperv neutron-server[110305]: return self._get(url).json()
Feb 03 06:44:32.423556 dv-neutron-827590-1-hyperv neutron-server[110305]: File "/usr/local/lib/python3.8/dist-packages/neutron_lib/placement/client.py", line 190, in _get
Feb 03 06:44:32.423556 dv-neutron-827590-1-hyperv neutron-server[110305]: return self._client.get(url, endpoint_filter=self._ks_filter,
Feb 03 06:44:32.423556 dv-neutron-827590-1-hyperv neutron-server[110305]: File "/usr/local/lib/python3.8/dist-packages/keystoneauth1/session.py", line 1141, in get
Feb 03 06:44:32.423556 dv-neutron-827590-1-hyperv neutron-server[110305]: return self.request(url, 'GET', **kwargs)
Feb 03 06:44:32.423556 dv-neutron-827590-1-hyperv neutron-server[110305]: File "/usr/local/lib/python3.8/dist-packages/keystoneauth1/session.py", line 811, in request
Feb 03 06:44:32.423556 dv-neutron-827590-1-hyperv neutron-server[110305]: base_url = self.get_endpoint(auth, allow=allow,
Feb 03 06:44:32.423556 dv-neutron-827590-1-hyperv neutron-server[110305]: File "/usr/local/lib/python3.8/dist-packages/keystoneauth1/session.py", line 1241, in get_endpoint
Feb 03 06:44:32.423556 dv-neutron-827590-1-hyperv neutron-server[110305]: auth = self._auth_required(auth, 'determine endpoint URL')
Feb 03 06:44:32.423556 dv-neutron-827590-1-hyperv neutron-server[110305]: File "/usr/local/lib/python3.8/dist-packages/keystoneauth1/session.py", line 1181, in _auth_required
Feb 03 06:44:32.423556 dv-neutron-827590-1-hyperv neutron-server[110305]: raise exceptions.MissingAuthPlugin(msg_fmt % msg)
Feb 03 06:44:32.423556 dv-neutron-827590-1-hyperv neutron-server[110305]: keystoneauth1.exceptions.auth_plugins.MissingAuthPlugin: An auth plugin is required to determine endpoint URL
Feb 03 06:44:32.426169 dv-neutron-827590-1-hyperv neutron-server[110306]: DEBUG neutron.db.db_base_plugin_common [None req-98f754f0-9caf-4464-901e-1f816ae13044 tempest-FloatingIPAdminTestJSON-716926210 tempest-FloatingIPAdminTestJSON-716926210-project] Allocated IP 172.26.7.123 (8ec608f4-8b74-497b-a26d-3ecc004e5402/f1db5f07-0efa-4153-9e24-429f30feffba/e47ec105-94a1-4077-8bad-6c64239fe25a) {{(pid=110306) _store_ip_allocation /opt/stack/neutron/neutron/db/db_base_plugin_common.py:131}}
Feb 03 06:44:32.541786 dv-neutron-827590-1-hyperv neutron-server[110306]: DEBUG neutron_lib.callbacks.manager [None req-98f754f0-9caf-4464-901e-1f816ae13044 tempest-FloatingIPAdminTestJSON-716926210 tempest-FloatingIPAdminTestJSON-716926210-project] Publish callbacks [] for port (e47ec105-94a1-4077-8bad-6c64239fe25a), precommit_create {{(pid=110306) _notify_loop /usr/local/lib/python3.8/dist-packages/neutron_lib/callbacks/manager.py:176}}
Feb 03 06:44:32.567971 dv-neutron-827590-1-hyperv neutron-server[110305]: DEBUG neutron.wsgi [-] (110305) accepted ('10.222.0.41', 59474) {{(pid=110305) server /usr/local/lib/python3.8/dist-packages/eventlet/wsgi.py:1004}}
Feb 03 06:44:32.575482 dv-neutron-827590-1-hyperv neutron-server[110305]: DEBUG neutron_lib.callbacks.manager [None req-b3bc3576-f5fa-4845-be5a-32abaf584364 tempest-ExternalNetworksTestJSON-2118121034 tempest-ExternalNetworksTestJSON-2118121034-project-admin] Publish callbacks ['neutron.plugins.ml2.plugin.Ml2Plugin._network_delete_after_delete_handler-1151416', 'neutron.plugins.ml2.ovo_rpc._ObjectChangeHandler.handle_event-16291829', 'neutron.api.rpc.agentnotifiers.dhcp_rpc_agent_api.DhcpAgentNotifyAPI._native_event_send_dhcp_notification-16228042', 'neutron.services.l3_router.l3_router_plugin.DVRResourceOperationHandler.delete_fip_namespaces_for_ext_net-16234588'] for network (a3bd1375-6f82-4f35-bae6-f59fffaa7fca), after_delete {{(pid=110305) _notify_loop /usr/local/lib/python3.8/dist-packages/neutron_lib/callbacks/manager.py:176}}
Feb 03 06:44:32.580705 dv-neutron-827590-1-hyperv neutron-server[110305]: DEBUG neutron_lib.callbacks.manager [None req-13000fa7-810a-494b-87d2-7278151b0bab admin admin] Publish callbacks ['neutron.plugins.ml2.ovo_rpc._ObjectChangeHandler.handle_event-16291716'] for security_group (17253cb4-44e6-4df6-aeeb-e376f09b3433), after_delete {{(pid=110305) _notify_loop /usr/local/lib/python3.8/dist-packages/neutron_lib/callbacks/manager.py:176}}
Feb 03 06:44:32.580705 dv-neutron-827590-1-hyperv neutron-server[110305]: DEBUG neutron_lib.callbacks.manager [None req-13000fa7-810a-494b-87d2-7278151b0bab admin admin] Publish callbacks [] for security_group (None), before_response {{(pid=110305) _notify_loop /usr/local/lib/python3.8/dist-packages/neutron_lib/callbacks/manager.py:176}}
Feb 03 06:44:32.580921 dv-neutron-827590-1-hyperv neutron-server[110305]: INFO neutron.wsgi [None req-13000fa7-810a-494b-87d2-7278151b0bab admin admin] 10.222.0.41 "DELETE /v2.0/security-groups/17253cb4-44e6-4df6-aeeb-e376f09b3433 HTTP/1.1" status: 204 len: 168 time: 0.4741061
Feb 03 06:44:32.599113 dv-neutron-827590-1-hyperv neutron-server[110305]: DEBUG neutron.api.rpc.agentnotifiers.l3_rpc_agent_api [None req-b3bc3576-f5fa-4845-be5a-32abaf584364 tempest-ExternalNetworksTestJSON-2118121034 tempest-ExternalNetworksTestJSON-2118121034-project-admin] Fanout notify agent at l3_agent the message fipnamespace_delete_on_ext_net for external_network a3bd1375-6f82-4f35-bae6-f59fffaa7fca {{(pid=110305) _notification_fanout /opt/stack/neutron/neutron/api/rpc/agentnotifiers/l3_rpc_agent_api.py:120}}
Feb 03 06:44:32.608359 dv-neutron-827590-1-hyperv neutron-server[110305]: DEBUG neutron_lib.callbacks.manager [None req-b3bc3576-f5fa-4845-be5a-32abaf584364 tempest-ExternalNetworksTestJSON-2118121034 tempest-ExternalNetworksTestJSON-2118121034-project-admin] Publish callbacks ['neutron.api.rpc.agentnotifiers.dhcp_rpc_agent_api.DhcpAgentNotifyAPI._send_dhcp_notification-16228088'] for network (None), before_response {{(pid=110305) _notify_loop /usr/local/lib/python3.8/dist-packages/neutron_lib/callbacks/manager.py:176}}
Feb 03 06:44:32.612526 dv-neutron-827590-1-hyperv neutron-server[110306]: DEBUG neutron_lib.callbacks.manager [None req-1135408e-e633-4f22-be33-3e8ae7c6d4b3 admin admin] Publish callbacks ['neutron.plugins.ml2.ovo_rpc._ObjectChangeHandler.handle_event-16291716'] for security_group (027c1a2f-217f-4f20-b6e1-ccdf290934e1), after_create {{(pid=110306) _notify_loop /usr/local/lib/python3.8/dist-packages/neutron_lib/callbacks/manager.py:176}}
Feb 03 06:44:32.619097 dv-neutron-827590-1-hyperv neutron-server[110305]: INFO neutron.wsgi [None req-b3bc3576-f5fa-4845-be5a-32abaf584364 tempest-ExternalNetworksTestJSON-2118121034 tempest-ExternalNetworksTestJSON-2118121034-project-admin] 10.222.0.41 "DELETE /v2.0/networks/a3bd1375-6f82-4f35-bae6-f59fffaa7fca HTTP/1.1" status: 204 len: 168 time: 0.5773134
Feb 03 06:44:32.619097 dv-neutron-827590-1-hyperv neutron-server[110305]: DEBUG neutron.api.rpc.handlers.resources_rpc [None req-b3bc3576-f5fa-4845-be5a-32abaf584364 tempest-ExternalNetworksTestJSON-2118121034 tempest-ExternalNetworksTestJSON-2118121034-project-admin] Pushing event deleted for resources: {'Network': ['ID=a3bd1375-6f82-4f35-bae6-f59fffaa7fca,revision_number=None']} {{(pid=110305) push /opt/stack/neutron/neutron/api/rpc/handlers/resources_rpc.py:237}}
Feb 03 06:44:32.626575 dv-neutron-827590-1-hyperv neutron-server[110305]: DEBUG neutron.wsgi [-] (110305) accepted ('10.222.0.41', 59484) {{(pid=110305) server /usr/local/lib/python3.8/dist-packages/eventlet/wsgi.py:1004}}
Feb 03 06:44:32.626575 dv-neutron-827590-1-hyperv neutron-server[110305]: DEBUG neutron.wsgi [-] (110305) accepted ('10.222.0.41', 59486) {{(pid=110305) server /usr/local/lib/python3.8/dist-packages/eventlet/wsgi.py:1004}}
Feb 03 06:44:32.629553 dv-neutron-827590-1-hyperv neutron-server[110305]: DEBUG neutron.api.rpc.handlers.resources_rpc [None req-13000fa7-810a-494b-87d2-7278151b0bab admin admin] Pushing event deleted for resources: {'SecurityGroup': ['ID=17253cb4-44e6-4df6-aeeb-e376f09b3433,revision_number=None']} {{(pid=110305) push /opt/stack/neutron/neutron/api/rpc/handlers/resources_rpc.py:237}}
Feb 03 06:44:32.634352 dv-neutron-827590-1-hyperv neutron-server[110305]: DEBUG neutron.api.v2.base [None req-75611ec6-a5f4-4570-9231-99b6e8b59e19 tempest-ExternalNetworksTestJSON-2118121034 tempest-ExternalNetworksTestJSON-2118121034-project-admin] Request body: {'network': {'name': 'tempest-network--1928505512', 'router:external': True}} {{(pid=110305) prepare_request_body /opt/stack/neutron/neutron/api/v2/base.py:729}}
Feb 03 06:44:32.674916 dv-neutron-827590-1-hyperv neutron-server[110305]: DEBUG neutron.wsgi [req-f4ecd6ae-8c8b-4e5b-92ef-b315464980c1 req-f17e3f09-a558-49db-ad24-dd51d6513df8 service neutron] http://10.222.0.41:9696/v2.0/extensions returned with HTTP 200 {{(pid=110305) __call__ /opt/stack/neutron/neutron/wsgi.py:730}}
Feb 03 06:44:32.675957 dv-neutron-827590-1-hyperv neutron-server[110305]: INFO neutron.wsgi [req-f4ecd6ae-8c8b-4e5b-92ef-b315464980c1 req-f17e3f09-a558-49db-ad24-dd51d6513df8 service neutron] 10.222.0.41 "GET /v2.0/extensions HTTP/1.1" status: 200 len: 14082 time: 0.1968763
Feb 03 06:44:32.723328 dv-neutron-827590-1-hyperv neutron-server[110306]: DEBUG neutron_lib.callbacks.manager [None req-98f754f0-9caf-4464-901e-1f816ae13044 tempest-FloatingIPAdminTestJSON-716926210 tempest-FloatingIPAdminTestJSON-716926210-project] Publish callbacks ['neutron.plugins.ml2.plugin.SecurityGroupServerNotifierRpcMixin._notify_sg_on_port_change-1261477', 'neutron.plugins.ml2.ovo_rpc._ObjectChangeHandler.handle_event-75338', 'neutron.api.rpc.agentnotifiers.dhcp_rpc_agent_api.DhcpAgentNotifyAPI._native_event_send_dhcp_notification-16228042', 'neutron.db.l3_dvrscheduler_db._notify_l3_agent_new_port-8758604294714', 'neutron.services.segments.plugin.NovaSegmentNotifier._notify_port_created_or_deleted-13956434'] for port (e47ec105-94a1-4077-8bad-6c64239fe25a), after_create {{(pid=110306) _notify_loop /usr/local/lib/python3.8/dist-packages/neutron_lib/callbacks/manager.py:176}}
Feb 03 06:44:32.737152 dv-neutron-827590-1-hyperv neutron-server[110306]: DEBUG neutron_lib.callbacks.manager [None req-d85cf77c-61f6-42a5-a694-70a29964a085 tempest-ServerActionsTestJSON-120779490 tempest-ServerActionsTestJSON-120779490-project] Publish callbacks ['neutron.plugins.ml2.plugin.SecurityGroupDbMixin._ensure_default_security_group_handler-1260528'] for port (9d123fdf-fbe8-4cd9-8cb7-8b90be3321a8), before_update {{(pid=110306) _notify_loop /usr/local/lib/python3.8/dist-packages/neutron_lib/callbacks/manager.py:176}}
Feb 03 06:44:32.742933 dv-neutron-827590-1-hyperv neutron-server[110306]: DEBUG neutron.api.rpc.handlers.resources_rpc [None req-1135408e-e633-4f22-be33-3e8ae7c6d4b3 admin admin] Pushing event updated for resources: {'SecurityGroup': ['ID=027c1a2f-217f-4f20-b6e1-ccdf290934e1,revision_number=1']} {{(pid=110306) push /opt/stack/neutron/neutron/api/rpc/handlers/resources_rpc.py:237}}
Feb 03 06:44:32.785813 dv-neutron-827590-1-hyperv neutron-server[110306]: INFO neutron.wsgi [None req-1135408e-e633-4f22-be33-3e8ae7c6d4b3 admin admin] 10.222.0.41 "GET /v2.0/security-groups?tenant_id=57e6b9ba8d984ae6b35761d671cd6cef&name=default HTTP/1.1" status: 200 len: 2996 time: 0.9236066
Feb 03 06:44:32.787844 dv-neutron-827590-1-hyperv neutron-server[110306]: DEBUG neutron.wsgi [-] (110306) accepted ('10.222.0.41', 59488) {{(pid=110306) server /usr/local/lib/python3.8/dist-packages/eventlet/wsgi.py:1004}}
Feb 03 06:44:32.826844 dv-neutron-827590-1-hyperv neutron-server[110305]: INFO neutron.wsgi [None req-e62fce42-fe7f-4dd1-bc33-b85da9225c16 admin admin] 10.222.0.41 "GET /v2.0/security-groups?tenant_id=e8b0b3ad2c8a4b8eb618110002a8c094&name=default HTTP/1.1" status: 200 len: 2992 time: 0.2576957
Feb 03 06:44:32.827574 dv-neutron-827590-1-hyperv neutron-server[110305]: DEBUG neutron.pecan_wsgi.hooks.quota_enforcement [None req-75611ec6-a5f4-4570-9231-99b6e8b59e19 tempest-ExternalNetworksTestJSON-2118121034 tempest-ExternalNetworksTestJSON-2118121034-project-admin] Made reservation on behalf of 142539e6a3ba41cab21d0e64ddbb12f3 for: {'network': 1} {{(pid=110305) before /opt/stack/neutron/neutron/pecan_wsgi/hooks/quota_enforcement.py:53}}
Feb 03 06:44:32.829904 dv-neutron-827590-1-hyperv neutron-server[110305]: DEBUG neutron_lib.callbacks.manager [None req-75611ec6-a5f4-4570-9231-99b6e8b59e19 tempest-ExternalNetworksTestJSON-2118121034 tempest-ExternalNetworksTestJSON-2118121034-project-admin] Publish callbacks ['neutron.plugins.ml2.plugin.SecurityGroupDbMixin._ensure_default_security_group_handler-1260528'] for network (None), before_create {{(pid=110305) _notify_loop /usr/local/lib/python3.8/dist-packages/neutron_lib/callbacks/manager.py:176}}
Feb 03 06:44:32.832703 dv-neutron-827590-1-hyperv neutron-server[110305]: DEBUG neutron.wsgi [-] (110305) accepted ('10.222.0.41', 59490) {{(pid=110305) server /usr/local/lib/python3.8/dist-packages/eventlet/wsgi.py:1004}}
Feb 03 06:44:32.835051 dv-neutron-827590-1-hyperv neutron-server[110306]: DEBUG neutron.scheduler.dhcp_agent_scheduler [None req-98f754f0-9caf-4464-901e-1f816ae13044 tempest-FloatingIPAdminTestJSON-716926210 tempest-FloatingIPAdminTestJSON-716926210-project] Network 8ec608f4-8b74-497b-a26d-3ecc004e5402 is already hosted by enough agents. {{(pid=110306) _get_dhcp_agents_hosting_network /opt/stack/neutron/neutron/scheduler/dhcp_agent_scheduler.py:275}}
Feb 03 06:44:32.861097 dv-neutron-827590-1-hyperv neutron-server[110305]: INFO neutron.wsgi [req-3290f34b-29ff-49c4-8240-cfc9eb55ec11 req-15d64acd-a99e-4f11-8fe5-afb738e1e0fd tempest-ServersTestJSON-1045522540 tempest-ServersTestJSON-1045522540-project] 10.222.0.41 "GET /v2.0/security-groups?name=tempest-securitygroup--76616890&fields=id&tenant_id=c5f7c22d40c04f37805d359b988d5355 HTTP/1.1" status: 200 len: 267 time: 0.2339807
Feb 03 06:44:32.865680 dv-neutron-827590-1-hyperv neutron-server[110306]: DEBUG neutron.scheduler.base_scheduler [None req-98f754f0-9caf-4464-901e-1f816ae13044 tempest-FloatingIPAdminTestJSON-716926210 tempest-FloatingIPAdminTestJSON-716926210-project] Resources bound (agent type, host, resource id): {{(pid=110306) schedule /opt/stack/neutron/neutron/scheduler/base_scheduler.py:57}}
Feb 03 06:44:32.876753 dv-neutron-827590-1-hyperv neutron-server[110306]: DEBUG neutron.db.l3_dvrscheduler_db [None req-98f754f0-9caf-4464-901e-1f816ae13044 tempest-FloatingIPAdminTestJSON-716926210 tempest-FloatingIPAdminTestJSON-716926210-project] Received port after_create {{(pid=110306) _notify_l3_agent_new_port /opt/stack/neutron/neutron/db/l3_dvrscheduler_db.py:536}}
Feb 03 06:44:32.936186 dv-neutron-827590-1-hyperv neutron-server[110306]: DEBUG neutron.api.rpc.handlers.resources_rpc [None req-98f754f0-9caf-4464-901e-1f816ae13044 tempest-FloatingIPAdminTestJSON-716926210 tempest-FloatingIPAdminTestJSON-716926210-project] Pushing event updated for resources: {'Port': ['ID=e47ec105-94a1-4077-8bad-6c64239fe25a,revision_number=1']} {{(pid=110306) push /opt/stack/neutron/neutron/api/rpc/handlers/resources_rpc.py:237}}
Feb 03 06:44:32.953221 dv-neutron-827590-1-hyperv neutron-server[110305]: DEBUG neutron.plugins.ml2.drivers.helpers [None req-75611ec6-a5f4-4570-9231-99b6e8b59e19 tempest-ExternalNetworksTestJSON-2118121034 tempest-ExternalNetworksTestJSON-2118121034-project-admin] vlan segment allocate from pool success with {'physical_network': 'physnet1', 'vlan_id': 227} {{(pid=110305) allocate_partially_specified_segment /opt/stack/neutron/neutron/plugins/ml2/drivers/helpers.py:153}}
Feb 03 06:44:32.992526 dv-neutron-827590-1-hyperv neutron-server[110306]: DEBUG neutron_lib.callbacks.manager [None req-2f554d6a-dcbf-4bca-8ffb-6d470f2c08e1 admin admin] Publish callbacks [] for security_group (027c1a2f-217f-4f20-b6e1-ccdf290934e1), before_delete {{(pid=110306) _notify_loop /usr/local/lib/python3.8/dist-packages/neutron_lib/callbacks/manager.py:176}}
Feb 03 06:44:33.001461 dv-neutron-827590-1-hyperv neutron-server[110305]: INFO neutron.wsgi [req-f4ecd6ae-8c8b-4e5b-92ef-b315464980c1 req-6cd3d456-1022-46a8-8285-3b7d8048adeb service neutron] 10.222.0.41 "GET /v2.0/networks/9452c9e6-5ff6-42eb-a6eb-2f6e3b950b3f?fields=segments HTTP/1.1" status: 200 len: 212 time: 0.2948959
Feb 03 06:44:33.002652 dv-neutron-827590-1-hyperv neutron-server[110305]: DEBUG neutron_lib.callbacks.manager [None req-75611ec6-a5f4-4570-9231-99b6e8b59e19 tempest-ExternalNetworksTestJSON-2118121034 tempest-ExternalNetworksTestJSON-2118121034-project-admin] Publish callbacks ['neutron.plugins.ml2.plugin.Ml2Plugin._handle_segment_change-1156243'] for segment (b59ea74c-0671-4fe0-b491-e4662e684738), precommit_create {{(pid=110305) _notify_loop /usr/local/lib/python3.8/dist-packages/neutron_lib/callbacks/manager.py:176}}
Feb 03 06:44:33.002989 dv-neutron-827590-1-hyperv neutron-server[110305]: INFO neutron.db.segments_db [None req-75611ec6-a5f4-4570-9231-99b6e8b59e19 tempest-ExternalNetworksTestJSON-2118121034 tempest-ExternalNetworksTestJSON-2118121034-project-admin] Added segment b59ea74c-0671-4fe0-b491-e4662e684738 of type vlan for network 8d42b715-2d62-4456-9140-958b714ba0fc
Feb 03 06:44:33.079763 dv-neutron-827590-1-hyperv neutron-server[110306]: DEBUG neutron_lib.callbacks.manager [None req-2f554d6a-dcbf-4bca-8ffb-6d470f2c08e1 admin admin] Publish callbacks [] for security_group (027c1a2f-217f-4f20-b6e1-ccdf290934e1), precommit_delete {{(pid=110306) _notify_loop /usr/local/lib/python3.8/dist-packages/neutron_lib/callbacks/manager.py:176}}
Feb 03 06:44:33.094914 dv-neutron-827590-1-hyperv neutron-server[110305]: DEBUG neutron_lib.callbacks.manager [None req-2c84b3c9-8bd4-4ac8-9784-33ad95d3008b admin admin] Publish callbacks [] for security_group (6e95e771-750a-4921-82cc-00448fc60838), before_delete {{(pid=110305) _notify_loop /usr/local/lib/python3.8/dist-packages/neutron_lib/callbacks/manager.py:176}}
Feb 03 06:44:33.113465 dv-neutron-827590-1-hyperv neutron-server[110306]: DEBUG neutron_lib.callbacks.manager [None req-98f754f0-9caf-4464-901e-1f816ae13044 tempest-FloatingIPAdminTestJSON-716926210 tempest-FloatingIPAdminTestJSON-716926210-project] Publish callbacks [] for floatingip (2e28ef32-1d6e-455c-87ff-19efa51ea7fd), precommit_create {{(pid=110306) _notify_loop /usr/local/lib/python3.8/dist-packages/neutron_lib/callbacks/manager.py:176}}
Feb 03 06:44:33.153275 dv-neutron-827590-1-hyperv neutron-server[110305]: DEBUG neutron_lib.callbacks.manager [None req-75611ec6-a5f4-4570-9231-99b6e8b59e19 tempest-ExternalNetworksTestJSON-2118121034 tempest-ExternalNetworksTestJSON-2118121034-project-admin] Publish callbacks ['neutron.services.auto_allocate.db._ensure_external_network_default_value_callback-8758604269689'] for network (8d42b715-2d62-4456-9140-958b714ba0fc), precommit_create {{(pid=110305) _notify_loop /usr/local/lib/python3.8/dist-packages/neutron_lib/callbacks/manager.py:176}}
Feb 03 06:44:33.167618 dv-neutron-827590-1-hyperv neutron-server[110306]: DEBUG neutron_lib.callbacks.manager [None req-d85cf77c-61f6-42a5-a694-70a29964a085 tempest-ServerActionsTestJSON-120779490 tempest-ServerActionsTestJSON-120779490-project] Publish callbacks [] for port (9d123fdf-fbe8-4cd9-8cb7-8b90be3321a8), precommit_update {{(pid=110306) _notify_loop /usr/local/lib/python3.8/dist-packages/neutron_lib/callbacks/manager.py:176}}
Feb 03 06:44:33.175203 dv-neutron-827590-1-hyperv neutron-server[110305]: DEBUG neutron.pecan_wsgi.hooks.policy_enforcement [req-3290f34b-29ff-49c4-8240-cfc9eb55ec11 req-354a4f2c-da76-46ca-8176-62a4536ea94f tempest-ServersTestJSON-1045522540 tempest-ServersTestJSON-1045522540-project] Attributes excluded by policy engine: ['standard_attr_id', 'vlan_transparent', 'provider:network_type', 'provider:physical_network', 'provider:segmentation_id'] {{(pid=110305) _exclude_attributes_by_policy /opt/stack/neutron/neutron/pecan_wsgi/hooks/policy_enforcement.py:255}}
Feb 03 06:44:33.181597 dv-neutron-827590-1-hyperv neutron-server[110305]: INFO neutron.wsgi [req-3290f34b-29ff-49c4-8240-cfc9eb55ec11 req-354a4f2c-da76-46ca-8176-62a4536ea94f tempest-ServersTestJSON-1045522540 tempest-ServersTestJSON-1045522540-project] 10.222.0.41 "GET /v2.0/networks?id=35901fa2-1b77-4c42-be64-167d827bbc05 HTTP/1.1" status: 200 len: 806 time: 0.3047040
Feb 03 06:44:33.221606 dv-neutron-827590-1-hyperv neutron-server[110305]: DEBUG neutron_lib.callbacks.manager [None req-2c84b3c9-8bd4-4ac8-9784-33ad95d3008b admin admin] Publish callbacks [] for security_group (6e95e771-750a-4921-82cc-00448fc60838), precommit_delete {{(pid=110305) _notify_loop /usr/local/lib/python3.8/dist-packages/neutron_lib/callbacks/manager.py:176}}
Feb 03 06:44:33.236171 dv-neutron-827590-1-hyperv neutron-server[110305]: INFO neutron.wsgi [req-3290f34b-29ff-49c4-8240-cfc9eb55ec11 req-3b6c6a2c-0f73-4f1e-b76c-33547f4b2a30 tempest-ServersTestJSON-1045522540 tempest-ServersTestJSON-1045522540-project] 10.222.0.41 "GET /v2.0/quotas/c5f7c22d40c04f37805d359b988d5355 HTTP/1.1" status: 200 len: 375 time: 0.0536573
Feb 03 06:44:33.252175 dv-neutron-827590-1-hyperv neutron-server[110306]: DEBUG neutron_lib.callbacks.manager [None req-d85cf77c-61f6-42a5-a694-70a29964a085 tempest-ServerActionsTestJSON-120779490 tempest-ServerActionsTestJSON-120779490-project] Publish callbacks ['neutron.plugins.ml2.plugin.SecurityGroupServerNotifierRpcMixin._notify_sg_on_port_change-1261477', 'neutron.plugins.ml2.ovo_rpc._ObjectChangeHandler.handle_event-75338', 'neutron.api.rpc.agentnotifiers.dhcp_rpc_agent_api.DhcpAgentNotifyAPI._native_event_send_dhcp_notification-16228042', 'neutron.db.l3_db.L3RpcNotifierMixin._notify_gateway_port_ip_changed-8758604858862', 'neutron.db.l3_dvrscheduler_db._notify_l3_agent_port_update-8758604294732', 'neutron.db.l3_hascheduler_db._notify_l3_agent_ha_port_update-8758604294750', 'neutron.services.segments.plugin.NovaSegmentNotifier._notify_port_updated-13956429'] for port (9d123fdf-fbe8-4cd9-8cb7-8b90be3321a8), after_update {{(pid=110306) _notify_loop /usr/local/lib/python3.8/dist-packages/neutron_lib/callbacks/manager.py:176}}
Feb 03 06:44:33.265357 dv-neutron-827590-1-hyperv neutron-server[110306]: DEBUG neutron_lib.callbacks.manager [None req-2f554d6a-dcbf-4bca-8ffb-6d470f2c08e1 admin admin] Publish callbacks ['neutron.plugins.ml2.ovo_rpc._ObjectChangeHandler.handle_event-16291716'] for security_group (027c1a2f-217f-4f20-b6e1-ccdf290934e1), after_delete {{(pid=110306) _notify_loop /usr/local/lib/python3.8/dist-packages/neutron_lib/callbacks/manager.py:176}}
Feb 03 06:44:33.269731 dv-neutron-827590-1-hyperv neutron-server[110306]: DEBUG neutron_lib.callbacks.manager [None req-2f554d6a-dcbf-4bca-8ffb-6d470f2c08e1 admin admin] Publish callbacks [] for security_group (None), before_response {{(pid=110306) _notify_loop /usr/local/lib/python3.8/dist-packages/neutron_lib/callbacks/manager.py:176}}
Feb 03 06:44:33.274877 dv-neutron-827590-1-hyperv neutron-server[110306]: INFO neutron.wsgi [None req-2f554d6a-dcbf-4bca-8ffb-6d470f2c08e1 admin admin] 10.222.0.41 "DELETE /v2.0/security-groups/027c1a2f-217f-4f20-b6e1-ccdf290934e1 HTTP/1.1" status: 204 len: 168 time: 0.4808614
Feb 03 06:44:33.333848 dv-neutron-827590-1-hyperv neutron-server[110305]: INFO neutron.wsgi [req-f4ecd6ae-8c8b-4e5b-92ef-b315464980c1 req-b2132ae5-c963-4bbd-9fd0-44d9a1fbceaf service neutron] 10.222.0.41 "GET /v2.0/networks/9452c9e6-5ff6-42eb-a6eb-2f6e3b950b3f?fields=provider%3Aphysical_network&fields=provider%3Anetwork_type HTTP/1.1" status: 200 len: 281 time: 0.3119645
Feb 03 06:44:33.386515 dv-neutron-827590-1-hyperv neutron-server[110307]: DEBUG neutron_lib.callbacks.manager [None req-88bdc83d-cb51-48e8-abf6-89a0a78f8ede None None] Publish callbacks ['neutron.services.segments.db._update_segment_host_mapping_for_agent-8758604763028', 'neutron.plugins.ml2.plugin.Ml2Plugin._retry_binding_revived_agents-1196462'] for agent (f6fc2284-11a7-4b6e-aa0c-b24fa6d775ed), after_update {{(pid=110307) _notify_loop /usr/local/lib/python3.8/dist-packages/neutron_lib/callbacks/manager.py:176}}
Feb 03 06:44:33.401314 dv-neutron-827590-1-hyperv neutron-server[110305]: INFO neutron.wsgi [req-3290f34b-29ff-49c4-8240-cfc9eb55ec11 req-5ec5218f-de49-4351-820f-5ffc9ce75f0c tempest-ServersTestJSON-1045522540 tempest-ServersTestJSON-1045522540-project] 10.222.0.41 "GET /v2.0/ports?tenant_id=c5f7c22d40c04f37805d359b988d5355&fields=id HTTP/1.1" status: 200 len: 302 time: 0.1573703
Feb 03 06:44:33.401519 dv-neutron-827590-1-hyperv neutron-server[110306]: DEBUG neutron.api.rpc.handlers.resources_rpc [None req-d85cf77c-61f6-42a5-a694-70a29964a085 tempest-ServerActionsTestJSON-120779490 tempest-ServerActionsTestJSON-120779490-project] Pushing event updated for resources: {'Port': ['ID=9d123fdf-fbe8-4cd9-8cb7-8b90be3321a8,revision_number=2']} {{(pid=110306) push /opt/stack/neutron/neutron/api/rpc/handlers/resources_rpc.py:237}}
Feb 03 06:44:33.411483 dv-neutron-827590-1-hyperv neutron-server[110306]: DEBUG neutron.api.rpc.handlers.resources_rpc [None req-2f554d6a-dcbf-4bca-8ffb-6d470f2c08e1 admin admin] Pushing event deleted for resources: {'SecurityGroup': ['ID=027c1a2f-217f-4f20-b6e1-ccdf290934e1,revision_number=None']} {{(pid=110306) push /opt/stack/neutron/neutron/api/rpc/handlers/resources_rpc.py:237}}
Feb 03 06:44:33.440823 dv-neutron-827590-1-hyperv neutron-server[110306]: DEBUG neutron_lib.callbacks.manager [None req-98f754f0-9caf-4464-901e-1f816ae13044 tempest-FloatingIPAdminTestJSON-716926210 tempest-FloatingIPAdminTestJSON-716926210-project] Publish callbacks ['neutron.plugins.ml2.plugin.SecurityGroupDbMixin._ensure_default_security_group_handler-1260528'] for port (e47ec105-94a1-4077-8bad-6c64239fe25a), before_update {{(pid=110306) _notify_loop /usr/local/lib/python3.8/dist-packages/neutron_lib/callbacks/manager.py:176}}
Feb 03 06:44:33.473456 dv-neutron-827590-1-hyperv neutron-server[110305]: DEBUG neutron_lib.callbacks.manager [None req-2c84b3c9-8bd4-4ac8-9784-33ad95d3008b admin admin] Publish callbacks ['neutron.plugins.ml2.ovo_rpc._ObjectChangeHandler.handle_event-16291716'] for security_group (6e95e771-750a-4921-82cc-00448fc60838), after_delete {{(pid=110305) _notify_loop /usr/local/lib/python3.8/dist-packages/neutron_lib/callbacks/manager.py:176}}
Feb 03 06:44:33.476028 dv-neutron-827590-1-hyperv neutron-server[110305]: DEBUG neutron_lib.callbacks.manager [None req-2c84b3c9-8bd4-4ac8-9784-33ad95d3008b admin admin] Publish callbacks [] for security_group (None), before_response {{(pid=110305) _notify_loop /usr/local/lib/python3.8/dist-packages/neutron_lib/callbacks/manager.py:176}}
Feb 03 06:44:33.478988 dv-neutron-827590-1-hyperv neutron-server[110305]: INFO neutron.wsgi [None req-2c84b3c9-8bd4-4ac8-9784-33ad95d3008b admin admin] 10.222.0.41 "DELETE /v2.0/security-groups/6e95e771-750a-4921-82cc-00448fc60838 HTTP/1.1" status: 204 len: 168 time: 0.6399181
Feb 03 06:44:33.482011 dv-neutron-827590-1-hyperv neutron-server[110305]: DEBUG neutron_lib.callbacks.manager [None req-75611ec6-a5f4-4570-9231-99b6e8b59e19 tempest-ExternalNetworksTestJSON-2118121034 tempest-ExternalNetworksTestJSON-2118121034-project-admin] Publish callbacks ['neutron.plugins.ml2.ovo_rpc._ObjectChangeHandler.handle_event-16291829', 'neutron.api.rpc.agentnotifiers.dhcp_rpc_agent_api.DhcpAgentNotifyAPI._native_event_send_dhcp_notification-16228042'] for network (8d42b715-2d62-4456-9140-958b714ba0fc), after_create {{(pid=110305) _notify_loop /usr/local/lib/python3.8/dist-packages/neutron_lib/callbacks/manager.py:176}}
Feb 03 06:44:33.482011 dv-neutron-827590-1-hyperv neutron-server[110305]: DEBUG neutron.pecan_wsgi.hooks.policy_enforcement [None req-75611ec6-a5f4-4570-9231-99b6e8b59e19 tempest-ExternalNetworksTestJSON-2118121034 tempest-ExternalNetworksTestJSON-2118121034-project-admin] Attributes excluded by policy engine: ['standard_attr_id', 'vlan_transparent'] {{(pid=110305) _exclude_attributes_by_policy /opt/stack/neutron/neutron/pecan_wsgi/hooks/policy_enforcement.py:255}}
Feb 03 06:44:33.482011 dv-neutron-827590-1-hyperv neutron-server[110305]: DEBUG neutron_lib.callbacks.manager [None req-75611ec6-a5f4-4570-9231-99b6e8b59e19 tempest-ExternalNetworksTestJSON-2118121034 tempest-ExternalNetworksTestJSON-2118121034-project-admin] Publish callbacks ['neutron.api.rpc.agentnotifiers.dhcp_rpc_agent_api.DhcpAgentNotifyAPI._send_dhcp_notification-16228088'] for network (None), before_response {{(pid=110305) _notify_loop /usr/local/lib/python3.8/dist-packages/neutron_lib/callbacks/manager.py:176}}
Feb 03 06:44:33.523767 dv-neutron-827590-1-hyperv neutron-server[110305]: DEBUG neutron.api.rpc.handlers.resources_rpc [None req-2c84b3c9-8bd4-4ac8-9784-33ad95d3008b admin admin] Pushing event deleted for resources: {'SecurityGroup': ['ID=6e95e771-750a-4921-82cc-00448fc60838,revision_number=None']} {{(pid=110305) push /opt/stack/neutron/neutron/api/rpc/handlers/resources_rpc.py:237}}
Feb 03 06:44:33.572472 dv-neutron-827590-1-hyperv neutron-server[110305]: DEBUG neutron.api.rpc.handlers.resources_rpc [None req-75611ec6-a5f4-4570-9231-99b6e8b59e19 tempest-ExternalNetworksTestJSON-2118121034 tempest-ExternalNetworksTestJSON-2118121034-project-admin] Pushing event updated for resources: {'Network': ['ID=8d42b715-2d62-4456-9140-958b714ba0fc,revision_number=1']} {{(pid=110305) push /opt/stack/neutron/neutron/api/rpc/handlers/resources_rpc.py:237}}
Feb 03 06:44:33.591953 dv-neutron-827590-1-hyperv neutron-server[110307]: DEBUG neutron.plugins.ml2.rpc [None req-88bdc83d-cb51-48e8-abf6-89a0a78f8ede None None] Network 8d42b715-2d62-4456-9140-958b714ba0fc details requested by agent ovs-agent-dv-neutron-827590-1-hyperv with host dv-neutron-827590-1-hyperv {{(pid=110307) get_network_details /opt/stack/neutron/neutron/plugins/ml2/rpc.py:248}}
Feb 03 06:44:33.603733 dv-neutron-827590-1-hyperv neutron-server[110305]: INFO neutron.wsgi [None req-75611ec6-a5f4-4570-9231-99b6e8b59e19 tempest-ExternalNetworksTestJSON-2118121034 tempest-ExternalNetworksTestJSON-2118121034-project-admin] 10.222.0.41 "POST /v2.0/networks HTTP/1.1" status: 201 len: 863 time: 0.9755821
Feb 03 06:44:33.606708 dv-neutron-827590-1-hyperv neutron-server[110305]: DEBUG neutron.wsgi [-] (110305) accepted ('10.222.0.41', 59512) {{(pid=110305) server /usr/local/lib/python3.8/dist-packages/eventlet/wsgi.py:1004}}
Feb 03 06:44:33.746348 dv-neutron-827590-1-hyperv neutron-server[110306]: DEBUG neutron_lib.callbacks.manager [None req-d85cf77c-61f6-42a5-a694-70a29964a085 tempest-ServerActionsTestJSON-120779490 tempest-ServerActionsTestJSON-120779490-project] Publish callbacks ['neutron.services.l3_router.l3_router_plugin.DVRResourceOperationHandler._create_dvr_floating_gw_port-16234542'] for floatingip (2c4ab7b6-1ba1-44cb-999e-0a25d023884f), after_create {{(pid=110306) _notify_loop /usr/local/lib/python3.8/dist-packages/neutron_lib/callbacks/manager.py:176}}
Feb 03 06:44:33.847766 dv-neutron-827590-1-hyperv neutron-server[110305]: INFO neutron.wsgi [req-748c411d-ab79-4a41-91f0-fe26920a97c3 req-c7437551-22de-400d-9f3b-5fb7f70ab787 tempest-ServersTestManualDisk-236390133 tempest-ServersTestManualDisk-236390133-project] 10.222.0.41 "GET /v2.0/ports?device_id=852533c2-eb2d-4a51-b155-dd64f3dd3f52 HTTP/1.1" status: 200 len: 210 time: 0.1131775
Feb 03 06:44:33.853515 dv-neutron-827590-1-hyperv neutron-server[110306]: DEBUG neutron_lib.callbacks.manager [None req-d85cf77c-61f6-42a5-a694-70a29964a085 tempest-ServerActionsTestJSON-120779490 tempest-ServerActionsTestJSON-120779490-project] Publish callbacks ['neutron.notifiers.nova.Notifier._send_nova_notification-58368'] for floatingip (None), before_response {{(pid=110306) _notify_loop /usr/local/lib/python3.8/dist-packages/neutron_lib/callbacks/manager.py:176}}
Feb 03 06:44:33.859061 dv-neutron-827590-1-hyperv neutron-server[110306]: INFO neutron.wsgi [None req-d85cf77c-61f6-42a5-a694-70a29964a085 tempest-ServerActionsTestJSON-120779490 tempest-ServerActionsTestJSON-120779490-project] 10.222.0.41 "POST /v2.0/floatingips HTTP/1.1" status: 201 len: 693 time: 4.3735077
Feb 03 06:44:33.889097 dv-neutron-827590-1-hyperv neutron-server[110305]: DEBUG neutron.pecan_wsgi.hooks.policy_enforcement [None req-e298f3de-0144-45a6-9b3b-faaf4d2f014e tempest-ExternalNetworksTestJSON-102725331 tempest-ExternalNetworksTestJSON-102725331-project] Attributes excluded by policy engine: ['standard_attr_id', 'vlan_transparent', 'provider:network_type', 'provider:physical_network', 'provider:segmentation_id'] {{(pid=110305) _exclude_attributes_by_policy /opt/stack/neutron/neutron/pecan_wsgi/hooks/policy_enforcement.py:255}}
Feb 03 06:44:33.891344 dv-neutron-827590-1-hyperv neutron-server[110305]: INFO neutron.wsgi [None req-e298f3de-0144-45a6-9b3b-faaf4d2f014e tempest-ExternalNetworksTestJSON-102725331 tempest-ExternalNetworksTestJSON-102725331-project] 10.222.0.41 "GET /v2.0/networks/8d42b715-2d62-4456-9140-958b714ba0fc HTTP/1.1" status: 200 len: 757 time: 0.2827694
Feb 03 06:44:33.902492 dv-neutron-827590-1-hyperv neutron-server[110305]: DEBUG neutron.wsgi [-] (110305) accepted ('10.222.0.41', 59532) {{(pid=110305) server /usr/local/lib/python3.8/dist-packages/eventlet/wsgi.py:1004}}
Feb 03 06:44:33.942720 dv-neutron-827590-1-hyperv neutron-server[110306]: DEBUG neutron_lib.callbacks.manager [None req-98f754f0-9caf-4464-901e-1f816ae13044 tempest-FloatingIPAdminTestJSON-716926210 tempest-FloatingIPAdminTestJSON-716926210-project] Publish callbacks [] for port (e47ec105-94a1-4077-8bad-6c64239fe25a), precommit_update {{(pid=110306) _notify_loop /usr/local/lib/python3.8/dist-packages/neutron_lib/callbacks/manager.py:176}}
Feb 03 06:44:33.997904 dv-neutron-827590-1-hyperv neutron-server[110305]: DEBUG neutron.pecan_wsgi.hooks.policy_enforcement [None req-030f84fd-bcec-4bf7-b6c8-7a5275df9173 tempest-ExternalNetworksTestJSON-102725331 tempest-ExternalNetworksTestJSON-102725331-project] Attributes excluded by policy engine: ['standard_attr_id', 'vlan_transparent', 'provider:network_type', 'provider:physical_network', 'provider:segmentation_id'] {{(pid=110305) _exclude_attributes_by_policy /opt/stack/neutron/neutron/pecan_wsgi/hooks/policy_enforcement.py:255}}
Feb 03 06:44:33.999118 dv-neutron-827590-1-hyperv neutron-server[110305]: INFO neutron.wsgi [None req-030f84fd-bcec-4bf7-b6c8-7a5275df9173 tempest-ExternalNetworksTestJSON-102725331 tempest-ExternalNetworksTestJSON-102725331-project] 10.222.0.41 "GET /v2.0/networks/c29ef8b2-cbd3-4498-aea0-2f0ea3e54a53 HTTP/1.1" status: 200 len: 768 time: 0.0942011
Feb 03 06:44:34.001941 dv-neutron-827590-1-hyperv neutron-server[110305]: DEBUG neutron.wsgi [-] (110305) accepted ('10.222.0.41', 59538) {{(pid=110305) server /usr/local/lib/python3.8/dist-packages/eventlet/wsgi.py:1004}}
Feb 03 06:44:34.014838 dv-neutron-827590-1-hyperv neutron-server[110306]: DEBUG neutron_lib.callbacks.manager [None req-98f754f0-9caf-4464-901e-1f816ae13044 tempest-FloatingIPAdminTestJSON-716926210 tempest-FloatingIPAdminTestJSON-716926210-project] Publish callbacks ['neutron.plugins.ml2.plugin.SecurityGroupServerNotifierRpcMixin._notify_sg_on_port_change-1261477', 'neutron.plugins.ml2.ovo_rpc._ObjectChangeHandler.handle_event-75338', 'neutron.api.rpc.agentnotifiers.dhcp_rpc_agent_api.DhcpAgentNotifyAPI._native_event_send_dhcp_notification-16228042', 'neutron.db.l3_db.L3RpcNotifierMixin._notify_gateway_port_ip_changed-8758604858862', 'neutron.db.l3_dvrscheduler_db._notify_l3_agent_port_update-8758604294732', 'neutron.db.l3_hascheduler_db._notify_l3_agent_ha_port_update-8758604294750', 'neutron.services.segments.plugin.NovaSegmentNotifier._notify_port_updated-13956429'] for port (e47ec105-94a1-4077-8bad-6c64239fe25a), after_update {{(pid=110306) _notify_loop /usr/local/lib/python3.8/dist-packages/neutron_lib/callbacks/manager.py:176}}
Feb 03 06:44:34.093788 dv-neutron-827590-1-hyperv neutron-server[110306]: DEBUG neutron.api.rpc.handlers.resources_rpc [None req-98f754f0-9caf-4464-901e-1f816ae13044 tempest-FloatingIPAdminTestJSON-716926210 tempest-FloatingIPAdminTestJSON-716926210-project] Pushing event updated for resources: {'Port': ['ID=e47ec105-94a1-4077-8bad-6c64239fe25a,revision_number=2']} {{(pid=110306) push /opt/stack/neutron/neutron/api/rpc/handlers/resources_rpc.py:237}}
Feb 03 06:44:34.099471 dv-neutron-827590-1-hyperv neutron-server[110305]: DEBUG neutron_lib.callbacks.manager [None req-59c2c8b7-c57c-4e4c-84cc-acf21abbec19 tempest-ExternalNetworksTestJSON-2118121034 tempest-ExternalNetworksTestJSON-2118121034-project-admin] Publish callbacks ['neutron.plugins.ml2.plugin.External_net_db_mixin._before_network_delete_handler-1243376'] for network (8d42b715-2d62-4456-9140-958b714ba0fc), before_delete {{(pid=110305) _notify_loop /usr/local/lib/python3.8/dist-packages/neutron_lib/callbacks/manager.py:176}}
Feb 03 06:44:34.103956 dv-neutron-827590-1-hyperv neutron-server[110306]: DEBUG neutron_lib.callbacks.manager [None req-98f754f0-9caf-4464-901e-1f816ae13044 tempest-FloatingIPAdminTestJSON-716926210 tempest-FloatingIPAdminTestJSON-716926210-project] Publish callbacks ['neutron.services.l3_router.l3_router_plugin.DVRResourceOperationHandler._create_dvr_floating_gw_port-16234542'] for floatingip (2e28ef32-1d6e-455c-87ff-19efa51ea7fd), after_create {{(pid=110306) _notify_loop /usr/local/lib/python3.8/dist-packages/neutron_lib/callbacks/manager.py:176}}
Feb 03 06:44:34.162424 dv-neutron-827590-1-hyperv neutron-server[110306]: DEBUG neutron_lib.callbacks.manager [None req-98f754f0-9caf-4464-901e-1f816ae13044 tempest-FloatingIPAdminTestJSON-716926210 tempest-FloatingIPAdminTestJSON-716926210-project] Publish callbacks ['neutron.notifiers.nova.Notifier._send_nova_notification-58368'] for floatingip (None), before_response {{(pid=110306) _notify_loop /usr/local/lib/python3.8/dist-packages/neutron_lib/callbacks/manager.py:176}}
Feb 03 06:44:34.166395 dv-neutron-827590-1-hyperv neutron-server[110306]: INFO neutron.wsgi [None req-98f754f0-9caf-4464-901e-1f816ae13044 tempest-FloatingIPAdminTestJSON-716926210 tempest-FloatingIPAdminTestJSON-716926210-project] 10.222.0.41 "POST /v2.0/floatingips HTTP/1.1" status: 201 len: 693 time: 2.9280949
Feb 03 06:44:34.166624 dv-neutron-827590-1-hyperv neutron-server[110306]: DEBUG neutron.wsgi [-] (110306) accepted ('10.222.0.41', 59542) {{(pid=110306) server /usr/local/lib/python3.8/dist-packages/eventlet/wsgi.py:1004}}
Feb 03 06:44:34.171684 dv-neutron-827590-1-hyperv neutron-server[110306]: DEBUG neutron.api.v2.base [None req-9a9886a1-f80a-4100-82f6-c0ca2e8e4d76 tempest-FloatingIPAdminTestJSON-716926210 tempest-FloatingIPAdminTestJSON-716926210-project] Request body: {'network': {'name': 'tempest-FloatingIPAdminTestJSON-test-network-1432924301'}} {{(pid=110306) prepare_request_body /opt/stack/neutron/neutron/api/v2/base.py:729}}
Feb 03 06:44:34.185244 dv-neutron-827590-1-hyperv neutron-server[110305]: DEBUG neutron_lib.callbacks.manager [None req-59c2c8b7-c57c-4e4c-84cc-acf21abbec19 tempest-ExternalNetworksTestJSON-2118121034 tempest-ExternalNetworksTestJSON-2118121034-project-admin] Publish callbacks ['neutron.plugins.ml2.plugin.Ml2Plugin._network_delete_precommit_handler-1151415', 'neutron.services.segments.db._delete_segments_for_network-8758604763046'] for network (8d42b715-2d62-4456-9140-958b714ba0fc), precommit_delete {{(pid=110305) _notify_loop /usr/local/lib/python3.8/dist-packages/neutron_lib/callbacks/manager.py:176}}
Feb 03 06:44:34.205198 dv-neutron-827590-1-hyperv neutron-server[110305]: DEBUG neutron.services.segments.db [None req-59c2c8b7-c57c-4e4c-84cc-acf21abbec19 tempest-ExternalNetworksTestJSON-2118121034 tempest-ExternalNetworksTestJSON-2118121034-project-admin] neutron.services.segments.plugin.Plugin method get_segments called with arguments (,) {'filters': {'network_id': ['8d42b715-2d62-4456-9140-958b714ba0fc']}} {{(pid=110305) wrapper /usr/local/lib/python3.8/dist-packages/oslo_log/helpers.py:65}}
Feb 03 06:44:34.215380 dv-neutron-827590-1-hyperv neutron-server[110305]: DEBUG neutron.services.segments.db [None req-59c2c8b7-c57c-4e4c-84cc-acf21abbec19 tempest-ExternalNetworksTestJSON-2118121034 tempest-ExternalNetworksTestJSON-2118121034-project-admin] neutron.services.segments.plugin.Plugin method delete_segment called with arguments (, 'b59ea74c-0671-4fe0-b491-e4662e684738') {'for_net_delete': True} {{(pid=110305) wrapper /usr/local/lib/python3.8/dist-packages/oslo_log/helpers.py:65}}
Feb 03 06:44:34.215679 dv-neutron-827590-1-hyperv neutron-server[110305]: DEBUG neutron.services.segments.db [None req-59c2c8b7-c57c-4e4c-84cc-acf21abbec19 tempest-ExternalNetworksTestJSON-2118121034 tempest-ExternalNetworksTestJSON-2118121034-project-admin] neutron.services.segments.plugin.Plugin method get_segment called with arguments (, 'b59ea74c-0671-4fe0-b491-e4662e684738') {} {{(pid=110305) wrapper /usr/local/lib/python3.8/dist-packages/oslo_log/helpers.py:65}}
Feb 03 06:44:34.226265 dv-neutron-827590-1-hyperv neutron-server[110305]: DEBUG neutron_lib.callbacks.manager [None req-59c2c8b7-c57c-4e4c-84cc-acf21abbec19 tempest-ExternalNetworksTestJSON-2118121034 tempest-ExternalNetworksTestJSON-2118121034-project-admin] Publish callbacks ['neutron.plugins.ml2.db._prevent_segment_delete_with_port_bound-8758604798639', 'neutron.services.segments.plugin.Plugin._prevent_segment_delete_with_subnet_associated-14274412'] for segment (b59ea74c-0671-4fe0-b491-e4662e684738), before_delete {{(pid=110305) _notify_loop /usr/local/lib/python3.8/dist-packages/neutron_lib/callbacks/manager.py:176}}
