Feb 04 08:03:01.983774 dv-neutron-827419-1-hyperv neutron-server[103259]: DEBUG neutron_lib.callbacks.manager [None req-5e4342a0-965d-4639-8541-a028c3c10e72 tempest-DHCPAgentSchedulersTestJSON-617819029 tempest-DHCPAgentSchedulersTestJSON-617819029-project] Publish callbacks ['neutron.api.rpc.agentnotifiers.dhcp_rpc_agent_api.DhcpAgentNotifyAPI._send_dhcp_notification-702961'] for network (None), before_response {{(pid=103259) _notify_loop /usr/local/lib/python3.8/dist-packages/neutron_lib/callbacks/manager.py:176}}
Feb 04 08:03:01.987357 dv-neutron-827419-1-hyperv neutron-server[103259]: INFO neutron.wsgi [None req-5e4342a0-965d-4639-8541-a028c3c10e72 tempest-DHCPAgentSchedulersTestJSON-617819029 tempest-DHCPAgentSchedulersTestJSON-617819029-project] 10.222.0.41 "DELETE /v2.0/networks/f48ce2c3-d02f-4a8f-b0fe-67c6307a00a1 HTTP/1.1" status: 204 len: 168 time: 1.7746046
Feb 04 08:03:01.997442 dv-neutron-827419-1-hyperv neutron-server[103259]: DEBUG neutron.wsgi [-] (103259) accepted ('10.222.0.41', 36344) {{(pid=103259) server /usr/local/lib/python3.8/dist-packages/eventlet/wsgi.py:1004}}
Feb 04 08:03:02.068739 dv-neutron-827419-1-hyperv neutron-server[103260]: DEBUG neutron_lib.callbacks.manager [None req-11cf00ec-8569-438b-851a-d47450c28b24 admin admin] Publish callbacks ['neutron.plugins.ml2.plugin.SecurityGroupServerNotifierRpcMixin._notify_sg_on_port_change-16116635', 'neutron.plugins.ml2.ovo_rpc._ObjectChangeHandler.handle_event-14892', 'neutron.api.rpc.agentnotifiers.dhcp_rpc_agent_api.DhcpAgentNotifyAPI._native_event_send_dhcp_notification-702723', 'neutron.db.l3_dvrscheduler_db._notify_l3_agent_new_port-8735551463774'] for port (ff60779c-ffde-449f-9e89-088b819c0076), after_create {{(pid=103260) _notify_loop /usr/local/lib/python3.8/dist-packages/neutron_lib/callbacks/manager.py:176}}
Feb 04 08:03:02.075306 dv-neutron-827419-1-hyperv neutron-server[103260]: DEBUG neutron.api.rpc.handlers.resources_rpc [None req-6ba60ede-c1c5-48aa-b917-b0052f7d6aeb tempest-AllowedAddressPairTestJSON-1284757912 tempest-AllowedAddressPairTestJSON-1284757912-project] Pushing event updated for resources: {'Port': ['ID=44cd3fb6-689c-4460-b25d-bc5d8e95a880,revision_number=2']} {{(pid=103260) push /opt/stack/neutron/neutron/api/rpc/handlers/resources_rpc.py:237}}
Feb 04 08:03:02.159224 dv-neutron-827419-1-hyperv neutron-server[103260]: DEBUG neutron.scheduler.dhcp_agent_scheduler [None req-11cf00ec-8569-438b-851a-d47450c28b24 admin admin] Network ef37b85e-a574-4d0f-82ee-4334c5fde688 is already hosted by enough agents. {{(pid=103260) _get_dhcp_agents_hosting_network /opt/stack/neutron/neutron/scheduler/dhcp_agent_scheduler.py:275}}
Feb 04 08:03:02.175087 dv-neutron-827419-1-hyperv neutron-server[103260]: DEBUG neutron.scheduler.base_scheduler [None req-11cf00ec-8569-438b-851a-d47450c28b24 admin admin] Resources bound (agent type, host, resource id): {{(pid=103260) schedule /opt/stack/neutron/neutron/scheduler/base_scheduler.py:57}}
Feb 04 08:03:02.178711 dv-neutron-827419-1-hyperv neutron-server[103261]: DEBUG neutron.db.provisioning_blocks [None req-253a0423-6426-4f1b-be51-91c7270112f3 None None] Provisioning complete for port 44cd3fb6-689c-4460-b25d-bc5d8e95a880 triggered by entity DHCP. {{(pid=103261) provisioning_complete /opt/stack/neutron/neutron/db/provisioning_blocks.py:139}}
Feb 04 08:03:02.179234 dv-neutron-827419-1-hyperv neutron-server[103261]: DEBUG neutron_lib.callbacks.manager [None req-253a0423-6426-4f1b-be51-91c7270112f3 None None] Publish callbacks ['neutron.plugins.ml2.plugin.Ml2Plugin._port_provisioned-16080988'] for port (44cd3fb6-689c-4460-b25d-bc5d8e95a880), provisioning_complete {{(pid=103261) _notify_loop /usr/local/lib/python3.8/dist-packages/neutron_lib/callbacks/manager.py:176}}
Feb 04 08:03:02.197767 dv-neutron-827419-1-hyperv neutron-server[103260]: DEBUG neutron.db.l3_dvrscheduler_db [None req-11cf00ec-8569-438b-851a-d47450c28b24 admin admin] Received port after_create {{(pid=103260) _notify_l3_agent_new_port /opt/stack/neutron/neutron/db/l3_dvrscheduler_db.py:536}}
Feb 04 08:03:02.199390 dv-neutron-827419-1-hyperv neutron-server[103260]: DEBUG neutron_lib.callbacks.manager [None req-11cf00ec-8569-438b-851a-d47450c28b24 admin admin] Publish callbacks ['neutron.services.l3_router.l3_router_plugin.DVRResourceOperationHandler._add_csnat_on_interface_create-539203'] for router_interface (c7087ed8-b7be-4cc9-ab53-94681d69f449), before_create {{(pid=103260) _notify_loop /usr/local/lib/python3.8/dist-packages/neutron_lib/callbacks/manager.py:176}}
Feb 04 08:03:02.267277 dv-neutron-827419-1-hyperv neutron-server[103260]: DEBUG neutron.api.rpc.handlers.resources_rpc [None req-0dc679ab-d74e-453b-9589-a370eae7ba60 tempest-PortsAdminExtendedAttrsTestJSON-219275233 tempest-PortsAdminExtendedAttrsTestJSON-219275233-project-admin] Pushing event updated for resources: {'Port': ['ID=0d6bb720-cca8-432a-bc3c-6dff1ba8861b,revision_number=3']} {{(pid=103260) push /opt/stack/neutron/neutron/api/rpc/handlers/resources_rpc.py:237}}
Feb 04 08:03:02.359546 dv-neutron-827419-1-hyperv neutron-server[103262]: DEBUG neutron_lib.callbacks.manager [None req-6c92151e-e939-47ec-9a20-b269d3616805 None None] Publish callbacks [] for port (074ed088-442e-470a-94bf-fffb4bdf76f6), precommit_update {{(pid=103262) _notify_loop /usr/local/lib/python3.8/dist-packages/neutron_lib/callbacks/manager.py:176}}
Feb 04 08:03:02.368545 dv-neutron-827419-1-hyperv neutron-server[103261]: DEBUG neutron.plugins.ml2.plugin [None req-253a0423-6426-4f1b-be51-91c7270112f3 None None] Port 44cd3fb6-689c-4460-b25d-bc5d8e95a880 cannot update to ACTIVE because it is not bound. {{(pid=103261) _port_provisioned /opt/stack/neutron/neutron/plugins/ml2/plugin.py:343}}
Feb 04 08:03:02.370569 dv-neutron-827419-1-hyperv neutron-server[103259]: DEBUG neutron_lib.callbacks.manager [None req-f9f9b401-ad9f-4c2d-9fdc-baac8cdacb48 admin admin] Publish callbacks [] for security_group (9f45795f-cbe0-41cb-b55b-78598c1162d2), precommit_create {{(pid=103259) _notify_loop /usr/local/lib/python3.8/dist-packages/neutron_lib/callbacks/manager.py:176}}
Feb 04 08:03:02.380436 dv-neutron-827419-1-hyperv neutron-server[103262]: DEBUG neutron_lib.callbacks.manager [None req-6c92151e-e939-47ec-9a20-b269d3616805 None None] Publish callbacks ['neutron.plugins.ml2.plugin.SecurityGroupServerNotifierRpcMixin._notify_sg_on_port_change-16116635', 'neutron.plugins.ml2.ovo_rpc._ObjectChangeHandler.handle_event-14892', 'neutron.api.rpc.agentnotifiers.dhcp_rpc_agent_api.DhcpAgentNotifyAPI._native_event_send_dhcp_notification-702723', 'neutron.db.l3_db.L3RpcNotifierMixin._notify_gateway_port_ip_changed-8735551877111', 'neutron.db.l3_dvrscheduler_db._notify_l3_agent_port_update-8735551463792', 'neutron.db.l3_hascheduler_db._notify_l3_agent_ha_port_update-8735551463810'] for port (074ed088-442e-470a-94bf-fffb4bdf76f6), after_update {{(pid=103262) _notify_loop /usr/local/lib/python3.8/dist-packages/neutron_lib/callbacks/manager.py:176}}
Feb 04 08:03:02.387233 dv-neutron-827419-1-hyperv neutron-server[103260]: DEBUG neutron.pecan_wsgi.hooks.policy_enforcement [None req-a07d4f81-1f58-4847-a371-f4110dcdf4d8 tempest-PortsAdminExtendedAttrsTestJSON-219275233 tempest-PortsAdminExtendedAttrsTestJSON-219275233-project-admin] Attributes excluded by policy engine: ['standard_attr_id'] {{(pid=103260) _exclude_attributes_by_policy /opt/stack/neutron/neutron/pecan_wsgi/hooks/policy_enforcement.py:255}}
Feb 04 08:03:02.388434 dv-neutron-827419-1-hyperv neutron-server[103260]: DEBUG neutron.pecan_wsgi.hooks.policy_enforcement [None req-a07d4f81-1f58-4847-a371-f4110dcdf4d8 tempest-PortsAdminExtendedAttrsTestJSON-219275233 tempest-PortsAdminExtendedAttrsTestJSON-219275233-project-admin] Attributes excluded by policy engine: ['standard_attr_id'] {{(pid=103260) _exclude_attributes_by_policy /opt/stack/neutron/neutron/pecan_wsgi/hooks/policy_enforcement.py:255}}
Feb 04 08:03:02.389468 dv-neutron-827419-1-hyperv neutron-server[103260]: DEBUG neutron.pecan_wsgi.hooks.policy_enforcement [None req-a07d4f81-1f58-4847-a371-f4110dcdf4d8 tempest-PortsAdminExtendedAttrsTestJSON-219275233 tempest-PortsAdminExtendedAttrsTestJSON-219275233-project-admin] Attributes excluded by policy engine: ['standard_attr_id'] {{(pid=103260) _exclude_attributes_by_policy /opt/stack/neutron/neutron/pecan_wsgi/hooks/policy_enforcement.py:255}}
Feb 04 08:03:02.390651 dv-neutron-827419-1-hyperv neutron-server[103260]: DEBUG neutron.pecan_wsgi.hooks.policy_enforcement [None req-a07d4f81-1f58-4847-a371-f4110dcdf4d8 tempest-PortsAdminExtendedAttrsTestJSON-219275233 tempest-PortsAdminExtendedAttrsTestJSON-219275233-project-admin] Attributes excluded by policy engine: ['standard_attr_id'] {{(pid=103260) _exclude_attributes_by_policy /opt/stack/neutron/neutron/pecan_wsgi/hooks/policy_enforcement.py:255}}
Feb 04 08:03:02.396782 dv-neutron-827419-1-hyperv neutron-server[103260]: DEBUG neutron.pecan_wsgi.hooks.policy_enforcement [None req-a07d4f81-1f58-4847-a371-f4110dcdf4d8 tempest-PortsAdminExtendedAttrsTestJSON-219275233 tempest-PortsAdminExtendedAttrsTestJSON-219275233-project-admin] Attributes excluded by policy engine: ['standard_attr_id'] {{(pid=103260) _exclude_attributes_by_policy /opt/stack/neutron/neutron/pecan_wsgi/hooks/policy_enforcement.py:255}}
Feb 04 08:03:02.397530 dv-neutron-827419-1-hyperv neutron-server[103260]: DEBUG neutron.pecan_wsgi.hooks.policy_enforcement [None req-a07d4f81-1f58-4847-a371-f4110dcdf4d8 tempest-PortsAdminExtendedAttrsTestJSON-219275233 tempest-PortsAdminExtendedAttrsTestJSON-219275233-project-admin] Attributes excluded by policy engine: ['standard_attr_id'] {{(pid=103260) _exclude_attributes_by_policy /opt/stack/neutron/neutron/pecan_wsgi/hooks/policy_enforcement.py:255}}
Feb 04 08:03:02.398012 dv-neutron-827419-1-hyperv neutron-server[103260]: DEBUG neutron.pecan_wsgi.hooks.policy_enforcement [None req-a07d4f81-1f58-4847-a371-f4110dcdf4d8 tempest-PortsAdminExtendedAttrsTestJSON-219275233 tempest-PortsAdminExtendedAttrsTestJSON-219275233-project-admin] Attributes excluded by policy engine: ['standard_attr_id'] {{(pid=103260) _exclude_attributes_by_policy /opt/stack/neutron/neutron/pecan_wsgi/hooks/policy_enforcement.py:255}}
Feb 04 08:03:02.398485 dv-neutron-827419-1-hyperv neutron-server[103260]: DEBUG neutron.pecan_wsgi.hooks.policy_enforcement [None req-a07d4f81-1f58-4847-a371-f4110dcdf4d8 tempest-PortsAdminExtendedAttrsTestJSON-219275233 tempest-PortsAdminExtendedAttrsTestJSON-219275233-project-admin] Attributes excluded by policy engine: ['standard_attr_id'] {{(pid=103260) _exclude_attributes_by_policy /opt/stack/neutron/neutron/pecan_wsgi/hooks/policy_enforcement.py:255}}
Feb 04 08:03:02.398950 dv-neutron-827419-1-hyperv neutron-server[103260]: DEBUG neutron.pecan_wsgi.hooks.policy_enforcement [None req-a07d4f81-1f58-4847-a371-f4110dcdf4d8 tempest-PortsAdminExtendedAttrsTestJSON-219275233 tempest-PortsAdminExtendedAttrsTestJSON-219275233-project-admin] Attributes excluded by policy engine: ['standard_attr_id'] {{(pid=103260) _exclude_attributes_by_policy /opt/stack/neutron/neutron/pecan_wsgi/hooks/policy_enforcement.py:255}}
Feb 04 08:03:02.399414 dv-neutron-827419-1-hyperv neutron-server[103260]: DEBUG neutron.pecan_wsgi.hooks.policy_enforcement [None req-a07d4f81-1f58-4847-a371-f4110dcdf4d8 tempest-PortsAdminExtendedAttrsTestJSON-219275233 tempest-PortsAdminExtendedAttrsTestJSON-219275233-project-admin] Attributes excluded by policy engine: ['standard_attr_id'] {{(pid=103260) _exclude_attributes_by_policy /opt/stack/neutron/neutron/pecan_wsgi/hooks/policy_enforcement.py:255}}
Feb 04 08:03:02.399885 dv-neutron-827419-1-hyperv neutron-server[103260]: DEBUG neutron.pecan_wsgi.hooks.policy_enforcement [None req-a07d4f81-1f58-4847-a371-f4110dcdf4d8 tempest-PortsAdminExtendedAttrsTestJSON-219275233 tempest-PortsAdminExtendedAttrsTestJSON-219275233-project-admin] Attributes excluded by policy engine: ['standard_attr_id'] {{(pid=103260) _exclude_attributes_by_policy /opt/stack/neutron/neutron/pecan_wsgi/hooks/policy_enforcement.py:255}}
Feb 04 08:03:02.400342 dv-neutron-827419-1-hyperv neutron-server[103260]: DEBUG neutron.pecan_wsgi.hooks.policy_enforcement [None req-a07d4f81-1f58-4847-a371-f4110dcdf4d8 tempest-PortsAdminExtendedAttrsTestJSON-219275233 tempest-PortsAdminExtendedAttrsTestJSON-219275233-project-admin] Attributes excluded by policy engine: ['standard_attr_id'] {{(pid=103260) _exclude_attributes_by_policy /opt/stack/neutron/neutron/pecan_wsgi/hooks/policy_enforcement.py:255}}
Feb 04 08:03:02.400803 dv-neutron-827419-1-hyperv neutron-server[103260]: DEBUG neutron.pecan_wsgi.hooks.policy_enforcement [None req-a07d4f81-1f58-4847-a371-f4110dcdf4d8 tempest-PortsAdminExtendedAttrsTestJSON-219275233 tempest-PortsAdminExtendedAttrsTestJSON-219275233-project-admin] Attributes excluded by policy engine: ['standard_attr_id'] {{(pid=103260) _exclude_attributes_by_policy /opt/stack/neutron/neutron/pecan_wsgi/hooks/policy_enforcement.py:255}}
Feb 04 08:03:02.401829 dv-neutron-827419-1-hyperv neutron-server[103260]: DEBUG neutron.pecan_wsgi.hooks.policy_enforcement [None req-a07d4f81-1f58-4847-a371-f4110dcdf4d8 tempest-PortsAdminExtendedAttrsTestJSON-219275233 tempest-PortsAdminExtendedAttrsTestJSON-219275233-project-admin] Attributes excluded by policy engine: ['standard_attr_id'] {{(pid=103260) _exclude_attributes_by_policy /opt/stack/neutron/neutron/pecan_wsgi/hooks/policy_enforcement.py:255}}
Feb 04 08:03:02.402293 dv-neutron-827419-1-hyperv neutron-server[103260]: DEBUG neutron.pecan_wsgi.hooks.policy_enforcement [None req-a07d4f81-1f58-4847-a371-f4110dcdf4d8 tempest-PortsAdminExtendedAttrsTestJSON-219275233 tempest-PortsAdminExtendedAttrsTestJSON-219275233-project-admin] Attributes excluded by policy engine: ['standard_attr_id'] {{(pid=103260) _exclude_attributes_by_policy /opt/stack/neutron/neutron/pecan_wsgi/hooks/policy_enforcement.py:255}}
Feb 04 08:03:02.402753 dv-neutron-827419-1-hyperv neutron-server[103260]: DEBUG neutron.pecan_wsgi.hooks.policy_enforcement [None req-a07d4f81-1f58-4847-a371-f4110dcdf4d8 tempest-PortsAdminExtendedAttrsTestJSON-219275233 tempest-PortsAdminExtendedAttrsTestJSON-219275233-project-admin] Attributes excluded by policy engine: ['standard_attr_id'] {{(pid=103260) _exclude_attributes_by_policy /opt/stack/neutron/neutron/pecan_wsgi/hooks/policy_enforcement.py:255}}
Feb 04 08:03:02.403211 dv-neutron-827419-1-hyperv neutron-server[103260]: DEBUG neutron.pecan_wsgi.hooks.policy_enforcement [None req-a07d4f81-1f58-4847-a371-f4110dcdf4d8 tempest-PortsAdminExtendedAttrsTestJSON-219275233 tempest-PortsAdminExtendedAttrsTestJSON-219275233-project-admin] Attributes excluded by policy engine: ['standard_attr_id'] {{(pid=103260) _exclude_attributes_by_policy /opt/stack/neutron/neutron/pecan_wsgi/hooks/policy_enforcement.py:255}}
Feb 04 08:03:02.415254 dv-neutron-827419-1-hyperv neutron-server[103260]: INFO neutron.wsgi [None req-a07d4f81-1f58-4847-a371-f4110dcdf4d8 tempest-PortsAdminExtendedAttrsTestJSON-219275233 tempest-PortsAdminExtendedAttrsTestJSON-219275233-project-admin] 10.222.0.41 "GET /v2.0/ports HTTP/1.1" status: 200 len: 15693 time: 0.4351890
Feb 04 08:03:02.428106 dv-neutron-827419-1-hyperv neutron-server[103260]: DEBUG neutron.wsgi [-] (103260) accepted ('10.222.0.41', 36346) {{(pid=103260) server /usr/local/lib/python3.8/dist-packages/eventlet/wsgi.py:1004}}
Feb 04 08:03:02.433844 dv-neutron-827419-1-hyperv neutron-server[103261]: DEBUG neutron_lib.callbacks.manager [None req-e1bbc4f6-2df2-4d90-9429-7f63445e47ee None None] Publish callbacks ['neutron.services.segments.db._update_segment_host_mapping_for_agent-8735551981123', 'neutron.plugins.ml2.plugin.Ml2Plugin._retry_binding_revived_agents-16081078'] for agent (6c8fa2d1-8196-4263-9594-f661bf14814a), after_update {{(pid=103261) _notify_loop /usr/local/lib/python3.8/dist-packages/neutron_lib/callbacks/manager.py:176}}
Feb 04 08:03:02.485087 dv-neutron-827419-1-hyperv neutron-server[103260]: DEBUG neutron.plugins.ml2.plugin [None req-40fda94d-667d-4dea-ad45-13386a8f29a3 tempest-AllowedAddressPairTestJSON-1284757912 tempest-AllowedAddressPairTestJSON-1284757912-project] Deleting port 44cd3fb6-689c-4460-b25d-bc5d8e95a880 {{(pid=103260) _pre_delete_port /opt/stack/neutron/neutron/plugins/ml2/plugin.py:1984}}
Feb 04 08:03:02.486317 dv-neutron-827419-1-hyperv neutron-server[103260]: DEBUG neutron_lib.callbacks.manager [None req-40fda94d-667d-4dea-ad45-13386a8f29a3 tempest-AllowedAddressPairTestJSON-1284757912 tempest-AllowedAddressPairTestJSON-1284757912-project] Publish callbacks ['neutron.db.l3_db.L3_NAT_dbonly_mixin._prevent_l3_port_delete_callback-8735551872130'] for port (44cd3fb6-689c-4460-b25d-bc5d8e95a880), before_delete {{(pid=103260) _notify_loop /usr/local/lib/python3.8/dist-packages/neutron_lib/callbacks/manager.py:176}}
Feb 04 08:03:02.507907 dv-neutron-827419-1-hyperv neutron-server[103262]: DEBUG neutron.plugins.ml2.managers [None req-6c92151e-e939-47ec-9a20-b269d3616805 None None] Attempting to bind port 074ed088-442e-470a-94bf-fffb4bdf76f6 on host dv-neutron-827419-1-hyperv for vnic_type normal with profile {{(pid=103262) bind_port /opt/stack/neutron/neutron/plugins/ml2/managers.py:795}}
Feb 04 08:03:02.508565 dv-neutron-827419-1-hyperv neutron-server[103262]: DEBUG neutron.plugins.ml2.managers [None req-6c92151e-e939-47ec-9a20-b269d3616805 None None] Attempting to bind port 074ed088-442e-470a-94bf-fffb4bdf76f6 by drivers openvswitch,hyperv on host dv-neutron-827419-1-hyperv at level 0 using segments [{'id': 'd7313bb0-9526-4f13-ab93-19650870bf13', 'network_type': 'flat', 'physical_network': 'physnet1', 'segmentation_id': None, 'network_id': '9510e2de-81f2-4816-a873-7934980946c3'}] {{(pid=103262) _bind_port_level /opt/stack/neutron/neutron/plugins/ml2/managers.py:820}}
Feb 04 08:03:02.509121 dv-neutron-827419-1-hyperv neutron-server[103262]: DEBUG neutron.plugins.ml2.drivers.mech_agent [None req-6c92151e-e939-47ec-9a20-b269d3616805 None None] Attempting to bind port 074ed088-442e-470a-94bf-fffb4bdf76f6 on network 9510e2de-81f2-4816-a873-7934980946c3 {{(pid=103262) bind_port /opt/stack/neutron/neutron/plugins/ml2/drivers/mech_agent.py:91}}
Feb 04 08:03:02.515637 dv-neutron-827419-1-hyperv neutron-server[103262]: DEBUG neutron.api.rpc.handlers.resources_rpc [None req-0381b7b8-4071-4774-bbb3-a49232d4d524 None None] Pushing event updated for resources: {'Port': ['ID=074ed088-442e-470a-94bf-fffb4bdf76f6,revision_number=2']} {{(pid=103262) push /opt/stack/neutron/neutron/api/rpc/handlers/resources_rpc.py:237}}
Feb 04 08:03:02.543636 dv-neutron-827419-1-hyperv neutron-server[103262]: DEBUG neutron.plugins.ml2.drivers.mech_agent [None req-6c92151e-e939-47ec-9a20-b269d3616805 None None] Checking agent: {'id': 'ae0c1031-4542-417b-9632-8fc6afffd0ef', 'agent_type': 'Open vSwitch agent', 'binary': 'neutron-openvswitch-agent', 'topic': 'N/A', 'host': 'dv-neutron-827419-1-hyperv', 'admin_state_up': True, 'created_at': datetime.datetime(2022, 2, 4, 7, 55, 36), 'started_at': datetime.datetime(2022, 2, 4, 7, 56, 6), 'heartbeat_timestamp': datetime.datetime(2022, 2, 4, 8, 2, 36), 'description': None, 'resources_synced': None, 'availability_zone': None, 'alive': True, 'configurations': {'arp_responder_enabled': False, 'baremetal_smartnic': False, 'bridge_mappings': {'physnet1': 'br-data'}, 'datapath_type': 'system', 'devices': 0, 'enable_distributed_routing': False, 'extensions': [], 'in_distributed_mode': False, 'integration_bridge': 'br-int', 'l2_population': False, 'log_agent_heartbeats': False, 'ovs_capabilities': {'datapath_types': ['netdev', 'system'], 'iface_types': ['erspan', 'geneve', 'gre', 'internal', 'ip6erspan', 'ip6gre', 'lisp', 'patch', 'stt', 'system', 'tap', 'vxlan']}, 'ovs_hybrid_plug': False, 'resource_provider_bandwidths': {}, 'resource_provider_hypervisors': {'br-data': 'dv-neutron-827419-1-hyperv'}, 'resource_provider_inventory_defaults': {'allocation_ratio': 1.0, 'min_unit': 1, 'step_size': 1, 'reserved': 0}, 'resource_provider_packet_processing_inventory_defaults': {'allocation_ratio': 1.0, 'min_unit': 1, 'step_size': 1, 'reserved': 0}, 'resource_provider_packet_processing_with_direction': {}, 'resource_provider_packet_processing_without_direction': {}, 'tunnel_types': [], 'tunneling_ip': None, 'vhostuser_socket_dir': '/var/run/openvswitch'}, 'resource_versions': {'AddressGroup': '1.2', 'ConntrackHelper': '1.0', 'LocalIPAssociation': '1.0', 'Log': '1.0', 'Network': '1.1', 'Port': '1.7', 'PortForwarding': '1.2', 'QosPolicy': '1.10', 'SecurityGroup': '1.5', 'SecurityGroupRule': '1.2', 'SubPort': '1.0', 'Subnet': '1.1', 'Trunk': '1.1'}} {{(pid=103262) bind_port /opt/stack/neutron/neutron/plugins/ml2/drivers/mech_agent.py:110}}
Feb 04 08:03:02.544136 dv-neutron-827419-1-hyperv neutron-server[103262]: DEBUG neutron.plugins.ml2.drivers.mech_agent [None req-6c92151e-e939-47ec-9a20-b269d3616805 None None] Checking segment: {'id': 'd7313bb0-9526-4f13-ab93-19650870bf13', 'network_type': 'flat', 'physical_network': 'physnet1', 'segmentation_id': None, 'network_id': '9510e2de-81f2-4816-a873-7934980946c3'} for mappings: {'physnet1': 'br-data'} with network types: ['local', 'flat', 'vlan'] {{(pid=103262) check_segment_for_agent /opt/stack/neutron/neutron/plugins/ml2/drivers/mech_agent.py:373}}
Feb 04 08:03:02.547315 dv-neutron-827419-1-hyperv neutron-server[103262]: DEBUG neutron_lib.callbacks.manager [None req-6c92151e-e939-47ec-9a20-b269d3616805 None None] Publish callbacks [] for ovs_bridge_name (None), before_read {{(pid=103262) _notify_loop /usr/local/lib/python3.8/dist-packages/neutron_lib/callbacks/manager.py:176}}
Feb 04 08:03:02.549317 dv-neutron-827419-1-hyperv neutron-server[103262]: DEBUG neutron.plugins.ml2.drivers.mech_agent [None req-6c92151e-e939-47ec-9a20-b269d3616805 None None] Bound using segment: {'id': 'd7313bb0-9526-4f13-ab93-19650870bf13', 'network_type': 'flat', 'physical_network': 'physnet1', 'segmentation_id': None, 'network_id': '9510e2de-81f2-4816-a873-7934980946c3'} {{(pid=103262) bind_port /opt/stack/neutron/neutron/plugins/ml2/drivers/mech_agent.py:120}}
Feb 04 08:03:02.552652 dv-neutron-827419-1-hyperv neutron-server[103262]: DEBUG neutron.plugins.ml2.managers [None req-6c92151e-e939-47ec-9a20-b269d3616805 None None] Bound port: 074ed088-442e-470a-94bf-fffb4bdf76f6, host: dv-neutron-827419-1-hyperv, vif_type: ovs, vif_details: {"connectivity": "l2", "port_filter": true, "ovs_hybrid_plug": false, "datapath_type": "system", "bridge_name": "br-int"}, binding_levels: [{'bound_driver': 'openvswitch', 'bound_segment': {'id': 'd7313bb0-9526-4f13-ab93-19650870bf13', 'network_type': 'flat', 'physical_network': 'physnet1', 'segmentation_id': None, 'network_id': '9510e2de-81f2-4816-a873-7934980946c3'}}] {{(pid=103262) _bind_port_level /opt/stack/neutron/neutron/plugins/ml2/managers.py:932}}
Feb 04 08:03:02.553103 dv-neutron-827419-1-hyperv neutron-server[103262]: DEBUG neutron_lib.callbacks.manager [None req-6c92151e-e939-47ec-9a20-b269d3616805 None None] Publish callbacks ['neutron.plugins.ml2.plugin.SecurityGroupDbMixin._ensure_default_security_group_handler-16116572'] for port (074ed088-442e-470a-94bf-fffb4bdf76f6), before_update {{(pid=103262) _notify_loop /usr/local/lib/python3.8/dist-packages/neutron_lib/callbacks/manager.py:176}}
Feb 04 08:03:02.581478 dv-neutron-827419-1-hyperv neutron-server[103259]: INFO neutron.pecan_wsgi.hooks.translation [None req-bf696312-9b7e-4c04-88e9-541836058861 tempest-DHCPAgentSchedulersTestJSON-617819029 tempest-DHCPAgentSchedulersTestJSON-617819029-project] DELETE failed (client error): The resource could not be found.
Feb 04 08:03:02.582077 dv-neutron-827419-1-hyperv neutron-server[103259]: DEBUG neutron.pecan_wsgi.hooks.notifier [None req-bf696312-9b7e-4c04-88e9-541836058861 tempest-DHCPAgentSchedulersTestJSON-617819029 tempest-DHCPAgentSchedulersTestJSON-617819029-project] No notification will be sent due to unsuccessful status code: 404 {{(pid=103259) after /opt/stack/neutron/neutron/pecan_wsgi/hooks/notifier.py:78}}
Feb 04 08:03:02.585189 dv-neutron-827419-1-hyperv neutron-server[103259]: INFO neutron.wsgi [None req-bf696312-9b7e-4c04-88e9-541836058861 tempest-DHCPAgentSchedulersTestJSON-617819029 tempest-DHCPAgentSchedulersTestJSON-617819029-project] 10.222.0.41 "DELETE /v2.0/ports/80319e05-3fce-44f0-ab2b-b9742746d9e7 HTTP/1.1" status: 404 len: 333 time: 0.5521383
Feb 04 08:03:02.599182 dv-neutron-827419-1-hyperv neutron-server[103259]: DEBUG neutron.wsgi [-] (103259) accepted ('10.222.0.41', 36348) {{(pid=103259) server /usr/local/lib/python3.8/dist-packages/eventlet/wsgi.py:1004}}
Feb 04 08:03:02.612885 dv-neutron-827419-1-hyperv neutron-server[103259]: DEBUG neutron_lib.callbacks.manager [None req-f9f9b401-ad9f-4c2d-9fdc-baac8cdacb48 admin admin] Publish callbacks ['neutron.plugins.ml2.ovo_rpc._ObjectChangeHandler.handle_event-600527'] for security_group (9f45795f-cbe0-41cb-b55b-78598c1162d2), after_create {{(pid=103259) _notify_loop /usr/local/lib/python3.8/dist-packages/neutron_lib/callbacks/manager.py:176}}
Feb 04 08:03:02.669505 dv-neutron-827419-1-hyperv neutron-server[103261]: DEBUG neutron.plugins.ml2.rpc [None req-b8c1a93d-1b33-4dec-8e61-87b33ecb24b5 None None] Device e22510c3-6493-4781-bdfb-a9e8421d1d70 up at agent ovs-agent-dv-neutron-827419-1-hyperv {{(pid=103261) update_device_up /opt/stack/neutron/neutron/plugins/ml2/rpc.py:296}}
Feb 04 08:03:02.701949 dv-neutron-827419-1-hyperv neutron-server[103260]: DEBUG neutron.api.rpc.handlers.resources_rpc [None req-11cf00ec-8569-438b-851a-d47450c28b24 admin admin] Pushing event updated for resources: {'Port': ['ID=ff60779c-ffde-449f-9e89-088b819c0076,revision_number=1']} {{(pid=103260) push /opt/stack/neutron/neutron/api/rpc/handlers/resources_rpc.py:237}}
Feb 04 08:03:02.720946 dv-neutron-827419-1-hyperv neutron-server[103262]: DEBUG neutron.plugins.ml2.db [None req-6c92151e-e939-47ec-9a20-b269d3616805 None None] For port 074ed088-442e-470a-94bf-fffb4bdf76f6, host dv-neutron-827419-1-hyperv, cleared binding levels {{(pid=103262) clear_binding_levels /opt/stack/neutron/neutron/plugins/ml2/db.py:87}}
Feb 04 08:03:02.725502 dv-neutron-827419-1-hyperv neutron-server[103262]: DEBUG neutron.plugins.ml2.db [None req-6c92151e-e939-47ec-9a20-b269d3616805 None None] For port 074ed088-442e-470a-94bf-fffb4bdf76f6, host dv-neutron-827419-1-hyperv, set binding levels [PortBindingLevel(driver='openvswitch',host='dv-neutron-827419-1-hyperv',level=0,port_id=074ed088-442e-470a-94bf-fffb4bdf76f6,segment=NetworkSegment(d7313bb0-9526-4f13-ab93-19650870bf13),segment_id=d7313bb0-9526-4f13-ab93-19650870bf13)] {{(pid=103262) set_binding_levels /opt/stack/neutron/neutron/plugins/ml2/db.py:59}}
Feb 04 08:03:02.747448 dv-neutron-827419-1-hyperv neutron-server[103262]: DEBUG neutron_lib.callbacks.manager [None req-6c92151e-e939-47ec-9a20-b269d3616805 None None] Publish callbacks ['neutron.plugins.ml2.plugin.SecurityGroupServerNotifierRpcMixin._notify_sg_on_port_change-16116635', 'neutron.plugins.ml2.ovo_rpc._ObjectChangeHandler.handle_event-14892', 'neutron.api.rpc.agentnotifiers.dhcp_rpc_agent_api.DhcpAgentNotifyAPI._native_event_send_dhcp_notification-702723', 'neutron.db.l3_db.L3RpcNotifierMixin._notify_gateway_port_ip_changed-8735551877111', 'neutron.db.l3_dvrscheduler_db._notify_l3_agent_port_update-8735551463792', 'neutron.db.l3_hascheduler_db._notify_l3_agent_ha_port_update-8735551463810'] for port (074ed088-442e-470a-94bf-fffb4bdf76f6), after_update {{(pid=103262) _notify_loop /usr/local/lib/python3.8/dist-packages/neutron_lib/callbacks/manager.py:176}}
Feb 04 08:03:02.784329 dv-neutron-827419-1-hyperv neutron-server[103259]: INFO neutron.wsgi [None req-f9f9b401-ad9f-4c2d-9fdc-baac8cdacb48 admin admin] 10.222.0.41 "GET /v2.0/security-groups?tenant_id=e3b05e14737b49d3952f640d3d6bca12&name=default HTTP/1.1" status: 200 len: 2996 time: 2.2156694
Feb 04 08:03:02.784329 dv-neutron-827419-1-hyperv neutron-server[103259]: DEBUG neutron.api.rpc.handlers.resources_rpc [None req-5e4342a0-965d-4639-8541-a028c3c10e72 tempest-DHCPAgentSchedulersTestJSON-617819029 tempest-DHCPAgentSchedulersTestJSON-617819029-project] Pushing event deleted for resources: {'Network': ['ID=f48ce2c3-d02f-4a8f-b0fe-67c6307a00a1,revision_number=None']} {{(pid=103259) push /opt/stack/neutron/neutron/api/rpc/handlers/resources_rpc.py:237}}
Feb 04 08:03:02.793981 dv-neutron-827419-1-hyperv neutron-server[103261]: DEBUG neutron.db.provisioning_blocks [None req-659e16b6-b8d1-4232-b403-306ede915def None None] Provisioning complete for port ff60779c-ffde-449f-9e89-088b819c0076 triggered by entity DHCP. {{(pid=103261) provisioning_complete /opt/stack/neutron/neutron/db/provisioning_blocks.py:139}}
Feb 04 08:03:02.794552 dv-neutron-827419-1-hyperv neutron-server[103261]: DEBUG neutron_lib.callbacks.manager [None req-659e16b6-b8d1-4232-b403-306ede915def None None] Publish callbacks ['neutron.plugins.ml2.plugin.Ml2Plugin._port_provisioned-16080988'] for port (ff60779c-ffde-449f-9e89-088b819c0076), provisioning_complete {{(pid=103261) _notify_loop /usr/local/lib/python3.8/dist-packages/neutron_lib/callbacks/manager.py:176}}
Feb 04 08:03:02.808721 dv-neutron-827419-1-hyperv neutron-server[103260]: DEBUG neutron.wsgi [-] (103260) accepted ('10.222.0.41', 36350) {{(pid=103260) server /usr/local/lib/python3.8/dist-packages/eventlet/wsgi.py:1004}}
Feb 04 08:03:02.872923 dv-neutron-827419-1-hyperv neutron-server[103261]: DEBUG neutron.plugins.ml2.plugin [None req-659e16b6-b8d1-4232-b403-306ede915def None None] Port ff60779c-ffde-449f-9e89-088b819c0076 cannot update to ACTIVE because it is not bound. {{(pid=103261) _port_provisioned /opt/stack/neutron/neutron/plugins/ml2/plugin.py:343}}
Feb 04 08:03:02.873477 dv-neutron-827419-1-hyperv neutron-server[103262]: DEBUG neutron.api.rpc.handlers.resources_rpc [None req-0381b7b8-4071-4774-bbb3-a49232d4d524 None None] Pushing event updated for resources: {'Port': ['ID=074ed088-442e-470a-94bf-fffb4bdf76f6,revision_number=3']} {{(pid=103262) push /opt/stack/neutron/neutron/api/rpc/handlers/resources_rpc.py:237}}
Feb 04 08:03:02.875696 dv-neutron-827419-1-hyperv neutron-server[103261]: DEBUG neutron.db.provisioning_blocks [None req-b8c1a93d-1b33-4dec-8e61-87b33ecb24b5 None None] Provisioning complete for port e22510c3-6493-4781-bdfb-a9e8421d1d70 triggered by entity L2. {{(pid=103261) provisioning_complete /opt/stack/neutron/neutron/db/provisioning_blocks.py:139}}
Feb 04 08:03:02.876777 dv-neutron-827419-1-hyperv neutron-server[103261]: DEBUG neutron_lib.callbacks.manager [None req-b8c1a93d-1b33-4dec-8e61-87b33ecb24b5 None None] Publish callbacks ['neutron.plugins.ml2.plugin.Ml2Plugin._port_provisioned-16080988'] for port (e22510c3-6493-4781-bdfb-a9e8421d1d70), provisioning_complete {{(pid=103261) _notify_loop /usr/local/lib/python3.8/dist-packages/neutron_lib/callbacks/manager.py:176}}
Feb 04 08:03:02.887244 dv-neutron-827419-1-hyperv neutron-server[103259]: DEBUG neutron.api.rpc.handlers.resources_rpc [None req-f9f9b401-ad9f-4c2d-9fdc-baac8cdacb48 admin admin] Pushing event updated for resources: {'SecurityGroup': ['ID=9f45795f-cbe0-41cb-b55b-78598c1162d2,revision_number=1']} {{(pid=103259) push /opt/stack/neutron/neutron/api/rpc/handlers/resources_rpc.py:237}}
Feb 04 08:03:02.927851 dv-neutron-827419-1-hyperv neutron-server[103262]: DEBUG neutron.db.l3_dvrscheduler_db [None req-6c92151e-e939-47ec-9a20-b269d3616805 None None] Routers {'5e670be0-2d36-40e4-bc94-1c3d63894374'} bound to L3 agent in host dv-neutron-827419-1-hyperv {{(pid=103262) _get_router_ids_for_agent /opt/stack/neutron/neutron/db/l3_dvrscheduler_db.py:421}}
Feb 04 08:03:02.929285 dv-neutron-827419-1-hyperv neutron-server[103262]: DEBUG neutron.db.l3_hamode_db [None req-6c92151e-e939-47ec-9a20-b269d3616805 None None] neutron.services.l3_router.l3_router_plugin.L3RouterPlugin method get_ha_sync_data_for_host called with arguments (, 'dv-neutron-827419-1-hyperv', Agent(admin_state_up=True,agent_type='L3 agent',availability_zone='nova',binary='neutron-l3-agent',configurations={"agent_mode": "legacy", "ex_gw_ports": 3, "extensions": [], "floating_ips": 0, "handle_internal_only_routers": true, "interface_driver": "openvswitch", "interfaces": 1, "log_agent_heartbeats": false, "routers": 3},created_at=2022-02-04T07:55:32Z,description=,heartbeat_timestamp=2022-02-04T08:03:02Z,host='dv-neutron-827419-1-hyperv',id=6c8fa2d1-8196-4263-9594-f661bf14814a,load=0,resource_versions=,resources_synced=,started_at=2022-02-04T07:55:32Z,topic='l3_agent')) {'router_ids': ['5e670be0-2d36-40e4-bc94-1c3d63894374'], 'active': True} {{(pid=103262) wrapper /usr/local/lib/python3.8/dist-packages/oslo_log/helpers.py:65}}
Feb 04 08:03:02.954528 dv-neutron-827419-1-hyperv neutron-server[103260]: DEBUG neutron_lib.callbacks.manager [None req-40fda94d-667d-4dea-ad45-13386a8f29a3 tempest-AllowedAddressPairTestJSON-1284757912 tempest-AllowedAddressPairTestJSON-1284757912-project] Publish callbacks ['neutron.services.l3_router.l3_router_plugin.L3_NAT_dbonly_mixin._precommit_delete_port_callback-511780'] for port (44cd3fb6-689c-4460-b25d-bc5d8e95a880), precommit_delete {{(pid=103260) _notify_loop /usr/local/lib/python3.8/dist-packages/neutron_lib/callbacks/manager.py:176}}
Feb 04 08:03:03.034125 dv-neutron-827419-1-hyperv neutron-server[103260]: DEBUG neutron_lib.callbacks.manager [None req-11cf00ec-8569-438b-851a-d47450c28b24 admin admin] Publish callbacks ['neutron.plugins.ml2.plugin.SecurityGroupDbMixin._ensure_default_security_group_handler-16116572'] for port (ff60779c-ffde-449f-9e89-088b819c0076), before_update {{(pid=103260) _notify_loop /usr/local/lib/python3.8/dist-packages/neutron_lib/callbacks/manager.py:176}}
Feb 04 08:03:03.090832 dv-neutron-827419-1-hyperv neutron-server[103261]: DEBUG neutron.plugins.ml2.plugin [None req-b8c1a93d-1b33-4dec-8e61-87b33ecb24b5 None None] Current status of the port e22510c3-6493-4781-bdfb-a9e8421d1d70 is: DOWN; New status is: ACTIVE {{(pid=103261) _update_individual_port_db_status /opt/stack/neutron/neutron/plugins/ml2/plugin.py:2238}}
Feb 04 08:03:03.091236 dv-neutron-827419-1-hyperv neutron-server[103261]: DEBUG neutron_lib.callbacks.manager [None req-b8c1a93d-1b33-4dec-8e61-87b33ecb24b5 None None] Publish callbacks ['neutron.plugins.ml2.plugin.SecurityGroupDbMixin._ensure_default_security_group_handler-16116572'] for port (e22510c3-6493-4781-bdfb-a9e8421d1d70), before_update {{(pid=103261) _notify_loop /usr/local/lib/python3.8/dist-packages/neutron_lib/callbacks/manager.py:176}}
Feb 04 08:03:03.106960 dv-neutron-827419-1-hyperv neutron-server[103260]: DEBUG neutron.plugins.ml2.plugin [None req-40fda94d-667d-4dea-ad45-13386a8f29a3 tempest-AllowedAddressPairTestJSON-1284757912 tempest-AllowedAddressPairTestJSON-1284757912-project] Calling delete_port for 44cd3fb6-689c-4460-b25d-bc5d8e95a880 owned by {{(pid=103260) delete_port /opt/stack/neutron/neutron/plugins/ml2/plugin.py:2062}}
Feb 04 08:03:03.126682 dv-neutron-827419-1-hyperv neutron-server[103261]: DEBUG neutron.plugins.ml2.db [None req-b8c1a93d-1b33-4dec-8e61-87b33ecb24b5 None None] For port e22510c3-6493-4781-bdfb-a9e8421d1d70, host dv-neutron-827419-1-hyperv, got binding levels [PortBindingLevel(driver='openvswitch',host='dv-neutron-827419-1-hyperv',level=0,port_id=e22510c3-6493-4781-bdfb-a9e8421d1d70,segment=NetworkSegment(d7313bb0-9526-4f13-ab93-19650870bf13),segment_id=d7313bb0-9526-4f13-ab93-19650870bf13)] {{(pid=103261) get_binding_level_objs /opt/stack/neutron/neutron/plugins/ml2/db.py:74}}
Feb 04 08:03:03.137121 dv-neutron-827419-1-hyperv neutron-server[103261]: DEBUG neutron_lib.callbacks.manager [None req-b8c1a93d-1b33-4dec-8e61-87b33ecb24b5 None None] Publish callbacks ['neutron.plugins.ml2.plugin.SecurityGroupServerNotifierRpcMixin._notify_sg_on_port_change-16116635', 'neutron.plugins.ml2.ovo_rpc._ObjectChangeHandler.handle_event-14892', 'neutron.api.rpc.agentnotifiers.dhcp_rpc_agent_api.DhcpAgentNotifyAPI._native_event_send_dhcp_notification-702723', 'neutron.db.l3_db.L3RpcNotifierMixin._notify_gateway_port_ip_changed-8735551877111', 'neutron.db.l3_dvrscheduler_db._notify_l3_agent_port_update-8735551463792', 'neutron.db.l3_hascheduler_db._notify_l3_agent_ha_port_update-8735551463810'] for port (e22510c3-6493-4781-bdfb-a9e8421d1d70), after_update {{(pid=103261) _notify_loop /usr/local/lib/python3.8/dist-packages/neutron_lib/callbacks/manager.py:176}}
Feb 04 08:03:03.149675 dv-neutron-827419-1-hyperv neutron-server[103259]: DEBUG neutron.db.db_base_plugin_v2 [None req-bede69f5-13e3-4335-bb51-f88bc4938114 tempest-DHCPAgentSchedulersTestJSON-617819029 tempest-DHCPAgentSchedulersTestJSON-617819029-project] Deleting subnet 4f5471f7-4cf3-4ac5-b34e-4604131365eb {{(pid=103259) delete_subnet /opt/stack/neutron/neutron/db/db_base_plugin_v2.py:1065}}
Feb 04 08:03:03.153701 dv-neutron-827419-1-hyperv neutron-server[103260]: DEBUG neutron.plugins.ml2.plugin [None req-d02de80b-e832-4bd5-91f5-71a8a8966b44 tempest-PortsAdminExtendedAttrsTestJSON-219275233 tempest-PortsAdminExtendedAttrsTestJSON-219275233-project-admin] Deleting port 0d6bb720-cca8-432a-bc3c-6dff1ba8861b {{(pid=103260) _pre_delete_port /opt/stack/neutron/neutron/plugins/ml2/plugin.py:1984}}
Feb 04 08:03:03.154044 dv-neutron-827419-1-hyperv neutron-server[103260]: DEBUG neutron_lib.callbacks.manager [None req-d02de80b-e832-4bd5-91f5-71a8a8966b44 tempest-PortsAdminExtendedAttrsTestJSON-219275233 tempest-PortsAdminExtendedAttrsTestJSON-219275233-project-admin] Publish callbacks ['neutron.db.l3_db.L3_NAT_dbonly_mixin._prevent_l3_port_delete_callback-8735551872130'] for port (0d6bb720-cca8-432a-bc3c-6dff1ba8861b), before_delete {{(pid=103260) _notify_loop /usr/local/lib/python3.8/dist-packages/neutron_lib/callbacks/manager.py:176}}
Feb 04 08:03:03.154644 dv-neutron-827419-1-hyperv neutron-server[103259]: DEBUG neutron_lib.callbacks.manager [None req-bede69f5-13e3-4335-bb51-f88bc4938114 tempest-DHCPAgentSchedulersTestJSON-617819029 tempest-DHCPAgentSchedulersTestJSON-617819029-project] Publish callbacks [] for subnet (4f5471f7-4cf3-4ac5-b34e-4604131365eb), before_delete {{(pid=103259) _notify_loop /usr/local/lib/python3.8/dist-packages/neutron_lib/callbacks/manager.py:176}}
Feb 04 08:03:03.155012 dv-neutron-827419-1-hyperv neutron-server[103262]: DEBUG neutron.db.l3_dvr_db [None req-6c92151e-e939-47ec-9a20-b269d3616805 None None] Set router 5e670be0-2d36-40e4-bc94-1c3d63894374 gateway port host: dv-neutron-827419-1-hyperv {{(pid=103262) _build_routers_list /opt/stack/neutron/neutron/db/l3_dvr_db.py:906}}
Feb 04 08:03:03.201405 dv-neutron-827419-1-hyperv neutron-server[103259]: DEBUG neutron_lib.callbacks.manager [None req-bede69f5-13e3-4335-bb51-f88bc4938114 tempest-DHCPAgentSchedulersTestJSON-617819029 tempest-DHCPAgentSchedulersTestJSON-617819029-project] Publish callbacks ['neutron.services.segments.plugin.Plugin._validate_auto_address_subnet_delete-2448102'] for subnet (4f5471f7-4cf3-4ac5-b34e-4604131365eb), precommit_delete_associations {{(pid=103259) _notify_loop /usr/local/lib/python3.8/dist-packages/neutron_lib/callbacks/manager.py:176}}
Feb 04 08:03:03.233557 dv-neutron-827419-1-hyperv neutron-server[103261]: DEBUG neutron.api.rpc.handlers.resources_rpc [None req-b8c1a93d-1b33-4dec-8e61-87b33ecb24b5 None None] Pushing event updated for resources: {'Port': ['ID=e22510c3-6493-4781-bdfb-a9e8421d1d70,revision_number=4']} {{(pid=103261) push /opt/stack/neutron/neutron/api/rpc/handlers/resources_rpc.py:237}}
Feb 04 08:03:03.254637 dv-neutron-827419-1-hyperv neutron-server[103260]: DEBUG neutron_lib.callbacks.manager [None req-a1f6bdba-f7d2-4afc-9e38-ce5ca151fc1d admin admin] Publish callbacks [] for security_group (9f45795f-cbe0-41cb-b55b-78598c1162d2), before_delete {{(pid=103260) _notify_loop /usr/local/lib/python3.8/dist-packages/neutron_lib/callbacks/manager.py:176}}
Feb 04 08:03:03.278946 dv-neutron-827419-1-hyperv neutron-server[103260]: DEBUG neutron_lib.callbacks.manager [None req-a1f6bdba-f7d2-4afc-9e38-ce5ca151fc1d admin admin] Publish callbacks [] for security_group (9f45795f-cbe0-41cb-b55b-78598c1162d2), precommit_delete {{(pid=103260) _notify_loop /usr/local/lib/python3.8/dist-packages/neutron_lib/callbacks/manager.py:176}}
Feb 04 08:03:03.346595 dv-neutron-827419-1-hyperv neutron-server[103259]: DEBUG neutron_lib.callbacks.manager [None req-24c0d5cc-108c-4444-896b-98ee76806c8b tempest-ExternalNetworksTestJSON-1257675055 tempest-ExternalNetworksTestJSON-1257675055-project-admin] Publish callbacks ['neutron.plugins.ml2.plugin.External_net_db_mixin._before_network_delete_handler-16431977'] for network (1539ba34-4089-47b7-a9ab-dee9a5efae62), before_delete {{(pid=103259) _notify_loop /usr/local/lib/python3.8/dist-packages/neutron_lib/callbacks/manager.py:176}}
Feb 04 08:03:03.398562 dv-neutron-827419-1-hyperv neutron-server[103260]: DEBUG neutron.plugins.ml2.db [None req-d02de80b-e832-4bd5-91f5-71a8a8966b44 tempest-PortsAdminExtendedAttrsTestJSON-219275233 tempest-PortsAdminExtendedAttrsTestJSON-219275233-project-admin] For port 0d6bb720-cca8-432a-bc3c-6dff1ba8861b, host hv-neutron-8274, got binding levels [] {{(pid=103260) get_binding_level_objs /opt/stack/neutron/neutron/plugins/ml2/db.py:74}}
Feb 04 08:03:03.398929 dv-neutron-827419-1-hyperv neutron-server[103260]: DEBUG neutron_lib.callbacks.manager [None req-d02de80b-e832-4bd5-91f5-71a8a8966b44 tempest-PortsAdminExtendedAttrsTestJSON-219275233 tempest-PortsAdminExtendedAttrsTestJSON-219275233-project-admin] Publish callbacks ['neutron.services.l3_router.l3_router_plugin.L3_NAT_dbonly_mixin._precommit_delete_port_callback-511780'] for port (0d6bb720-cca8-432a-bc3c-6dff1ba8861b), precommit_delete {{(pid=103260) _notify_loop /usr/local/lib/python3.8/dist-packages/neutron_lib/callbacks/manager.py:176}}
Feb 04 08:03:03.401918 dv-neutron-827419-1-hyperv neutron-server[103260]: DEBUG neutron_lib.callbacks.manager [None req-a1f6bdba-f7d2-4afc-9e38-ce5ca151fc1d admin admin] Publish callbacks ['neutron.plugins.ml2.ovo_rpc._ObjectChangeHandler.handle_event-600527'] for security_group (9f45795f-cbe0-41cb-b55b-78598c1162d2), after_delete {{(pid=103260) _notify_loop /usr/local/lib/python3.8/dist-packages/neutron_lib/callbacks/manager.py:176}}
Feb 04 08:03:03.404587 dv-neutron-827419-1-hyperv neutron-server[103260]: DEBUG neutron_lib.callbacks.manager [None req-a1f6bdba-f7d2-4afc-9e38-ce5ca151fc1d admin admin] Publish callbacks [] for security_group (None), before_response {{(pid=103260) _notify_loop /usr/local/lib/python3.8/dist-packages/neutron_lib/callbacks/manager.py:176}}
Feb 04 08:03:03.413602 dv-neutron-827419-1-hyperv neutron-server[103260]: INFO neutron.wsgi [None req-a1f6bdba-f7d2-4afc-9e38-ce5ca151fc1d admin admin] 10.222.0.41 "DELETE /v2.0/security-groups/9f45795f-cbe0-41cb-b55b-78598c1162d2 HTTP/1.1" status: 204 len: 168 time: 0.6025577
Feb 04 08:03:03.468325 dv-neutron-827419-1-hyperv neutron-server[103260]: DEBUG neutron.plugins.ml2.plugin [None req-d02de80b-e832-4bd5-91f5-71a8a8966b44 tempest-PortsAdminExtendedAttrsTestJSON-219275233 tempest-PortsAdminExtendedAttrsTestJSON-219275233-project-admin] Calling delete_port for 0d6bb720-cca8-432a-bc3c-6dff1ba8861b owned by {{(pid=103260) delete_port /opt/stack/neutron/neutron/plugins/ml2/plugin.py:2062}}
Feb 04 08:03:03.498868 dv-neutron-827419-1-hyperv neutron-server[103260]: DEBUG neutron.api.rpc.handlers.resources_rpc [None req-a1f6bdba-f7d2-4afc-9e38-ce5ca151fc1d admin admin] Pushing event deleted for resources: {'SecurityGroup': ['ID=9f45795f-cbe0-41cb-b55b-78598c1162d2,revision_number=None']} {{(pid=103260) push /opt/stack/neutron/neutron/api/rpc/handlers/resources_rpc.py:237}}
Feb 04 08:03:03.559514 dv-neutron-827419-1-hyperv neutron-server[103262]: DEBUG neutron.db.l3_hamode_db [None req-6c92151e-e939-47ec-9a20-b269d3616805 None None] neutron.services.l3_router.l3_router_plugin.L3RouterPlugin method _process_sync_ha_data called with arguments (, [{'id': '5e670be0-2d36-40e4-bc94-1c3d63894374', 'name': 'tempest-ServersTestJSON-1055960656-router', 'tenant_id': 'fc349cdd44684cc29d3e4820f392ee81', 'admin_state_up': True, 'status': 'ACTIVE', 'external_gateway_info': {'network_id': '9510e2de-81f2-4816-a873-7934980946c3', 'external_fixed_ips': [{'subnet_id': '52205cb6-34f1-4f05-a745-382eff062f11', 'ip_address': '172.26.5.213'}], 'enable_snat': True}, 'gw_port_id': '074ed088-442e-470a-94bf-fffb4bdf76f6', 'description': '', 'availability_zones': ['nova'], 'distributed': False, 'ha': False, 'ha_vr_id': 0, 'availability_zone_hints': [], 'routes': [], 'flavor_id': None, 'tags': [], 'created_at': '2022-02-04T08:02:51Z', 'updated_at': '2022-02-04T08:02:57Z', 'revision_number': 3, 'project_id': 'fc349cdd44684cc29d3e4820f392ee81', 'gw_port': {'id': '074ed088-442e-470a-94bf-fffb4bdf76f6', 'name': '', 'network_id': '9510e2de-81f2-4816-a873-7934980946c3', 'tenant_id': '', 'mac_address': 'fa:16:3e:6c:f9:c9', 'admin_state_up': True, 'status': 'DOWN', 'device_id': '5e670be0-2d36-40e4-bc94-1c3d63894374', 'device_owner': 'network:router_gateway', 'standard_attr_id': 121, 'fixed_ips': [{'subnet_id': '52205cb6-34f1-4f05-a745-382eff062f11', 'ip_address': '172.26.5.213', 'prefixlen': 24}], 'allowed_address_pairs': [], 'extra_dhcp_opts': [], 'security_groups': [], 'description': '', 'binding:vnic_type': 'normal', 'binding:profile': {}, 'binding:host_id': 'dv-neutron-827419-1-hyperv', 'binding:vif_type': 'ovs', 'binding:vif_details': {'connectivity': 'l2', 'port_filter': True, 'ovs_hybrid_plug': False, 'datapath_type': 'system', 'bridge_name': 'br-int', 'bound_drivers': {'0': 'openvswitch'}}, 'port_security_enabled': False, 'tags': [], 'created_at': '2022-02-04T08:02:53Z', 'updated_at': '2022-02-04T08:03:02Z', 'revision_number': 3, 'project_id': '', 'subnets': [{'id': '52205cb6-34f1-4f05-a745-382eff062f11', 'cidr': '172.26.5.0/24', 'gateway_ip': '172.26.5.1', 'dns_nameservers': [], 'ipv6_ra_mode': None, 'subnetpool_id': None}], 'extra_subnets': [], 'address_scopes': {4: None, 6: None}, 'mtu': 1500}, 'enable_snat': True, 'gw_port_host': 'dv-neutron-827419-1-hyperv'}], 'dv-neutron-827419-1-hyperv', False) {} {{(pid=103262) wrapper /usr/local/lib/python3.8/dist-packages/oslo_log/helpers.py:65}}
Feb 04 08:03:03.594380 dv-neutron-827419-1-hyperv neutron-server[103261]: DEBUG neutron_lib.callbacks.manager [None req-ed7d1ee6-d783-42aa-acd3-5e8e8dc80225 None None] Publish callbacks ['neutron.services.segments.db._update_segment_host_mapping_for_agent-8735551981123', 'neutron.plugins.ml2.plugin.Ml2Plugin._retry_binding_revived_agents-16081078'] for agent (a56f68c3-e738-429b-85e7-2cf9c3fd3736), after_update {{(pid=103261) _notify_loop /usr/local/lib/python3.8/dist-packages/neutron_lib/callbacks/manager.py:176}}
Feb 04 08:03:03.619062 dv-neutron-827419-1-hyperv neutron-server[103262]: DEBUG neutron.api.rpc.handlers.l3_rpc [None req-6c92151e-e939-47ec-9a20-b269d3616805 None None] The sync data for ids ['5e670be0-2d36-40e4-bc94-1c3d63894374'] in dv-neutron-827419-1-hyperv is: [{'id': '5e670be0-2d36-40e4-bc94-1c3d63894374', 'name': 'tempest-ServersTestJSON-1055960656-router', 'tenant_id': 'fc349cdd44684cc29d3e4820f392ee81', 'admin_state_up': True, 'status': 'ACTIVE', 'external_gateway_info': {'network_id': '9510e2de-81f2-4816-a873-7934980946c3', 'external_fixed_ips': [{'subnet_id': '52205cb6-34f1-4f05-a745-382eff062f11', 'ip_address': '172.26.5.213'}], 'enable_snat': True}, 'gw_port_id': '074ed088-442e-470a-94bf-fffb4bdf76f6', 'description': '', 'availability_zones': ['nova'], 'distributed': False, 'ha': False, 'ha_vr_id': 0, 'availability_zone_hints': [], 'routes': [], 'flavor_id': None, 'tags': [], 'created_at': '2022-02-04T08:02:51Z', 'updated_at': '2022-02-04T08:02:57Z', 'revision_number': 3, 'project_id': 'fc349cdd44684cc29d3e4820f392ee81', 'gw_port': {'id': '074ed088-442e-470a-94bf-fffb4bdf76f6', 'name': '', 'network_id': '9510e2de-81f2-4816-a873-7934980946c3', 'tenant_id': '', 'mac_address': 'fa:16:3e:6c:f9:c9', 'admin_state_up': True, 'status': 'DOWN', 'device_id': '5e670be0-2d36-40e4-bc94-1c3d63894374', 'device_owner': 'network:router_gateway', 'standard_attr_id': 121, 'fixed_ips': [{'subnet_id': '52205cb6-34f1-4f05-a745-382eff062f11', 'ip_address': '172.26.5.213', 'prefixlen': 24}], 'allowed_address_pairs': [], 'extra_dhcp_opts': [], 'security_groups': [], 'description': '', 'binding:vnic_type': 'normal', 'binding:profile': {}, 'binding:host_id': 'dv-neutron-827419-1-hyperv', 'binding:vif_type': 'ovs', 'binding:vif_details': {'connectivity': 'l2', 'port_filter': True, 'ovs_hybrid_plug': False, 'datapath_type': 'system', 'bridge_name': 'br-int', 'bound_drivers': {'0': 'openvswitch'}}, 'port_security_enabled': False, 'tags': [], 'created_at': '2022-02-04T08:02:53Z', 'updated_at': '2022-02-04T08:03:02Z', 'revision_number': 3, 'project_id': '', 'subnets': [{'id': '52205cb6-34f1-4f05-a745-382eff062f11', 'cidr': '172.26.5.0/24', 'gateway_ip': '172.26.5.1', 'dns_nameservers': [], 'ipv6_ra_mode': None, 'subnetpool_id': None}], 'extra_subnets': [], 'address_scopes': {4: None, 6: None}, 'mtu': 1500}, 'enable_snat': True, 'gw_port_host': 'dv-neutron-827419-1-hyperv'}] {{(pid=103262) sync_routers /opt/stack/neutron/neutron/api/rpc/handlers/l3_rpc.py:137}}
Feb 04 08:03:03.663660 dv-neutron-827419-1-hyperv neutron-server[103259]: DEBUG neutron.db.db_base_plugin_common [None req-2fc052ab-2dfa-444b-b2cb-e9bf57b450a8 admin admin] Allocated IP 172.20.0.1 (869ab44d-6c53-4e13-97cb-14ad728ae75f/daeda946-20a4-48b0-aa37-2353872ade0c/67243f6a-148c-4fa9-8bee-6e678d426159) {{(pid=103259) _store_ip_allocation /opt/stack/neutron/neutron/db/db_base_plugin_common.py:131}}
Feb 04 08:03:03.707728 dv-neutron-827419-1-hyperv neutron-server[103260]: DEBUG neutron_lib.callbacks.manager [None req-11cf00ec-8569-438b-851a-d47450c28b24 admin admin] Publish callbacks [] for port (ff60779c-ffde-449f-9e89-088b819c0076), precommit_update {{(pid=103260) _notify_loop /usr/local/lib/python3.8/dist-packages/neutron_lib/callbacks/manager.py:176}}
