Feb 02 16:48:56.170072 dv-neutron-827112-2-hyperv neutron-server[114839]: DEBUG neutron_lib.callbacks.manager [None req-eb44fccf-a0f6-4c03-8b46-49ee63b08f6b tempest-ServersTestManualDisk-964830327 tempest-ServersTestManualDisk-964830327-project] Publish callbacks ['neutron.services.l3_router.l3_router_plugin.DVRResourceOperationHandler._create_dvr_floating_gw_port-566619'] for floatingip (96397778-1097-490e-a69d-6c61d7ab33ed), after_create {{(pid=114839) _notify_loop /usr/local/lib/python3.8/dist-packages/neutron_lib/callbacks/manager.py:176}}
Feb 02 16:48:56.175583 dv-neutron-827112-2-hyperv neutron-server[114838]: INFO neutron.wsgi [None req-4cac7451-eed6-4ec6-9d81-9c6a41495de0 tempest-DHCPAgentSchedulersTestJSON-1720036142 tempest-DHCPAgentSchedulersTestJSON-1720036142-project-admin] 10.222.0.21 "GET /v2.0/agents/9b4259e7-a47a-4098-883a-1e4b5f04a818/dhcp-networks HTTP/1.1" status: 200 len: 8739 time: 0.4495249
Feb 02 16:48:56.178211 dv-neutron-827112-2-hyperv neutron-server[114839]: DEBUG neutron_lib.callbacks.manager [None req-f34e908d-f942-4b62-9a70-d3c84bbee9c0 tempest-MeteringIpV6TestJSON-1733926426 tempest-MeteringIpV6TestJSON-1733926426-project-admin] Publish callbacks [] for metering_label_rule (None), before_response {{(pid=114839) _notify_loop /usr/local/lib/python3.8/dist-packages/neutron_lib/callbacks/manager.py:176}}
Feb 02 16:48:56.179408 dv-neutron-827112-2-hyperv neutron-server[114839]: INFO neutron.wsgi [None req-f34e908d-f942-4b62-9a70-d3c84bbee9c0 tempest-MeteringIpV6TestJSON-1733926426 tempest-MeteringIpV6TestJSON-1733926426-project-admin] 10.222.0.21 "POST /v2.0/metering/metering-label-rules HTTP/1.1" status: 201 len: 464 time: 0.4137332
Feb 02 16:48:56.182525 dv-neutron-827112-2-hyperv neutron-server[114838]: DEBUG neutron.wsgi [-] (114838) accepted ('10.222.0.21', 53488) {{(pid=114838) server /usr/local/lib/python3.8/dist-packages/eventlet/wsgi.py:1004}}
Feb 02 16:48:56.189957 dv-neutron-827112-2-hyperv neutron-server[114838]: DEBUG neutron.wsgi [-] (114838) accepted ('10.222.0.21', 53490) {{(pid=114838) server /usr/local/lib/python3.8/dist-packages/eventlet/wsgi.py:1004}}
Feb 02 16:48:56.201920 dv-neutron-827112-2-hyperv neutron-server[114838]: DEBUG neutron.api.v2.base [None req-24d611d0-18d3-412a-9c21-d121c3fb552d tempest-MeteringIpV6TestJSON-1733926426 tempest-MeteringIpV6TestJSON-1733926426-project-admin] Request body: {'metering_label_rule': {'remote_ip_prefix': 'fd03::/64', 'direction': 'ingress', 'metering_label_id': 'dbeec266-996d-4e47-a813-482d99890676'}} {{(pid=114838) prepare_request_body /opt/stack/neutron/neutron/api/v2/base.py:729}}
Feb 02 16:48:56.202749 dv-neutron-827112-2-hyperv neutron-server[114838]: DEBUG neutron.api.v2.base [None req-24d611d0-18d3-412a-9c21-d121c3fb552d tempest-MeteringIpV6TestJSON-1733926426 tempest-MeteringIpV6TestJSON-1733926426-project-admin] Unknown quota resources ['metering_label_rule']. {{(pid=114838) _create /opt/stack/neutron/neutron/api/v2/base.py:496}}
Feb 02 16:48:56.204065 dv-neutron-827112-2-hyperv neutron-server[114839]: DEBUG neutron_lib.callbacks.manager [None req-eb44fccf-a0f6-4c03-8b46-49ee63b08f6b tempest-ServersTestManualDisk-964830327 tempest-ServersTestManualDisk-964830327-project] Publish callbacks ['neutron.notifiers.nova.Notifier._send_nova_notification-184067'] for floatingip (None), before_response {{(pid=114839) _notify_loop /usr/local/lib/python3.8/dist-packages/neutron_lib/callbacks/manager.py:176}}
Feb 02 16:48:56.214822 dv-neutron-827112-2-hyperv neutron-server[114839]: INFO neutron.wsgi [None req-eb44fccf-a0f6-4c03-8b46-49ee63b08f6b tempest-ServersTestManualDisk-964830327 tempest-ServersTestManualDisk-964830327-project] 10.222.0.21 "POST /v2.0/floatingips HTTP/1.1" status: 201 len: 693 time: 4.5050731
Feb 02 16:48:56.229149 dv-neutron-827112-2-hyperv neutron-server[114839]: DEBUG neutron_lib.callbacks.manager [None req-2cd86492-f6ee-4b0d-b627-dfa57f6299b2 tempest-RoutersAdminNegativeIpV6Test-1385708105 tempest-RoutersAdminNegativeIpV6Test-1385708105-project-admin] Publish callbacks [] for security_group (074cc78d-8a0d-4c59-84e3-b0564bdc8cb2), precommit_create {{(pid=114839) _notify_loop /usr/local/lib/python3.8/dist-packages/neutron_lib/callbacks/manager.py:176}}
Feb 02 16:48:56.234088 dv-neutron-827112-2-hyperv neutron-server[114839]: DEBUG neutron_lib.callbacks.manager [None req-3c30f247-4bd3-418e-95a4-127223b42253 tempest-ExternalNetworksTestJSON-1473125299 tempest-ExternalNetworksTestJSON-1473125299-project-admin] Publish callbacks ['neutron.services.l3_router.l3_router_plugin.L3_NAT_dbonly_mixin._precommit_delete_port_callback-547198'] for port (f9edbe64-286b-4f21-844d-ab96cd494047), precommit_delete {{(pid=114839) _notify_loop /usr/local/lib/python3.8/dist-packages/neutron_lib/callbacks/manager.py:176}}
Feb 02 16:48:56.234412 dv-neutron-827112-2-hyperv neutron-server[114839]: DEBUG neutron_lib.callbacks.manager [None req-3c30f247-4bd3-418e-95a4-127223b42253 tempest-ExternalNetworksTestJSON-1473125299 tempest-ExternalNetworksTestJSON-1473125299-project-admin] Publish callbacks [] for floatingip (f9edbe64-286b-4f21-844d-ab96cd494047), precommit_delete {{(pid=114839) _notify_loop /usr/local/lib/python3.8/dist-packages/neutron_lib/callbacks/manager.py:176}}
Feb 02 16:48:56.241459 dv-neutron-827112-2-hyperv neutron-server[114839]: DEBUG neutron_lib.callbacks.manager [None req-2cd86492-f6ee-4b0d-b627-dfa57f6299b2 tempest-RoutersAdminNegativeIpV6Test-1385708105 tempest-RoutersAdminNegativeIpV6Test-1385708105-project-admin] Publish callbacks ['neutron.plugins.ml2.ovo_rpc._ObjectChangeHandler.handle_event-466569'] for security_group (074cc78d-8a0d-4c59-84e3-b0564bdc8cb2), after_create {{(pid=114839) _notify_loop /usr/local/lib/python3.8/dist-packages/neutron_lib/callbacks/manager.py:176}}
Feb 02 16:48:56.242588 dv-neutron-827112-2-hyperv neutron-server[114838]: DEBUG neutron.pecan_wsgi.hooks.quota_enforcement [None req-7d87c271-8d4d-474b-8439-82798f8324a2 tempest-BulkNetworkOpsIpV6Test-338457218 tempest-BulkNetworkOpsIpV6Test-338457218-project] Made reservation on behalf of 22225933ab164c8eb024483b7afd71b1 for: {'network': 1} {{(pid=114838) before /opt/stack/neutron/neutron/pecan_wsgi/hooks/quota_enforcement.py:53}}
Feb 02 16:48:56.248127 dv-neutron-827112-2-hyperv neutron-server[114838]: DEBUG neutron_lib.callbacks.manager [None req-7d87c271-8d4d-474b-8439-82798f8324a2 tempest-BulkNetworkOpsIpV6Test-338457218 tempest-BulkNetworkOpsIpV6Test-338457218-project] Publish callbacks ['neutron.plugins.ml2.plugin.SecurityGroupDbMixin._ensure_default_security_group_handler-1628796'] for network (None), before_create {{(pid=114838) _notify_loop /usr/local/lib/python3.8/dist-packages/neutron_lib/callbacks/manager.py:176}}
Feb 02 16:48:56.258714 dv-neutron-827112-2-hyperv neutron-server[114839]: DEBUG neutron.notifiers.nova [None req-2cd86492-f6ee-4b0d-b627-dfa57f6299b2 tempest-RoutersAdminNegativeIpV6Test-1385708105 tempest-RoutersAdminNegativeIpV6Test-1385708105-project-admin] device_id is not set on port 97514579-8459-44d6-b900-46102636fbef yet. {{(pid=114839) _can_notify /opt/stack/neutron/neutron/notifiers/nova.py:194}}
Feb 02 16:48:56.263448 dv-neutron-827112-2-hyperv neutron-server[114839]: DEBUG neutron.plugins.ml2.plugin [None req-3c30f247-4bd3-418e-95a4-127223b42253 tempest-ExternalNetworksTestJSON-1473125299 tempest-ExternalNetworksTestJSON-1473125299-project-admin] Calling delete_port for f9edbe64-286b-4f21-844d-ab96cd494047 owned by network:floatingip {{(pid=114839) delete_port /opt/stack/neutron/neutron/plugins/ml2/plugin.py:2062}}
Feb 02 16:48:56.314453 dv-neutron-827112-2-hyperv neutron-server[114839]: DEBUG neutron.api.rpc.handlers.resources_rpc [None req-2cd86492-f6ee-4b0d-b627-dfa57f6299b2 tempest-RoutersAdminNegativeIpV6Test-1385708105 tempest-RoutersAdminNegativeIpV6Test-1385708105-project-admin] Pushing event updated for resources: {'SecurityGroup': ['ID=074cc78d-8a0d-4c59-84e3-b0564bdc8cb2,revision_number=1']} {{(pid=114839) push /opt/stack/neutron/neutron/api/rpc/handlers/resources_rpc.py:237}}
Feb 02 16:48:56.428999 dv-neutron-827112-2-hyperv neutron-server[114838]: WARNING neutron.services.metering.metering_plugin [None req-24d611d0-18d3-412a-9c21-d121c3fb552d tempest-MeteringIpV6TestJSON-1733926426 tempest-MeteringIpV6TestJSON-1733926426-project-admin] The use of 'remote_ip_prefix' in metering label rules is deprecated and will be removed in future releases. One should use instead the 'source_ip_prefix' and/or 'destination_ip_prefix' parameters. For more details, you can check the spec: https://review.opendev.org/#/c/744702/.
Feb 02 16:48:56.436994 dv-neutron-827112-2-hyperv neutron-server[114838]: DEBUG neutron_lib.callbacks.manager [None req-e6f8a6b4-0e7e-4d38-8317-a776604c63a8 admin admin] Publish callbacks [] for port (10e6313c-c766-42d9-bdef-411b4d840f92), precommit_update {{(pid=114838) _notify_loop /usr/local/lib/python3.8/dist-packages/neutron_lib/callbacks/manager.py:176}}
Feb 02 16:48:56.468649 dv-neutron-827112-2-hyperv neutron-server[114839]: DEBUG neutron.db.db_base_plugin_common [None req-2cd86492-f6ee-4b0d-b627-dfa57f6299b2 tempest-RoutersAdminNegativeIpV6Test-1385708105 tempest-RoutersAdminNegativeIpV6Test-1385708105-project-admin] Allocated IP 172.26.8.88 (d6dd125e-86ce-4df3-9d07-f4be1c2d9d01/13225a12-d5bf-4a57-8bde-b102eba6190a/97514579-8459-44d6-b900-46102636fbef) {{(pid=114839) _store_ip_allocation /opt/stack/neutron/neutron/db/db_base_plugin_common.py:131}}
Feb 02 16:48:56.521962 dv-neutron-827112-2-hyperv neutron-server[114838]: DEBUG neutron_lib.callbacks.manager [None req-e6f8a6b4-0e7e-4d38-8317-a776604c63a8 admin admin] Publish callbacks ['neutron.plugins.ml2.plugin.SecurityGroupServerNotifierRpcMixin._notify_sg_on_port_change-1628495', 'neutron.plugins.ml2.ovo_rpc._ObjectChangeHandler.handle_event-103587', 'neutron.api.rpc.agentnotifiers.dhcp_rpc_agent_api.DhcpAgentNotifyAPI._native_event_send_dhcp_notification-557529', 'neutron.db.l3_db.L3RpcNotifierMixin._notify_gateway_port_ip_changed-8771894542309', 'neutron.db.l3_dvrscheduler_db._notify_l3_agent_port_update-8771893965379', 'neutron.db.l3_hascheduler_db._notify_l3_agent_ha_port_update-8771893965397'] for port (10e6313c-c766-42d9-bdef-411b4d840f92), after_update {{(pid=114838) _notify_loop /usr/local/lib/python3.8/dist-packages/neutron_lib/callbacks/manager.py:176}}
Feb 02 16:48:56.522877 dv-neutron-827112-2-hyperv neutron-server[114838]: DEBUG neutron_lib.callbacks.manager [None req-e6f8a6b4-0e7e-4d38-8317-a776604c63a8 admin admin] Publish callbacks ['neutron.api.rpc.agentnotifiers.dhcp_rpc_agent_api.DhcpAgentNotifyAPI._after_router_interface_created-557355', 'neutron.services.l3_router.l3_router_plugin.DVRResourceOperationHandler._update_snat_v6_addrs_after_intf_update-567166'] for router_interface (7e8c9117-ac91-4c14-96fd-0d48f19780b4), after_create {{(pid=114838) _notify_loop /usr/local/lib/python3.8/dist-packages/neutron_lib/callbacks/manager.py:176}}
Feb 02 16:48:56.531362 dv-neutron-827112-2-hyperv neutron-server[114838]: DEBUG neutron.plugins.ml2.drivers.helpers [None req-7d87c271-8d4d-474b-8439-82798f8324a2 tempest-BulkNetworkOpsIpV6Test-338457218 tempest-BulkNetworkOpsIpV6Test-338457218-project] vlan segment allocate from pool success with {'vlan_id': 59, 'physical_network': 'physnet1'} {{(pid=114838) allocate_partially_specified_segment /opt/stack/neutron/neutron/plugins/ml2/drivers/helpers.py:153}}
Feb 02 16:48:56.568359 dv-neutron-827112-2-hyperv neutron-server[114838]: INFO neutron.wsgi [None req-46bd0d2f-352a-42aa-83ba-05bfe615d22d tempest-DHCPAgentSchedulersTestJSON-1720036142 tempest-DHCPAgentSchedulersTestJSON-1720036142-project-admin] 10.222.0.21 "DELETE /v2.0/agents/9b4259e7-a47a-4098-883a-1e4b5f04a818/dhcp-networks/c741067f-f61c-4124-a730-96c886d1c984 HTTP/1.1" status: 204 len: 168 time: 0.3850641
Feb 02 16:48:56.576504 dv-neutron-827112-2-hyperv neutron-server[114839]: DEBUG neutron.wsgi [-] (114839) accepted ('10.222.0.21', 53498) {{(pid=114839) server /usr/local/lib/python3.8/dist-packages/eventlet/wsgi.py:1004}}
Feb 02 16:48:56.584943 dv-neutron-827112-2-hyperv neutron-server[114840]: DEBUG neutron.plugins.ml2.rpc [None req-88b22f0c-2f1d-4498-8493-be62cae03cf5 None None] Device 84d53762-e055-449a-907a-06e28bd327b4 up at agent ovs-agent-dv-neutron-827112-2-hyperv {{(pid=114840) update_device_up /opt/stack/neutron/neutron/plugins/ml2/rpc.py:296}}
Feb 02 16:48:56.634002 dv-neutron-827112-2-hyperv neutron-server[114839]: DEBUG neutron_lib.callbacks.manager [None req-3c30f247-4bd3-418e-95a4-127223b42253 tempest-ExternalNetworksTestJSON-1473125299 tempest-ExternalNetworksTestJSON-1473125299-project-admin] Publish callbacks ['neutron.plugins.ml2.plugin.SecurityGroupServerNotifierRpcMixin._notify_sg_on_port_change-1628495', 'neutron.plugins.ml2.ovo_rpc._ObjectChangeHandler.handle_event-103587', 'neutron.api.rpc.agentnotifiers.dhcp_rpc_agent_api.DhcpAgentNotifyAPI._native_event_send_dhcp_notification-557529', 'neutron.db.l3_db.L3RpcNotifierMixin._notify_routers_callback-8771894542291', 'neutron.db.l3_dvrscheduler_db._notify_port_delete-8771893965370', 'neutron.services.segments.plugin.NovaSegmentNotifier._notify_port_created_or_deleted-9569033'] for port (f9edbe64-286b-4f21-844d-ab96cd494047), after_delete {{(pid=114839) _notify_loop /usr/local/lib/python3.8/dist-packages/neutron_lib/callbacks/manager.py:176}}
Feb 02 16:48:56.665790 dv-neutron-827112-2-hyperv neutron-server[114838]: DEBUG neutron_lib.callbacks.manager [None req-24d611d0-18d3-412a-9c21-d121c3fb552d tempest-MeteringIpV6TestJSON-1733926426 tempest-MeteringIpV6TestJSON-1733926426-project-admin] Publish callbacks [] for metering_label_rule (None), before_response {{(pid=114838) _notify_loop /usr/local/lib/python3.8/dist-packages/neutron_lib/callbacks/manager.py:176}}
Feb 02 16:48:56.671532 dv-neutron-827112-2-hyperv neutron-server[114838]: INFO neutron.wsgi [None req-24d611d0-18d3-412a-9c21-d121c3fb552d tempest-MeteringIpV6TestJSON-1733926426 tempest-MeteringIpV6TestJSON-1733926426-project-admin] 10.222.0.21 "POST /v2.0/metering/metering-label-rules HTTP/1.1" status: 201 len: 464 time: 0.4690547
Feb 02 16:48:56.671532 dv-neutron-827112-2-hyperv neutron-server[114838]: DEBUG neutron_lib.callbacks.manager [None req-7d87c271-8d4d-474b-8439-82798f8324a2 tempest-BulkNetworkOpsIpV6Test-338457218 tempest-BulkNetworkOpsIpV6Test-338457218-project] Publish callbacks ['neutron.plugins.ml2.plugin.Ml2Plugin._handle_segment_change-1406745'] for segment (e72f1bcf-d466-4800-81d9-60e652f83008), precommit_create {{(pid=114838) _notify_loop /usr/local/lib/python3.8/dist-packages/neutron_lib/callbacks/manager.py:176}}
Feb 02 16:48:56.671532 dv-neutron-827112-2-hyperv neutron-server[114838]: INFO neutron.db.segments_db [None req-7d87c271-8d4d-474b-8439-82798f8324a2 tempest-BulkNetworkOpsIpV6Test-338457218 tempest-BulkNetworkOpsIpV6Test-338457218-project] Added segment e72f1bcf-d466-4800-81d9-60e652f83008 of type vlan for network 795d0c21-90cf-4e37-9525-8f7dd3c39c43
Feb 02 16:48:56.682869 dv-neutron-827112-2-hyperv neutron-server[114840]: DEBUG neutron.db.provisioning_blocks [None req-88b22f0c-2f1d-4498-8493-be62cae03cf5 None None] Provisioning complete for port 84d53762-e055-449a-907a-06e28bd327b4 triggered by entity L2. {{(pid=114840) provisioning_complete /opt/stack/neutron/neutron/db/provisioning_blocks.py:139}}
Feb 02 16:48:56.684749 dv-neutron-827112-2-hyperv neutron-server[114840]: DEBUG neutron_lib.callbacks.manager [None req-88b22f0c-2f1d-4498-8493-be62cae03cf5 None None] Publish callbacks ['neutron.plugins.ml2.plugin.Ml2Plugin._port_provisioned-1561488'] for port (84d53762-e055-449a-907a-06e28bd327b4), provisioning_complete {{(pid=114840) _notify_loop /usr/local/lib/python3.8/dist-packages/neutron_lib/callbacks/manager.py:176}}
Feb 02 16:48:56.684858 dv-neutron-827112-2-hyperv neutron-server[114838]: DEBUG neutron.wsgi [-] (114838) accepted ('10.222.0.21', 53506) {{(pid=114838) server /usr/local/lib/python3.8/dist-packages/eventlet/wsgi.py:1004}}
Feb 02 16:48:56.736169 dv-neutron-827112-2-hyperv neutron-server[114838]: DEBUG neutron.scheduler.l3_agent_scheduler [None req-88094f6e-4d9f-4d0c-a570-9c1d1f838405 tempest-FloatingIPAdminTestJSON-174143131 tempest-FloatingIPAdminTestJSON-174143131-project] Router 33bf5382-6426-43a8-b881-c8a949d70baa is scheduled to L3 agent 1093e55d-e734-4ddd-a3e2-b01def7b6790 with binding_index 1 {{(pid=114838) bind_router /opt/stack/neutron/neutron/scheduler/l3_agent_scheduler.py:209}}
Feb 02 16:48:56.805802 dv-neutron-827112-2-hyperv neutron-server[114838]: INFO neutron.wsgi [None req-119476d8-1ae9-41c4-b646-3d3a6ccfe230 tempest-MeteringIpV6TestJSON-1733926426 tempest-MeteringIpV6TestJSON-1733926426-project-admin] 10.222.0.21 "GET /v2.0/metering/metering-label-rules?id=3990ff95-8ae4-48e2-8229-5426ed970875 HTTP/1.1" status: 200 len: 462 time: 0.1004703
Feb 02 16:48:56.813224 dv-neutron-827112-2-hyperv neutron-server[114840]: DEBUG neutron.plugins.ml2.plugin [None req-88b22f0c-2f1d-4498-8493-be62cae03cf5 None None] Current status of the port 84d53762-e055-449a-907a-06e28bd327b4 is: ACTIVE; New status is: ACTIVE {{(pid=114840) _update_individual_port_db_status /opt/stack/neutron/neutron/plugins/ml2/plugin.py:2238}}
Feb 02 16:48:56.820177 dv-neutron-827112-2-hyperv neutron-server[114838]: DEBUG neutron.wsgi [-] (114838) accepted ('10.222.0.21', 53510) {{(pid=114838) server /usr/local/lib/python3.8/dist-packages/eventlet/wsgi.py:1004}}
Feb 02 16:48:56.859486 dv-neutron-827112-2-hyperv neutron-server[114838]: DEBUG neutron.api.rpc.handlers.resources_rpc [None req-e6f8a6b4-0e7e-4d38-8317-a776604c63a8 admin admin] Pushing event updated for resources: {'Port': ['ID=10e6313c-c766-42d9-bdef-411b4d840f92,revision_number=2']} {{(pid=114838) push /opt/stack/neutron/neutron/api/rpc/handlers/resources_rpc.py:237}}
Feb 02 16:48:56.942391 dv-neutron-827112-2-hyperv neutron-server[114838]: DEBUG neutron_lib.callbacks.manager [None req-7d87c271-8d4d-474b-8439-82798f8324a2 tempest-BulkNetworkOpsIpV6Test-338457218 tempest-BulkNetworkOpsIpV6Test-338457218-project] Publish callbacks ['neutron.services.auto_allocate.db._ensure_external_network_default_value_callback-8771893950850'] for network (795d0c21-90cf-4e37-9525-8f7dd3c39c43), precommit_create {{(pid=114838) _notify_loop /usr/local/lib/python3.8/dist-packages/neutron_lib/callbacks/manager.py:176}}
Feb 02 16:48:56.963431 dv-neutron-827112-2-hyperv neutron-server[114839]: DEBUG neutron.api.rpc.handlers.resources_rpc [None req-3c30f247-4bd3-418e-95a4-127223b42253 tempest-ExternalNetworksTestJSON-1473125299 tempest-ExternalNetworksTestJSON-1473125299-project-admin] Pushing event deleted for resources: {'Port': ['ID=f9edbe64-286b-4f21-844d-ab96cd494047,revision_number=None']} {{(pid=114839) push /opt/stack/neutron/neutron/api/rpc/handlers/resources_rpc.py:237}}
Feb 02 16:48:57.001143 dv-neutron-827112-2-hyperv neutron-server[114838]: DEBUG neutron.scheduler.dhcp_agent_scheduler [None req-e6f8a6b4-0e7e-4d38-8317-a776604c63a8 admin admin] Network c27c4d16-f213-41b2-90f6-d7d1fef569f5 is already hosted by enough agents. {{(pid=114838) _get_dhcp_agents_hosting_network /opt/stack/neutron/neutron/scheduler/dhcp_agent_scheduler.py:275}}
Feb 02 16:48:57.048789 dv-neutron-827112-2-hyperv neutron-server[114838]: DEBUG neutron.scheduler.base_scheduler [None req-e6f8a6b4-0e7e-4d38-8317-a776604c63a8 admin admin] Resources bound (agent type, host, resource id): {{(pid=114838) schedule /opt/stack/neutron/neutron/scheduler/base_scheduler.py:57}}
Feb 02 16:48:57.090596 dv-neutron-827112-2-hyperv neutron-server[114838]: DEBUG neutron.wsgi [-] (114838) accepted ('10.222.0.21', 53530) {{(pid=114838) server /usr/local/lib/python3.8/dist-packages/eventlet/wsgi.py:1004}}
Feb 02 16:48:57.094537 dv-neutron-827112-2-hyperv neutron-server[114838]: WARNING keystonemiddleware.auth_token [-] A valid token was submitted as a service token, but it was not a valid service token. This is incorrect but backwards compatible behaviour. This will be removed in future releases.
Feb 02 16:48:57.139418 dv-neutron-827112-2-hyperv neutron-server[114838]: DEBUG neutron_lib.callbacks.manager [None req-7d87c271-8d4d-474b-8439-82798f8324a2 tempest-BulkNetworkOpsIpV6Test-338457218 tempest-BulkNetworkOpsIpV6Test-338457218-project] Publish callbacks ['neutron.plugins.ml2.ovo_rpc._ObjectChangeHandler.handle_event-466651', 'neutron.api.rpc.agentnotifiers.dhcp_rpc_agent_api.DhcpAgentNotifyAPI._native_event_send_dhcp_notification-557529'] for network (795d0c21-90cf-4e37-9525-8f7dd3c39c43), after_create {{(pid=114838) _notify_loop /usr/local/lib/python3.8/dist-packages/neutron_lib/callbacks/manager.py:176}}
Feb 02 16:48:57.144845 dv-neutron-827112-2-hyperv neutron-server[114838]: DEBUG neutron.pecan_wsgi.hooks.policy_enforcement [None req-7d87c271-8d4d-474b-8439-82798f8324a2 tempest-BulkNetworkOpsIpV6Test-338457218 tempest-BulkNetworkOpsIpV6Test-338457218-project] Attributes excluded by policy engine: ['standard_attr_id', 'provider:network_type', 'provider:physical_network', 'provider:segmentation_id', 'vlan_transparent'] {{(pid=114838) _exclude_attributes_by_policy /opt/stack/neutron/neutron/pecan_wsgi/hooks/policy_enforcement.py:255}}
Feb 02 16:48:57.145589 dv-neutron-827112-2-hyperv neutron-server[114838]: DEBUG neutron_lib.callbacks.manager [None req-7d87c271-8d4d-474b-8439-82798f8324a2 tempest-BulkNetworkOpsIpV6Test-338457218 tempest-BulkNetworkOpsIpV6Test-338457218-project] Publish callbacks ['neutron.api.rpc.agentnotifiers.dhcp_rpc_agent_api.DhcpAgentNotifyAPI._send_dhcp_notification-557519'] for network (None), before_response {{(pid=114838) _notify_loop /usr/local/lib/python3.8/dist-packages/neutron_lib/callbacks/manager.py:176}}
Feb 02 16:48:57.203848 dv-neutron-827112-2-hyperv neutron-server[114838]: DEBUG neutron_lib.callbacks.manager [None req-eabe9ce5-aa22-4736-923e-bff633f2e1f1 tempest-MeteringIpV6TestJSON-1733926426 tempest-MeteringIpV6TestJSON-1733926426-project-admin] Publish callbacks [] for metering_label_rule (None), before_response {{(pid=114838) _notify_loop /usr/local/lib/python3.8/dist-packages/neutron_lib/callbacks/manager.py:176}}
Feb 02 16:48:57.208531 dv-neutron-827112-2-hyperv neutron-server[114838]: INFO neutron.wsgi [None req-eabe9ce5-aa22-4736-923e-bff633f2e1f1 tempest-MeteringIpV6TestJSON-1733926426 tempest-MeteringIpV6TestJSON-1733926426-project-admin] 10.222.0.21 "DELETE /v2.0/metering/metering-label-rules/3990ff95-8ae4-48e2-8229-5426ed970875 HTTP/1.1" status: 204 len: 168 time: 0.3835382
Feb 02 16:48:57.209192 dv-neutron-827112-2-hyperv neutron-server[114839]: DEBUG neutron.wsgi [-] (114839) accepted ('10.222.0.21', 53532) {{(pid=114839) server /usr/local/lib/python3.8/dist-packages/eventlet/wsgi.py:1004}}
Feb 02 16:48:57.253692 dv-neutron-827112-2-hyperv neutron-server[114838]: INFO neutron.wsgi [None req-7d87c271-8d4d-474b-8439-82798f8324a2 tempest-BulkNetworkOpsIpV6Test-338457218 tempest-BulkNetworkOpsIpV6Test-338457218-project] 10.222.0.21 "POST /v2.0/networks HTTP/1.1" status: 201 len: 790 time: 1.1670151
Feb 02 16:48:57.262552 dv-neutron-827112-2-hyperv neutron-server[114839]: DEBUG neutron.wsgi [-] (114839) accepted ('10.222.0.21', 53534) {{(pid=114839) server /usr/local/lib/python3.8/dist-packages/eventlet/wsgi.py:1004}}
Feb 02 16:48:57.270086 dv-neutron-827112-2-hyperv neutron-server[114839]: INFO neutron.wsgi [None req-5fd9d798-8bb2-4ed7-87f2-3578a2860aec tempest-MeteringIpV6TestJSON-1733926426 tempest-MeteringIpV6TestJSON-1733926426-project-admin] 10.222.0.21 "GET /v2.0/metering/metering-label-rules?id=3990ff95-8ae4-48e2-8229-5426ed970875 HTTP/1.1" status: 200 len: 221 time: 0.0499341
Feb 02 16:48:57.273928 dv-neutron-827112-2-hyperv neutron-server[114838]: DEBUG neutron.api.rpc.agentnotifiers.l3_rpc_agent_api [None req-88094f6e-4d9f-4d0c-a570-9c1d1f838405 tempest-FloatingIPAdminTestJSON-174143131 tempest-FloatingIPAdminTestJSON-174143131-project] Notify agent at l3_agent.dv-neutron-827112-2-hyperv the message routers_updated {{(pid=114838) _agent_notification /opt/stack/neutron/neutron/api/rpc/agentnotifiers/l3_rpc_agent_api.py:65}}
Feb 02 16:48:57.276554 dv-neutron-827112-2-hyperv neutron-server[114839]: DEBUG neutron.api.v2.base [None req-6be9dc5b-6f30-4741-a084-895d65802440 tempest-BulkNetworkOpsIpV6Test-338457218 tempest-BulkNetworkOpsIpV6Test-338457218-project] Request body: {'network': {'name': 'tempest-BulkNetworkOpsIpV6Test-test-network-356493494'}} {{(pid=114839) prepare_request_body /opt/stack/neutron/neutron/api/v2/base.py:729}}
Feb 02 16:48:57.291616 dv-neutron-827112-2-hyperv neutron-server[114838]: DEBUG neutron.wsgi [-] (114838) accepted ('10.222.0.21', 53536) {{(pid=114838) server /usr/local/lib/python3.8/dist-packages/eventlet/wsgi.py:1004}}
Feb 02 16:48:57.292704 dv-neutron-827112-2-hyperv neutron-server[114840]: DEBUG neutron.api.rpc.handlers.l3_rpc [None req-9b90d9a3-8e28-4f31-84ca-6a514dc0a9bc None None] Sync routers for ids ['33bf5382-6426-43a8-b881-c8a949d70baa'] in dv-neutron-827112-2-hyperv {{(pid=114840) sync_routers /opt/stack/neutron/neutron/api/rpc/handlers/l3_rpc.py:125}}
Feb 02 16:48:57.302295 dv-neutron-827112-2-hyperv neutron-server[114839]: INFO neutron.wsgi [None req-cc9f3291-9c4e-4c83-a89d-5aae4efb55ad tempest-DHCPAgentSchedulersTestJSON-1720036142 tempest-DHCPAgentSchedulersTestJSON-1720036142-project-admin] 10.222.0.21 "GET /v2.0/agents/9b4259e7-a47a-4098-883a-1e4b5f04a818/dhcp-networks HTTP/1.1" status: 200 len: 7970 time: 0.7207153
Feb 02 16:48:57.302465 dv-neutron-827112-2-hyperv neutron-server[114838]: DEBUG neutron.api.v2.base [None req-3e4925f4-dd6d-47b7-8514-8c1aaaf5492d tempest-MeteringIpV6TestJSON-1733926426 tempest-MeteringIpV6TestJSON-1733926426-project-admin] Request body: {'metering_label': {'name': 'tempest-metering-label--1652929375', 'description': 'label created by tempest'}} {{(pid=114838) prepare_request_body /opt/stack/neutron/neutron/api/v2/base.py:729}}
Feb 02 16:48:57.302669 dv-neutron-827112-2-hyperv neutron-server[114838]: DEBUG neutron.api.v2.base [None req-3e4925f4-dd6d-47b7-8514-8c1aaaf5492d tempest-MeteringIpV6TestJSON-1733926426 tempest-MeteringIpV6TestJSON-1733926426-project-admin] Unknown quota resources ['metering_label']. {{(pid=114838) _create /opt/stack/neutron/neutron/api/v2/base.py:496}}
Feb 02 16:48:57.310749 dv-neutron-827112-2-hyperv neutron-server[114839]: DEBUG neutron.wsgi [-] (114839) accepted ('10.222.0.21', 53538) {{(pid=114839) server /usr/local/lib/python3.8/dist-packages/eventlet/wsgi.py:1004}}
Feb 02 16:48:57.311049 dv-neutron-827112-2-hyperv neutron-server[114840]: DEBUG neutron.db.l3_dvrscheduler_db [None req-9b90d9a3-8e28-4f31-84ca-6a514dc0a9bc None None] Routers {'33bf5382-6426-43a8-b881-c8a949d70baa'} bound to L3 agent in host dv-neutron-827112-2-hyperv {{(pid=114840) _get_router_ids_for_agent /opt/stack/neutron/neutron/db/l3_dvrscheduler_db.py:421}}
Feb 02 16:48:57.311664 dv-neutron-827112-2-hyperv neutron-server[114840]: DEBUG neutron.db.l3_hamode_db [None req-9b90d9a3-8e28-4f31-84ca-6a514dc0a9bc None None] neutron.services.l3_router.l3_router_plugin.L3RouterPlugin method get_ha_sync_data_for_host called with arguments (, 'dv-neutron-827112-2-hyperv', Agent(admin_state_up=True,agent_type='L3 agent',availability_zone='nova',binary='neutron-l3-agent',configurations={"agent_mode": "legacy", "ex_gw_ports": 2, "extensions": [], "floating_ips": 0, "handle_internal_only_routers": true, "interface_driver": "openvswitch", "interfaces": 1, "log_agent_heartbeats": false, "routers": 2},created_at=2022-02-02T16:41:20Z,description=,heartbeat_timestamp=2022-02-02T16:48:50Z,host='dv-neutron-827112-2-hyperv',id=1093e55d-e734-4ddd-a3e2-b01def7b6790,load=0,resource_versions=,resources_synced=,started_at=2022-02-02T16:41:20Z,topic='l3_agent')) {'router_ids': ['33bf5382-6426-43a8-b881-c8a949d70baa'], 'active': True} {{(pid=114840) wrapper /usr/local/lib/python3.8/dist-packages/oslo_log/helpers.py:65}}
Feb 02 16:48:57.333767 dv-neutron-827112-2-hyperv neutron-server[114839]: DEBUG neutron_lib.callbacks.manager [None req-3c30f247-4bd3-418e-95a4-127223b42253 tempest-ExternalNetworksTestJSON-1473125299 tempest-ExternalNetworksTestJSON-1473125299-project-admin] Publish callbacks [] for floatingip (327e79c7-86aa-438c-a50e-c7082d3da636), after_delete {{(pid=114839) _notify_loop /usr/local/lib/python3.8/dist-packages/neutron_lib/callbacks/manager.py:176}}
Feb 02 16:48:57.352205 dv-neutron-827112-2-hyperv neutron-server[114839]: DEBUG neutron_lib.callbacks.manager [None req-2cd86492-f6ee-4b0d-b627-dfa57f6299b2 tempest-RoutersAdminNegativeIpV6Test-1385708105 tempest-RoutersAdminNegativeIpV6Test-1385708105-project-admin] Publish callbacks [] for port (97514579-8459-44d6-b900-46102636fbef), precommit_create {{(pid=114839) _notify_loop /usr/local/lib/python3.8/dist-packages/neutron_lib/callbacks/manager.py:176}}
Feb 02 16:48:57.353237 dv-neutron-827112-2-hyperv neutron-server[114840]: DEBUG neutron.db.l3_hamode_db [None req-9b90d9a3-8e28-4f31-84ca-6a514dc0a9bc None None] neutron.services.l3_router.l3_router_plugin.L3RouterPlugin method _process_sync_ha_data called with arguments (, [], 'dv-neutron-827112-2-hyperv', False) {} {{(pid=114840) wrapper /usr/local/lib/python3.8/dist-packages/oslo_log/helpers.py:65}}
Feb 02 16:48:57.358316 dv-neutron-827112-2-hyperv neutron-server[114839]: DEBUG neutron.pecan_wsgi.hooks.quota_enforcement [None req-6be9dc5b-6f30-4741-a084-895d65802440 tempest-BulkNetworkOpsIpV6Test-338457218 tempest-BulkNetworkOpsIpV6Test-338457218-project] Made reservation on behalf of 22225933ab164c8eb024483b7afd71b1 for: {'network': 1} {{(pid=114839) before /opt/stack/neutron/neutron/pecan_wsgi/hooks/quota_enforcement.py:53}}
Feb 02 16:48:57.362184 dv-neutron-827112-2-hyperv neutron-server[114839]: DEBUG neutron_lib.callbacks.manager [None req-6be9dc5b-6f30-4741-a084-895d65802440 tempest-BulkNetworkOpsIpV6Test-338457218 tempest-BulkNetworkOpsIpV6Test-338457218-project] Publish callbacks ['neutron.plugins.ml2.plugin.SecurityGroupDbMixin._ensure_default_security_group_handler-1628796'] for network (None), before_create {{(pid=114839) _notify_loop /usr/local/lib/python3.8/dist-packages/neutron_lib/callbacks/manager.py:176}}
Feb 02 16:48:57.364253 dv-neutron-827112-2-hyperv neutron-server[114840]: DEBUG neutron.db.provisioning_blocks [None req-a300e110-16f9-466f-83be-f98a6091810c None None] Provisioning complete for port 10e6313c-c766-42d9-bdef-411b4d840f92 triggered by entity DHCP. {{(pid=114840) provisioning_complete /opt/stack/neutron/neutron/db/provisioning_blocks.py:139}}
Feb 02 16:48:57.364630 dv-neutron-827112-2-hyperv neutron-server[114840]: DEBUG neutron_lib.callbacks.manager [None req-a300e110-16f9-466f-83be-f98a6091810c None None] Publish callbacks ['neutron.plugins.ml2.plugin.Ml2Plugin._port_provisioned-1561488'] for port (10e6313c-c766-42d9-bdef-411b4d840f92), provisioning_complete {{(pid=114840) _notify_loop /usr/local/lib/python3.8/dist-packages/neutron_lib/callbacks/manager.py:176}}
Feb 02 16:48:57.377458 dv-neutron-827112-2-hyperv neutron-server[114839]: INFO neutron.wsgi [None req-41a0c64f-7300-436a-afa5-3a7e40d3a72b tempest-DHCPAgentSchedulersTestJSON-1720036142 tempest-DHCPAgentSchedulersTestJSON-1720036142-project-admin] 10.222.0.21 "GET /v2.0/networks/a356614d-813f-4a30-9c5d-4afec444d20e/dhcp-agents HTTP/1.1" status: 200 len: 808 time: 0.0613995
Feb 02 16:48:57.386868 dv-neutron-827112-2-hyperv neutron-server[114839]: DEBUG neutron.wsgi [-] (114839) accepted ('10.222.0.21', 53540) {{(pid=114839) server /usr/local/lib/python3.8/dist-packages/eventlet/wsgi.py:1004}}
Feb 02 16:48:57.390198 dv-neutron-827112-2-hyperv neutron-server[114840]: DEBUG neutron.db.l3_dvrscheduler_db [None req-9b90d9a3-8e28-4f31-84ca-6a514dc0a9bc None None] Routers {'33bf5382-6426-43a8-b881-c8a949d70baa'} bound to L3 agent in host dv-neutron-827112-2-hyperv {{(pid=114840) _get_router_ids_for_agent /opt/stack/neutron/neutron/db/l3_dvrscheduler_db.py:421}}
Feb 02 16:48:57.390832 dv-neutron-827112-2-hyperv neutron-server[114840]: DEBUG neutron.db.l3_hamode_db [None req-9b90d9a3-8e28-4f31-84ca-6a514dc0a9bc None None] neutron.services.l3_router.l3_router_plugin.L3RouterPlugin method get_ha_sync_data_for_host called with arguments (, 'dv-neutron-827112-2-hyperv', Agent(admin_state_up=True,agent_type='L3 agent',availability_zone='nova',binary='neutron-l3-agent',configurations={"agent_mode": "legacy", "ex_gw_ports": 2, "extensions": [], "floating_ips": 0, "handle_internal_only_routers": true, "interface_driver": "openvswitch", "interfaces": 1, "log_agent_heartbeats": false, "routers": 2},created_at=2022-02-02T16:41:20Z,description=,heartbeat_timestamp=2022-02-02T16:48:50Z,host='dv-neutron-827112-2-hyperv',id=1093e55d-e734-4ddd-a3e2-b01def7b6790,load=0,resource_versions=,resources_synced=,started_at=2022-02-02T16:41:20Z,topic='l3_agent')) {'router_ids': ['33bf5382-6426-43a8-b881-c8a949d70baa'], 'active': True} {{(pid=114840) wrapper /usr/local/lib/python3.8/dist-packages/oslo_log/helpers.py:65}}
Feb 02 16:48:57.429095 dv-neutron-827112-2-hyperv neutron-server[114840]: DEBUG neutron.db.l3_hamode_db [None req-9b90d9a3-8e28-4f31-84ca-6a514dc0a9bc None None] neutron.services.l3_router.l3_router_plugin.L3RouterPlugin method _process_sync_ha_data called with arguments (, [], 'dv-neutron-827112-2-hyperv', False) {} {{(pid=114840) wrapper /usr/local/lib/python3.8/dist-packages/oslo_log/helpers.py:65}}
Feb 02 16:48:57.429754 dv-neutron-827112-2-hyperv neutron-server[114840]: DEBUG neutron.api.rpc.handlers.l3_rpc [None req-9b90d9a3-8e28-4f31-84ca-6a514dc0a9bc None None] The sync data for ids ['33bf5382-6426-43a8-b881-c8a949d70baa'] in dv-neutron-827112-2-hyperv is: [] {{(pid=114840) sync_routers /opt/stack/neutron/neutron/api/rpc/handlers/l3_rpc.py:137}}
Feb 02 16:48:57.441917 dv-neutron-827112-2-hyperv neutron-server[114840]: DEBUG neutron.plugins.ml2.plugin [None req-a300e110-16f9-466f-83be-f98a6091810c None None] Port 10e6313c-c766-42d9-bdef-411b4d840f92 cannot update to ACTIVE because it is not bound. {{(pid=114840) _port_provisioned /opt/stack/neutron/neutron/plugins/ml2/plugin.py:343}}
Feb 02 16:48:57.463865 dv-neutron-827112-2-hyperv neutron-server[114839]: DEBUG neutron.plugins.ml2.drivers.helpers [None req-6be9dc5b-6f30-4741-a084-895d65802440 tempest-BulkNetworkOpsIpV6Test-338457218 tempest-BulkNetworkOpsIpV6Test-338457218-project] vlan segment allocate from pool success with {'vlan_id': 57, 'physical_network': 'physnet1'} {{(pid=114839) allocate_partially_specified_segment /opt/stack/neutron/neutron/plugins/ml2/drivers/helpers.py:153}}
Feb 02 16:48:57.467642 dv-neutron-827112-2-hyperv neutron-server[114839]: INFO neutron.wsgi [None req-fc2574ca-1fdd-4941-a980-b33311f1862e tempest-DHCPAgentSchedulersTestJSON-1720036142 tempest-DHCPAgentSchedulersTestJSON-1720036142-project-admin] 10.222.0.21 "GET /v2.0/networks/a356614d-813f-4a30-9c5d-4afec444d20e/dhcp-agents HTTP/1.1" status: 200 len: 808 time: 0.0788498
Feb 02 16:48:57.474180 dv-neutron-827112-2-hyperv neutron-server[114839]: DEBUG neutron.wsgi [-] (114839) accepted ('10.222.0.21', 53542) {{(pid=114839) server /usr/local/lib/python3.8/dist-packages/eventlet/wsgi.py:1004}}
Feb 02 16:48:57.483653 dv-neutron-827112-2-hyperv neutron-server[114839]: DEBUG neutron_lib.callbacks.manager [None req-3c30f247-4bd3-418e-95a4-127223b42253 tempest-ExternalNetworksTestJSON-1473125299 tempest-ExternalNetworksTestJSON-1473125299-project-admin] Publish callbacks ['neutron.plugins.ml2.plugin.Ml2Plugin._subnet_delete_precommit_handler-1408674'] for subnet (ca528b4d-52d6-4995-b9c0-f72274e55f3a), precommit_delete {{(pid=114839) _notify_loop /usr/local/lib/python3.8/dist-packages/neutron_lib/callbacks/manager.py:176}}
Feb 02 16:48:57.512302 dv-neutron-827112-2-hyperv neutron-server[114839]: DEBUG neutron_lib.callbacks.manager [None req-6be9dc5b-6f30-4741-a084-895d65802440 tempest-BulkNetworkOpsIpV6Test-338457218 tempest-BulkNetworkOpsIpV6Test-338457218-project] Publish callbacks ['neutron.plugins.ml2.plugin.Ml2Plugin._handle_segment_change-1406745'] for segment (ee339736-2a5c-4cb6-903d-f3001e16df53), precommit_create {{(pid=114839) _notify_loop /usr/local/lib/python3.8/dist-packages/neutron_lib/callbacks/manager.py:176}}
Feb 02 16:48:57.512657 dv-neutron-827112-2-hyperv neutron-server[114839]: INFO neutron.db.segments_db [None req-6be9dc5b-6f30-4741-a084-895d65802440 tempest-BulkNetworkOpsIpV6Test-338457218 tempest-BulkNetworkOpsIpV6Test-338457218-project] Added segment ee339736-2a5c-4cb6-903d-f3001e16df53 of type vlan for network 5c09b3b5-8b5d-4b15-b44a-9e020b628fd3
Feb 02 16:48:57.519104 dv-neutron-827112-2-hyperv neutron-server[114839]: DEBUG neutron_lib.callbacks.manager [None req-2cd86492-f6ee-4b0d-b627-dfa57f6299b2 tempest-RoutersAdminNegativeIpV6Test-1385708105 tempest-RoutersAdminNegativeIpV6Test-1385708105-project-admin] Publish callbacks ['neutron.plugins.ml2.plugin.SecurityGroupServerNotifierRpcMixin._notify_sg_on_port_change-1628495', 'neutron.plugins.ml2.ovo_rpc._ObjectChangeHandler.handle_event-103587', 'neutron.api.rpc.agentnotifiers.dhcp_rpc_agent_api.DhcpAgentNotifyAPI._native_event_send_dhcp_notification-557529', 'neutron.db.l3_dvrscheduler_db._notify_l3_agent_new_port-8771893965361', 'neutron.services.segments.plugin.NovaSegmentNotifier._notify_port_created_or_deleted-9569033'] for port (97514579-8459-44d6-b900-46102636fbef), after_create {{(pid=114839) _notify_loop /usr/local/lib/python3.8/dist-packages/neutron_lib/callbacks/manager.py:176}}
Feb 02 16:48:57.622266 dv-neutron-827112-2-hyperv neutron-server[114839]: DEBUG neutron_lib.callbacks.manager [None req-6be9dc5b-6f30-4741-a084-895d65802440 tempest-BulkNetworkOpsIpV6Test-338457218 tempest-BulkNetworkOpsIpV6Test-338457218-project] Publish callbacks ['neutron.services.auto_allocate.db._ensure_external_network_default_value_callback-8771893950850'] for network (5c09b3b5-8b5d-4b15-b44a-9e020b628fd3), precommit_create {{(pid=114839) _notify_loop /usr/local/lib/python3.8/dist-packages/neutron_lib/callbacks/manager.py:176}}
Feb 02 16:48:57.655548 dv-neutron-827112-2-hyperv neutron-server[114838]: INFO neutron.wsgi [req-6395e75b-dd0a-4587-b62e-bf4d268b9da5 req-1e572b50-7688-4796-b3eb-a50226d2c82a tempest-ServersTestManualDisk-964830327 tempest-ServersTestManualDisk-964830327-project] 10.222.0.21 "GET /v2.0/security-groups?name=tempest-securitygroup--118029604&fields=id&tenant_id=dc0a67f1ae62444da6a2a8db1591e88b HTTP/1.1" status: 200 len: 267 time: 0.5630026
Feb 02 16:48:57.656164 dv-neutron-827112-2-hyperv neutron-server[114838]: DEBUG neutron.api.rpc.handlers.resources_rpc [None req-7d87c271-8d4d-474b-8439-82798f8324a2 tempest-BulkNetworkOpsIpV6Test-338457218 tempest-BulkNetworkOpsIpV6Test-338457218-project] Pushing event updated for resources: {'Network': ['ID=795d0c21-90cf-4e37-9525-8f7dd3c39c43,revision_number=1']} {{(pid=114838) push /opt/stack/neutron/neutron/api/rpc/handlers/resources_rpc.py:237}}
Feb 02 16:48:57.664712 dv-neutron-827112-2-hyperv neutron-server[114838]: DEBUG neutron_lib.callbacks.manager [None req-88094f6e-4d9f-4d0c-a570-9c1d1f838405 tempest-FloatingIPAdminTestJSON-174143131 tempest-FloatingIPAdminTestJSON-174143131-project] Publish callbacks [] for router (None), before_response {{(pid=114838) _notify_loop /usr/local/lib/python3.8/dist-packages/neutron_lib/callbacks/manager.py:176}}
Feb 02 16:48:57.665929 dv-neutron-827112-2-hyperv neutron-server[114838]: INFO neutron.wsgi [None req-88094f6e-4d9f-4d0c-a570-9c1d1f838405 tempest-FloatingIPAdminTestJSON-174143131 tempest-FloatingIPAdminTestJSON-174143131-project] 10.222.0.21 "POST /v2.0/routers HTTP/1.1" status: 201 len: 891 time: 7.9062381
Feb 02 16:48:57.671303 dv-neutron-827112-2-hyperv neutron-server[114840]: DEBUG neutron.plugins.ml2.rpc [None req-88b22f0c-2f1d-4498-8493-be62cae03cf5 None None] Network 795d0c21-90cf-4e37-9525-8f7dd3c39c43 details requested by agent ovs-agent-dv-neutron-827112-2-hyperv with host dv-neutron-827112-2-hyperv {{(pid=114840) get_network_details /opt/stack/neutron/neutron/plugins/ml2/rpc.py:248}}
Feb 02 16:48:57.675046 dv-neutron-827112-2-hyperv neutron-server[114838]: DEBUG neutron.wsgi [-] (114838) accepted ('10.222.0.21', 53544) {{(pid=114838) server /usr/local/lib/python3.8/dist-packages/eventlet/wsgi.py:1004}}
Feb 02 16:48:57.684978 dv-neutron-827112-2-hyperv neutron-server[114839]: DEBUG neutron.scheduler.dhcp_agent_scheduler [None req-2cd86492-f6ee-4b0d-b627-dfa57f6299b2 tempest-RoutersAdminNegativeIpV6Test-1385708105 tempest-RoutersAdminNegativeIpV6Test-1385708105-project-admin] Network d6dd125e-86ce-4df3-9d07-f4be1c2d9d01 is already hosted by enough agents. {{(pid=114839) _get_dhcp_agents_hosting_network /opt/stack/neutron/neutron/scheduler/dhcp_agent_scheduler.py:275}}
Feb 02 16:48:57.702049 dv-neutron-827112-2-hyperv neutron-server[114839]: DEBUG neutron.scheduler.base_scheduler [None req-2cd86492-f6ee-4b0d-b627-dfa57f6299b2 tempest-RoutersAdminNegativeIpV6Test-1385708105 tempest-RoutersAdminNegativeIpV6Test-1385708105-project-admin] Resources bound (agent type, host, resource id): {{(pid=114839) schedule /opt/stack/neutron/neutron/scheduler/base_scheduler.py:57}}
Feb 02 16:48:57.703990 dv-neutron-827112-2-hyperv neutron-server[114839]: DEBUG neutron.api.rpc.handlers.resources_rpc [None req-2cd86492-f6ee-4b0d-b627-dfa57f6299b2 tempest-RoutersAdminNegativeIpV6Test-1385708105 tempest-RoutersAdminNegativeIpV6Test-1385708105-project-admin] Pushing event updated for resources: {'Port': ['ID=97514579-8459-44d6-b900-46102636fbef,revision_number=1']} {{(pid=114839) push /opt/stack/neutron/neutron/api/rpc/handlers/resources_rpc.py:237}}
Feb 02 16:48:57.710557 dv-neutron-827112-2-hyperv neutron-server[114839]: DEBUG neutron.db.l3_dvrscheduler_db [None req-2cd86492-f6ee-4b0d-b627-dfa57f6299b2 tempest-RoutersAdminNegativeIpV6Test-1385708105 tempest-RoutersAdminNegativeIpV6Test-1385708105-project-admin] Received port after_create {{(pid=114839) _notify_l3_agent_new_port /opt/stack/neutron/neutron/db/l3_dvrscheduler_db.py:536}}
Feb 02 16:48:57.758690 dv-neutron-827112-2-hyperv neutron-server[114839]: DEBUG neutron_lib.callbacks.manager [None req-3c30f247-4bd3-418e-95a4-127223b42253 tempest-ExternalNetworksTestJSON-1473125299 tempest-ExternalNetworksTestJSON-1473125299-project-admin] Publish callbacks ['neutron.plugins.ml2.plugin.Ml2Plugin._subnet_delete_after_delete_handler-1408681', 'neutron.plugins.ml2.ovo_rpc._ObjectChangeHandler.handle_event-465011', 'neutron.api.rpc.agentnotifiers.dhcp_rpc_agent_api.DhcpAgentNotifyAPI._native_event_send_dhcp_notification-557529', 'neutron.services.segments.plugin.NovaSegmentNotifier._notify_subnet_deleted-9569246', 'neutron.services.segments.plugin.SegmentHostRoutes.host_routes_after_delete-8958569'] for subnet (ca528b4d-52d6-4995-b9c0-f72274e55f3a), after_delete {{(pid=114839) _notify_loop /usr/local/lib/python3.8/dist-packages/neutron_lib/callbacks/manager.py:176}}
Feb 02 16:48:57.802483 dv-neutron-827112-2-hyperv neutron-server[114839]: DEBUG neutron_lib.callbacks.manager [None req-6be9dc5b-6f30-4741-a084-895d65802440 tempest-BulkNetworkOpsIpV6Test-338457218 tempest-BulkNetworkOpsIpV6Test-338457218-project] Publish callbacks ['neutron.plugins.ml2.ovo_rpc._ObjectChangeHandler.handle_event-466651', 'neutron.api.rpc.agentnotifiers.dhcp_rpc_agent_api.DhcpAgentNotifyAPI._native_event_send_dhcp_notification-557529'] for network (5c09b3b5-8b5d-4b15-b44a-9e020b628fd3), after_create {{(pid=114839) _notify_loop /usr/local/lib/python3.8/dist-packages/neutron_lib/callbacks/manager.py:176}}
Feb 02 16:48:57.807424 dv-neutron-827112-2-hyperv neutron-server[114839]: DEBUG neutron.pecan_wsgi.hooks.policy_enforcement [None req-6be9dc5b-6f30-4741-a084-895d65802440 tempest-BulkNetworkOpsIpV6Test-338457218 tempest-BulkNetworkOpsIpV6Test-338457218-project] Attributes excluded by policy engine: ['standard_attr_id', 'provider:network_type', 'provider:physical_network', 'provider:segmentation_id', 'vlan_transparent'] {{(pid=114839) _exclude_attributes_by_policy /opt/stack/neutron/neutron/pecan_wsgi/hooks/policy_enforcement.py:255}}
Feb 02 16:48:57.808031 dv-neutron-827112-2-hyperv neutron-server[114839]: DEBUG neutron_lib.callbacks.manager [None req-6be9dc5b-6f30-4741-a084-895d65802440 tempest-BulkNetworkOpsIpV6Test-338457218 tempest-BulkNetworkOpsIpV6Test-338457218-project] Publish callbacks ['neutron.api.rpc.agentnotifiers.dhcp_rpc_agent_api.DhcpAgentNotifyAPI._send_dhcp_notification-557519'] for network (None), before_response {{(pid=114839) _notify_loop /usr/local/lib/python3.8/dist-packages/neutron_lib/callbacks/manager.py:176}}
Feb 02 16:48:57.827504 dv-neutron-827112-2-hyperv neutron-server[114839]: DEBUG neutron.api.rpc.handlers.resources_rpc [None req-3c30f247-4bd3-418e-95a4-127223b42253 tempest-ExternalNetworksTestJSON-1473125299 tempest-ExternalNetworksTestJSON-1473125299-project-admin] Pushing event deleted for resources: {'Subnet': ['ID=ca528b4d-52d6-4995-b9c0-f72274e55f3a,revision_number=None']} {{(pid=114839) push /opt/stack/neutron/neutron/api/rpc/handlers/resources_rpc.py:237}}
Feb 02 16:48:57.847091 dv-neutron-827112-2-hyperv neutron-server[114839]: DEBUG neutron.pecan_wsgi.hooks.policy_enforcement [None req-2cd86492-f6ee-4b0d-b627-dfa57f6299b2 tempest-RoutersAdminNegativeIpV6Test-1385708105 tempest-RoutersAdminNegativeIpV6Test-1385708105-project-admin] Attributes excluded by policy engine: ['standard_attr_id', 'network'] {{(pid=114839) _exclude_attributes_by_policy /opt/stack/neutron/neutron/pecan_wsgi/hooks/policy_enforcement.py:255}}
Feb 02 16:48:57.847701 dv-neutron-827112-2-hyperv neutron-server[114839]: DEBUG neutron_lib.callbacks.manager [None req-2cd86492-f6ee-4b0d-b627-dfa57f6299b2 tempest-RoutersAdminNegativeIpV6Test-1385708105 tempest-RoutersAdminNegativeIpV6Test-1385708105-project-admin] Publish callbacks ['neutron.notifiers.nova.Notifier._send_nova_notification-184067'] for port (None), before_response {{(pid=114839) _notify_loop /usr/local/lib/python3.8/dist-packages/neutron_lib/callbacks/manager.py:176}}
Feb 02 16:48:57.862754 dv-neutron-827112-2-hyperv neutron-server[114839]: INFO neutron.wsgi [None req-b1e77221-97b0-4d28-8ce2-b4823473ad14 tempest-DHCPAgentSchedulersTestJSON-1720036142 tempest-DHCPAgentSchedulersTestJSON-1720036142-project-admin] 10.222.0.21 "GET /v2.0/agents/9b4259e7-a47a-4098-883a-1e4b5f04a818/dhcp-networks HTTP/1.1" status: 200 len: 7970 time: 0.3861971
Feb 02 16:48:57.882999 dv-neutron-827112-2-hyperv neutron-server[114839]: DEBUG neutron.wsgi [-] (114839) accepted ('10.222.0.21', 53548) {{(pid=114839) server /usr/local/lib/python3.8/dist-packages/eventlet/wsgi.py:1004}}
Feb 02 16:48:57.901085 dv-neutron-827112-2-hyperv neutron-server[114839]: INFO neutron.wsgi [None req-6be9dc5b-6f30-4741-a084-895d65802440 tempest-BulkNetworkOpsIpV6Test-338457218 tempest-BulkNetworkOpsIpV6Test-338457218-project] 10.222.0.21 "POST /v2.0/networks HTTP/1.1" status: 201 len: 789 time: 0.6213460
Feb 02 16:48:57.942009 dv-neutron-827112-2-hyperv neutron-server[114838]: DEBUG neutron.scheduler.l3_agent_scheduler [None req-e6f8a6b4-0e7e-4d38-8317-a776604c63a8 admin admin] Router 7e8c9117-ac91-4c14-96fd-0d48f19780b4 has already been hosted by L3 agent 1093e55d-e734-4ddd-a3e2-b01def7b6790 {{(pid=114838) _get_candidates /opt/stack/neutron/neutron/scheduler/l3_agent_scheduler.py:126}}
Feb 02 16:48:57.954499 dv-neutron-827112-2-hyperv neutron-server[114839]: INFO neutron.wsgi [None req-2cd86492-f6ee-4b0d-b627-dfa57f6299b2 tempest-RoutersAdminNegativeIpV6Test-1385708105 tempest-RoutersAdminNegativeIpV6Test-1385708105-project-admin] 10.222.0.21 "POST /v2.0/ports HTTP/1.1" status: 201 len: 1036 time: 3.0776181
Feb 02 16:48:57.959079 dv-neutron-827112-2-hyperv neutron-server[114839]: DEBUG neutron.api.rpc.handlers.resources_rpc [None req-6be9dc5b-6f30-4741-a084-895d65802440 tempest-BulkNetworkOpsIpV6Test-338457218 tempest-BulkNetworkOpsIpV6Test-338457218-project] Pushing event updated for resources: {'Network': ['ID=5c09b3b5-8b5d-4b15-b44a-9e020b628fd3,revision_number=1']} {{(pid=114839) push /opt/stack/neutron/neutron/api/rpc/handlers/resources_rpc.py:237}}
Feb 02 16:48:57.961233 dv-neutron-827112-2-hyperv neutron-server[114839]: DEBUG neutron.wsgi [-] (114839) accepted ('10.222.0.21', 53550) {{(pid=114839) server /usr/local/lib/python3.8/dist-packages/eventlet/wsgi.py:1004}}
Feb 02 16:48:57.978065 dv-neutron-827112-2-hyperv neutron-server[114840]: DEBUG neutron.plugins.ml2.rpc [None req-88b22f0c-2f1d-4498-8493-be62cae03cf5 None None] Network 5c09b3b5-8b5d-4b15-b44a-9e020b628fd3 details requested by agent ovs-agent-dv-neutron-827112-2-hyperv with host dv-neutron-827112-2-hyperv {{(pid=114840) get_network_details /opt/stack/neutron/neutron/plugins/ml2/rpc.py:248}}
Feb 02 16:48:57.996916 dv-neutron-827112-2-hyperv neutron-server[114839]: DEBUG neutron.api.v2.base [None req-b7fc11e5-59dd-4a56-b053-b1f5a77fd405 tempest-RoutersAdminNegativeIpV6Test-1385708105 tempest-RoutersAdminNegativeIpV6Test-1385708105-project-admin] Request body: {'router': {'external_gateway_info': {'network_id': 'd6dd125e-86ce-4df3-9d07-f4be1c2d9d01', 'external_fixed_ips': [{'subnet_id': '13225a12-d5bf-4a57-8bde-b102eba6190a', 'ip_address': '172.26.8.88'}]}}} {{(pid=114839) prepare_request_body /opt/stack/neutron/neutron/api/v2/base.py:729}}
Feb 02 16:48:58.001025 dv-neutron-827112-2-hyperv neutron-server[114839]: DEBUG neutron_lib.callbacks.manager [None req-3c30f247-4bd3-418e-95a4-127223b42253 tempest-ExternalNetworksTestJSON-1473125299 tempest-ExternalNetworksTestJSON-1473125299-project-admin] Publish callbacks ['neutron.plugins.ml2.plugin.Ml2Plugin._network_delete_precommit_handler-1401149', 'neutron.services.segments.db._delete_segments_for_network-8771894495389'] for network (3ca4851f-14f8-4f55-a297-420a37e32130), precommit_delete {{(pid=114839) _notify_loop /usr/local/lib/python3.8/dist-packages/neutron_lib/callbacks/manager.py:176}}
