Feb 02 16:48:49.830388 dv-neutron-827112-2-hyperv neutron-server[114838]: DEBUG neutron_lib.callbacks.manager [None req-88094f6e-4d9f-4d0c-a570-9c1d1f838405 tempest-FloatingIPAdminTestJSON-174143131 tempest-FloatingIPAdminTestJSON-174143131-project] Publish callbacks ['neutron.services.l3_router.l3_router_plugin.L3_HA_NAT_db_mixin._precommit_router_create-388404', 'neutron.services.l3_router.l3_router_plugin.DVRResourceOperationHandler._set_distributed_flag-547022', 'neutron.services.l3_router.l3_router_plugin.RouterAvailabilityZoneMixin._process_az_request-447056', 'neutron.services.l3_router.service_providers.driver_controller.DriverController._set_router_provider-4116'] for router (33bf5382-6426-43a8-b881-c8a949d70baa), precommit_create {{(pid=114838) _notify_loop /usr/local/lib/python3.8/dist-packages/neutron_lib/callbacks/manager.py:176}}
Feb 02 16:48:49.865220 dv-neutron-827112-2-hyperv neutron-server[114839]: DEBUG neutron_lib.callbacks.manager [None req-92f03dfa-cdcd-4dbe-b3ff-a1f3c619f1c6 admin admin] Publish callbacks ['neutron.plugins.ml2.ovo_rpc._ObjectChangeHandler.handle_event-466569'] for security_group (8e9f7ea7-7cad-428e-8544-99564800823d), after_delete {{(pid=114839) _notify_loop /usr/local/lib/python3.8/dist-packages/neutron_lib/callbacks/manager.py:176}}
Feb 02 16:48:49.870516 dv-neutron-827112-2-hyperv neutron-server[114839]: DEBUG neutron_lib.callbacks.manager [None req-92f03dfa-cdcd-4dbe-b3ff-a1f3c619f1c6 admin admin] Publish callbacks [] for security_group (None), before_response {{(pid=114839) _notify_loop /usr/local/lib/python3.8/dist-packages/neutron_lib/callbacks/manager.py:176}}
Feb 02 16:48:49.872259 dv-neutron-827112-2-hyperv neutron-server[114839]: INFO neutron.wsgi [None req-92f03dfa-cdcd-4dbe-b3ff-a1f3c619f1c6 admin admin] 10.222.0.21 "DELETE /v2.0/security-groups/8e9f7ea7-7cad-428e-8544-99564800823d HTTP/1.1" status: 204 len: 168 time: 1.0453334
Feb 02 16:48:49.873549 dv-neutron-827112-2-hyperv neutron-server[114839]: DEBUG neutron.api.rpc.agentnotifiers.l3_rpc_agent_api [None req-32f1b6be-13b3-463c-afe7-f303078f451d admin admin] Notify agent at l3_agent.dv-neutron-827112-2-hyperv the message routers_updated {{(pid=114839) _agent_notification /opt/stack/neutron/neutron/api/rpc/agentnotifiers/l3_rpc_agent_api.py:65}}
Feb 02 16:48:49.882258 dv-neutron-827112-2-hyperv neutron-server[114839]: DEBUG neutron.scheduler.base_scheduler [None req-96f55943-7d43-4f6c-8ee6-eed7015c0497 tempest-BulkNetworkOpsIpV6Test-338457218 tempest-BulkNetworkOpsIpV6Test-338457218-project] Resources bound (agent type, host, resource id): (DHCP agent, dv-neutron-827112-2-hyperv, 7c5702dd-1cfa-4e93-87ef-9d697760d346) {{(pid=114839) schedule /opt/stack/neutron/neutron/scheduler/base_scheduler.py:57}}
Feb 02 16:48:49.884760 dv-neutron-827112-2-hyperv neutron-server[114841]: DEBUG neutron.api.rpc.handlers.l3_rpc [None req-d80774e1-d718-4555-9e36-7604f5594423 None None] Sync routers for ids ['7e8c9117-ac91-4c14-96fd-0d48f19780b4'] in dv-neutron-827112-2-hyperv {{(pid=114841) sync_routers /opt/stack/neutron/neutron/api/rpc/handlers/l3_rpc.py:125}}
Feb 02 16:48:49.903598 dv-neutron-827112-2-hyperv neutron-server[114841]: DEBUG neutron.db.l3_dvrscheduler_db [None req-d80774e1-d718-4555-9e36-7604f5594423 None None] Routers {'7e8c9117-ac91-4c14-96fd-0d48f19780b4'} bound to L3 agent in host dv-neutron-827112-2-hyperv {{(pid=114841) _get_router_ids_for_agent /opt/stack/neutron/neutron/db/l3_dvrscheduler_db.py:421}}
Feb 02 16:48:49.904452 dv-neutron-827112-2-hyperv neutron-server[114841]: DEBUG neutron.db.l3_hamode_db [None req-d80774e1-d718-4555-9e36-7604f5594423 None None] neutron.services.l3_router.l3_router_plugin.L3RouterPlugin method get_ha_sync_data_for_host called with arguments (, 'dv-neutron-827112-2-hyperv', Agent(admin_state_up=True,agent_type='L3 agent',availability_zone='nova',binary='neutron-l3-agent',configurations={"agent_mode": "legacy", "ex_gw_ports": 2, "extensions": [], "floating_ips": 0, "handle_internal_only_routers": true, "interface_driver": "openvswitch", "interfaces": 1, "log_agent_heartbeats": false, "routers": 2},created_at=2022-02-02T16:41:20Z,description=,heartbeat_timestamp=2022-02-02T16:48:50Z,host='dv-neutron-827112-2-hyperv',id=1093e55d-e734-4ddd-a3e2-b01def7b6790,load=0,resource_versions=,resources_synced=,started_at=2022-02-02T16:41:20Z,topic='l3_agent')) {'router_ids': ['7e8c9117-ac91-4c14-96fd-0d48f19780b4'], 'active': True} {{(pid=114841) wrapper /usr/local/lib/python3.8/dist-packages/oslo_log/helpers.py:65}}
Feb 02 16:48:49.909425 dv-neutron-827112-2-hyperv neutron-server[114839]: DEBUG neutron_lib.callbacks.manager [None req-defb7f3e-8e6c-47ee-b6b3-c8a23b478fd4 tempest-ExternalNetworksTestJSON-1473125299 tempest-ExternalNetworksTestJSON-1473125299-project-admin] Publish callbacks ['neutron.plugins.ml2.plugin.SecurityGroupServerNotifierRpcMixin._notify_sg_on_port_change-1628495', 'neutron.plugins.ml2.ovo_rpc._ObjectChangeHandler.handle_event-103587', 'neutron.api.rpc.agentnotifiers.dhcp_rpc_agent_api.DhcpAgentNotifyAPI._native_event_send_dhcp_notification-557529', 'neutron.db.l3_dvrscheduler_db._notify_l3_agent_new_port-8771893965361', 'neutron.services.segments.plugin.NovaSegmentNotifier._notify_port_created_or_deleted-9569033'] for port (f9edbe64-286b-4f21-844d-ab96cd494047), after_create {{(pid=114839) _notify_loop /usr/local/lib/python3.8/dist-packages/neutron_lib/callbacks/manager.py:176}}
Feb 02 16:48:49.953514 dv-neutron-827112-2-hyperv neutron-server[114838]: DEBUG neutron_lib.callbacks.manager [None req-daf92105-aa0b-4277-8244-3b53eb9c071d tempest-DHCPAgentSchedulersTestJSON-713990525 tempest-DHCPAgentSchedulersTestJSON-713990525-project] Publish callbacks ['neutron.plugins.ml2.plugin.SecurityGroupServerNotifierRpcMixin._notify_sg_on_port_change-1628495', 'neutron.plugins.ml2.ovo_rpc._ObjectChangeHandler.handle_event-103587', 'neutron.api.rpc.agentnotifiers.dhcp_rpc_agent_api.DhcpAgentNotifyAPI._native_event_send_dhcp_notification-557529', 'neutron.db.l3_db.L3RpcNotifierMixin._notify_routers_callback-8771894542291', 'neutron.db.l3_dvrscheduler_db._notify_port_delete-8771893965370'] for port (3c679f43-10f1-4260-99de-93c5cf9c6f1d), after_delete {{(pid=114838) _notify_loop /usr/local/lib/python3.8/dist-packages/neutron_lib/callbacks/manager.py:176}}
Feb 02 16:48:49.961573 dv-neutron-827112-2-hyperv neutron-server[114840]: DEBUG neutron.api.rpc.handlers.dhcp_rpc [None req-faf7fc60-7018-43f7-bf3c-9f1d14c4a620 None None] Network 7c5702dd-1cfa-4e93-87ef-9d697760d346 requested from dv-neutron-827112-2-hyperv {{(pid=114840) get_network_info /opt/stack/neutron/neutron/api/rpc/handlers/dhcp_rpc.py:191}}
Feb 02 16:48:50.006673 dv-neutron-827112-2-hyperv neutron-server[114839]: DEBUG neutron.scheduler.dhcp_agent_scheduler [None req-defb7f3e-8e6c-47ee-b6b3-c8a23b478fd4 tempest-ExternalNetworksTestJSON-1473125299 tempest-ExternalNetworksTestJSON-1473125299-project-admin] Network 3ca4851f-14f8-4f55-a297-420a37e32130 is already hosted by enough agents. {{(pid=114839) _get_dhcp_agents_hosting_network /opt/stack/neutron/neutron/scheduler/dhcp_agent_scheduler.py:275}}
Feb 02 16:48:50.012463 dv-neutron-827112-2-hyperv neutron-server[114839]: DEBUG neutron_lib.callbacks.manager [None req-2de86a82-1e8c-4283-bb7f-9eba6689628b tempest-ServersTestManualDisk-964830327 tempest-ServersTestManualDisk-964830327-project] Publish callbacks [] for security_group (None), before_response {{(pid=114839) _notify_loop /usr/local/lib/python3.8/dist-packages/neutron_lib/callbacks/manager.py:176}}
Feb 02 16:48:50.016472 dv-neutron-827112-2-hyperv neutron-server[114839]: INFO neutron.wsgi [None req-2de86a82-1e8c-4283-bb7f-9eba6689628b tempest-ServersTestManualDisk-964830327 tempest-ServersTestManualDisk-964830327-project] 10.222.0.21 "POST /v2.0/security-groups HTTP/1.1" status: 201 len: 1796 time: 0.9862831
Feb 02 16:48:50.024363 dv-neutron-827112-2-hyperv neutron-server[114839]: DEBUG neutron_lib.callbacks.manager [None req-32f1b6be-13b3-463c-afe7-f303078f451d admin admin] Publish callbacks [] for router (None), before_response {{(pid=114839) _notify_loop /usr/local/lib/python3.8/dist-packages/neutron_lib/callbacks/manager.py:176}}
Feb 02 16:48:50.029514 dv-neutron-827112-2-hyperv neutron-server[114839]: INFO neutron.wsgi [None req-32f1b6be-13b3-463c-afe7-f303078f451d admin admin] 10.222.0.21 "POST /v2.0/routers HTTP/1.1" status: 201 len: 916 time: 8.2814031
Feb 02 16:48:50.029514 dv-neutron-827112-2-hyperv neutron-server[114839]: DEBUG neutron.db.l3_dvrscheduler_db [None req-96f55943-7d43-4f6c-8ee6-eed7015c0497 tempest-BulkNetworkOpsIpV6Test-338457218 tempest-BulkNetworkOpsIpV6Test-338457218-project] Received port after_create {{(pid=114839) _notify_l3_agent_new_port /opt/stack/neutron/neutron/db/l3_dvrscheduler_db.py:536}}
Feb 02 16:48:50.030034 dv-neutron-827112-2-hyperv neutron-server[114840]: DEBUG neutron.api.rpc.handlers.dhcp_rpc [None req-7aeda16f-c94e-49a0-8ad9-8a793d64cd16 None None] Create dhcp port {'port': {'name': '', 'admin_state_up': True, 'device_id': 'dhcp41c506c5-42d6-564c-b726-5c05a163ff48-460b261c-44e4-4789-bdbf-cad51cb0267f', 'network_id': '460b261c-44e4-4789-bdbf-cad51cb0267f', 'project_id': '1095053251584799bc76d3104538ae9c', 'fixed_ips': [{'subnet_id': '6f1c7578-6af8-45bd-98c4-255e58184f92'}]}} from dv-neutron-827112-2-hyperv. {{(pid=114840) create_dhcp_port /opt/stack/neutron/neutron/api/rpc/handlers/dhcp_rpc.py:268}}
Feb 02 16:48:50.031028 dv-neutron-827112-2-hyperv neutron-server[114840]: DEBUG neutron_lib.callbacks.manager [None req-7aeda16f-c94e-49a0-8ad9-8a793d64cd16 None None] Publish callbacks ['neutron.plugins.ml2.plugin.SecurityGroupDbMixin._ensure_default_security_group_handler-1628796'] for port (None), before_create {{(pid=114840) _notify_loop /usr/local/lib/python3.8/dist-packages/neutron_lib/callbacks/manager.py:176}}
Feb 02 16:48:50.034889 dv-neutron-827112-2-hyperv neutron-server[114838]: DEBUG neutron.wsgi [-] (114838) accepted ('10.222.0.21', 53364) {{(pid=114838) server /usr/local/lib/python3.8/dist-packages/eventlet/wsgi.py:1004}}
Feb 02 16:48:50.035541 dv-neutron-827112-2-hyperv neutron-server[114838]: DEBUG neutron.wsgi [-] (114838) accepted ('10.222.0.21', 53366) {{(pid=114838) server /usr/local/lib/python3.8/dist-packages/eventlet/wsgi.py:1004}}
Feb 02 16:48:50.051897 dv-neutron-827112-2-hyperv neutron-server[114839]: DEBUG neutron.pecan_wsgi.hooks.policy_enforcement [None req-96f55943-7d43-4f6c-8ee6-eed7015c0497 tempest-BulkNetworkOpsIpV6Test-338457218 tempest-BulkNetworkOpsIpV6Test-338457218-project] Attributes excluded by policy engine: ['standard_attr_id', 'binding:host_id', 'binding:profile', 'binding:vif_type', 'binding:vif_details', 'network'] {{(pid=114839) _exclude_attributes_by_policy /opt/stack/neutron/neutron/pecan_wsgi/hooks/policy_enforcement.py:255}}
Feb 02 16:48:50.057873 dv-neutron-827112-2-hyperv neutron-server[114839]: DEBUG neutron.pecan_wsgi.hooks.policy_enforcement [None req-96f55943-7d43-4f6c-8ee6-eed7015c0497 tempest-BulkNetworkOpsIpV6Test-338457218 tempest-BulkNetworkOpsIpV6Test-338457218-project] Attributes excluded by policy engine: ['standard_attr_id', 'binding:host_id', 'binding:profile', 'binding:vif_type', 'binding:vif_details', 'network'] {{(pid=114839) _exclude_attributes_by_policy /opt/stack/neutron/neutron/pecan_wsgi/hooks/policy_enforcement.py:255}}
Feb 02 16:48:50.059199 dv-neutron-827112-2-hyperv neutron-server[114839]: DEBUG neutron_lib.callbacks.manager [None req-96f55943-7d43-4f6c-8ee6-eed7015c0497 tempest-BulkNetworkOpsIpV6Test-338457218 tempest-BulkNetworkOpsIpV6Test-338457218-project] Publish callbacks ['neutron.notifiers.nova.Notifier._send_nova_notification-184067', 'neutron.api.rpc.agentnotifiers.dhcp_rpc_agent_api.DhcpAgentNotifyAPI._send_dhcp_notification-557519'] for port (None), before_response {{(pid=114839) _notify_loop /usr/local/lib/python3.8/dist-packages/neutron_lib/callbacks/manager.py:176}}
Feb 02 16:48:50.062875 dv-neutron-827112-2-hyperv neutron-server[114839]: DEBUG neutron.wsgi [-] (114839) accepted ('10.222.0.21', 53368) {{(pid=114839) server /usr/local/lib/python3.8/dist-packages/eventlet/wsgi.py:1004}}
Feb 02 16:48:50.066434 dv-neutron-827112-2-hyperv neutron-server[114838]: DEBUG neutron.api.v2.base [None req-d0884933-dd50-4b42-bd30-7e332d91343e tempest-ServersTestManualDisk-964830327 tempest-ServersTestManualDisk-964830327-project] Request body: {'security_group_rule': {'security_group_id': '6b5b072e-e763-4898-b750-0dab2cf53cf3', 'protocol': 'tcp', 'ethertype': 'IPv4', 'port_range_min': 22, 'port_range_max': 22, 'direction': 'ingress'}} {{(pid=114838) prepare_request_body /opt/stack/neutron/neutron/api/v2/base.py:729}}
Feb 02 16:48:50.067661 dv-neutron-827112-2-hyperv neutron-server[114840]: DEBUG neutron.plugins.ml2.plugin [None req-1144def1-a9b0-444f-9856-47e1fe2c938c None None] Current status of the port f8174fde-8c96-4497-bcac-d0979130a6a1 is: ACTIVE; New status is: ACTIVE {{(pid=114840) _update_individual_port_db_status /opt/stack/neutron/neutron/plugins/ml2/plugin.py:2238}}
Feb 02 16:48:50.092048 dv-neutron-827112-2-hyperv neutron-server[114838]: DEBUG neutron.api.rpc.handlers.resources_rpc [None req-daf92105-aa0b-4277-8244-3b53eb9c071d tempest-DHCPAgentSchedulersTestJSON-713990525 tempest-DHCPAgentSchedulersTestJSON-713990525-project] Pushing event deleted for resources: {'Port': ['ID=3c679f43-10f1-4260-99de-93c5cf9c6f1d,revision_number=None']} {{(pid=114838) push /opt/stack/neutron/neutron/api/rpc/handlers/resources_rpc.py:237}}
Feb 02 16:48:50.098874 dv-neutron-827112-2-hyperv neutron-server[114839]: DEBUG neutron.scheduler.base_scheduler [None req-defb7f3e-8e6c-47ee-b6b3-c8a23b478fd4 tempest-ExternalNetworksTestJSON-1473125299 tempest-ExternalNetworksTestJSON-1473125299-project-admin] Resources bound (agent type, host, resource id): {{(pid=114839) schedule /opt/stack/neutron/neutron/scheduler/base_scheduler.py:57}}
Feb 02 16:48:50.116670 dv-neutron-827112-2-hyperv neutron-server[114840]: DEBUG neutron.plugins.ml2.db [None req-41f0aae9-dc1c-4a28-8693-7a3939ebeae5 None None] For port 625a0aa9-01eb-476b-aa8a-5a470ecb53d8, host dv-neutron-827112-2-hyperv, cleared binding levels {{(pid=114840) clear_binding_levels /opt/stack/neutron/neutron/plugins/ml2/db.py:87}}
Feb 02 16:48:50.124329 dv-neutron-827112-2-hyperv neutron-server[114841]: DEBUG neutron.db.l3_dvr_db [None req-d80774e1-d718-4555-9e36-7604f5594423 None None] Set router 7e8c9117-ac91-4c14-96fd-0d48f19780b4 gateway port host: dv-neutron-827112-2-hyperv {{(pid=114841) _build_routers_list /opt/stack/neutron/neutron/db/l3_dvr_db.py:906}}
Feb 02 16:48:50.124936 dv-neutron-827112-2-hyperv neutron-server[114839]: DEBUG neutron.api.rpc.handlers.resources_rpc [None req-defb7f3e-8e6c-47ee-b6b3-c8a23b478fd4 tempest-ExternalNetworksTestJSON-1473125299 tempest-ExternalNetworksTestJSON-1473125299-project-admin] Pushing event updated for resources: {'Port': ['ID=f9edbe64-286b-4f21-844d-ab96cd494047,revision_number=1']} {{(pid=114839) push /opt/stack/neutron/neutron/api/rpc/handlers/resources_rpc.py:237}}
Feb 02 16:48:50.144013 dv-neutron-827112-2-hyperv neutron-server[114839]: DEBUG neutron.api.rpc.handlers.resources_rpc [None req-2de86a82-1e8c-4283-bb7f-9eba6689628b tempest-ServersTestManualDisk-964830327 tempest-ServersTestManualDisk-964830327-project] Pushing event updated for resources: {'SecurityGroup': ['ID=6b5b072e-e763-4898-b750-0dab2cf53cf3,revision_number=1']} {{(pid=114839) push /opt/stack/neutron/neutron/api/rpc/handlers/resources_rpc.py:237}}
Feb 02 16:48:50.166441 dv-neutron-827112-2-hyperv neutron-server[114839]: DEBUG neutron.db.l3_dvrscheduler_db [None req-defb7f3e-8e6c-47ee-b6b3-c8a23b478fd4 tempest-ExternalNetworksTestJSON-1473125299 tempest-ExternalNetworksTestJSON-1473125299-project-admin] Received port after_create {{(pid=114839) _notify_l3_agent_new_port /opt/stack/neutron/neutron/db/l3_dvrscheduler_db.py:536}}
Feb 02 16:48:50.279024 dv-neutron-827112-2-hyperv neutron-server[114838]: DEBUG neutron_lib.callbacks.manager [None req-daf92105-aa0b-4277-8244-3b53eb9c071d tempest-DHCPAgentSchedulersTestJSON-713990525 tempest-DHCPAgentSchedulersTestJSON-713990525-project] Publish callbacks ['neutron.notifiers.nova.Notifier._send_nova_notification-184067'] for port (None), before_response {{(pid=114838) _notify_loop /usr/local/lib/python3.8/dist-packages/neutron_lib/callbacks/manager.py:176}}
Feb 02 16:48:50.283548 dv-neutron-827112-2-hyperv neutron-server[114838]: INFO neutron.wsgi [None req-daf92105-aa0b-4277-8244-3b53eb9c071d tempest-DHCPAgentSchedulersTestJSON-713990525 tempest-DHCPAgentSchedulersTestJSON-713990525-project] 10.222.0.21 "DELETE /v2.0/ports/3c679f43-10f1-4260-99de-93c5cf9c6f1d HTTP/1.1" status: 204 len: 168 time: 1.7328014
Feb 02 16:48:50.285141 dv-neutron-827112-2-hyperv neutron-server[114838]: DEBUG neutron_lib.callbacks.manager [None req-88094f6e-4d9f-4d0c-a570-9c1d1f838405 tempest-FloatingIPAdminTestJSON-174143131 tempest-FloatingIPAdminTestJSON-174143131-project] Publish callbacks [] for router_controller (33bf5382-6426-43a8-b881-c8a949d70baa), precommit_add_association {{(pid=114838) _notify_loop /usr/local/lib/python3.8/dist-packages/neutron_lib/callbacks/manager.py:176}}
Feb 02 16:48:50.286057 dv-neutron-827112-2-hyperv neutron-server[114838]: DEBUG neutron.wsgi [-] (114838) accepted ('10.222.0.21', 53374) {{(pid=114838) server /usr/local/lib/python3.8/dist-packages/eventlet/wsgi.py:1004}}
Feb 02 16:48:50.318603 dv-neutron-827112-2-hyperv neutron-server[114839]: DEBUG neutron_lib.callbacks.manager [None req-66bb8fbd-56c7-4171-b5ae-be58dbec2633 admin admin] Publish callbacks [] for security_group (None), before_create {{(pid=114839) _notify_loop /usr/local/lib/python3.8/dist-packages/neutron_lib/callbacks/manager.py:176}}
Feb 02 16:48:50.360828 dv-neutron-827112-2-hyperv neutron-server[114839]: DEBUG neutron.api.rpc.handlers.resources_rpc [None req-92f03dfa-cdcd-4dbe-b3ff-a1f3c619f1c6 admin admin] Pushing event deleted for resources: {'SecurityGroup': ['ID=8e9f7ea7-7cad-428e-8544-99564800823d,revision_number=None']} {{(pid=114839) push /opt/stack/neutron/neutron/api/rpc/handlers/resources_rpc.py:237}}
Feb 02 16:48:50.390520 dv-neutron-827112-2-hyperv neutron-server[114841]: DEBUG neutron.db.l3_hamode_db [None req-d80774e1-d718-4555-9e36-7604f5594423 None None] neutron.services.l3_router.l3_router_plugin.L3RouterPlugin method _process_sync_ha_data called with arguments (, [{'id': '7e8c9117-ac91-4c14-96fd-0d48f19780b4', 'name': 'tempest-ServersTestJSON-123856097-router', 'tenant_id': '892f426f069b47c9ae9c16a6c47a1bd5', 'admin_state_up': True, 'status': 'ACTIVE', 'external_gateway_info': {'network_id': 'd6dd125e-86ce-4df3-9d07-f4be1c2d9d01', 'external_fixed_ips': [{'subnet_id': '13225a12-d5bf-4a57-8bde-b102eba6190a', 'ip_address': '172.26.8.80'}], 'enable_snat': True}, 'gw_port_id': 'ed54f58a-d8f1-4639-a5b1-54cd5f097b1d', 'description': '', 'availability_zones': ['nova'], 'distributed': False, 'ha': False, 'ha_vr_id': 0, 'availability_zone_hints': [], 'routes': [], 'flavor_id': None, 'tags': [], 'created_at': '2022-02-02T16:48:41Z', 'updated_at': '2022-02-02T16:48:47Z', 'revision_number': 3, 'project_id': '892f426f069b47c9ae9c16a6c47a1bd5', 'gw_port': {'id': 'ed54f58a-d8f1-4639-a5b1-54cd5f097b1d', 'name': '', 'network_id': 'd6dd125e-86ce-4df3-9d07-f4be1c2d9d01', 'tenant_id': '', 'mac_address': 'fa:16:3e:76:21:9c', 'admin_state_up': True, 'status': 'DOWN', 'device_id': '7e8c9117-ac91-4c14-96fd-0d48f19780b4', 'device_owner': 'network:router_gateway', 'standard_attr_id': 100, 'fixed_ips': [{'subnet_id': '13225a12-d5bf-4a57-8bde-b102eba6190a', 'ip_address': '172.26.8.80', 'prefixlen': 24}], 'allowed_address_pairs': [], 'extra_dhcp_opts': [], 'security_groups': [], 'description': '', 'binding:vnic_type': 'normal', 'binding:profile': {}, 'binding:host_id': '', 'binding:vif_type': 'unbound', 'binding:vif_details': {}, 'port_security_enabled': False, 'tags': [], 'created_at': '2022-02-02T16:48:45Z', 'updated_at': '2022-02-02T16:48:45Z', 'revision_number': 1, 'project_id': '', 'subnets': [{'id': '13225a12-d5bf-4a57-8bde-b102eba6190a', 'cidr': '172.26.8.0/24', 'gateway_ip': '172.26.8.1', 'dns_nameservers': [], 'ipv6_ra_mode': None, 'subnetpool_id': None}], 'extra_subnets': [], 'address_scopes': {4: None, 6: None}, 'mtu': 1500}, 'enable_snat': True, 'gw_port_host': 'dv-neutron-827112-2-hyperv'}], 'dv-neutron-827112-2-hyperv', False) {} {{(pid=114841) wrapper /usr/local/lib/python3.8/dist-packages/oslo_log/helpers.py:65}}
Feb 02 16:48:50.391898 dv-neutron-827112-2-hyperv neutron-server[114839]: INFO neutron.wsgi [None req-96f55943-7d43-4f6c-8ee6-eed7015c0497 tempest-BulkNetworkOpsIpV6Test-338457218 tempest-BulkNetworkOpsIpV6Test-338457218-project] 10.222.0.21 "POST /v2.0/ports HTTP/1.1" status: 201 len: 1450 time: 5.0955164
Feb 02 16:48:50.396756 dv-neutron-827112-2-hyperv neutron-server[114839]: DEBUG neutron.wsgi [-] (114839) accepted ('10.222.0.21', 53378) {{(pid=114839) server /usr/local/lib/python3.8/dist-packages/eventlet/wsgi.py:1004}}
Feb 02 16:48:50.424743 dv-neutron-827112-2-hyperv neutron-server[114841]: DEBUG neutron.api.rpc.handlers.l3_rpc [None req-d80774e1-d718-4555-9e36-7604f5594423 None None] Checking router: 7e8c9117-ac91-4c14-96fd-0d48f19780b4 for host: dv-neutron-827112-2-hyperv {{(pid=114841) _ensure_host_set_on_ports /opt/stack/neutron/neutron/api/rpc/handlers/l3_rpc.py:155}}
Feb 02 16:48:50.425555 dv-neutron-827112-2-hyperv neutron-server[114841]: DEBUG neutron.api.rpc.handlers.l3_rpc [None req-d80774e1-d718-4555-9e36-7604f5594423 None None] Updating router 7e8c9117-ac91-4c14-96fd-0d48f19780b4 port ed54f58a-d8f1-4639-a5b1-54cd5f097b1d binding host dv-neutron-827112-2-hyperv {{(pid=114841) _ensure_host_set_on_port /opt/stack/neutron/neutron/api/rpc/handlers/l3_rpc.py:205}}
Feb 02 16:48:50.453532 dv-neutron-827112-2-hyperv neutron-server[114840]: DEBUG neutron.db.db_base_plugin_common [None req-7aeda16f-c94e-49a0-8ad9-8a793d64cd16 None None] Allocated IP 172.20.0.2 (460b261c-44e4-4789-bdbf-cad51cb0267f/6f1c7578-6af8-45bd-98c4-255e58184f92/84d53762-e055-449a-907a-06e28bd327b4) {{(pid=114840) _store_ip_allocation /opt/stack/neutron/neutron/db/db_base_plugin_common.py:131}}
Feb 02 16:48:50.460901 dv-neutron-827112-2-hyperv neutron-server[114841]: DEBUG neutron_lib.callbacks.manager [None req-d80774e1-d718-4555-9e36-7604f5594423 None None] Publish callbacks ['neutron.plugins.ml2.plugin.SecurityGroupDbMixin._ensure_default_security_group_handler-1628796'] for port (ed54f58a-d8f1-4639-a5b1-54cd5f097b1d), before_update {{(pid=114841) _notify_loop /usr/local/lib/python3.8/dist-packages/neutron_lib/callbacks/manager.py:176}}
Feb 02 16:48:50.518579 dv-neutron-827112-2-hyperv neutron-server[114838]: DEBUG neutron_lib.callbacks.manager [None req-d0884933-dd50-4b42-bd30-7e332d91343e tempest-ServersTestManualDisk-964830327 tempest-ServersTestManualDisk-964830327-project] Publish callbacks [] for security_group_rule (ddf6175d-d128-4f32-b3c5-8ef3a8dedb75), before_create {{(pid=114838) _notify_loop /usr/local/lib/python3.8/dist-packages/neutron_lib/callbacks/manager.py:176}}
Feb 02 16:48:50.559165 dv-neutron-827112-2-hyperv neutron-server[114839]: DEBUG neutron_lib.callbacks.manager [None req-66bb8fbd-56c7-4171-b5ae-be58dbec2633 admin admin] Publish callbacks [] for security_group (9ec8d2e3-6d32-473e-88b1-c7e4ba16f45e), precommit_create {{(pid=114839) _notify_loop /usr/local/lib/python3.8/dist-packages/neutron_lib/callbacks/manager.py:176}}
Feb 02 16:48:50.688280 dv-neutron-827112-2-hyperv neutron-server[114838]: DEBUG neutron.wsgi [-] (114838) accepted ('10.222.0.21', 53380) {{(pid=114838) server /usr/local/lib/python3.8/dist-packages/eventlet/wsgi.py:1004}}
Feb 02 16:48:50.750761 dv-neutron-827112-2-hyperv neutron-server[114840]: DEBUG neutron_lib.callbacks.manager [None req-7aeda16f-c94e-49a0-8ad9-8a793d64cd16 None None] Publish callbacks [] for port (84d53762-e055-449a-907a-06e28bd327b4), precommit_create {{(pid=114840) _notify_loop /usr/local/lib/python3.8/dist-packages/neutron_lib/callbacks/manager.py:176}}
Feb 02 16:48:50.783304 dv-neutron-827112-2-hyperv neutron-server[114840]: DEBUG neutron.plugins.ml2.rpc [None req-88b22f0c-2f1d-4498-8493-be62cae03cf5 None None] Device f8174fde-8c96-4497-bcac-d0979130a6a1 up at agent ovs-agent-dv-neutron-827112-2-hyperv {{(pid=114840) update_device_up /opt/stack/neutron/neutron/plugins/ml2/rpc.py:296}}
Feb 02 16:48:50.844150 dv-neutron-827112-2-hyperv neutron-server[114840]: DEBUG neutron_lib.callbacks.manager [None req-7aeda16f-c94e-49a0-8ad9-8a793d64cd16 None None] Publish callbacks ['neutron.plugins.ml2.plugin.SecurityGroupServerNotifierRpcMixin._notify_sg_on_port_change-1628495', 'neutron.plugins.ml2.ovo_rpc._ObjectChangeHandler.handle_event-103587', 'neutron.api.rpc.agentnotifiers.dhcp_rpc_agent_api.DhcpAgentNotifyAPI._native_event_send_dhcp_notification-557529', 'neutron.db.l3_dvrscheduler_db._notify_l3_agent_new_port-8771893965361'] for port (84d53762-e055-449a-907a-06e28bd327b4), after_create {{(pid=114840) _notify_loop /usr/local/lib/python3.8/dist-packages/neutron_lib/callbacks/manager.py:176}}
Feb 02 16:48:50.865036 dv-neutron-827112-2-hyperv neutron-server[114840]: DEBUG neutron.plugins.ml2.db [None req-41f0aae9-dc1c-4a28-8693-7a3939ebeae5 None None] For port 625a0aa9-01eb-476b-aa8a-5a470ecb53d8, host dv-neutron-827112-2-hyperv, set binding levels [PortBindingLevel(driver='openvswitch',host='dv-neutron-827112-2-hyperv',level=0,port_id=625a0aa9-01eb-476b-aa8a-5a470ecb53d8,segment=NetworkSegment(7e087953-94f0-4aab-a72f-dc7291705c68),segment_id=7e087953-94f0-4aab-a72f-dc7291705c68)] {{(pid=114840) set_binding_levels /opt/stack/neutron/neutron/plugins/ml2/db.py:59}}
Feb 02 16:48:50.873319 dv-neutron-827112-2-hyperv neutron-server[114841]: DEBUG neutron_lib.callbacks.manager [None req-d80774e1-d718-4555-9e36-7604f5594423 None None] Publish callbacks [] for port (ed54f58a-d8f1-4639-a5b1-54cd5f097b1d), precommit_update {{(pid=114841) _notify_loop /usr/local/lib/python3.8/dist-packages/neutron_lib/callbacks/manager.py:176}}
Feb 02 16:48:50.885964 dv-neutron-827112-2-hyperv neutron-server[114841]: DEBUG neutron_lib.callbacks.manager [None req-d80774e1-d718-4555-9e36-7604f5594423 None None] Publish callbacks ['neutron.plugins.ml2.plugin.SecurityGroupServerNotifierRpcMixin._notify_sg_on_port_change-1628495', 'neutron.plugins.ml2.ovo_rpc._ObjectChangeHandler.handle_event-103587', 'neutron.api.rpc.agentnotifiers.dhcp_rpc_agent_api.DhcpAgentNotifyAPI._native_event_send_dhcp_notification-557529', 'neutron.db.l3_db.L3RpcNotifierMixin._notify_gateway_port_ip_changed-8771894542309', 'neutron.db.l3_dvrscheduler_db._notify_l3_agent_port_update-8771893965379', 'neutron.db.l3_hascheduler_db._notify_l3_agent_ha_port_update-8771893965397'] for port (ed54f58a-d8f1-4639-a5b1-54cd5f097b1d), after_update {{(pid=114841) _notify_loop /usr/local/lib/python3.8/dist-packages/neutron_lib/callbacks/manager.py:176}}
Feb 02 16:48:50.918898 dv-neutron-827112-2-hyperv neutron-server[114839]: DEBUG neutron_lib.callbacks.manager [None req-66bb8fbd-56c7-4171-b5ae-be58dbec2633 admin admin] Publish callbacks ['neutron.plugins.ml2.ovo_rpc._ObjectChangeHandler.handle_event-466569'] for security_group (9ec8d2e3-6d32-473e-88b1-c7e4ba16f45e), after_create {{(pid=114839) _notify_loop /usr/local/lib/python3.8/dist-packages/neutron_lib/callbacks/manager.py:176}}
Feb 02 16:48:50.927510 dv-neutron-827112-2-hyperv neutron-server[114840]: DEBUG neutron.scheduler.dhcp_agent_scheduler [None req-7aeda16f-c94e-49a0-8ad9-8a793d64cd16 None None] Network 460b261c-44e4-4789-bdbf-cad51cb0267f is already hosted by enough agents. {{(pid=114840) _get_dhcp_agents_hosting_network /opt/stack/neutron/neutron/scheduler/dhcp_agent_scheduler.py:275}}
Feb 02 16:48:50.966565 dv-neutron-827112-2-hyperv neutron-server[114841]: DEBUG neutron.plugins.ml2.managers [None req-d80774e1-d718-4555-9e36-7604f5594423 None None] Attempting to bind port ed54f58a-d8f1-4639-a5b1-54cd5f097b1d on host dv-neutron-827112-2-hyperv for vnic_type normal with profile {{(pid=114841) bind_port /opt/stack/neutron/neutron/plugins/ml2/managers.py:795}}
Feb 02 16:48:50.967088 dv-neutron-827112-2-hyperv neutron-server[114841]: DEBUG neutron.plugins.ml2.managers [None req-d80774e1-d718-4555-9e36-7604f5594423 None None] Attempting to bind port ed54f58a-d8f1-4639-a5b1-54cd5f097b1d by drivers openvswitch,hyperv on host dv-neutron-827112-2-hyperv at level 0 using segments [{'id': '3d9a3f68-e18c-451e-943f-57cfdd86fed4', 'network_type': 'flat', 'physical_network': 'physnet1', 'segmentation_id': None, 'network_id': 'd6dd125e-86ce-4df3-9d07-f4be1c2d9d01'}] {{(pid=114841) _bind_port_level /opt/stack/neutron/neutron/plugins/ml2/managers.py:820}}
Feb 02 16:48:50.967765 dv-neutron-827112-2-hyperv neutron-server[114841]: DEBUG neutron.plugins.ml2.drivers.mech_agent [None req-d80774e1-d718-4555-9e36-7604f5594423 None None] Attempting to bind port ed54f58a-d8f1-4639-a5b1-54cd5f097b1d on network d6dd125e-86ce-4df3-9d07-f4be1c2d9d01 {{(pid=114841) bind_port /opt/stack/neutron/neutron/plugins/ml2/drivers/mech_agent.py:91}}
Feb 02 16:48:50.972365 dv-neutron-827112-2-hyperv neutron-server[114841]: DEBUG neutron.api.rpc.handlers.resources_rpc [None req-94ae6443-572a-44d2-b865-7d7b3768b548 None None] Pushing event updated for resources: {'Port': ['ID=ed54f58a-d8f1-4639-a5b1-54cd5f097b1d,revision_number=2']} {{(pid=114841) push /opt/stack/neutron/neutron/api/rpc/handlers/resources_rpc.py:237}}
Feb 02 16:48:50.973761 dv-neutron-827112-2-hyperv neutron-server[114839]: INFO neutron.wsgi [None req-66bb8fbd-56c7-4171-b5ae-be58dbec2633 admin admin] 10.222.0.21 "GET /v2.0/security-groups?tenant_id=fb7a2a5c07934757b72e8547b04a9d42&name=default HTTP/1.1" status: 200 len: 2996 time: 0.8537478
Feb 02 16:48:50.977631 dv-neutron-827112-2-hyperv neutron-server[114841]: DEBUG neutron.plugins.ml2.drivers.mech_agent [None req-d80774e1-d718-4555-9e36-7604f5594423 None None] Checking agent: {'id': 'c33d18c5-db6d-4c43-979c-502dc8b2f96c', 'agent_type': 'Open vSwitch agent', 'binary': 'neutron-openvswitch-agent', 'topic': 'N/A', 'host': 'dv-neutron-827112-2-hyperv', 'admin_state_up': True, 'created_at': datetime.datetime(2022, 2, 2, 16, 41, 24), 'started_at': datetime.datetime(2022, 2, 2, 16, 41, 54), 'heartbeat_timestamp': datetime.datetime(2022, 2, 2, 16, 48, 24), 'description': None, 'resources_synced': None, 'availability_zone': None, 'alive': True, 'configurations': {'arp_responder_enabled': False, 'baremetal_smartnic': False, 'bridge_mappings': {'physnet1': 'br-data'}, 'datapath_type': 'system', 'devices': 0, 'enable_distributed_routing': False, 'extensions': [], 'in_distributed_mode': False, 'integration_bridge': 'br-int', 'l2_population': False, 'log_agent_heartbeats': False, 'ovs_capabilities': {'datapath_types': ['netdev', 'system'], 'iface_types': ['erspan', 'geneve', 'gre', 'internal', 'ip6erspan', 'ip6gre', 'lisp', 'patch', 'stt', 'system', 'tap', 'vxlan']}, 'ovs_hybrid_plug': False, 'resource_provider_bandwidths': {}, 'resource_provider_hypervisors': {'br-data': 'dv-neutron-827112-2-hyperv'}, 'resource_provider_inventory_defaults': {'allocation_ratio': 1.0, 'min_unit': 1, 'step_size': 1, 'reserved': 0}, 'resource_provider_packet_processing_inventory_defaults': {'allocation_ratio': 1.0, 'min_unit': 1, 'step_size': 1, 'reserved': 0}, 'resource_provider_packet_processing_with_direction': {}, 'resource_provider_packet_processing_without_direction': {}, 'tunnel_types': [], 'tunneling_ip': None, 'vhostuser_socket_dir': '/var/run/openvswitch'}, 'resource_versions': {'AddressGroup': '1.2', 'ConntrackHelper': '1.0', 'LocalIPAssociation': '1.0', 'Log': '1.0', 'Network': '1.1', 'Port': '1.7', 'PortForwarding': '1.2', 'QosPolicy': '1.10', 'SecurityGroup': '1.5', 'SecurityGroupRule': '1.2', 'SubPort': '1.0', 'Subnet': '1.1', 'Trunk': '1.1'}} {{(pid=114841) bind_port /opt/stack/neutron/neutron/plugins/ml2/drivers/mech_agent.py:110}}
Feb 02 16:48:50.977971 dv-neutron-827112-2-hyperv neutron-server[114840]: DEBUG neutron.api.rpc.handlers.resources_rpc [None req-7aeda16f-c94e-49a0-8ad9-8a793d64cd16 None None] Pushing event updated for resources: {'Port': ['ID=84d53762-e055-449a-907a-06e28bd327b4,revision_number=1']} {{(pid=114840) push /opt/stack/neutron/neutron/api/rpc/handlers/resources_rpc.py:237}}
Feb 02 16:48:50.978395 dv-neutron-827112-2-hyperv neutron-server[114841]: DEBUG neutron.plugins.ml2.drivers.mech_agent [None req-d80774e1-d718-4555-9e36-7604f5594423 None None] Checking segment: {'id': '3d9a3f68-e18c-451e-943f-57cfdd86fed4', 'network_type': 'flat', 'physical_network': 'physnet1', 'segmentation_id': None, 'network_id': 'd6dd125e-86ce-4df3-9d07-f4be1c2d9d01'} for mappings: {'physnet1': 'br-data'} with network types: ['local', 'flat', 'vlan'] {{(pid=114841) check_segment_for_agent /opt/stack/neutron/neutron/plugins/ml2/drivers/mech_agent.py:373}}
Feb 02 16:48:50.978951 dv-neutron-827112-2-hyperv neutron-server[114841]: DEBUG neutron_lib.callbacks.manager [None req-d80774e1-d718-4555-9e36-7604f5594423 None None] Publish callbacks [] for ovs_bridge_name (None), before_read {{(pid=114841) _notify_loop /usr/local/lib/python3.8/dist-packages/neutron_lib/callbacks/manager.py:176}}
Feb 02 16:48:50.979479 dv-neutron-827112-2-hyperv neutron-server[114841]: DEBUG neutron.plugins.ml2.drivers.mech_agent [None req-d80774e1-d718-4555-9e36-7604f5594423 None None] Bound using segment: {'id': '3d9a3f68-e18c-451e-943f-57cfdd86fed4', 'network_type': 'flat', 'physical_network': 'physnet1', 'segmentation_id': None, 'network_id': 'd6dd125e-86ce-4df3-9d07-f4be1c2d9d01'} {{(pid=114841) bind_port /opt/stack/neutron/neutron/plugins/ml2/drivers/mech_agent.py:120}}
Feb 02 16:48:50.980701 dv-neutron-827112-2-hyperv neutron-server[114841]: DEBUG neutron.plugins.ml2.managers [None req-d80774e1-d718-4555-9e36-7604f5594423 None None] Bound port: ed54f58a-d8f1-4639-a5b1-54cd5f097b1d, host: dv-neutron-827112-2-hyperv, vif_type: ovs, vif_details: {"connectivity": "l2", "port_filter": true, "ovs_hybrid_plug": false, "datapath_type": "system", "bridge_name": "br-int"}, binding_levels: [{'bound_driver': 'openvswitch', 'bound_segment': {'id': '3d9a3f68-e18c-451e-943f-57cfdd86fed4', 'network_type': 'flat', 'physical_network': 'physnet1', 'segmentation_id': None, 'network_id': 'd6dd125e-86ce-4df3-9d07-f4be1c2d9d01'}}] {{(pid=114841) _bind_port_level /opt/stack/neutron/neutron/plugins/ml2/managers.py:932}}
Feb 02 16:48:50.981508 dv-neutron-827112-2-hyperv neutron-server[114841]: DEBUG neutron_lib.callbacks.manager [None req-d80774e1-d718-4555-9e36-7604f5594423 None None] Publish callbacks ['neutron.plugins.ml2.plugin.SecurityGroupDbMixin._ensure_default_security_group_handler-1628796'] for port (ed54f58a-d8f1-4639-a5b1-54cd5f097b1d), before_update {{(pid=114841) _notify_loop /usr/local/lib/python3.8/dist-packages/neutron_lib/callbacks/manager.py:176}}
Feb 02 16:48:50.983862 dv-neutron-827112-2-hyperv neutron-server[114840]: DEBUG neutron.scheduler.base_scheduler [None req-7aeda16f-c94e-49a0-8ad9-8a793d64cd16 None None] Resources bound (agent type, host, resource id): {{(pid=114840) schedule /opt/stack/neutron/neutron/scheduler/base_scheduler.py:57}}
Feb 02 16:48:50.988840 dv-neutron-827112-2-hyperv neutron-server[114840]: DEBUG neutron.db.l3_dvrscheduler_db [None req-7aeda16f-c94e-49a0-8ad9-8a793d64cd16 None None] Received port after_create {{(pid=114840) _notify_l3_agent_new_port /opt/stack/neutron/neutron/db/l3_dvrscheduler_db.py:536}}
Feb 02 16:48:50.996764 dv-neutron-827112-2-hyperv neutron-server[114839]: DEBUG neutron.wsgi [-] (114839) accepted ('10.222.0.21', 53382) {{(pid=114839) server /usr/local/lib/python3.8/dist-packages/eventlet/wsgi.py:1004}}
Feb 02 16:48:51.002348 dv-neutron-827112-2-hyperv neutron-server[114838]: INFO neutron.wsgi [None req-0e95ca8f-c079-41d6-9364-c2f07f554a93 tempest-DHCPAgentSchedulersTestJSON-1720036142 tempest-DHCPAgentSchedulersTestJSON-1720036142-project-admin] 10.222.0.21 "GET /v2.0/agents HTTP/1.1" status: 200 len: 4560 time: 0.7090986
Feb 02 16:48:51.014023 dv-neutron-827112-2-hyperv neutron-server[114838]: DEBUG neutron.wsgi [-] (114838) accepted ('10.222.0.21', 53384) {{(pid=114838) server /usr/local/lib/python3.8/dist-packages/eventlet/wsgi.py:1004}}
Feb 02 16:48:51.014620 dv-neutron-827112-2-hyperv neutron-server[114840]: DEBUG neutron_lib.callbacks.manager [None req-41f0aae9-dc1c-4a28-8693-7a3939ebeae5 None None] Publish callbacks ['neutron.plugins.ml2.plugin.SecurityGroupServerNotifierRpcMixin._notify_sg_on_port_change-1628495', 'neutron.plugins.ml2.ovo_rpc._ObjectChangeHandler.handle_event-103587', 'neutron.api.rpc.agentnotifiers.dhcp_rpc_agent_api.DhcpAgentNotifyAPI._native_event_send_dhcp_notification-557529', 'neutron.db.l3_db.L3RpcNotifierMixin._notify_gateway_port_ip_changed-8771894542309', 'neutron.db.l3_dvrscheduler_db._notify_l3_agent_port_update-8771893965379', 'neutron.db.l3_hascheduler_db._notify_l3_agent_ha_port_update-8771893965397'] for port (625a0aa9-01eb-476b-aa8a-5a470ecb53d8), after_update {{(pid=114840) _notify_loop /usr/local/lib/python3.8/dist-packages/neutron_lib/callbacks/manager.py:176}}
Feb 02 16:48:51.023956 dv-neutron-827112-2-hyperv neutron-server[114838]: DEBUG neutron_lib.callbacks.manager [None req-d0884933-dd50-4b42-bd30-7e332d91343e tempest-ServersTestManualDisk-964830327 tempest-ServersTestManualDisk-964830327-project] Publish callbacks [] for security_group_rule (ddf6175d-d128-4f32-b3c5-8ef3a8dedb75), precommit_create {{(pid=114838) _notify_loop /usr/local/lib/python3.8/dist-packages/neutron_lib/callbacks/manager.py:176}}
Feb 02 16:48:51.038807 dv-neutron-827112-2-hyperv neutron-server[114838]: DEBUG neutron.api.v2.base [None req-dfc8ad42-af4a-4403-8784-4f1d65ad218e tempest-DHCPAgentSchedulersTestJSON-713990525 tempest-DHCPAgentSchedulersTestJSON-713990525-project] Request body: {'network': {'name': 'tempest-DHCPAgentSchedulersTestJSON-test-network-2040319466'}} {{(pid=114838) prepare_request_body /opt/stack/neutron/neutron/api/v2/base.py:729}}
Feb 02 16:48:51.057508 dv-neutron-827112-2-hyperv neutron-server[114841]: DEBUG neutron.plugins.ml2.db [None req-d80774e1-d718-4555-9e36-7604f5594423 None None] For port ed54f58a-d8f1-4639-a5b1-54cd5f097b1d, host dv-neutron-827112-2-hyperv, cleared binding levels {{(pid=114841) clear_binding_levels /opt/stack/neutron/neutron/plugins/ml2/db.py:87}}
Feb 02 16:48:51.061949 dv-neutron-827112-2-hyperv neutron-server[114841]: DEBUG neutron.plugins.ml2.db [None req-d80774e1-d718-4555-9e36-7604f5594423 None None] For port ed54f58a-d8f1-4639-a5b1-54cd5f097b1d, host dv-neutron-827112-2-hyperv, set binding levels [PortBindingLevel(driver='openvswitch',host='dv-neutron-827112-2-hyperv',level=0,port_id=ed54f58a-d8f1-4639-a5b1-54cd5f097b1d,segment=NetworkSegment(3d9a3f68-e18c-451e-943f-57cfdd86fed4),segment_id=3d9a3f68-e18c-451e-943f-57cfdd86fed4)] {{(pid=114841) set_binding_levels /opt/stack/neutron/neutron/plugins/ml2/db.py:59}}
Feb 02 16:48:51.069925 dv-neutron-827112-2-hyperv neutron-server[114841]: DEBUG neutron_lib.callbacks.manager [None req-d80774e1-d718-4555-9e36-7604f5594423 None None] Publish callbacks ['neutron.plugins.ml2.plugin.SecurityGroupServerNotifierRpcMixin._notify_sg_on_port_change-1628495', 'neutron.plugins.ml2.ovo_rpc._ObjectChangeHandler.handle_event-103587', 'neutron.api.rpc.agentnotifiers.dhcp_rpc_agent_api.DhcpAgentNotifyAPI._native_event_send_dhcp_notification-557529', 'neutron.db.l3_db.L3RpcNotifierMixin._notify_gateway_port_ip_changed-8771894542309', 'neutron.db.l3_dvrscheduler_db._notify_l3_agent_port_update-8771893965379', 'neutron.db.l3_hascheduler_db._notify_l3_agent_ha_port_update-8771893965397'] for port (ed54f58a-d8f1-4639-a5b1-54cd5f097b1d), after_update {{(pid=114841) _notify_loop /usr/local/lib/python3.8/dist-packages/neutron_lib/callbacks/manager.py:176}}
Feb 02 16:48:51.075287 dv-neutron-827112-2-hyperv neutron-server[114839]: DEBUG neutron_lib.callbacks.manager [None req-84e673ef-37eb-4150-9314-f6e95d7ef7e1 admin admin] Publish callbacks [] for security_group (9ec8d2e3-6d32-473e-88b1-c7e4ba16f45e), before_delete {{(pid=114839) _notify_loop /usr/local/lib/python3.8/dist-packages/neutron_lib/callbacks/manager.py:176}}
Feb 02 16:48:51.081189 dv-neutron-827112-2-hyperv neutron-server[114840]: DEBUG neutron.api.rpc.handlers.resources_rpc [None req-8c6c00fc-c7be-42da-b937-208567f59948 None None] Pushing event updated for resources: {'Port': ['ID=625a0aa9-01eb-476b-aa8a-5a470ecb53d8,revision_number=4']} {{(pid=114840) push /opt/stack/neutron/neutron/api/rpc/handlers/resources_rpc.py:237}}
Feb 02 16:48:51.092113 dv-neutron-827112-2-hyperv neutron-server[114838]: DEBUG neutron_lib.callbacks.manager [None req-d0884933-dd50-4b42-bd30-7e332d91343e tempest-ServersTestManualDisk-964830327 tempest-ServersTestManualDisk-964830327-project] Publish callbacks ['neutron.plugins.ml2.ovo_rpc._ObjectChangeHandler.handle_event-107302'] for security_group_rule (ddf6175d-d128-4f32-b3c5-8ef3a8dedb75), after_create {{(pid=114838) _notify_loop /usr/local/lib/python3.8/dist-packages/neutron_lib/callbacks/manager.py:176}}
Feb 02 16:48:51.096732 dv-neutron-827112-2-hyperv neutron-server[114840]: DEBUG neutron.db.provisioning_blocks [None req-a3d75f25-ed07-4d30-ba7c-dca08d68f46d None None] Provisioning complete for port 625a0aa9-01eb-476b-aa8a-5a470ecb53d8 triggered by entity DHCP. {{(pid=114840) provisioning_complete /opt/stack/neutron/neutron/db/provisioning_blocks.py:139}}
Feb 02 16:48:51.097131 dv-neutron-827112-2-hyperv neutron-server[114840]: DEBUG neutron_lib.callbacks.manager [None req-a3d75f25-ed07-4d30-ba7c-dca08d68f46d None None] Publish callbacks ['neutron.plugins.ml2.plugin.Ml2Plugin._port_provisioned-1561488'] for port (625a0aa9-01eb-476b-aa8a-5a470ecb53d8), provisioning_complete {{(pid=114840) _notify_loop /usr/local/lib/python3.8/dist-packages/neutron_lib/callbacks/manager.py:176}}
Feb 02 16:48:51.120311 dv-neutron-827112-2-hyperv neutron-server[114840]: DEBUG neutron_lib.callbacks.manager [None req-32281303-a827-4115-963a-a0f799af0953 None None] Publish callbacks ['neutron.services.segments.db._update_segment_host_mapping_for_agent-8771894495371', 'neutron.plugins.ml2.plugin.Ml2Plugin._retry_binding_revived_agents-1561398'] for agent (41c4512d-5a72-48a2-9db3-5e0442a68e91), after_update {{(pid=114840) _notify_loop /usr/local/lib/python3.8/dist-packages/neutron_lib/callbacks/manager.py:176}}
Feb 02 16:48:51.138135 dv-neutron-827112-2-hyperv neutron-server[114839]: DEBUG neutron.pecan_wsgi.hooks.policy_enforcement [None req-24afc00b-1c20-4850-8f99-905c97870afc tempest-BulkNetworkOpsIpV6Test-338457218 tempest-BulkNetworkOpsIpV6Test-338457218-project] Attributes excluded by policy engine: ['standard_attr_id', 'binding:profile', 'binding:host_id', 'binding:vif_type', 'binding:vif_details'] {{(pid=114839) _exclude_attributes_by_policy /opt/stack/neutron/neutron/pecan_wsgi/hooks/policy_enforcement.py:255}}
Feb 02 16:48:51.143902 dv-neutron-827112-2-hyperv neutron-server[114839]: DEBUG neutron.pecan_wsgi.hooks.policy_enforcement [None req-24afc00b-1c20-4850-8f99-905c97870afc tempest-BulkNetworkOpsIpV6Test-338457218 tempest-BulkNetworkOpsIpV6Test-338457218-project] Attributes excluded by policy engine: ['standard_attr_id', 'binding:profile', 'binding:host_id', 'binding:vif_type', 'binding:vif_details'] {{(pid=114839) _exclude_attributes_by_policy /opt/stack/neutron/neutron/pecan_wsgi/hooks/policy_enforcement.py:255}}
Feb 02 16:48:51.145845 dv-neutron-827112-2-hyperv neutron-server[114839]: INFO neutron.wsgi [None req-24afc00b-1c20-4850-8f99-905c97870afc tempest-BulkNetworkOpsIpV6Test-338457218 tempest-BulkNetworkOpsIpV6Test-338457218-project] 10.222.0.21 "GET /v2.0/ports HTTP/1.1" status: 200 len: 1445 time: 0.5850039
Feb 02 16:48:51.150269 dv-neutron-827112-2-hyperv neutron-server[114839]: DEBUG neutron.api.rpc.handlers.resources_rpc [None req-66bb8fbd-56c7-4171-b5ae-be58dbec2633 admin admin] Pushing event updated for resources: {'SecurityGroup': ['ID=9ec8d2e3-6d32-473e-88b1-c7e4ba16f45e,revision_number=1']} {{(pid=114839) push /opt/stack/neutron/neutron/api/rpc/handlers/resources_rpc.py:237}}
Feb 02 16:48:51.158896 dv-neutron-827112-2-hyperv neutron-server[114841]: DEBUG neutron.api.rpc.handlers.resources_rpc [None req-94ae6443-572a-44d2-b865-7d7b3768b548 None None] Pushing event updated for resources: {'Port': ['ID=ed54f58a-d8f1-4639-a5b1-54cd5f097b1d,revision_number=3']} {{(pid=114841) push /opt/stack/neutron/neutron/api/rpc/handlers/resources_rpc.py:237}}
Feb 02 16:48:51.159062 dv-neutron-827112-2-hyperv neutron-server[114840]: DEBUG neutron.db.provisioning_blocks [None req-88b22f0c-2f1d-4498-8493-be62cae03cf5 None None] Provisioning complete for port f8174fde-8c96-4497-bcac-d0979130a6a1 triggered by entity L2. {{(pid=114840) provisioning_complete /opt/stack/neutron/neutron/db/provisioning_blocks.py:139}}
Feb 02 16:48:51.159546 dv-neutron-827112-2-hyperv neutron-server[114840]: DEBUG neutron_lib.callbacks.manager [None req-88b22f0c-2f1d-4498-8493-be62cae03cf5 None None] Publish callbacks ['neutron.plugins.ml2.plugin.Ml2Plugin._port_provisioned-1561488'] for port (f8174fde-8c96-4497-bcac-d0979130a6a1), provisioning_complete {{(pid=114840) _notify_loop /usr/local/lib/python3.8/dist-packages/neutron_lib/callbacks/manager.py:176}}
Feb 02 16:48:51.169220 dv-neutron-827112-2-hyperv neutron-server[114841]: DEBUG neutron.db.l3_dvrscheduler_db [None req-d80774e1-d718-4555-9e36-7604f5594423 None None] Routers {'7e8c9117-ac91-4c14-96fd-0d48f19780b4'} bound to L3 agent in host dv-neutron-827112-2-hyperv {{(pid=114841) _get_router_ids_for_agent /opt/stack/neutron/neutron/db/l3_dvrscheduler_db.py:421}}
Feb 02 16:48:51.170664 dv-neutron-827112-2-hyperv neutron-server[114841]: DEBUG neutron.db.l3_hamode_db [None req-d80774e1-d718-4555-9e36-7604f5594423 None None] neutron.services.l3_router.l3_router_plugin.L3RouterPlugin method get_ha_sync_data_for_host called with arguments (, 'dv-neutron-827112-2-hyperv', Agent(admin_state_up=True,agent_type='L3 agent',availability_zone='nova',binary='neutron-l3-agent',configurations={"agent_mode": "legacy", "ex_gw_ports": 2, "extensions": [], "floating_ips": 0, "handle_internal_only_routers": true, "interface_driver": "openvswitch", "interfaces": 1, "log_agent_heartbeats": false, "routers": 2},created_at=2022-02-02T16:41:20Z,description=,heartbeat_timestamp=2022-02-02T16:48:50Z,host='dv-neutron-827112-2-hyperv',id=1093e55d-e734-4ddd-a3e2-b01def7b6790,load=0,resource_versions=,resources_synced=,started_at=2022-02-02T16:41:20Z,topic='l3_agent')) {'router_ids': ['7e8c9117-ac91-4c14-96fd-0d48f19780b4'], 'active': True} {{(pid=114841) wrapper /usr/local/lib/python3.8/dist-packages/oslo_log/helpers.py:65}}
Feb 02 16:48:51.174236 dv-neutron-827112-2-hyperv neutron-server[114838]: DEBUG neutron.api.rpc.handlers.resources_rpc [None req-d0884933-dd50-4b42-bd30-7e332d91343e tempest-ServersTestManualDisk-964830327 tempest-ServersTestManualDisk-964830327-project] Pushing event updated for resources: {'SecurityGroupRule': ['ID=ddf6175d-d128-4f32-b3c5-8ef3a8dedb75,revision_number=0']} {{(pid=114838) push /opt/stack/neutron/neutron/api/rpc/handlers/resources_rpc.py:237}}
Feb 02 16:48:51.176526 dv-neutron-827112-2-hyperv neutron-server[114839]: DEBUG neutron.wsgi [-] (114839) accepted ('10.222.0.21', 53386) {{(pid=114839) server /usr/local/lib/python3.8/dist-packages/eventlet/wsgi.py:1004}}
Feb 02 16:48:51.203833 dv-neutron-827112-2-hyperv neutron-server[114838]: INFO neutron.wsgi [None req-ef878550-0563-4e87-bdb7-10064450d7d0 admin admin] 10.222.0.21 "GET /v2.0/security-groups?tenant_id=c56ff841845649aea5e733cee4cee53c&name=default HTTP/1.1" status: 200 len: 2992 time: 0.4522800
Feb 02 16:48:51.207804 dv-neutron-827112-2-hyperv neutron-server[114838]: DEBUG neutron_lib.callbacks.manager [None req-88094f6e-4d9f-4d0c-a570-9c1d1f838405 tempest-FloatingIPAdminTestJSON-174143131 tempest-FloatingIPAdminTestJSON-174143131-project] Publish callbacks [] for router_gateway (33bf5382-6426-43a8-b881-c8a949d70baa), precommit_update {{(pid=114838) _notify_loop /usr/local/lib/python3.8/dist-packages/neutron_lib/callbacks/manager.py:176}}
Feb 02 16:48:51.218501 dv-neutron-827112-2-hyperv neutron-server[114838]: DEBUG neutron.wsgi [-] (114838) accepted ('10.222.0.21', 53388) {{(pid=114838) server /usr/local/lib/python3.8/dist-packages/eventlet/wsgi.py:1004}}
Feb 02 16:48:51.222600 dv-neutron-827112-2-hyperv neutron-server[114839]: DEBUG neutron_lib.callbacks.manager [None req-84e673ef-37eb-4150-9314-f6e95d7ef7e1 admin admin] Publish callbacks [] for security_group (9ec8d2e3-6d32-473e-88b1-c7e4ba16f45e), precommit_delete {{(pid=114839) _notify_loop /usr/local/lib/python3.8/dist-packages/neutron_lib/callbacks/manager.py:176}}
Feb 02 16:48:51.258259 dv-neutron-827112-2-hyperv neutron-server[114840]: DEBUG neutron.plugins.ml2.managers [None req-7aeda16f-c94e-49a0-8ad9-8a793d64cd16 None None] Attempting to bind port 84d53762-e055-449a-907a-06e28bd327b4 on host dv-neutron-827112-2-hyperv for vnic_type normal with profile {{(pid=114840) bind_port /opt/stack/neutron/neutron/plugins/ml2/managers.py:795}}
Feb 02 16:48:51.258635 dv-neutron-827112-2-hyperv neutron-server[114840]: DEBUG neutron.plugins.ml2.managers [None req-7aeda16f-c94e-49a0-8ad9-8a793d64cd16 None None] Attempting to bind port 84d53762-e055-449a-907a-06e28bd327b4 by drivers openvswitch,hyperv on host dv-neutron-827112-2-hyperv at level 0 using segments [{'id': 'b035d067-69fb-4aa7-83d1-35a1c6efc4f8', 'network_type': 'vlan', 'physical_network': 'physnet1', 'segmentation_id': 73, 'network_id': '460b261c-44e4-4789-bdbf-cad51cb0267f'}] {{(pid=114840) _bind_port_level /opt/stack/neutron/neutron/plugins/ml2/managers.py:820}}
