Jan 31 17:22:55.935446 dv-neutron-827101-1-hyperv neutron-server[103190]: DEBUG neutron_lib.callbacks.manager [None req-c7deb75c-1463-4f60-94a0-d8d7845e172b tempest-RoutersTestDVR-1096474979 tempest-RoutersTestDVR-1096474979-project-admin] Publish callbacks ['neutron.services.l3_router.l3_router_plugin.DVRResourceOperationHandler._handle_distributed_migration-573145', 'neutron.services.l3_router.l3_router_plugin.L3_HA_NAT_db_mixin._validate_migration-568371', 'neutron.services.l3_router.service_providers.driver_controller.DriverController._update_router_provider-1047045'] for router (9768197f-44fb-4778-983d-e97e839d9ab4), precommit_update {{(pid=103190) _notify_loop /usr/local/lib/python3.8/dist-packages/neutron_lib/callbacks/manager.py:176}}
Jan 31 17:22:55.938981 dv-neutron-827101-1-hyperv neutron-server[103190]: DEBUG neutron_lib.callbacks.manager [None req-c7deb75c-1463-4f60-94a0-d8d7845e172b tempest-RoutersTestDVR-1096474979 tempest-RoutersTestDVR-1096474979-project-admin] Publish callbacks [] for router (9768197f-44fb-4778-983d-e97e839d9ab4), before_update {{(pid=103190) _notify_loop /usr/local/lib/python3.8/dist-packages/neutron_lib/callbacks/manager.py:176}}
Jan 31 17:22:56.017818 dv-neutron-827101-1-hyperv neutron-server[103191]: DEBUG neutron.plugins.ml2.plugin [None req-7226d443-48b8-497e-8eff-010ae2de0e44 tempest-DHCPAgentSchedulersTestJSON-799818377 tempest-DHCPAgentSchedulersTestJSON-799818377-project] Calling delete_port for 18371674-2c63-4ad4-8cee-e660bcc99ab9 owned by network:dhcp {{(pid=103191) delete_port /opt/stack/neutron/neutron/plugins/ml2/plugin.py:2062}}
Jan 31 17:22:56.035882 dv-neutron-827101-1-hyperv neutron-server[103191]: DEBUG neutron.api.rpc.handlers.resources_rpc [None req-fa899067-17e4-4571-9201-5958ef572f4b tempest-ServerActionsTestJSON-1164615939 tempest-ServerActionsTestJSON-1164615939-project] Pushing event updated for resources: {'Port': ['ID=ad32f081-103b-48ab-b817-f05669a27523,revision_number=1']} {{(pid=103191) push /opt/stack/neutron/neutron/api/rpc/handlers/resources_rpc.py:237}}
Jan 31 17:22:56.077680 dv-neutron-827101-1-hyperv neutron-server[103192]: DEBUG neutron.plugins.ml2.db [None req-1049b2ae-dc73-4514-be64-f54a951e6179 None None] For port 18371674-2c63-4ad4-8cee-e660bcc99ab9, host dv-neutron-827101-1-hyperv, got binding levels [PortBindingLevel(driver='openvswitch',host='dv-neutron-827101-1-hyperv',level=0,port_id=18371674-2c63-4ad4-8cee-e660bcc99ab9,segment=NetworkSegment(5f1c3ad7-515a-437d-935b-6d217c51c61f),segment_id=5f1c3ad7-515a-437d-935b-6d217c51c61f)] {{(pid=103192) get_binding_level_objs /opt/stack/neutron/neutron/plugins/ml2/db.py:74}}
Jan 31 17:22:56.078405 dv-neutron-827101-1-hyperv neutron-server[103192]: DEBUG neutron_lib.callbacks.manager [None req-1049b2ae-dc73-4514-be64-f54a951e6179 None None] Publish callbacks ['neutron.services.l3_router.l3_router_plugin.L3_NAT_dbonly_mixin._precommit_delete_port_callback-571771'] for port (18371674-2c63-4ad4-8cee-e660bcc99ab9), precommit_delete {{(pid=103192) _notify_loop /usr/local/lib/python3.8/dist-packages/neutron_lib/callbacks/manager.py:176}}
Jan 31 17:22:56.101080 dv-neutron-827101-1-hyperv neutron-server[103192]: DEBUG neutron.plugins.ml2.rpc [None req-9780ff2d-b337-48db-8db0-f8bc62aab535 None None] Device 7cf167c1-10b8-4125-89a0-eaf90fc3097c up at agent ovs-agent-dv-neutron-827101-1-hyperv {{(pid=103192) update_device_up /opt/stack/neutron/neutron/plugins/ml2/rpc.py:296}}
Jan 31 17:22:56.107325 dv-neutron-827101-1-hyperv neutron-server[103191]: DEBUG neutron.plugins.ml2.managers [None req-ac56f98c-b877-44bc-a421-d5ce18d3893e tempest-PortsAdminExtendedAttrsIpV6TestJSON-63173069 tempest-PortsAdminExtendedAttrsIpV6TestJSON-63173069-project-admin] Attempting to bind port f2805977-83e6-4d5b-82c2-5826dbc1a3dc on host hv-neutron-8271 for vnic_type normal with profile {{(pid=103191) bind_port /opt/stack/neutron/neutron/plugins/ml2/managers.py:795}}
Jan 31 17:22:56.107884 dv-neutron-827101-1-hyperv neutron-server[103191]: DEBUG neutron.plugins.ml2.managers [None req-ac56f98c-b877-44bc-a421-d5ce18d3893e tempest-PortsAdminExtendedAttrsIpV6TestJSON-63173069 tempest-PortsAdminExtendedAttrsIpV6TestJSON-63173069-project-admin] Attempting to bind port f2805977-83e6-4d5b-82c2-5826dbc1a3dc by drivers openvswitch,hyperv on host hv-neutron-8271 at level 0 using segments [{'id': '867fd97e-9b8a-44ae-9762-e0a0abdc4400', 'network_type': 'vlan', 'physical_network': 'physnet1', 'segmentation_id': 69, 'network_id': '53dda35c-8161-4096-a89d-dc8ec32369f1'}] {{(pid=103191) _bind_port_level /opt/stack/neutron/neutron/plugins/ml2/managers.py:820}}
Jan 31 17:22:56.108461 dv-neutron-827101-1-hyperv neutron-server[103191]: DEBUG neutron.plugins.ml2.drivers.mech_agent [None req-ac56f98c-b877-44bc-a421-d5ce18d3893e tempest-PortsAdminExtendedAttrsIpV6TestJSON-63173069 tempest-PortsAdminExtendedAttrsIpV6TestJSON-63173069-project-admin] Attempting to bind port f2805977-83e6-4d5b-82c2-5826dbc1a3dc on network 53dda35c-8161-4096-a89d-dc8ec32369f1 {{(pid=103191) bind_port /opt/stack/neutron/neutron/plugins/ml2/drivers/mech_agent.py:91}}
Jan 31 17:22:56.126818 dv-neutron-827101-1-hyperv neutron-server[103191]: DEBUG neutron.plugins.ml2.drivers.mech_agent [None req-ac56f98c-b877-44bc-a421-d5ce18d3893e tempest-PortsAdminExtendedAttrsIpV6TestJSON-63173069 tempest-PortsAdminExtendedAttrsIpV6TestJSON-63173069-project-admin] Port f2805977-83e6-4d5b-82c2-5826dbc1a3dc on network 53dda35c-8161-4096-a89d-dc8ec32369f1 not bound, no agent of type Open vSwitch agent registered on host hv-neutron-8271 {{(pid=103191) bind_port /opt/stack/neutron/neutron/plugins/ml2/drivers/mech_agent.py:103}}
Jan 31 17:22:56.130689 dv-neutron-827101-1-hyperv neutron-server[103191]: ERROR neutron.plugins.ml2.managers [None req-ac56f98c-b877-44bc-a421-d5ce18d3893e tempest-PortsAdminExtendedAttrsIpV6TestJSON-63173069 tempest-PortsAdminExtendedAttrsIpV6TestJSON-63173069-project-admin] Failed to bind port f2805977-83e6-4d5b-82c2-5826dbc1a3dc on host hv-neutron-8271 for vnic_type normal using segments [{'id': '867fd97e-9b8a-44ae-9762-e0a0abdc4400', 'network_type': 'vlan', 'physical_network': 'physnet1', 'segmentation_id': 69, 'network_id': '53dda35c-8161-4096-a89d-dc8ec32369f1'}]
Jan 31 17:22:56.147117 dv-neutron-827101-1-hyperv neutron-server[103191]: DEBUG neutron.scheduler.dhcp_agent_scheduler [None req-fa899067-17e4-4571-9201-5958ef572f4b tempest-ServerActionsTestJSON-1164615939 tempest-ServerActionsTestJSON-1164615939-project] Network b0ce2259-3403-49d6-a576-9b16ba1572f4 is already hosted by enough agents. {{(pid=103191) _get_dhcp_agents_hosting_network /opt/stack/neutron/neutron/scheduler/dhcp_agent_scheduler.py:275}}
Jan 31 17:22:56.159782 dv-neutron-827101-1-hyperv neutron-server[103190]: DEBUG neutron.services.l3_router.service_providers.driver_controller [None req-c7deb75c-1463-4f60-94a0-d8d7845e172b tempest-RoutersTestDVR-1096474979 tempest-RoutersTestDVR-1096474979-project-admin] Get a provider driver handle based on the ha flag: False and distributed flag: True {{(pid=103190) _update_router_provider /opt/stack/neutron/neutron/services/l3_router/service_providers/driver_controller.py:160}}
Jan 31 17:22:56.160341 dv-neutron-827101-1-hyperv neutron-server[103190]: DEBUG neutron.services.l3_router.service_providers.driver_controller [None req-c7deb75c-1463-4f60-94a0-d8d7845e172b tempest-RoutersTestDVR-1096474979 tempest-RoutersTestDVR-1096474979-project-admin] Router 9768197f-44fb-4778-983d-e97e839d9ab4 migrating from provider to provider. {{(pid=103190) _update_router_provider /opt/stack/neutron/neutron/services/l3_router/service_providers/driver_controller.py:167}}
Jan 31 17:22:56.160456 dv-neutron-827101-1-hyperv neutron-server[103190]: DEBUG neutron_lib.callbacks.manager [None req-c7deb75c-1463-4f60-94a0-d8d7845e172b tempest-RoutersTestDVR-1096474979 tempest-RoutersTestDVR-1096474979-project-admin] Publish callbacks [] for router_controller (9768197f-44fb-4778-983d-e97e839d9ab4), precommit_delete_associations {{(pid=103190) _notify_loop /usr/local/lib/python3.8/dist-packages/neutron_lib/callbacks/manager.py:176}}
Jan 31 17:22:56.166672 dv-neutron-827101-1-hyperv neutron-server[103190]: DEBUG neutron_lib.callbacks.manager [None req-c7deb75c-1463-4f60-94a0-d8d7845e172b tempest-RoutersTestDVR-1096474979 tempest-RoutersTestDVR-1096474979-project-admin] Publish callbacks [] for router_controller (9768197f-44fb-4778-983d-e97e839d9ab4), precommit_add_association {{(pid=103190) _notify_loop /usr/local/lib/python3.8/dist-packages/neutron_lib/callbacks/manager.py:176}}
Jan 31 17:22:56.184350 dv-neutron-827101-1-hyperv neutron-server[103190]: DEBUG neutron_lib.callbacks.manager [None req-c7deb75c-1463-4f60-94a0-d8d7845e172b tempest-RoutersTestDVR-1096474979 tempest-RoutersTestDVR-1096474979-project-admin] Publish callbacks ['neutron.services.l3_router.l3_router_plugin.DVRResourceOperationHandler._create_snat_interfaces_after_change-573118', 'neutron.services.l3_router.l3_router_plugin.DVRResourceOperationHandler._delete_distributed_port_bindings_after_change-573136', 'neutron.services.l3_router.l3_router_plugin.DVRResourceOperationHandler._delete_snat_interfaces_after_change-573127', 'neutron.services.l3_router.l3_router_plugin.L3_HA_NAT_db_mixin._reconfigure_ha_resources-568362'] for router (9768197f-44fb-4778-983d-e97e839d9ab4), after_update {{(pid=103190) _notify_loop /usr/local/lib/python3.8/dist-packages/neutron_lib/callbacks/manager.py:176}}
Jan 31 17:22:56.193150 dv-neutron-827101-1-hyperv neutron-server[103190]: DEBUG neutron.api.rpc.handlers.resources_rpc [None req-563e4f2e-c56c-4920-831b-b58c1cde405f tempest-ServersTestManualDisk-1305913453 tempest-ServersTestManualDisk-1305913453-project] Pushing event updated for resources: {'SecurityGroupRule': ['ID=51fbf408-aa0b-43b2-8500-8f4c25057e86,revision_number=0']} {{(pid=103190) push /opt/stack/neutron/neutron/api/rpc/handlers/resources_rpc.py:237}}
Jan 31 17:22:56.233342 dv-neutron-827101-1-hyperv neutron-server[103192]: DEBUG neutron.plugins.ml2.plugin [None req-1049b2ae-dc73-4514-be64-f54a951e6179 None None] Calling delete_port for 18371674-2c63-4ad4-8cee-e660bcc99ab9 owned by network:dhcp {{(pid=103192) delete_port /opt/stack/neutron/neutron/plugins/ml2/plugin.py:2062}}
Jan 31 17:22:56.300242 dv-neutron-827101-1-hyperv neutron-server[103190]: DEBUG neutron_lib.callbacks.manager [None req-563e4f2e-c56c-4920-831b-b58c1cde405f tempest-ServersTestManualDisk-1305913453 tempest-ServersTestManualDisk-1305913453-project] Publish callbacks [] for security_group_rule (None), before_response {{(pid=103190) _notify_loop /usr/local/lib/python3.8/dist-packages/neutron_lib/callbacks/manager.py:176}}
Jan 31 17:22:56.312205 dv-neutron-827101-1-hyperv neutron-server[103191]: INFO neutron.plugins.ml2.plugin [None req-ac56f98c-b877-44bc-a421-d5ce18d3893e tempest-PortsAdminExtendedAttrsIpV6TestJSON-63173069 tempest-PortsAdminExtendedAttrsIpV6TestJSON-63173069-project-admin] Attempt 5 to bind port f2805977-83e6-4d5b-82c2-5826dbc1a3dc
Jan 31 17:22:56.315860 dv-neutron-827101-1-hyperv neutron-server[103190]: INFO neutron.wsgi [None req-563e4f2e-c56c-4920-831b-b58c1cde405f tempest-ServersTestManualDisk-1305913453 tempest-ServersTestManualDisk-1305913453-project] 10.222.0.96 "POST /v2.0/security-group-rules HTTP/1.1" status: 201 len: 769 time: 2.2027993
Jan 31 17:22:56.336682 dv-neutron-827101-1-hyperv neutron-server[103191]: DEBUG neutron.scheduler.base_scheduler [None req-fa899067-17e4-4571-9201-5958ef572f4b tempest-ServerActionsTestJSON-1164615939 tempest-ServerActionsTestJSON-1164615939-project] Resources bound (agent type, host, resource id): {{(pid=103191) schedule /opt/stack/neutron/neutron/scheduler/base_scheduler.py:57}}
Jan 31 17:22:56.338464 dv-neutron-827101-1-hyperv neutron-server[103191]: DEBUG neutron.wsgi [-] (103191) accepted ('10.222.0.96', 50538) {{(pid=103191) server /usr/local/lib/python3.8/dist-packages/eventlet/wsgi.py:1004}}
Jan 31 17:22:56.339893 dv-neutron-827101-1-hyperv neutron-server[103191]: DEBUG neutron.plugins.ml2.managers [None req-ac56f98c-b877-44bc-a421-d5ce18d3893e tempest-PortsAdminExtendedAttrsIpV6TestJSON-63173069 tempest-PortsAdminExtendedAttrsIpV6TestJSON-63173069-project-admin] Attempting to bind port f2805977-83e6-4d5b-82c2-5826dbc1a3dc on host hv-neutron-8271 for vnic_type normal with profile {{(pid=103191) bind_port /opt/stack/neutron/neutron/plugins/ml2/managers.py:795}}
Jan 31 17:22:56.340236 dv-neutron-827101-1-hyperv neutron-server[103191]: DEBUG neutron.plugins.ml2.managers [None req-ac56f98c-b877-44bc-a421-d5ce18d3893e tempest-PortsAdminExtendedAttrsIpV6TestJSON-63173069 tempest-PortsAdminExtendedAttrsIpV6TestJSON-63173069-project-admin] Attempting to bind port f2805977-83e6-4d5b-82c2-5826dbc1a3dc by drivers openvswitch,hyperv on host hv-neutron-8271 at level 0 using segments [{'id': '867fd97e-9b8a-44ae-9762-e0a0abdc4400', 'network_type': 'vlan', 'physical_network': 'physnet1', 'segmentation_id': 69, 'network_id': '53dda35c-8161-4096-a89d-dc8ec32369f1'}] {{(pid=103191) _bind_port_level /opt/stack/neutron/neutron/plugins/ml2/managers.py:820}}
Jan 31 17:22:56.340571 dv-neutron-827101-1-hyperv neutron-server[103191]: DEBUG neutron.plugins.ml2.drivers.mech_agent [None req-ac56f98c-b877-44bc-a421-d5ce18d3893e tempest-PortsAdminExtendedAttrsIpV6TestJSON-63173069 tempest-PortsAdminExtendedAttrsIpV6TestJSON-63173069-project-admin] Attempting to bind port f2805977-83e6-4d5b-82c2-5826dbc1a3dc on network 53dda35c-8161-4096-a89d-dc8ec32369f1 {{(pid=103191) bind_port /opt/stack/neutron/neutron/plugins/ml2/drivers/mech_agent.py:91}}
Jan 31 17:22:56.347033 dv-neutron-827101-1-hyperv neutron-server[103191]: DEBUG neutron.api.v2.base [None req-2b12d52d-2da7-40d1-b04e-f1f3ba247b19 tempest-ServersTestManualDisk-1305913453 tempest-ServersTestManualDisk-1305913453-project] Request body: {'floatingip': {'floating_network_id': 'b0ce2259-3403-49d6-a576-9b16ba1572f4'}} {{(pid=103191) prepare_request_body /opt/stack/neutron/neutron/api/v2/base.py:729}}
Jan 31 17:22:56.370345 dv-neutron-827101-1-hyperv neutron-server[103191]: DEBUG neutron_lib.callbacks.manager [None req-7226d443-48b8-497e-8eff-010ae2de0e44 tempest-DHCPAgentSchedulersTestJSON-799818377 tempest-DHCPAgentSchedulersTestJSON-799818377-project] Publish callbacks ['neutron.plugins.ml2.plugin.SecurityGroupServerNotifierRpcMixin._notify_sg_on_port_change-569156', 'neutron.plugins.ml2.ovo_rpc._ObjectChangeHandler.handle_event-1962131', 'neutron.api.rpc.agentnotifiers.dhcp_rpc_agent_api.DhcpAgentNotifyAPI._native_event_send_dhcp_notification-1547008', 'neutron.db.l3_db.L3RpcNotifierMixin._notify_routers_callback-8734997687480', 'neutron.db.l3_dvrscheduler_db._notify_port_delete-8734997209146', 'neutron.services.segments.plugin.NovaSegmentNotifier._notify_port_created_or_deleted-60425110'] for port (18371674-2c63-4ad4-8cee-e660bcc99ab9), after_delete {{(pid=103191) _notify_loop /usr/local/lib/python3.8/dist-packages/neutron_lib/callbacks/manager.py:176}}
Jan 31 17:22:56.391808 dv-neutron-827101-1-hyperv neutron-server[103191]: DEBUG neutron_lib.callbacks.manager [None req-5f0bc065-7ac3-4aba-ac03-033479c4b3c6 tempest-RoutersAdminTest-2001641577 tempest-RoutersAdminTest-2001641577-project-admin] Publish callbacks [] for router_gateway (fbb87c39-691b-45f3-85d4-7682fef1d24b), before_create {{(pid=103191) _notify_loop /usr/local/lib/python3.8/dist-packages/neutron_lib/callbacks/manager.py:176}}
Jan 31 17:22:56.422202 dv-neutron-827101-1-hyperv neutron-server[103190]: DEBUG neutron.wsgi [-] (103190) accepted ('10.222.0.96', 50540) {{(pid=103190) server /usr/local/lib/python3.8/dist-packages/eventlet/wsgi.py:1004}}
Jan 31 17:22:56.451370 dv-neutron-827101-1-hyperv neutron-server[103191]: DEBUG neutron.db.l3_dvrscheduler_db [None req-fa899067-17e4-4571-9201-5958ef572f4b tempest-ServerActionsTestJSON-1164615939 tempest-ServerActionsTestJSON-1164615939-project] Received port after_create {{(pid=103191) _notify_l3_agent_new_port /opt/stack/neutron/neutron/db/l3_dvrscheduler_db.py:536}}
Jan 31 17:22:56.507724 dv-neutron-827101-1-hyperv neutron-server[103191]: DEBUG neutron_lib.callbacks.manager [None req-2b12d52d-2da7-40d1-b04e-f1f3ba247b19 tempest-ServersTestManualDisk-1305913453 tempest-ServersTestManualDisk-1305913453-project] Publish callbacks [] for floatingip (None), before_create {{(pid=103191) _notify_loop /usr/local/lib/python3.8/dist-packages/neutron_lib/callbacks/manager.py:176}}
Jan 31 17:22:56.576045 dv-neutron-827101-1-hyperv neutron-server[103190]: DEBUG neutron_lib.callbacks.manager [req-a9743e5d-820c-49ba-b3ff-5626404fa3f6 req-66d7e2d2-dfd6-4a19-9d54-287e491150d2 service neutron] Publish callbacks ['neutron.plugins.ml2.plugin.SecurityGroupDbMixin._ensure_default_security_group_handler-567707'] for port (3494564f-7413-4ae2-857c-420dab38c141), before_update {{(pid=103190) _notify_loop /usr/local/lib/python3.8/dist-packages/neutron_lib/callbacks/manager.py:176}}
Jan 31 17:22:56.665823 dv-neutron-827101-1-hyperv neutron-server[103191]: DEBUG neutron_lib.callbacks.manager [None req-5f0bc065-7ac3-4aba-ac03-033479c4b3c6 tempest-RoutersAdminTest-2001641577 tempest-RoutersAdminTest-2001641577-project-admin] Publish callbacks ['neutron.plugins.ml2.plugin.SecurityGroupDbMixin._ensure_default_security_group_handler-567707'] for port (None), before_create {{(pid=103191) _notify_loop /usr/local/lib/python3.8/dist-packages/neutron_lib/callbacks/manager.py:176}}
Jan 31 17:22:56.689318 dv-neutron-827101-1-hyperv neutron-server[103191]: DEBUG neutron.plugins.ml2.drivers.mech_agent [None req-ac56f98c-b877-44bc-a421-d5ce18d3893e tempest-PortsAdminExtendedAttrsIpV6TestJSON-63173069 tempest-PortsAdminExtendedAttrsIpV6TestJSON-63173069-project-admin] Port f2805977-83e6-4d5b-82c2-5826dbc1a3dc on network 53dda35c-8161-4096-a89d-dc8ec32369f1 not bound, no agent of type Open vSwitch agent registered on host hv-neutron-8271 {{(pid=103191) bind_port /opt/stack/neutron/neutron/plugins/ml2/drivers/mech_agent.py:103}}
Jan 31 17:22:56.706423 dv-neutron-827101-1-hyperv neutron-server[103191]: ERROR neutron.plugins.ml2.managers [None req-ac56f98c-b877-44bc-a421-d5ce18d3893e tempest-PortsAdminExtendedAttrsIpV6TestJSON-63173069 tempest-PortsAdminExtendedAttrsIpV6TestJSON-63173069-project-admin] Failed to bind port f2805977-83e6-4d5b-82c2-5826dbc1a3dc on host hv-neutron-8271 for vnic_type normal using segments [{'id': '867fd97e-9b8a-44ae-9762-e0a0abdc4400', 'network_type': 'vlan', 'physical_network': 'physnet1', 'segmentation_id': 69, 'network_id': '53dda35c-8161-4096-a89d-dc8ec32369f1'}]
Jan 31 17:22:56.728534 dv-neutron-827101-1-hyperv neutron-server[103192]: DEBUG neutron.db.provisioning_blocks [None req-9780ff2d-b337-48db-8db0-f8bc62aab535 None None] Provisioning complete for port 7cf167c1-10b8-4125-89a0-eaf90fc3097c triggered by entity L2. {{(pid=103192) provisioning_complete /opt/stack/neutron/neutron/db/provisioning_blocks.py:139}}
Jan 31 17:22:56.729021 dv-neutron-827101-1-hyperv neutron-server[103192]: DEBUG neutron_lib.callbacks.manager [None req-9780ff2d-b337-48db-8db0-f8bc62aab535 None None] Publish callbacks ['neutron.plugins.ml2.plugin.Ml2Plugin._port_provisioned-1549223'] for port (7cf167c1-10b8-4125-89a0-eaf90fc3097c), provisioning_complete {{(pid=103192) _notify_loop /usr/local/lib/python3.8/dist-packages/neutron_lib/callbacks/manager.py:176}}
Jan 31 17:22:56.739572 dv-neutron-827101-1-hyperv neutron-server[103191]: INFO neutron.plugins.ml2.plugin [None req-ac56f98c-b877-44bc-a421-d5ce18d3893e tempest-PortsAdminExtendedAttrsIpV6TestJSON-63173069 tempest-PortsAdminExtendedAttrsIpV6TestJSON-63173069-project-admin] Attempt 6 to bind port f2805977-83e6-4d5b-82c2-5826dbc1a3dc
Jan 31 17:22:56.756879 dv-neutron-827101-1-hyperv neutron-server[103191]: DEBUG neutron.pecan_wsgi.hooks.policy_enforcement [req-1f717ab9-3fce-452a-a704-69c67cea6f84 req-a5a8504e-e279-4249-b920-5af59051d30a tempest-ServersTestJSON-199027881 tempest-ServersTestJSON-199027881-project] Attributes excluded by policy engine: ['standard_attr_id', 'binding:profile', 'binding:host_id', 'binding:vif_type', 'binding:vif_details'] {{(pid=103191) _exclude_attributes_by_policy /opt/stack/neutron/neutron/pecan_wsgi/hooks/policy_enforcement.py:255}}
Jan 31 17:22:56.777221 dv-neutron-827101-1-hyperv neutron-server[103191]: INFO neutron.wsgi [req-1f717ab9-3fce-452a-a704-69c67cea6f84 req-a5a8504e-e279-4249-b920-5af59051d30a tempest-ServersTestJSON-199027881 tempest-ServersTestJSON-199027881-project] 10.222.0.96 "GET /v2.0/ports?device_id=a7c6d0ee-1f56-4a28-9a5a-d9e41b57afed HTTP/1.1" status: 200 len: 931 time: 0.7061665
Jan 31 17:22:56.813080 dv-neutron-827101-1-hyperv neutron-server[103191]: DEBUG neutron.api.rpc.handlers.resources_rpc [None req-7226d443-48b8-497e-8eff-010ae2de0e44 tempest-DHCPAgentSchedulersTestJSON-799818377 tempest-DHCPAgentSchedulersTestJSON-799818377-project] Pushing event deleted for resources: {'Port': ['ID=18371674-2c63-4ad4-8cee-e660bcc99ab9,revision_number=None']} {{(pid=103191) push /opt/stack/neutron/neutron/api/rpc/handlers/resources_rpc.py:237}}
Jan 31 17:22:56.831116 dv-neutron-827101-1-hyperv neutron-server[103190]: WARNING neutron.scheduler.l3_agent_scheduler [None req-c7deb75c-1463-4f60-94a0-d8d7845e172b tempest-RoutersTestDVR-1096474979 tempest-RoutersTestDVR-1096474979-project-admin] No L3 agents can host the router 9768197f-44fb-4778-983d-e97e839d9ab4
Jan 31 17:22:56.836677 dv-neutron-827101-1-hyperv neutron-server[103192]: DEBUG neutron_lib.callbacks.manager [None req-1049b2ae-dc73-4514-be64-f54a951e6179 None None] Publish callbacks ['neutron.plugins.ml2.plugin.SecurityGroupServerNotifierRpcMixin._notify_sg_on_port_change-569156', 'neutron.plugins.ml2.ovo_rpc._ObjectChangeHandler.handle_event-1962131', 'neutron.api.rpc.agentnotifiers.dhcp_rpc_agent_api.DhcpAgentNotifyAPI._native_event_send_dhcp_notification-1547008', 'neutron.db.l3_db.L3RpcNotifierMixin._notify_routers_callback-8734997687480', 'neutron.db.l3_dvrscheduler_db._notify_port_delete-8734997209146'] for port (18371674-2c63-4ad4-8cee-e660bcc99ab9), after_delete {{(pid=103192) _notify_loop /usr/local/lib/python3.8/dist-packages/neutron_lib/callbacks/manager.py:176}}
Jan 31 17:22:56.867953 dv-neutron-827101-1-hyperv neutron-server[103191]: DEBUG neutron.db.l3_dvrscheduler_db [None req-7226d443-48b8-497e-8eff-010ae2de0e44 tempest-DHCPAgentSchedulersTestJSON-799818377 tempest-DHCPAgentSchedulersTestJSON-799818377-project] No DVR routers for this DVR port 18371674-2c63-4ad4-8cee-e660bcc99ab9 on host dv-neutron-827101-1-hyperv {{(pid=103191) get_dvr_routers_to_remove /opt/stack/neutron/neutron/db/l3_dvrscheduler_db.py:214}}
Jan 31 17:22:56.978964 dv-neutron-827101-1-hyperv neutron-server[103191]: INFO neutron.wsgi [req-1f717ab9-3fce-452a-a704-69c67cea6f84 req-3d14c0e9-2fe3-417c-bcc9-ccf912ef5ddc tempest-ServersTestJSON-199027881 tempest-ServersTestJSON-199027881-project] 10.222.0.96 "GET /v2.0/security-groups?id=d612d8a4-95bf-4a60-b3e0-54b56a5ae120&fields=id&fields=name HTTP/1.1" status: 200 len: 312 time: 0.2006230
Jan 31 17:22:56.989630 dv-neutron-827101-1-hyperv neutron-server[103191]: DEBUG neutron.plugins.ml2.managers [None req-ac56f98c-b877-44bc-a421-d5ce18d3893e tempest-PortsAdminExtendedAttrsIpV6TestJSON-63173069 tempest-PortsAdminExtendedAttrsIpV6TestJSON-63173069-project-admin] Attempting to bind port f2805977-83e6-4d5b-82c2-5826dbc1a3dc on host hv-neutron-8271 for vnic_type normal with profile {{(pid=103191) bind_port /opt/stack/neutron/neutron/plugins/ml2/managers.py:795}}
Jan 31 17:22:56.990645 dv-neutron-827101-1-hyperv neutron-server[103191]: DEBUG neutron.plugins.ml2.managers [None req-ac56f98c-b877-44bc-a421-d5ce18d3893e tempest-PortsAdminExtendedAttrsIpV6TestJSON-63173069 tempest-PortsAdminExtendedAttrsIpV6TestJSON-63173069-project-admin] Attempting to bind port f2805977-83e6-4d5b-82c2-5826dbc1a3dc by drivers openvswitch,hyperv on host hv-neutron-8271 at level 0 using segments [{'id': '867fd97e-9b8a-44ae-9762-e0a0abdc4400', 'network_type': 'vlan', 'physical_network': 'physnet1', 'segmentation_id': 69, 'network_id': '53dda35c-8161-4096-a89d-dc8ec32369f1'}] {{(pid=103191) _bind_port_level /opt/stack/neutron/neutron/plugins/ml2/managers.py:820}}
Jan 31 17:22:56.991243 dv-neutron-827101-1-hyperv neutron-server[103191]: DEBUG neutron.plugins.ml2.drivers.mech_agent [None req-ac56f98c-b877-44bc-a421-d5ce18d3893e tempest-PortsAdminExtendedAttrsIpV6TestJSON-63173069 tempest-PortsAdminExtendedAttrsIpV6TestJSON-63173069-project-admin] Attempting to bind port f2805977-83e6-4d5b-82c2-5826dbc1a3dc on network 53dda35c-8161-4096-a89d-dc8ec32369f1 {{(pid=103191) bind_port /opt/stack/neutron/neutron/plugins/ml2/drivers/mech_agent.py:91}}
Jan 31 17:22:57.020717 dv-neutron-827101-1-hyperv neutron-server[103190]: DEBUG neutron_lib.callbacks.manager [None req-168c50e7-1d50-4203-bab9-40aff593fc80 admin admin] Publish callbacks [] for security_group (None), before_create {{(pid=103190) _notify_loop /usr/local/lib/python3.8/dist-packages/neutron_lib/callbacks/manager.py:176}}
Jan 31 17:22:57.021360 dv-neutron-827101-1-hyperv neutron-server[103192]: DEBUG neutron.db.l3_dvrscheduler_db [None req-1049b2ae-dc73-4514-be64-f54a951e6179 None None] No DVR routers for this DVR port 18371674-2c63-4ad4-8cee-e660bcc99ab9 on host dv-neutron-827101-1-hyperv {{(pid=103192) get_dvr_routers_to_remove /opt/stack/neutron/neutron/db/l3_dvrscheduler_db.py:214}}
Jan 31 17:22:57.046678 dv-neutron-827101-1-hyperv neutron-server[103192]: DEBUG neutron.api.rpc.handlers.resources_rpc [None req-1049b2ae-dc73-4514-be64-f54a951e6179 None None] Pushing event deleted for resources: {'Port': ['ID=18371674-2c63-4ad4-8cee-e660bcc99ab9,revision_number=None']} {{(pid=103192) push /opt/stack/neutron/neutron/api/rpc/handlers/resources_rpc.py:237}}
Jan 31 17:22:57.179223 dv-neutron-827101-1-hyperv neutron-server[103192]: DEBUG neutron.plugins.ml2.plugin [None req-9780ff2d-b337-48db-8db0-f8bc62aab535 None None] Current status of the port 7cf167c1-10b8-4125-89a0-eaf90fc3097c is: ACTIVE; New status is: ACTIVE {{(pid=103192) _update_individual_port_db_status /opt/stack/neutron/neutron/plugins/ml2/plugin.py:2238}}
Jan 31 17:22:57.184002 dv-neutron-827101-1-hyperv neutron-server[103191]: DEBUG neutron.plugins.ml2.drivers.mech_agent [None req-ac56f98c-b877-44bc-a421-d5ce18d3893e tempest-PortsAdminExtendedAttrsIpV6TestJSON-63173069 tempest-PortsAdminExtendedAttrsIpV6TestJSON-63173069-project-admin] Port f2805977-83e6-4d5b-82c2-5826dbc1a3dc on network 53dda35c-8161-4096-a89d-dc8ec32369f1 not bound, no agent of type Open vSwitch agent registered on host hv-neutron-8271 {{(pid=103191) bind_port /opt/stack/neutron/neutron/plugins/ml2/drivers/mech_agent.py:103}}
Jan 31 17:22:57.184865 dv-neutron-827101-1-hyperv neutron-server[103191]: ERROR neutron.plugins.ml2.managers [None req-ac56f98c-b877-44bc-a421-d5ce18d3893e tempest-PortsAdminExtendedAttrsIpV6TestJSON-63173069 tempest-PortsAdminExtendedAttrsIpV6TestJSON-63173069-project-admin] Failed to bind port f2805977-83e6-4d5b-82c2-5826dbc1a3dc on host hv-neutron-8271 for vnic_type normal using segments [{'id': '867fd97e-9b8a-44ae-9762-e0a0abdc4400', 'network_type': 'vlan', 'physical_network': 'physnet1', 'segmentation_id': 69, 'network_id': '53dda35c-8161-4096-a89d-dc8ec32369f1'}]
Jan 31 17:22:57.296465 dv-neutron-827101-1-hyperv neutron-server[103192]: DEBUG neutron.plugins.ml2.rpc [None req-9780ff2d-b337-48db-8db0-f8bc62aab535 None None] Device 18371674-2c63-4ad4-8cee-e660bcc99ab9 no longer exists at agent ovs-agent-dv-neutron-827101-1-hyperv {{(pid=103192) update_device_down /opt/stack/neutron/neutron/plugins/ml2/rpc.py:259}}
Jan 31 17:22:57.328983 dv-neutron-827101-1-hyperv neutron-server[103192]: DEBUG neutron.plugins.ml2.plugin [None req-9780ff2d-b337-48db-8db0-f8bc62aab535 None None] No Port match for: 18371674-2c63-4ad4-8cee-e660bcc99ab9 {{(pid=103192) port_bound_to_host /opt/stack/neutron/neutron/plugins/ml2/plugin.py:2322}}
Jan 31 17:22:57.329340 dv-neutron-827101-1-hyperv neutron-server[103192]: DEBUG neutron.plugins.ml2.rpc [None req-9780ff2d-b337-48db-8db0-f8bc62aab535 None None] Device 18371674-2c63-4ad4-8cee-e660bcc99ab9 not bound to the agent host dv-neutron-827101-1-hyperv {{(pid=103192) update_device_down /opt/stack/neutron/neutron/plugins/ml2/rpc.py:269}}
Jan 31 17:22:57.448052 dv-neutron-827101-1-hyperv neutron-server[103190]: DEBUG neutron.notifiers.nova [req-a9743e5d-820c-49ba-b3ff-5626404fa3f6 req-66d7e2d2-dfd6-4a19-9d54-287e491150d2 service neutron] Ignoring state change previous_port_status: DOWN current_port_status: DOWN port_id 3494564f-7413-4ae2-857c-420dab38c141 {{(pid=103190) record_port_status_changed /opt/stack/neutron/neutron/notifiers/nova.py:228}}
Jan 31 17:22:57.462143 dv-neutron-827101-1-hyperv neutron-server[103190]: DEBUG neutron_lib.callbacks.manager [req-a9743e5d-820c-49ba-b3ff-5626404fa3f6 req-66d7e2d2-dfd6-4a19-9d54-287e491150d2 service neutron] Publish callbacks [] for port (3494564f-7413-4ae2-857c-420dab38c141), precommit_update {{(pid=103190) _notify_loop /usr/local/lib/python3.8/dist-packages/neutron_lib/callbacks/manager.py:176}}
Jan 31 17:22:57.492434 dv-neutron-827101-1-hyperv neutron-server[103191]: INFO neutron.plugins.ml2.plugin [None req-ac56f98c-b877-44bc-a421-d5ce18d3893e tempest-PortsAdminExtendedAttrsIpV6TestJSON-63173069 tempest-PortsAdminExtendedAttrsIpV6TestJSON-63173069-project-admin] Attempt 7 to bind port f2805977-83e6-4d5b-82c2-5826dbc1a3dc
Jan 31 17:22:57.495556 dv-neutron-827101-1-hyperv neutron-server[103190]: DEBUG neutron.db.provisioning_blocks [req-a9743e5d-820c-49ba-b3ff-5626404fa3f6 req-66d7e2d2-dfd6-4a19-9d54-287e491150d2 service neutron] Transition to ACTIVE for port object 3494564f-7413-4ae2-857c-420dab38c141 will not be triggered until provisioned by entity L2. {{(pid=103190) add_provisioning_component /opt/stack/neutron/neutron/db/provisioning_blocks.py:73}}
Jan 31 17:22:57.520980 dv-neutron-827101-1-hyperv neutron-server[103190]: DEBUG neutron_lib.callbacks.manager [req-a9743e5d-820c-49ba-b3ff-5626404fa3f6 req-66d7e2d2-dfd6-4a19-9d54-287e491150d2 service neutron] Publish callbacks ['neutron.plugins.ml2.plugin.SecurityGroupServerNotifierRpcMixin._notify_sg_on_port_change-569156', 'neutron.plugins.ml2.ovo_rpc._ObjectChangeHandler.handle_event-1962131', 'neutron.api.rpc.agentnotifiers.dhcp_rpc_agent_api.DhcpAgentNotifyAPI._native_event_send_dhcp_notification-1547008', 'neutron.db.l3_db.L3RpcNotifierMixin._notify_gateway_port_ip_changed-8734997687498', 'neutron.db.l3_dvrscheduler_db._notify_l3_agent_port_update-8734997209155', 'neutron.db.l3_hascheduler_db._notify_l3_agent_ha_port_update-8734997209173', 'neutron.services.segments.plugin.NovaSegmentNotifier._notify_port_updated-59743131'] for port (3494564f-7413-4ae2-857c-420dab38c141), after_update {{(pid=103190) _notify_loop /usr/local/lib/python3.8/dist-packages/neutron_lib/callbacks/manager.py:176}}
Jan 31 17:22:57.617548 dv-neutron-827101-1-hyperv neutron-server[103191]: DEBUG neutron.plugins.ml2.managers [None req-ac56f98c-b877-44bc-a421-d5ce18d3893e tempest-PortsAdminExtendedAttrsIpV6TestJSON-63173069 tempest-PortsAdminExtendedAttrsIpV6TestJSON-63173069-project-admin] Attempting to bind port f2805977-83e6-4d5b-82c2-5826dbc1a3dc on host hv-neutron-8271 for vnic_type normal with profile {{(pid=103191) bind_port /opt/stack/neutron/neutron/plugins/ml2/managers.py:795}}
Jan 31 17:22:57.617785 dv-neutron-827101-1-hyperv neutron-server[103191]: DEBUG neutron.plugins.ml2.managers [None req-ac56f98c-b877-44bc-a421-d5ce18d3893e tempest-PortsAdminExtendedAttrsIpV6TestJSON-63173069 tempest-PortsAdminExtendedAttrsIpV6TestJSON-63173069-project-admin] Attempting to bind port f2805977-83e6-4d5b-82c2-5826dbc1a3dc by drivers openvswitch,hyperv on host hv-neutron-8271 at level 0 using segments [{'id': '867fd97e-9b8a-44ae-9762-e0a0abdc4400', 'network_type': 'vlan', 'physical_network': 'physnet1', 'segmentation_id': 69, 'network_id': '53dda35c-8161-4096-a89d-dc8ec32369f1'}] {{(pid=103191) _bind_port_level /opt/stack/neutron/neutron/plugins/ml2/managers.py:820}}
Jan 31 17:22:57.618030 dv-neutron-827101-1-hyperv neutron-server[103191]: DEBUG neutron.plugins.ml2.drivers.mech_agent [None req-ac56f98c-b877-44bc-a421-d5ce18d3893e tempest-PortsAdminExtendedAttrsIpV6TestJSON-63173069 tempest-PortsAdminExtendedAttrsIpV6TestJSON-63173069-project-admin] Attempting to bind port f2805977-83e6-4d5b-82c2-5826dbc1a3dc on network 53dda35c-8161-4096-a89d-dc8ec32369f1 {{(pid=103191) bind_port /opt/stack/neutron/neutron/plugins/ml2/drivers/mech_agent.py:91}}
Jan 31 17:22:57.677074 dv-neutron-827101-1-hyperv neutron-server[103190]: DEBUG neutron.db.l3_dvrscheduler_db [None req-c7deb75c-1463-4f60-94a0-d8d7845e172b tempest-RoutersTestDVR-1096474979 tempest-RoutersTestDVR-1096474979-project-admin] Hosts for router 9768197f-44fb-4778-983d-e97e839d9ab4: [] {{(pid=103190) _get_dvr_hosts_for_router /opt/stack/neutron/neutron/db/l3_dvrscheduler_db.py:329}}
Jan 31 17:22:57.723482 dv-neutron-827101-1-hyperv neutron-server[103191]: DEBUG neutron_lib.callbacks.manager [None req-fa899067-17e4-4571-9201-5958ef572f4b tempest-ServerActionsTestJSON-1164615939 tempest-ServerActionsTestJSON-1164615939-project] Publish callbacks [] for floatingip (8cb70085-ea53-47af-a1fc-93432c1487c6), precommit_create {{(pid=103191) _notify_loop /usr/local/lib/python3.8/dist-packages/neutron_lib/callbacks/manager.py:176}}
Jan 31 17:22:57.724908 dv-neutron-827101-1-hyperv neutron-server[103191]: DEBUG neutron.plugins.ml2.drivers.mech_agent [None req-ac56f98c-b877-44bc-a421-d5ce18d3893e tempest-PortsAdminExtendedAttrsIpV6TestJSON-63173069 tempest-PortsAdminExtendedAttrsIpV6TestJSON-63173069-project-admin] Port f2805977-83e6-4d5b-82c2-5826dbc1a3dc on network 53dda35c-8161-4096-a89d-dc8ec32369f1 not bound, no agent of type Open vSwitch agent registered on host hv-neutron-8271 {{(pid=103191) bind_port /opt/stack/neutron/neutron/plugins/ml2/drivers/mech_agent.py:103}}
Jan 31 17:22:57.725264 dv-neutron-827101-1-hyperv neutron-server[103191]: ERROR neutron.plugins.ml2.managers [None req-ac56f98c-b877-44bc-a421-d5ce18d3893e tempest-PortsAdminExtendedAttrsIpV6TestJSON-63173069 tempest-PortsAdminExtendedAttrsIpV6TestJSON-63173069-project-admin] Failed to bind port f2805977-83e6-4d5b-82c2-5826dbc1a3dc on host hv-neutron-8271 for vnic_type normal using segments [{'id': '867fd97e-9b8a-44ae-9762-e0a0abdc4400', 'network_type': 'vlan', 'physical_network': 'physnet1', 'segmentation_id': 69, 'network_id': '53dda35c-8161-4096-a89d-dc8ec32369f1'}]
Jan 31 17:22:57.739103 dv-neutron-827101-1-hyperv neutron-server[103191]: DEBUG neutron_lib.callbacks.manager [None req-7226d443-48b8-497e-8eff-010ae2de0e44 tempest-DHCPAgentSchedulersTestJSON-799818377 tempest-DHCPAgentSchedulersTestJSON-799818377-project] Publish callbacks ['neutron.plugins.ml2.plugin.Ml2Plugin._network_delete_precommit_handler-1553476', 'neutron.services.segments.db._delete_segments_for_network-8734997725058'] for network (9ba08531-2aa1-4f8d-8cc9-81bd72c9fb8b), precommit_delete {{(pid=103191) _notify_loop /usr/local/lib/python3.8/dist-packages/neutron_lib/callbacks/manager.py:176}}
Jan 31 17:22:57.744926 dv-neutron-827101-1-hyperv neutron-server[103191]: INFO neutron.plugins.ml2.plugin [None req-ac56f98c-b877-44bc-a421-d5ce18d3893e tempest-PortsAdminExtendedAttrsIpV6TestJSON-63173069 tempest-PortsAdminExtendedAttrsIpV6TestJSON-63173069-project-admin] Attempt 8 to bind port f2805977-83e6-4d5b-82c2-5826dbc1a3dc
Jan 31 17:22:57.775997 dv-neutron-827101-1-hyperv neutron-server[103190]: DEBUG neutron.db.l3_dvrscheduler_db [None req-c7deb75c-1463-4f60-94a0-d8d7845e172b tempest-RoutersTestDVR-1096474979 tempest-RoutersTestDVR-1096474979-project-admin] Hosts for other DVR routers connected to router 9768197f-44fb-4778-983d-e97e839d9ab4: set() {{(pid=103190) _get_other_dvr_hosts /opt/stack/neutron/neutron/db/l3_dvrscheduler_db.py:346}}
Jan 31 17:22:57.780676 dv-neutron-827101-1-hyperv neutron-server[103190]: DEBUG neutron_lib.callbacks.manager [None req-c7deb75c-1463-4f60-94a0-d8d7845e172b tempest-RoutersTestDVR-1096474979 tempest-RoutersTestDVR-1096474979-project-admin] Publish callbacks [] for router (None), before_response {{(pid=103190) _notify_loop /usr/local/lib/python3.8/dist-packages/neutron_lib/callbacks/manager.py:176}}
Jan 31 17:22:57.793480 dv-neutron-827101-1-hyperv neutron-server[103190]: INFO neutron.wsgi [None req-c7deb75c-1463-4f60-94a0-d8d7845e172b tempest-RoutersTestDVR-1096474979 tempest-RoutersTestDVR-1096474979-project-admin] 10.222.0.96 "PUT /v2.0/routers/9768197f-44fb-4778-983d-e97e839d9ab4 HTTP/1.1" status: 200 len: 717 time: 3.2706857
Jan 31 17:22:57.802812 dv-neutron-827101-1-hyperv neutron-server[103191]: DEBUG neutron.plugins.ml2.managers [None req-ac56f98c-b877-44bc-a421-d5ce18d3893e tempest-PortsAdminExtendedAttrsIpV6TestJSON-63173069 tempest-PortsAdminExtendedAttrsIpV6TestJSON-63173069-project-admin] Attempting to bind port f2805977-83e6-4d5b-82c2-5826dbc1a3dc on host hv-neutron-8271 for vnic_type normal with profile {{(pid=103191) bind_port /opt/stack/neutron/neutron/plugins/ml2/managers.py:795}}
Jan 31 17:22:57.803156 dv-neutron-827101-1-hyperv neutron-server[103191]: DEBUG neutron.plugins.ml2.managers [None req-ac56f98c-b877-44bc-a421-d5ce18d3893e tempest-PortsAdminExtendedAttrsIpV6TestJSON-63173069 tempest-PortsAdminExtendedAttrsIpV6TestJSON-63173069-project-admin] Attempting to bind port f2805977-83e6-4d5b-82c2-5826dbc1a3dc by drivers openvswitch,hyperv on host hv-neutron-8271 at level 0 using segments [{'id': '867fd97e-9b8a-44ae-9762-e0a0abdc4400', 'network_type': 'vlan', 'physical_network': 'physnet1', 'segmentation_id': 69, 'network_id': '53dda35c-8161-4096-a89d-dc8ec32369f1'}] {{(pid=103191) _bind_port_level /opt/stack/neutron/neutron/plugins/ml2/managers.py:820}}
Jan 31 17:22:57.803521 dv-neutron-827101-1-hyperv neutron-server[103191]: DEBUG neutron.plugins.ml2.drivers.mech_agent [None req-ac56f98c-b877-44bc-a421-d5ce18d3893e tempest-PortsAdminExtendedAttrsIpV6TestJSON-63173069 tempest-PortsAdminExtendedAttrsIpV6TestJSON-63173069-project-admin] Attempting to bind port f2805977-83e6-4d5b-82c2-5826dbc1a3dc on network 53dda35c-8161-4096-a89d-dc8ec32369f1 {{(pid=103191) bind_port /opt/stack/neutron/neutron/plugins/ml2/drivers/mech_agent.py:91}}
Jan 31 17:22:57.805996 dv-neutron-827101-1-hyperv neutron-server[103190]: DEBUG neutron.wsgi [-] (103190) accepted ('10.222.0.96', 50544) {{(pid=103190) server /usr/local/lib/python3.8/dist-packages/eventlet/wsgi.py:1004}}
Jan 31 17:22:57.902899 dv-neutron-827101-1-hyperv neutron-server[103191]: DEBUG neutron.services.segments.db [None req-7226d443-48b8-497e-8eff-010ae2de0e44 tempest-DHCPAgentSchedulersTestJSON-799818377 tempest-DHCPAgentSchedulersTestJSON-799818377-project] neutron.services.segments.plugin.Plugin method get_segments called with arguments (,) {'filters': {'network_id': ['9ba08531-2aa1-4f8d-8cc9-81bd72c9fb8b']}} {{(pid=103191) wrapper /usr/local/lib/python3.8/dist-packages/oslo_log/helpers.py:65}}
Jan 31 17:22:57.912243 dv-neutron-827101-1-hyperv neutron-server[103190]: DEBUG neutron.api.rpc.handlers.resources_rpc [None req-66d7e2d2-dfd6-4a19-9d54-287e491150d2 service neutron] Pushing event updated for resources: {'Port': ['ID=3494564f-7413-4ae2-857c-420dab38c141,revision_number=2']} {{(pid=103190) push /opt/stack/neutron/neutron/api/rpc/handlers/resources_rpc.py:237}}
Jan 31 17:22:57.918990 dv-neutron-827101-1-hyperv neutron-server[103191]: DEBUG neutron.services.segments.db [None req-7226d443-48b8-497e-8eff-010ae2de0e44 tempest-DHCPAgentSchedulersTestJSON-799818377 tempest-DHCPAgentSchedulersTestJSON-799818377-project] neutron.services.segments.plugin.Plugin method delete_segment called with arguments (, '5f1c3ad7-515a-437d-935b-6d217c51c61f') {'for_net_delete': True} {{(pid=103191) wrapper /usr/local/lib/python3.8/dist-packages/oslo_log/helpers.py:65}}
Jan 31 17:22:57.919335 dv-neutron-827101-1-hyperv neutron-server[103191]: DEBUG neutron.services.segments.db [None req-7226d443-48b8-497e-8eff-010ae2de0e44 tempest-DHCPAgentSchedulersTestJSON-799818377 tempest-DHCPAgentSchedulersTestJSON-799818377-project] neutron.services.segments.plugin.Plugin method get_segment called with arguments (, '5f1c3ad7-515a-437d-935b-6d217c51c61f') {} {{(pid=103191) wrapper /usr/local/lib/python3.8/dist-packages/oslo_log/helpers.py:65}}
Jan 31 17:22:57.935899 dv-neutron-827101-1-hyperv neutron-server[103191]: DEBUG neutron_lib.callbacks.manager [None req-7226d443-48b8-497e-8eff-010ae2de0e44 tempest-DHCPAgentSchedulersTestJSON-799818377 tempest-DHCPAgentSchedulersTestJSON-799818377-project] Publish callbacks ['neutron.plugins.ml2.db._prevent_segment_delete_with_port_bound-8734997730955', 'neutron.services.segments.plugin.Plugin._prevent_segment_delete_with_subnet_associated-60753381'] for segment (5f1c3ad7-515a-437d-935b-6d217c51c61f), before_delete {{(pid=103191) _notify_loop /usr/local/lib/python3.8/dist-packages/neutron_lib/callbacks/manager.py:176}}
Jan 31 17:22:57.962546 dv-neutron-827101-1-hyperv neutron-server[103191]: DEBUG neutron_lib.callbacks.manager [None req-fa899067-17e4-4571-9201-5958ef572f4b tempest-ServerActionsTestJSON-1164615939 tempest-ServerActionsTestJSON-1164615939-project] Publish callbacks ['neutron.plugins.ml2.plugin.SecurityGroupDbMixin._ensure_default_security_group_handler-567707'] for port (ad32f081-103b-48ab-b817-f05669a27523), before_update {{(pid=103191) _notify_loop /usr/local/lib/python3.8/dist-packages/neutron_lib/callbacks/manager.py:176}}
Jan 31 17:22:57.971908 dv-neutron-827101-1-hyperv neutron-server[103190]: DEBUG neutron_lib.callbacks.manager [None req-168c50e7-1d50-4203-bab9-40aff593fc80 admin admin] Publish callbacks [] for security_group (71a627d5-78bd-4b90-97e6-2d73f0a39fb6), precommit_create {{(pid=103190) _notify_loop /usr/local/lib/python3.8/dist-packages/neutron_lib/callbacks/manager.py:176}}
Jan 31 17:22:58.005770 dv-neutron-827101-1-hyperv neutron-server[103190]: DEBUG neutron_lib.callbacks.manager [None req-168c50e7-1d50-4203-bab9-40aff593fc80 admin admin] Publish callbacks ['neutron.plugins.ml2.ovo_rpc._ObjectChangeHandler.handle_event-1510066'] for security_group (71a627d5-78bd-4b90-97e6-2d73f0a39fb6), after_create {{(pid=103190) _notify_loop /usr/local/lib/python3.8/dist-packages/neutron_lib/callbacks/manager.py:176}}
Jan 31 17:22:58.112727 dv-neutron-827101-1-hyperv neutron-server[103191]: DEBUG neutron_lib.callbacks.manager [None req-7226d443-48b8-497e-8eff-010ae2de0e44 tempest-DHCPAgentSchedulersTestJSON-799818377 tempest-DHCPAgentSchedulersTestJSON-799818377-project] Publish callbacks ['neutron.plugins.ml2.plugin.Ml2Plugin._handle_segment_change-1443128'] for segment (5f1c3ad7-515a-437d-935b-6d217c51c61f), precommit_delete {{(pid=103191) _notify_loop /usr/local/lib/python3.8/dist-packages/neutron_lib/callbacks/manager.py:176}}
Jan 31 17:22:58.130197 dv-neutron-827101-1-hyperv neutron-server[103191]: DEBUG neutron.plugins.ml2.drivers.type_vlan [None req-7226d443-48b8-497e-8eff-010ae2de0e44 tempest-DHCPAgentSchedulersTestJSON-799818377 tempest-DHCPAgentSchedulersTestJSON-799818377-project] Releasing vlan 82 on physical network physnet1 to pool {{(pid=103191) release_segment /opt/stack/neutron/neutron/plugins/ml2/drivers/type_vlan.py:304}}
Jan 31 17:22:58.130611 dv-neutron-827101-1-hyperv neutron-server[103191]: DEBUG neutron_lib.callbacks.manager [None req-7226d443-48b8-497e-8eff-010ae2de0e44 tempest-DHCPAgentSchedulersTestJSON-799818377 tempest-DHCPAgentSchedulersTestJSON-799818377-project] Publish callbacks ['neutron.plugins.ml2.plugin.Ml2Plugin._handle_segment_change-1443128', 'neutron.services.segments.plugin.NovaSegmentNotifier._notify_segment_deleted-60425061'] for segment (5f1c3ad7-515a-437d-935b-6d217c51c61f), after_delete {{(pid=103191) _notify_loop /usr/local/lib/python3.8/dist-packages/neutron_lib/callbacks/manager.py:176}}
Jan 31 17:22:58.161200 dv-neutron-827101-1-hyperv neutron-server[103191]: Traceback (most recent call last):
Jan 31 17:22:58.161200 dv-neutron-827101-1-hyperv neutron-server[103191]: File "/usr/local/lib/python3.8/dist-packages/eventlet/hubs/hub.py", line 476, in fire_timers
Jan 31 17:22:58.161200 dv-neutron-827101-1-hyperv neutron-server[103191]: timer()
Jan 31 17:22:58.161200 dv-neutron-827101-1-hyperv neutron-server[103191]: File "/usr/local/lib/python3.8/dist-packages/eventlet/hubs/timer.py", line 59, in __call__
Jan 31 17:22:58.161200 dv-neutron-827101-1-hyperv neutron-server[103191]: cb(*args, **kw)
Jan 31 17:22:58.161200 dv-neutron-827101-1-hyperv neutron-server[103191]: File "/opt/stack/neutron/neutron/common/utils.py", line 921, in wrapper
Jan 31 17:22:58.161200 dv-neutron-827101-1-hyperv neutron-server[103191]: return func(*args, **kwargs)
Jan 31 17:22:58.161200 dv-neutron-827101-1-hyperv neutron-server[103191]: File "/opt/stack/neutron/neutron/notifiers/batch_notifier.py", line 58, in synced_send
Jan 31 17:22:58.161200 dv-neutron-827101-1-hyperv neutron-server[103191]: self._notify()
Jan 31 17:22:58.161200 dv-neutron-827101-1-hyperv neutron-server[103191]: File "/opt/stack/neutron/neutron/notifiers/batch_notifier.py", line 69, in _notify
Jan 31 17:22:58.161200 dv-neutron-827101-1-hyperv neutron-server[103191]: self.callback(batched_events)
Jan 31 17:22:58.161200 dv-neutron-827101-1-hyperv neutron-server[103191]: File "/opt/stack/neutron/neutron/services/segments/plugin.py", line 211, in _send_notifications
Jan 31 17:22:58.161200 dv-neutron-827101-1-hyperv neutron-server[103191]: event.method(event)
Jan 31 17:22:58.161200 dv-neutron-827101-1-hyperv neutron-server[103191]: File "/opt/stack/neutron/neutron/services/segments/plugin.py", line 383, in _delete_nova_inventory
Jan 31 17:22:58.161200 dv-neutron-827101-1-hyperv neutron-server[103191]: aggregate_id = self._get_aggregate_id(event.segment_id)
Jan 31 17:22:58.161200 dv-neutron-827101-1-hyperv neutron-server[103191]: File "/opt/stack/neutron/neutron/services/segments/plugin.py", line 370, in _get_aggregate_id
Jan 31 17:22:58.161200 dv-neutron-827101-1-hyperv neutron-server[103191]: aggregate_uuid = self.p_client.list_aggregates(
Jan 31 17:22:58.161200 dv-neutron-827101-1-hyperv neutron-server[103191]: File "/usr/local/lib/python3.8/dist-packages/neutron_lib/placement/client.py", line 58, in wrapper
Jan 31 17:22:58.161200 dv-neutron-827101-1-hyperv neutron-server[103191]: return f(self, *a, **k)
Jan 31 17:22:58.161200 dv-neutron-827101-1-hyperv neutron-server[103191]: File "/usr/local/lib/python3.8/dist-packages/neutron_lib/placement/client.py", line 554, in list_aggregates
Jan 31 17:22:58.161200 dv-neutron-827101-1-hyperv neutron-server[103191]: return self._get(url).json()
Jan 31 17:22:58.161200 dv-neutron-827101-1-hyperv neutron-server[103191]: File "/usr/local/lib/python3.8/dist-packages/neutron_lib/placement/client.py", line 190, in _get
Jan 31 17:22:58.161200 dv-neutron-827101-1-hyperv neutron-server[103191]: return self._client.get(url, endpoint_filter=self._ks_filter,
Jan 31 17:22:58.161200 dv-neutron-827101-1-hyperv neutron-server[103191]: File "/usr/local/lib/python3.8/dist-packages/keystoneauth1/session.py", line 1141, in get
Jan 31 17:22:58.161200 dv-neutron-827101-1-hyperv neutron-server[103191]: return self.request(url, 'GET', **kwargs)
Jan 31 17:22:58.161200 dv-neutron-827101-1-hyperv neutron-server[103191]: File "/usr/local/lib/python3.8/dist-packages/keystoneauth1/session.py", line 811, in request
Jan 31 17:22:58.161200 dv-neutron-827101-1-hyperv neutron-server[103191]: base_url = self.get_endpoint(auth, allow=allow,
Jan 31 17:22:58.161200 dv-neutron-827101-1-hyperv neutron-server[103191]: File "/usr/local/lib/python3.8/dist-packages/keystoneauth1/session.py", line 1241, in get_endpoint
Jan 31 17:22:58.161200 dv-neutron-827101-1-hyperv neutron-server[103191]: auth = self._auth_required(auth, 'determine endpoint URL')
Jan 31 17:22:58.161200 dv-neutron-827101-1-hyperv neutron-server[103191]: File "/usr/local/lib/python3.8/dist-packages/keystoneauth1/session.py", line 1181, in _auth_required
Jan 31 17:22:58.161200 dv-neutron-827101-1-hyperv neutron-server[103191]: raise exceptions.MissingAuthPlugin(msg_fmt % msg)
Jan 31 17:22:58.161200 dv-neutron-827101-1-hyperv neutron-server[103191]: keystoneauth1.exceptions.auth_plugins.MissingAuthPlugin: An auth plugin is required to determine endpoint URL
Jan 31 17:22:58.208774 dv-neutron-827101-1-hyperv neutron-server[103190]: DEBUG neutron.api.rpc.handlers.resources_rpc [None req-168c50e7-1d50-4203-bab9-40aff593fc80 admin admin] Pushing event updated for resources: {'SecurityGroup': ['ID=71a627d5-78bd-4b90-97e6-2d73f0a39fb6,revision_number=1']} {{(pid=103190) push /opt/stack/neutron/neutron/api/rpc/handlers/resources_rpc.py:237}}
Jan 31 17:22:58.256424 dv-neutron-827101-1-hyperv neutron-server[103190]: INFO neutron.wsgi [None req-67da821a-f66f-42bd-a02b-88816417e23f tempest-RoutersTestDVR-1096474979 tempest-RoutersTestDVR-1096474979-project-admin] 10.222.0.96 "GET /v2.0/routers/9768197f-44fb-4778-983d-e97e839d9ab4 HTTP/1.1" status: 200 len: 717 time: 0.4458911
Jan 31 17:22:58.301245 dv-neutron-827101-1-hyperv neutron-server[103190]: DEBUG neutron.wsgi [-] (103190) accepted ('10.222.0.96', 50548) {{(pid=103190) server /usr/local/lib/python3.8/dist-packages/eventlet/wsgi.py:1004}}
Jan 31 17:22:58.342108 dv-neutron-827101-1-hyperv neutron-server[103191]: DEBUG neutron.plugins.ml2.drivers.mech_agent [None req-ac56f98c-b877-44bc-a421-d5ce18d3893e tempest-PortsAdminExtendedAttrsIpV6TestJSON-63173069 tempest-PortsAdminExtendedAttrsIpV6TestJSON-63173069-project-admin] Port f2805977-83e6-4d5b-82c2-5826dbc1a3dc on network 53dda35c-8161-4096-a89d-dc8ec32369f1 not bound, no agent of type Open vSwitch agent registered on host hv-neutron-8271 {{(pid=103191) bind_port /opt/stack/neutron/neutron/plugins/ml2/drivers/mech_agent.py:103}}
