Jan 31 17:21:41.139203 dv-neutron-827101-1-hyperv devstack@n-api.service[117378]: DEBUG nova.context [None req-c7719d0b-ac93-458d-bb2e-ce4b9a7a5c8e None None] Found 2 cells: 00000000-0000-0000-0000-000000000000(cell0),f4c4e3e5-fbb1-489a-b8aa-37ec3affb0b2(cell1) {{(pid=117378) load_cells /opt/stack/nova/nova/context.py:464}}
Jan 31 17:21:41.142412 dv-neutron-827101-1-hyperv devstack@n-api.service[117379]: DEBUG oslo_db.sqlalchemy.engines [None req-d65b0c10-4f50-4e6c-90be-90d6fbf369db None None] MySQL server mode set to STRICT_TRANS_TABLES,STRICT_ALL_TABLES,NO_ZERO_IN_DATE,NO_ZERO_DATE,ERROR_FOR_DIVISION_BY_ZERO,TRADITIONAL,NO_ENGINE_SUBSTITUTION {{(pid=117379) _check_effective_sql_mode /usr/local/lib/python3.8/dist-packages/oslo_db/sqlalchemy/engines.py:314}}
Jan 31 17:21:41.143747 dv-neutron-827101-1-hyperv devstack@n-api.service[117378]: DEBUG oslo_concurrency.lockutils [None req-c7719d0b-ac93-458d-bb2e-ce4b9a7a5c8e None None] Lock "00000000-0000-0000-0000-000000000000" acquired by "nova.context.set_target_cell..get_or_set_cached_cell_and_set_connections" :: waited 0.000s {{(pid=117378) inner /usr/local/lib/python3.8/dist-packages/oslo_concurrency/lockutils.py:386}}
Jan 31 17:21:41.145691 dv-neutron-827101-1-hyperv devstack@n-api.service[117378]: DEBUG oslo_concurrency.lockutils [None req-c7719d0b-ac93-458d-bb2e-ce4b9a7a5c8e None None] Lock "00000000-0000-0000-0000-000000000000" "released" by "nova.context.set_target_cell..get_or_set_cached_cell_and_set_connections" :: held 0.002s {{(pid=117378) inner /usr/local/lib/python3.8/dist-packages/oslo_concurrency/lockutils.py:400}}
Jan 31 17:21:41.146607 dv-neutron-827101-1-hyperv devstack@n-api.service[117378]: DEBUG oslo_concurrency.lockutils [None req-c7719d0b-ac93-458d-bb2e-ce4b9a7a5c8e None None] Lock "f4c4e3e5-fbb1-489a-b8aa-37ec3affb0b2" acquired by "nova.context.set_target_cell..get_or_set_cached_cell_and_set_connections" :: waited 0.000s {{(pid=117378) inner /usr/local/lib/python3.8/dist-packages/oslo_concurrency/lockutils.py:386}}
Jan 31 17:21:41.148898 dv-neutron-827101-1-hyperv devstack@n-api.service[117378]: DEBUG oslo_concurrency.lockutils [None req-c7719d0b-ac93-458d-bb2e-ce4b9a7a5c8e None None] Lock "f4c4e3e5-fbb1-489a-b8aa-37ec3affb0b2" "released" by "nova.context.set_target_cell..get_or_set_cached_cell_and_set_connections" :: held 0.002s {{(pid=117378) inner /usr/local/lib/python3.8/dist-packages/oslo_concurrency/lockutils.py:400}}
Jan 31 17:21:41.163038 dv-neutron-827101-1-hyperv devstack@n-api.service[117378]: DEBUG oslo_db.sqlalchemy.engines [None req-c7719d0b-ac93-458d-bb2e-ce4b9a7a5c8e None None] MySQL server mode set to STRICT_TRANS_TABLES,STRICT_ALL_TABLES,NO_ZERO_IN_DATE,NO_ZERO_DATE,ERROR_FOR_DIVISION_BY_ZERO,TRADITIONAL,NO_ENGINE_SUBSTITUTION {{(pid=117378) _check_effective_sql_mode /usr/local/lib/python3.8/dist-packages/oslo_db/sqlalchemy/engines.py:314}}
Jan 31 17:21:41.166249 dv-neutron-827101-1-hyperv devstack@n-api.service[117378]: DEBUG oslo_db.sqlalchemy.engines [None req-c7719d0b-ac93-458d-bb2e-ce4b9a7a5c8e None None] MySQL server mode set to STRICT_TRANS_TABLES,STRICT_ALL_TABLES,NO_ZERO_IN_DATE,NO_ZERO_DATE,ERROR_FOR_DIVISION_BY_ZERO,TRADITIONAL,NO_ENGINE_SUBSTITUTION {{(pid=117378) _check_effective_sql_mode /usr/local/lib/python3.8/dist-packages/oslo_db/sqlalchemy/engines.py:314}}
Jan 31 17:21:41.309092 dv-neutron-827101-1-hyperv devstack@n-api.service[117379]: DEBUG oslo_db.sqlalchemy.engines [None req-d65b0c10-4f50-4e6c-90be-90d6fbf369db None None] MySQL server mode set to STRICT_TRANS_TABLES,STRICT_ALL_TABLES,NO_ZERO_IN_DATE,NO_ZERO_DATE,ERROR_FOR_DIVISION_BY_ZERO,TRADITIONAL,NO_ENGINE_SUBSTITUTION {{(pid=117379) _check_effective_sql_mode /usr/local/lib/python3.8/dist-packages/oslo_db/sqlalchemy/engines.py:314}}
Jan 31 17:21:41.338182 dv-neutron-827101-1-hyperv devstack@n-api.service[117378]: DEBUG oslo_db.sqlalchemy.engines [None req-c7719d0b-ac93-458d-bb2e-ce4b9a7a5c8e None None] MySQL server mode set to STRICT_TRANS_TABLES,STRICT_ALL_TABLES,NO_ZERO_IN_DATE,NO_ZERO_DATE,ERROR_FOR_DIVISION_BY_ZERO,TRADITIONAL,NO_ENGINE_SUBSTITUTION {{(pid=117378) _check_effective_sql_mode /usr/local/lib/python3.8/dist-packages/oslo_db/sqlalchemy/engines.py:314}}
Jan 31 17:21:41.642213 dv-neutron-827101-1-hyperv devstack@n-api.service[117379]: WARNING keystonemiddleware.auth_token [None req-d65b0c10-4f50-4e6c-90be-90d6fbf369db None None] AuthToken middleware is set with keystone_authtoken.service_token_roles_required set to False. This is backwards compatible but deprecated behaviour. Please set this to True.
Jan 31 17:21:41.649745 dv-neutron-827101-1-hyperv devstack@n-api.service[117379]: WARNING keystonemiddleware.auth_token [None req-d65b0c10-4f50-4e6c-90be-90d6fbf369db None None] Configuring www_authenticate_uri to point to the public identity endpoint is required; clients may not be able to authenticate against an admin endpoint
Jan 31 17:21:41.675881 dv-neutron-827101-1-hyperv devstack@n-api.service[117378]: WARNING keystonemiddleware.auth_token [None req-c7719d0b-ac93-458d-bb2e-ce4b9a7a5c8e None None] AuthToken middleware is set with keystone_authtoken.service_token_roles_required set to False. This is backwards compatible but deprecated behaviour. Please set this to True.
Jan 31 17:21:41.683025 dv-neutron-827101-1-hyperv devstack@n-api.service[117378]: WARNING keystonemiddleware.auth_token [None req-c7719d0b-ac93-458d-bb2e-ce4b9a7a5c8e None None] Configuring www_authenticate_uri to point to the public identity endpoint is required; clients may not be able to authenticate against an admin endpoint
Jan 31 17:21:42.011496 dv-neutron-827101-1-hyperv devstack@n-api.service[117379]: WARNING keystonemiddleware.auth_token [None req-d65b0c10-4f50-4e6c-90be-90d6fbf369db None None] AuthToken middleware is set with keystone_authtoken.service_token_roles_required set to False. This is backwards compatible but deprecated behaviour. Please set this to True.
Jan 31 17:21:42.019125 dv-neutron-827101-1-hyperv devstack@n-api.service[117379]: WARNING keystonemiddleware.auth_token [None req-d65b0c10-4f50-4e6c-90be-90d6fbf369db None None] Configuring www_authenticate_uri to point to the public identity endpoint is required; clients may not be able to authenticate against an admin endpoint
Jan 31 17:21:42.024995 dv-neutron-827101-1-hyperv devstack@n-api.service[117379]: WSGI app 0 (mountpoint='') ready in 6 seconds on interpreter 0x55ac23ecb9c0 pid: 117379 (default app)
Jan 31 17:21:42.037108 dv-neutron-827101-1-hyperv devstack@n-api.service[117378]: WARNING keystonemiddleware.auth_token [None req-c7719d0b-ac93-458d-bb2e-ce4b9a7a5c8e None None] AuthToken middleware is set with keystone_authtoken.service_token_roles_required set to False. This is backwards compatible but deprecated behaviour. Please set this to True.
Jan 31 17:21:42.042352 dv-neutron-827101-1-hyperv devstack@n-api.service[117378]: WARNING keystonemiddleware.auth_token [None req-c7719d0b-ac93-458d-bb2e-ce4b9a7a5c8e None None] Configuring www_authenticate_uri to point to the public identity endpoint is required; clients may not be able to authenticate against an admin endpoint
Jan 31 17:21:42.047809 dv-neutron-827101-1-hyperv devstack@n-api.service[117378]: WSGI app 0 (mountpoint='') ready in 6 seconds on interpreter 0x55ac23ecb9c0 pid: 117378 (default app)
Jan 31 17:22:27.607447 dv-neutron-827101-1-hyperv devstack@n-api.service[117379]: DEBUG nova.api.openstack.wsgi [None req-427eca95-b10b-4383-96af-23586878792e tempest-ServersTestJSON-199027881 tempest-ServersTestJSON-199027881-project] Action: 'create', calling method: .version_select at 0x7fbb400f0ca0>, body: {"keypair": {"name": "tempest-keypair-139376256"}} {{(pid=117379) _process_stack /opt/stack/nova/nova/api/openstack/wsgi.py:511}}
Jan 31 17:22:27.665598 dv-neutron-827101-1-hyperv devstack@n-api.service[117379]: DEBUG nova.quota [None req-427eca95-b10b-4383-96af-23586878792e tempest-ServersTestJSON-199027881 tempest-ServersTestJSON-199027881-project] Getting quotas for project 2aecd4207d48405baa054f5ef88eaf30. Resources: {'key_pairs'} {{(pid=117379) _get_quotas /opt/stack/nova/nova/quota.py:387}}
Jan 31 17:22:27.674969 dv-neutron-827101-1-hyperv devstack@n-api.service[117379]: DEBUG nova.quota [None req-427eca95-b10b-4383-96af-23586878792e tempest-ServersTestJSON-199027881 tempest-ServersTestJSON-199027881-project] Getting quotas for user 7358907ecbfd4dfc8f3d3c8ea2108e1c and project 2aecd4207d48405baa054f5ef88eaf30. Resources: {'key_pairs'} {{(pid=117379) _get_quotas /opt/stack/nova/nova/quota.py:377}}
Jan 31 17:22:28.332773 dv-neutron-827101-1-hyperv devstack@n-api.service[117379]: DEBUG nova.quota [None req-427eca95-b10b-4383-96af-23586878792e tempest-ServersTestJSON-199027881 tempest-ServersTestJSON-199027881-project] Getting quotas for project 2aecd4207d48405baa054f5ef88eaf30. Resources: {'key_pairs'} {{(pid=117379) _get_quotas /opt/stack/nova/nova/quota.py:387}}
Jan 31 17:22:28.352322 dv-neutron-827101-1-hyperv devstack@n-api.service[117379]: DEBUG nova.quota [None req-427eca95-b10b-4383-96af-23586878792e tempest-ServersTestJSON-199027881 tempest-ServersTestJSON-199027881-project] Getting quotas for user 7358907ecbfd4dfc8f3d3c8ea2108e1c and project 2aecd4207d48405baa054f5ef88eaf30. Resources: {'key_pairs'} {{(pid=117379) _get_quotas /opt/stack/nova/nova/quota.py:377}}
Jan 31 17:22:28.428918 dv-neutron-827101-1-hyperv devstack@n-api.service[117379]: INFO nova.api.openstack.requestlog [None req-427eca95-b10b-4383-96af-23586878792e tempest-ServersTestJSON-199027881 tempest-ServersTestJSON-199027881-project] 10.222.0.96 "POST /compute/v2.1/os-keypairs" status: 200 len: 2300 microversion: 2.1 time: 1.472875
Jan 31 17:22:28.431053 dv-neutron-827101-1-hyperv devstack@n-api.service[117379]: [pid: 117379|app: 0|req: 1/1] 10.222.0.96 () {60 vars in 1157 bytes} [Mon Jan 31 17:22:26 2022] POST /compute/v2.1/os-keypairs => generated 2300 bytes in 1501 msecs (HTTP/1.1 200) 9 headers in 358 bytes (1 switches on core 0)
Jan 31 17:22:30.476370 dv-neutron-827101-1-hyperv devstack@n-api.service[117378]: DEBUG nova.api.openstack.wsgi [None req-b07b02fc-fd85-4f21-8c2a-9a48bb498283 tempest-PortsAdminExtendedAttrsIpV6TestJSON-63173069 tempest-PortsAdminExtendedAttrsIpV6TestJSON-63173069-project-admin] Calling method '.version_select at 0x7fbb400efca0>' {{(pid=117378) _process_stack /opt/stack/nova/nova/api/openstack/wsgi.py:513}}
Jan 31 17:22:30.477947 dv-neutron-827101-1-hyperv devstack@n-api.service[117378]: /usr/local/lib/python3.8/dist-packages/oslo_policy/policy.py:1119: UserWarning: Policy "os_compute_api:os-hypervisors:list": "rule:system_reader_api" failed scope check. The token used to make the request was project scoped but the policy requires ['system'] scope. This behavior may change in the future where using the intended scope is required
Jan 31 17:22:30.477947 dv-neutron-827101-1-hyperv devstack@n-api.service[117378]: warnings.warn(msg)
Jan 31 17:22:30.486021 dv-neutron-827101-1-hyperv devstack@n-api.service[117378]: DEBUG nova.compute.api [None req-b07b02fc-fd85-4f21-8c2a-9a48bb498283 tempest-PortsAdminExtendedAttrsIpV6TestJSON-63173069 tempest-PortsAdminExtendedAttrsIpV6TestJSON-63173069-project-admin] Found 2 cells: 00000000-0000-0000-0000-000000000000(cell0),f4c4e3e5-fbb1-489a-b8aa-37ec3affb0b2(cell1) {{(pid=117378) load_cells /opt/stack/nova/nova/compute/api.py:302}}
Jan 31 17:22:30.487342 dv-neutron-827101-1-hyperv devstack@n-api.service[117378]: DEBUG oslo_concurrency.lockutils [None req-b07b02fc-fd85-4f21-8c2a-9a48bb498283 tempest-PortsAdminExtendedAttrsIpV6TestJSON-63173069 tempest-PortsAdminExtendedAttrsIpV6TestJSON-63173069-project-admin] Lock "f4c4e3e5-fbb1-489a-b8aa-37ec3affb0b2" acquired by "nova.context.set_target_cell..get_or_set_cached_cell_and_set_connections" :: waited 0.000s {{(pid=117378) inner /usr/local/lib/python3.8/dist-packages/oslo_concurrency/lockutils.py:386}}
Jan 31 17:22:30.488001 dv-neutron-827101-1-hyperv devstack@n-api.service[117378]: DEBUG oslo_concurrency.lockutils [None req-b07b02fc-fd85-4f21-8c2a-9a48bb498283 tempest-PortsAdminExtendedAttrsIpV6TestJSON-63173069 tempest-PortsAdminExtendedAttrsIpV6TestJSON-63173069-project-admin] Lock "f4c4e3e5-fbb1-489a-b8aa-37ec3affb0b2" "released" by "nova.context.set_target_cell..get_or_set_cached_cell_and_set_connections" :: held 0.001s {{(pid=117378) inner /usr/local/lib/python3.8/dist-packages/oslo_concurrency/lockutils.py:400}}
Jan 31 17:22:30.534233 dv-neutron-827101-1-hyperv devstack@n-api.service[117378]: DEBUG oslo_concurrency.lockutils [None req-b07b02fc-fd85-4f21-8c2a-9a48bb498283 tempest-PortsAdminExtendedAttrsIpV6TestJSON-63173069 tempest-PortsAdminExtendedAttrsIpV6TestJSON-63173069-project-admin] Lock "f4c4e3e5-fbb1-489a-b8aa-37ec3affb0b2" acquired by "nova.context.set_target_cell..get_or_set_cached_cell_and_set_connections" :: waited 0.000s {{(pid=117378) inner /usr/local/lib/python3.8/dist-packages/oslo_concurrency/lockutils.py:386}}
Jan 31 17:22:30.535850 dv-neutron-827101-1-hyperv devstack@n-api.service[117378]: DEBUG oslo_concurrency.lockutils [None req-b07b02fc-fd85-4f21-8c2a-9a48bb498283 tempest-PortsAdminExtendedAttrsIpV6TestJSON-63173069 tempest-PortsAdminExtendedAttrsIpV6TestJSON-63173069-project-admin] Lock "f4c4e3e5-fbb1-489a-b8aa-37ec3affb0b2" "released" by "nova.context.set_target_cell..get_or_set_cached_cell_and_set_connections" :: held 0.001s {{(pid=117378) inner /usr/local/lib/python3.8/dist-packages/oslo_concurrency/lockutils.py:400}}
Jan 31 17:22:30.556402 dv-neutron-827101-1-hyperv devstack@n-api.service[117378]: INFO nova.api.openstack.requestlog [None req-b07b02fc-fd85-4f21-8c2a-9a48bb498283 tempest-PortsAdminExtendedAttrsIpV6TestJSON-63173069 tempest-PortsAdminExtendedAttrsIpV6TestJSON-63173069-project-admin] 10.222.0.96 "GET /compute/v2.1/os-hypervisors" status: 200 len: 106 microversion: 2.1 time: 1.240176
Jan 31 17:22:30.559531 dv-neutron-827101-1-hyperv devstack@n-api.service[117378]: [pid: 117378|app: 0|req: 1/2] 10.222.0.96 () {58 vars in 1145 bytes} [Mon Jan 31 17:22:29 2022] GET /compute/v2.1/os-hypervisors => generated 106 bytes in 1246 msecs (HTTP/1.1 200) 9 headers in 357 bytes (1 switches on core 0)
Jan 31 17:22:37.014312 dv-neutron-827101-1-hyperv devstack@n-api.service[117379]: DEBUG nova.api.openstack.wsgi [None req-a9743e5d-820c-49ba-b3ff-5626404fa3f6 tempest-ServersTestJSON-199027881 tempest-ServersTestJSON-199027881-project] Action: 'create', calling method: >, body: {"server": {"name": "tempest-ServersTestJSON-server-1199781861", "imageRef": "c0e78f46-33a5-4491-be8c-65e0bb691d75", "flavorRef": "452", "metadata": {"hello": "world"}, "accessIPv4": "1.1.1.1", "accessIPv6": "0000:0000:0000:0000:0000:babe:220.12.22.2", "adminPass": "***", "networks": [{"uuid": "ba3781db-1530-4450-9680-67fd4750806f"}], "security_groups": [{"name": "tempest-securitygroup--642538783"}], "key_name": "tempest-keypair-139376256", "user_data": "IyEvYmluL3NoCmVjaG8gIlByaW50aW5nIHVidW50dSB1c2VyIGF1dGhvcml6ZWQga2V5cyIKY2F0IH51YnVudHUvLnNzaC9hdXRob3JpemVkX2tleXMgfHwgdHJ1ZQo=", "OS-DCF:diskConfig": "}} {{(pid=117379) _process_stack /opt/stack/nova/nova/api/openstack/wsgi.py:511}}
Jan 31 17:22:38.607853 dv-neutron-827101-1-hyperv devstack@n-api.service[117379]: DEBUG nova.network.neutron [None req-a9743e5d-820c-49ba-b3ff-5626404fa3f6 tempest-ServersTestJSON-199027881 tempest-ServersTestJSON-199027881-project] validate_networks() for [('ba3781db-1530-4450-9680-67fd4750806f', None, None, None, None, None)] {{(pid=117379) validate_networks /opt/stack/nova/nova/network/neutron.py:2482}}
Jan 31 17:22:41.381959 dv-neutron-827101-1-hyperv devstack@n-api.service[117379]: DEBUG nova.quota [None req-a9743e5d-820c-49ba-b3ff-5626404fa3f6 tempest-ServersTestJSON-199027881 tempest-ServersTestJSON-199027881-project] Getting quotas for project 2aecd4207d48405baa054f5ef88eaf30. Resources: dict_keys(['metadata_items']) {{(pid=117379) _get_quotas /opt/stack/nova/nova/quota.py:387}}
Jan 31 17:22:41.391348 dv-neutron-827101-1-hyperv devstack@n-api.service[117379]: DEBUG nova.quota [None req-a9743e5d-820c-49ba-b3ff-5626404fa3f6 tempest-ServersTestJSON-199027881 tempest-ServersTestJSON-199027881-project] Getting quotas for user 7358907ecbfd4dfc8f3d3c8ea2108e1c and project 2aecd4207d48405baa054f5ef88eaf30. Resources: dict_keys(['metadata_items']) {{(pid=117379) _get_quotas /opt/stack/nova/nova/quota.py:377}}
Jan 31 17:22:41.435941 dv-neutron-827101-1-hyperv devstack@n-api.service[117379]: DEBUG nova.virt.hardware [None req-a9743e5d-820c-49ba-b3ff-5626404fa3f6 tempest-ServersTestJSON-199027881 tempest-ServersTestJSON-199027881-project] Flavor limits 0:0:0 {{(pid=117379) get_cpu_topology_constraints /opt/stack/nova/nova/virt/hardware.py:343}}
Jan 31 17:22:41.436379 dv-neutron-827101-1-hyperv devstack@n-api.service[117379]: DEBUG nova.virt.hardware [None req-a9743e5d-820c-49ba-b3ff-5626404fa3f6 tempest-ServersTestJSON-199027881 tempest-ServersTestJSON-199027881-project] Image limits 0:0:0 {{(pid=117379) get_cpu_topology_constraints /opt/stack/nova/nova/virt/hardware.py:347}}
Jan 31 17:22:41.436862 dv-neutron-827101-1-hyperv devstack@n-api.service[117379]: DEBUG nova.virt.hardware [None req-a9743e5d-820c-49ba-b3ff-5626404fa3f6 tempest-ServersTestJSON-199027881 tempest-ServersTestJSON-199027881-project] Flavor pref 0:0:0 {{(pid=117379) get_cpu_topology_constraints /opt/stack/nova/nova/virt/hardware.py:383}}
Jan 31 17:22:41.437277 dv-neutron-827101-1-hyperv devstack@n-api.service[117379]: DEBUG nova.virt.hardware [None req-a9743e5d-820c-49ba-b3ff-5626404fa3f6 tempest-ServersTestJSON-199027881 tempest-ServersTestJSON-199027881-project] Image pref 0:0:0 {{(pid=117379) get_cpu_topology_constraints /opt/stack/nova/nova/virt/hardware.py:387}}
Jan 31 17:22:41.437749 dv-neutron-827101-1-hyperv devstack@n-api.service[117379]: DEBUG nova.virt.hardware [None req-a9743e5d-820c-49ba-b3ff-5626404fa3f6 tempest-ServersTestJSON-199027881 tempest-ServersTestJSON-199027881-project] Chose sockets=0, cores=0, threads=0; limits were sockets=65536, cores=65536, threads=65536 {{(pid=117379) get_cpu_topology_constraints /opt/stack/nova/nova/virt/hardware.py:425}}
Jan 31 17:22:41.460768 dv-neutron-827101-1-hyperv devstack@n-api.service[117379]: DEBUG oslo_concurrency.lockutils [None req-a9743e5d-820c-49ba-b3ff-5626404fa3f6 tempest-ServersTestJSON-199027881 tempest-ServersTestJSON-199027881-project] Lock "00000000-0000-0000-0000-000000000000" acquired by "nova.context.set_target_cell..get_or_set_cached_cell_and_set_connections" :: waited 0.000s {{(pid=117379) inner /usr/local/lib/python3.8/dist-packages/oslo_concurrency/lockutils.py:386}}
Jan 31 17:22:41.461178 dv-neutron-827101-1-hyperv devstack@n-api.service[117379]: DEBUG oslo_concurrency.lockutils [None req-a9743e5d-820c-49ba-b3ff-5626404fa3f6 tempest-ServersTestJSON-199027881 tempest-ServersTestJSON-199027881-project] Lock "00000000-0000-0000-0000-000000000000" "released" by "nova.context.set_target_cell..get_or_set_cached_cell_and_set_connections" :: held 0.001s {{(pid=117379) inner /usr/local/lib/python3.8/dist-packages/oslo_concurrency/lockutils.py:400}}
Jan 31 17:22:41.469626 dv-neutron-827101-1-hyperv devstack@n-api.service[117379]: DEBUG oslo_concurrency.lockutils [None req-a9743e5d-820c-49ba-b3ff-5626404fa3f6 tempest-ServersTestJSON-199027881 tempest-ServersTestJSON-199027881-project] Lock "f4c4e3e5-fbb1-489a-b8aa-37ec3affb0b2" acquired by "nova.context.set_target_cell..get_or_set_cached_cell_and_set_connections" :: waited 0.000s {{(pid=117379) inner /usr/local/lib/python3.8/dist-packages/oslo_concurrency/lockutils.py:386}}
Jan 31 17:22:41.470291 dv-neutron-827101-1-hyperv devstack@n-api.service[117379]: DEBUG oslo_concurrency.lockutils [None req-a9743e5d-820c-49ba-b3ff-5626404fa3f6 tempest-ServersTestJSON-199027881 tempest-ServersTestJSON-199027881-project] Lock "f4c4e3e5-fbb1-489a-b8aa-37ec3affb0b2" "released" by "nova.context.set_target_cell..get_or_set_cached_cell_and_set_connections" :: held 0.008s {{(pid=117379) inner /usr/local/lib/python3.8/dist-packages/oslo_concurrency/lockutils.py:400}}
Jan 31 17:22:41.548616 dv-neutron-827101-1-hyperv devstack@n-api.service[117379]: DEBUG nova.quota [None req-a9743e5d-820c-49ba-b3ff-5626404fa3f6 tempest-ServersTestJSON-199027881 tempest-ServersTestJSON-199027881-project] Getting quotas for project 2aecd4207d48405baa054f5ef88eaf30. Resources: {'instances', 'cores', 'ram'} {{(pid=117379) _get_quotas /opt/stack/nova/nova/quota.py:387}}
Jan 31 17:22:41.555385 dv-neutron-827101-1-hyperv devstack@n-api.service[117379]: DEBUG nova.quota [None req-a9743e5d-820c-49ba-b3ff-5626404fa3f6 tempest-ServersTestJSON-199027881 tempest-ServersTestJSON-199027881-project] Getting quotas for user 7358907ecbfd4dfc8f3d3c8ea2108e1c and project 2aecd4207d48405baa054f5ef88eaf30. Resources: {'instances', 'cores', 'ram'} {{(pid=117379) _get_quotas /opt/stack/nova/nova/quota.py:377}}
Jan 31 17:22:41.596706 dv-neutron-827101-1-hyperv devstack@n-api.service[117379]: DEBUG nova.compute.api [None req-a9743e5d-820c-49ba-b3ff-5626404fa3f6 tempest-ServersTestJSON-199027881 tempest-ServersTestJSON-199027881-project] Going to run 1 instances... {{(pid=117379) _provision_instances /opt/stack/nova/nova/compute/api.py:1350}}
Jan 31 17:22:41.604809 dv-neutron-827101-1-hyperv devstack@n-api.service[117379]: DEBUG nova.compute.api [None req-a9743e5d-820c-49ba-b3ff-5626404fa3f6 tempest-ServersTestJSON-199027881 tempest-ServersTestJSON-199027881-project] [instance: a7c6d0ee-1f56-4a28-9a5a-d9e41b57afed] block_device_mapping [BlockDeviceMapping(attachment_id=,boot_index=0,connection_info=None,created_at=,delete_on_termination=True,deleted=,deleted_at=,destination_type='local',device_name=None,device_type='disk',disk_bus=None,guest_format=None,id=,image_id='c0e78f46-33a5-4491-be8c-65e0bb691d75',instance=,instance_uuid=,no_device=False,snapshot_id=None,source_type='image',tag=None,updated_at=,uuid=,volume_id=None,volume_size=None,volume_type=None)] {{(pid=117379) _bdm_validate_set_size_and_instance /opt/stack/nova/nova/compute/api.py:1757}}
Jan 31 17:22:41.842108 dv-neutron-827101-1-hyperv devstack@n-api.service[117379]: INFO nova.api.openstack.requestlog [None req-a9743e5d-820c-49ba-b3ff-5626404fa3f6 tempest-ServersTestJSON-199027881 tempest-ServersTestJSON-199027881-project] 10.222.0.96 "POST /compute/v2.1/servers" status: 202 len: 406 microversion: 2.1 time: 4.825412
Jan 31 17:22:41.846322 dv-neutron-827101-1-hyperv devstack@n-api.service[117379]: [pid: 117379|app: 0|req: 2/3] 10.222.0.96 () {60 vars in 1146 bytes} [Mon Jan 31 17:22:37 2022] POST /compute/v2.1/servers => generated 406 bytes in 4839 msecs (HTTP/1.1 202) 10 headers in 451 bytes (1 switches on core 0)
Jan 31 17:22:41.865554 dv-neutron-827101-1-hyperv devstack@n-api.service[117378]: DEBUG nova.api.openstack.wsgi [None req-9ed8058b-6dc9-43bc-a36e-c1115e5dfcb1 tempest-ServersTestJSON-199027881 tempest-ServersTestJSON-199027881-project] Calling method '>' {{(pid=117378) _process_stack /opt/stack/nova/nova/api/openstack/wsgi.py:513}}
Jan 31 17:22:41.866869 dv-neutron-827101-1-hyperv devstack@n-api.service[117378]: DEBUG nova.compute.api [None req-9ed8058b-6dc9-43bc-a36e-c1115e5dfcb1 tempest-ServersTestJSON-199027881 tempest-ServersTestJSON-199027881-project] [instance: a7c6d0ee-1f56-4a28-9a5a-d9e41b57afed] Fetching instance by UUID {{(pid=117378) get /opt/stack/nova/nova/compute/api.py:2865}}
Jan 31 17:22:44.289314 dv-neutron-827101-1-hyperv devstack@n-api.service[117378]: DEBUG nova.policy [None req-9ed8058b-6dc9-43bc-a36e-c1115e5dfcb1 tempest-ServersTestJSON-199027881 tempest-ServersTestJSON-199027881-project] Policy check for os_compute_api:os-extended-server-attributes failed with credentials {'is_admin': False, 'user_id': '7358907ecbfd4dfc8f3d3c8ea2108e1c', 'user_domain_id': 'default', 'system_scope': None, 'domain_id': None, 'project_id': '2aecd4207d48405baa054f5ef88eaf30', 'project_domain_id': 'default', 'roles': ['reader', 'member'], 'is_admin_project': True, 'service_user_id': None, 'service_user_domain_id': None, 'service_project_id': None, 'service_project_domain_id': None, 'service_roles': []} {{(pid=117378) authorize /opt/stack/nova/nova/policy.py:199}}
Jan 31 17:22:44.317134 dv-neutron-827101-1-hyperv devstack@n-api.service[117378]: INFO nova.api.openstack.requestlog [None req-9ed8058b-6dc9-43bc-a36e-c1115e5dfcb1 tempest-ServersTestJSON-199027881 tempest-ServersTestJSON-199027881-project] 10.222.0.96 "GET /compute/v2.1/servers/a7c6d0ee-1f56-4a28-9a5a-d9e41b57afed" status: 200 len: 1269 microversion: 2.1 time: 2.460217
Jan 31 17:22:44.333556 dv-neutron-827101-1-hyperv devstack@n-api.service[117378]: [pid: 117378|app: 0|req: 2/4] 10.222.0.96 () {58 vars in 1235 bytes} [Mon Jan 31 17:22:41 2022] GET /compute/v2.1/servers/a7c6d0ee-1f56-4a28-9a5a-d9e41b57afed => generated 1269 bytes in 2480 msecs (HTTP/1.1 200) 9 headers in 358 bytes (1 switches on core 0)
Jan 31 17:22:45.341746 dv-neutron-827101-1-hyperv devstack@n-api.service[117379]: DEBUG nova.api.openstack.wsgi [None req-2647ffb7-ec13-4f69-9b47-f0ab71c795ae tempest-ServersTestJSON-199027881 tempest-ServersTestJSON-199027881-project] Calling method '>' {{(pid=117379) _process_stack /opt/stack/nova/nova/api/openstack/wsgi.py:513}}
Jan 31 17:22:45.343080 dv-neutron-827101-1-hyperv devstack@n-api.service[117379]: DEBUG nova.compute.api [None req-2647ffb7-ec13-4f69-9b47-f0ab71c795ae tempest-ServersTestJSON-199027881 tempest-ServersTestJSON-199027881-project] [instance: a7c6d0ee-1f56-4a28-9a5a-d9e41b57afed] Fetching instance by UUID {{(pid=117379) get /opt/stack/nova/nova/compute/api.py:2865}}
Jan 31 17:22:45.421074 dv-neutron-827101-1-hyperv devstack@n-api.service[117379]: DEBUG oslo_concurrency.lockutils [None req-2647ffb7-ec13-4f69-9b47-f0ab71c795ae tempest-ServersTestJSON-199027881 tempest-ServersTestJSON-199027881-project] Lock "f4c4e3e5-fbb1-489a-b8aa-37ec3affb0b2" acquired by "nova.context.set_target_cell..get_or_set_cached_cell_and_set_connections" :: waited 0.000s {{(pid=117379) inner /usr/local/lib/python3.8/dist-packages/oslo_concurrency/lockutils.py:386}}
Jan 31 17:22:45.421590 dv-neutron-827101-1-hyperv devstack@n-api.service[117379]: DEBUG oslo_concurrency.lockutils [None req-2647ffb7-ec13-4f69-9b47-f0ab71c795ae tempest-ServersTestJSON-199027881 tempest-ServersTestJSON-199027881-project] Lock "f4c4e3e5-fbb1-489a-b8aa-37ec3affb0b2" "released" by "nova.context.set_target_cell..get_or_set_cached_cell_and_set_connections" :: held 0.001s {{(pid=117379) inner /usr/local/lib/python3.8/dist-packages/oslo_concurrency/lockutils.py:400}}
Jan 31 17:22:45.422435 dv-neutron-827101-1-hyperv devstack@n-api.service[117379]: DEBUG oslo_concurrency.lockutils [None req-2647ffb7-ec13-4f69-9b47-f0ab71c795ae tempest-ServersTestJSON-199027881 tempest-ServersTestJSON-199027881-project] Lock "f4c4e3e5-fbb1-489a-b8aa-37ec3affb0b2" acquired by "nova.context.set_target_cell..get_or_set_cached_cell_and_set_connections" :: waited 0.000s {{(pid=117379) inner /usr/local/lib/python3.8/dist-packages/oslo_concurrency/lockutils.py:386}}
Jan 31 17:22:45.422885 dv-neutron-827101-1-hyperv devstack@n-api.service[117379]: DEBUG oslo_concurrency.lockutils [None req-2647ffb7-ec13-4f69-9b47-f0ab71c795ae tempest-ServersTestJSON-199027881 tempest-ServersTestJSON-199027881-project] Lock "f4c4e3e5-fbb1-489a-b8aa-37ec3affb0b2" "released" by "nova.context.set_target_cell..get_or_set_cached_cell_and_set_connections" :: held 0.000s {{(pid=117379) inner /usr/local/lib/python3.8/dist-packages/oslo_concurrency/lockutils.py:400}}
Jan 31 17:22:45.953635 dv-neutron-827101-1-hyperv devstack@n-api.service[117379]: DEBUG nova.policy [None req-2647ffb7-ec13-4f69-9b47-f0ab71c795ae tempest-ServersTestJSON-199027881 tempest-ServersTestJSON-199027881-project] Policy check for os_compute_api:os-extended-server-attributes failed with credentials {'is_admin': False, 'user_id': '7358907ecbfd4dfc8f3d3c8ea2108e1c', 'user_domain_id': 'default', 'system_scope': None, 'domain_id': None, 'project_id': '2aecd4207d48405baa054f5ef88eaf30', 'project_domain_id': 'default', 'roles': ['reader', 'member'], 'is_admin_project': True, 'service_user_id': None, 'service_user_domain_id': None, 'service_project_id': None, 'service_project_domain_id': None, 'service_roles': []} {{(pid=117379) authorize /opt/stack/nova/nova/policy.py:199}}
Jan 31 17:22:45.985478 dv-neutron-827101-1-hyperv devstack@n-api.service[117379]: INFO nova.api.openstack.requestlog [None req-2647ffb7-ec13-4f69-9b47-f0ab71c795ae tempest-ServersTestJSON-199027881 tempest-ServersTestJSON-199027881-project] 10.222.0.96 "GET /compute/v2.1/servers/a7c6d0ee-1f56-4a28-9a5a-d9e41b57afed" status: 200 len: 1273 microversion: 2.1 time: 0.647097
Jan 31 17:22:46.000156 dv-neutron-827101-1-hyperv devstack@n-api.service[117379]: [pid: 117379|app: 0|req: 3/5] 10.222.0.96 () {58 vars in 1235 bytes} [Mon Jan 31 17:22:45 2022] GET /compute/v2.1/servers/a7c6d0ee-1f56-4a28-9a5a-d9e41b57afed => generated 1273 bytes in 665 msecs (HTTP/1.1 200) 9 headers in 358 bytes (2 switches on core 0)
Jan 31 17:22:47.005913 dv-neutron-827101-1-hyperv devstack@n-api.service[117378]: DEBUG nova.api.openstack.wsgi [None req-2bcc7601-6417-4749-b0ab-db8e6b3d9ec1 tempest-ServersTestJSON-199027881 tempest-ServersTestJSON-199027881-project] Calling method '>' {{(pid=117378) _process_stack /opt/stack/nova/nova/api/openstack/wsgi.py:513}}
Jan 31 17:22:47.006700 dv-neutron-827101-1-hyperv devstack@n-api.service[117378]: DEBUG nova.compute.api [None req-2bcc7601-6417-4749-b0ab-db8e6b3d9ec1 tempest-ServersTestJSON-199027881 tempest-ServersTestJSON-199027881-project] [instance: a7c6d0ee-1f56-4a28-9a5a-d9e41b57afed] Fetching instance by UUID {{(pid=117378) get /opt/stack/nova/nova/compute/api.py:2865}}
Jan 31 17:22:47.020849 dv-neutron-827101-1-hyperv devstack@n-api.service[117378]: DEBUG oslo_concurrency.lockutils [None req-2bcc7601-6417-4749-b0ab-db8e6b3d9ec1 tempest-ServersTestJSON-199027881 tempest-ServersTestJSON-199027881-project] Lock "f4c4e3e5-fbb1-489a-b8aa-37ec3affb0b2" acquired by "nova.context.set_target_cell..get_or_set_cached_cell_and_set_connections" :: waited 0.000s {{(pid=117378) inner /usr/local/lib/python3.8/dist-packages/oslo_concurrency/lockutils.py:386}}
Jan 31 17:22:47.022152 dv-neutron-827101-1-hyperv devstack@n-api.service[117378]: DEBUG oslo_concurrency.lockutils [None req-2bcc7601-6417-4749-b0ab-db8e6b3d9ec1 tempest-ServersTestJSON-199027881 tempest-ServersTestJSON-199027881-project] Lock "f4c4e3e5-fbb1-489a-b8aa-37ec3affb0b2" "released" by "nova.context.set_target_cell..get_or_set_cached_cell_and_set_connections" :: held 0.001s {{(pid=117378) inner /usr/local/lib/python3.8/dist-packages/oslo_concurrency/lockutils.py:400}}
Jan 31 17:22:47.024197 dv-neutron-827101-1-hyperv devstack@n-api.service[117378]: DEBUG oslo_concurrency.lockutils [None req-2bcc7601-6417-4749-b0ab-db8e6b3d9ec1 tempest-ServersTestJSON-199027881 tempest-ServersTestJSON-199027881-project] Lock "f4c4e3e5-fbb1-489a-b8aa-37ec3affb0b2" acquired by "nova.context.set_target_cell..get_or_set_cached_cell_and_set_connections" :: waited 0.000s {{(pid=117378) inner /usr/local/lib/python3.8/dist-packages/oslo_concurrency/lockutils.py:386}}
Jan 31 17:22:47.025116 dv-neutron-827101-1-hyperv devstack@n-api.service[117378]: DEBUG oslo_concurrency.lockutils [None req-2bcc7601-6417-4749-b0ab-db8e6b3d9ec1 tempest-ServersTestJSON-199027881 tempest-ServersTestJSON-199027881-project] Lock "f4c4e3e5-fbb1-489a-b8aa-37ec3affb0b2" "released" by "nova.context.set_target_cell..get_or_set_cached_cell_and_set_connections" :: held 0.002s {{(pid=117378) inner /usr/local/lib/python3.8/dist-packages/oslo_concurrency/lockutils.py:400}}
Jan 31 17:22:47.327831 dv-neutron-827101-1-hyperv devstack@n-api.service[117378]: DEBUG nova.policy [None req-2bcc7601-6417-4749-b0ab-db8e6b3d9ec1 tempest-ServersTestJSON-199027881 tempest-ServersTestJSON-199027881-project] Policy check for os_compute_api:os-extended-server-attributes failed with credentials {'is_admin': False, 'user_id': '7358907ecbfd4dfc8f3d3c8ea2108e1c', 'user_domain_id': 'default', 'system_scope': None, 'domain_id': None, 'project_id': '2aecd4207d48405baa054f5ef88eaf30', 'project_domain_id': 'default', 'roles': ['reader', 'member'], 'is_admin_project': True, 'service_user_id': None, 'service_user_domain_id': None, 'service_project_id': None, 'service_project_domain_id': None, 'service_roles': []} {{(pid=117378) authorize /opt/stack/nova/nova/policy.py:199}}
Jan 31 17:22:47.373819 dv-neutron-827101-1-hyperv devstack@n-api.service[117378]: INFO nova.api.openstack.requestlog [None req-2bcc7601-6417-4749-b0ab-db8e6b3d9ec1 tempest-ServersTestJSON-199027881 tempest-ServersTestJSON-199027881-project] 10.222.0.96 "GET /compute/v2.1/servers/a7c6d0ee-1f56-4a28-9a5a-d9e41b57afed" status: 200 len: 1327 microversion: 2.1 time: 0.373631
Jan 31 17:22:47.374901 dv-neutron-827101-1-hyperv devstack@n-api.service[117378]: [pid: 117378|app: 0|req: 3/6] 10.222.0.96 () {58 vars in 1235 bytes} [Mon Jan 31 17:22:46 2022] GET /compute/v2.1/servers/a7c6d0ee-1f56-4a28-9a5a-d9e41b57afed => generated 1327 bytes in 376 msecs (HTTP/1.1 200) 9 headers in 358 bytes (1 switches on core 0)
Jan 31 17:22:47.895523 dv-neutron-827101-1-hyperv devstack@n-api.service[117379]: DEBUG nova.api.openstack.wsgi [None req-d1d09458-f0dd-42c4-b2c9-cdb187a4fd09 tempest-ServerActionsTestJSON-1164615939 tempest-ServerActionsTestJSON-1164615939-project] Action: 'create', calling method: .version_select at 0x7fbb3e643430>, body: {"keypair": {"name": "tempest-keypair-1885282000"}} {{(pid=117379) _process_stack /opt/stack/nova/nova/api/openstack/wsgi.py:511}}
Jan 31 17:22:47.927305 dv-neutron-827101-1-hyperv devstack@n-api.service[117379]: DEBUG nova.quota [None req-d1d09458-f0dd-42c4-b2c9-cdb187a4fd09 tempest-ServerActionsTestJSON-1164615939 tempest-ServerActionsTestJSON-1164615939-project] Getting quotas for project 0441e15b19ab4375a35fed2869ac662a. Resources: {'key_pairs'} {{(pid=117379) _get_quotas /opt/stack/nova/nova/quota.py:387}}
Jan 31 17:22:47.940896 dv-neutron-827101-1-hyperv devstack@n-api.service[117379]: DEBUG nova.quota [None req-d1d09458-f0dd-42c4-b2c9-cdb187a4fd09 tempest-ServerActionsTestJSON-1164615939 tempest-ServerActionsTestJSON-1164615939-project] Getting quotas for user 60ca03b3b0a7435fbae6d858822d60c7 and project 0441e15b19ab4375a35fed2869ac662a. Resources: {'key_pairs'} {{(pid=117379) _get_quotas /opt/stack/nova/nova/quota.py:377}}
Jan 31 17:22:48.417899 dv-neutron-827101-1-hyperv devstack@n-api.service[117379]: DEBUG nova.quota [None req-d1d09458-f0dd-42c4-b2c9-cdb187a4fd09 tempest-ServerActionsTestJSON-1164615939 tempest-ServerActionsTestJSON-1164615939-project] Getting quotas for project 0441e15b19ab4375a35fed2869ac662a. Resources: {'key_pairs'} {{(pid=117379) _get_quotas /opt/stack/nova/nova/quota.py:387}}
Jan 31 17:22:48.421296 dv-neutron-827101-1-hyperv devstack@n-api.service[117378]: DEBUG nova.api.openstack.wsgi [None req-faaa19bf-0969-4cb5-85a6-c3131e68c550 tempest-ServersTestJSON-199027881 tempest-ServersTestJSON-199027881-project] Calling method '>' {{(pid=117378) _process_stack /opt/stack/nova/nova/api/openstack/wsgi.py:513}}
Jan 31 17:22:48.422039 dv-neutron-827101-1-hyperv devstack@n-api.service[117378]: DEBUG nova.compute.api [None req-faaa19bf-0969-4cb5-85a6-c3131e68c550 tempest-ServersTestJSON-199027881 tempest-ServersTestJSON-199027881-project] [instance: a7c6d0ee-1f56-4a28-9a5a-d9e41b57afed] Fetching instance by UUID {{(pid=117378) get /opt/stack/nova/nova/compute/api.py:2865}}
Jan 31 17:22:48.432906 dv-neutron-827101-1-hyperv devstack@n-api.service[117379]: DEBUG nova.quota [None req-d1d09458-f0dd-42c4-b2c9-cdb187a4fd09 tempest-ServerActionsTestJSON-1164615939 tempest-ServerActionsTestJSON-1164615939-project] Getting quotas for user 60ca03b3b0a7435fbae6d858822d60c7 and project 0441e15b19ab4375a35fed2869ac662a. Resources: {'key_pairs'} {{(pid=117379) _get_quotas /opt/stack/nova/nova/quota.py:377}}
Jan 31 17:22:48.443087 dv-neutron-827101-1-hyperv devstack@n-api.service[117378]: DEBUG oslo_concurrency.lockutils [None req-faaa19bf-0969-4cb5-85a6-c3131e68c550 tempest-ServersTestJSON-199027881 tempest-ServersTestJSON-199027881-project] Lock "f4c4e3e5-fbb1-489a-b8aa-37ec3affb0b2" acquired by "nova.context.set_target_cell..get_or_set_cached_cell_and_set_connections" :: waited 0.003s {{(pid=117378) inner /usr/local/lib/python3.8/dist-packages/oslo_concurrency/lockutils.py:386}}
Jan 31 17:22:48.447646 dv-neutron-827101-1-hyperv devstack@n-api.service[117378]: DEBUG oslo_concurrency.lockutils [None req-faaa19bf-0969-4cb5-85a6-c3131e68c550 tempest-ServersTestJSON-199027881 tempest-ServersTestJSON-199027881-project] Lock "f4c4e3e5-fbb1-489a-b8aa-37ec3affb0b2" "released" by "nova.context.set_target_cell..get_or_set_cached_cell_and_set_connections" :: held 0.004s {{(pid=117378) inner /usr/local/lib/python3.8/dist-packages/oslo_concurrency/lockutils.py:400}}
Jan 31 17:22:48.452855 dv-neutron-827101-1-hyperv devstack@n-api.service[117378]: DEBUG oslo_concurrency.lockutils [None req-faaa19bf-0969-4cb5-85a6-c3131e68c550 tempest-ServersTestJSON-199027881 tempest-ServersTestJSON-199027881-project] Lock "f4c4e3e5-fbb1-489a-b8aa-37ec3affb0b2" acquired by "nova.context.set_target_cell..get_or_set_cached_cell_and_set_connections" :: waited 0.000s {{(pid=117378) inner /usr/local/lib/python3.8/dist-packages/oslo_concurrency/lockutils.py:386}}
Jan 31 17:22:48.454830 dv-neutron-827101-1-hyperv devstack@n-api.service[117378]: DEBUG oslo_concurrency.lockutils [None req-faaa19bf-0969-4cb5-85a6-c3131e68c550 tempest-ServersTestJSON-199027881 tempest-ServersTestJSON-199027881-project] Lock "f4c4e3e5-fbb1-489a-b8aa-37ec3affb0b2" "released" by "nova.context.set_target_cell..get_or_set_cached_cell_and_set_connections" :: held 0.005s {{(pid=117378) inner /usr/local/lib/python3.8/dist-packages/oslo_concurrency/lockutils.py:400}}
Jan 31 17:22:48.501755 dv-neutron-827101-1-hyperv devstack@n-api.service[117379]: INFO nova.api.openstack.requestlog [None req-d1d09458-f0dd-42c4-b2c9-cdb187a4fd09 tempest-ServerActionsTestJSON-1164615939 tempest-ServerActionsTestJSON-1164615939-project] 10.222.0.96 "POST /compute/v2.1/os-keypairs" status: 200 len: 2305 microversion: 2.1 time: 0.858820
Jan 31 17:22:48.506083 dv-neutron-827101-1-hyperv devstack@n-api.service[117379]: [pid: 117379|app: 0|req: 4/7] 10.222.0.96 () {60 vars in 1157 bytes} [Mon Jan 31 17:22:47 2022] POST /compute/v2.1/os-keypairs => generated 2305 bytes in 865 msecs (HTTP/1.1 200) 9 headers in 358 bytes (1 switches on core 0)
Jan 31 17:22:48.813354 dv-neutron-827101-1-hyperv devstack@n-api.service[117378]: DEBUG nova.policy [None req-faaa19bf-0969-4cb5-85a6-c3131e68c550 tempest-ServersTestJSON-199027881 tempest-ServersTestJSON-199027881-project] Policy check for os_compute_api:os-extended-server-attributes failed with credentials {'is_admin': False, 'user_id': '7358907ecbfd4dfc8f3d3c8ea2108e1c', 'user_domain_id': 'default', 'system_scope': None, 'domain_id': None, 'project_id': '2aecd4207d48405baa054f5ef88eaf30', 'project_domain_id': 'default', 'roles': ['reader', 'member'], 'is_admin_project': True, 'service_user_id': None, 'service_user_domain_id': None, 'service_project_id': None, 'service_project_domain_id': None, 'service_roles': []} {{(pid=117378) authorize /opt/stack/nova/nova/policy.py:199}}
Jan 31 17:22:48.827867 dv-neutron-827101-1-hyperv devstack@n-api.service[117378]: INFO nova.api.openstack.requestlog [None req-faaa19bf-0969-4cb5-85a6-c3131e68c550 tempest-ServersTestJSON-199027881 tempest-ServersTestJSON-199027881-project] 10.222.0.96 "GET /compute/v2.1/servers/a7c6d0ee-1f56-4a28-9a5a-d9e41b57afed" status: 200 len: 1327 microversion: 2.1 time: 0.411662
Jan 31 17:22:48.838842 dv-neutron-827101-1-hyperv devstack@n-api.service[117378]: [pid: 117378|app: 0|req: 4/8] 10.222.0.96 () {58 vars in 1235 bytes} [Mon Jan 31 17:22:48 2022] GET /compute/v2.1/servers/a7c6d0ee-1f56-4a28-9a5a-d9e41b57afed => generated 1327 bytes in 423 msecs (HTTP/1.1 200) 9 headers in 358 bytes (1 switches on core 0)
Jan 31 17:22:49.845609 dv-neutron-827101-1-hyperv devstack@n-api.service[117379]: DEBUG nova.api.openstack.wsgi [None req-6d82fa6c-51c6-4bac-80ff-f68ebf992663 tempest-ServersTestJSON-199027881 tempest-ServersTestJSON-199027881-project] Calling method '>' {{(pid=117379) _process_stack /opt/stack/nova/nova/api/openstack/wsgi.py:513}}
Jan 31 17:22:49.847222 dv-neutron-827101-1-hyperv devstack@n-api.service[117379]: DEBUG nova.compute.api [None req-6d82fa6c-51c6-4bac-80ff-f68ebf992663 tempest-ServersTestJSON-199027881 tempest-ServersTestJSON-199027881-project] [instance: a7c6d0ee-1f56-4a28-9a5a-d9e41b57afed] Fetching instance by UUID {{(pid=117379) get /opt/stack/nova/nova/compute/api.py:2865}}
Jan 31 17:22:49.856490 dv-neutron-827101-1-hyperv devstack@n-api.service[117379]: DEBUG oslo_concurrency.lockutils [None req-6d82fa6c-51c6-4bac-80ff-f68ebf992663 tempest-ServersTestJSON-199027881 tempest-ServersTestJSON-199027881-project] Lock "f4c4e3e5-fbb1-489a-b8aa-37ec3affb0b2" acquired by "nova.context.set_target_cell..get_or_set_cached_cell_and_set_connections" :: waited 0.000s {{(pid=117379) inner /usr/local/lib/python3.8/dist-packages/oslo_concurrency/lockutils.py:386}}
Jan 31 17:22:49.862751 dv-neutron-827101-1-hyperv devstack@n-api.service[117379]: DEBUG oslo_concurrency.lockutils [None req-6d82fa6c-51c6-4bac-80ff-f68ebf992663 tempest-ServersTestJSON-199027881 tempest-ServersTestJSON-199027881-project] Lock "f4c4e3e5-fbb1-489a-b8aa-37ec3affb0b2" "released" by "nova.context.set_target_cell..get_or_set_cached_cell_and_set_connections" :: held 0.006s {{(pid=117379) inner /usr/local/lib/python3.8/dist-packages/oslo_concurrency/lockutils.py:400}}
Jan 31 17:22:49.864228 dv-neutron-827101-1-hyperv devstack@n-api.service[117379]: DEBUG oslo_concurrency.lockutils [None req-6d82fa6c-51c6-4bac-80ff-f68ebf992663 tempest-ServersTestJSON-199027881 tempest-ServersTestJSON-199027881-project] Lock "f4c4e3e5-fbb1-489a-b8aa-37ec3affb0b2" acquired by "nova.context.set_target_cell..get_or_set_cached_cell_and_set_connections" :: waited 0.000s {{(pid=117379) inner /usr/local/lib/python3.8/dist-packages/oslo_concurrency/lockutils.py:386}}
Jan 31 17:22:49.875944 dv-neutron-827101-1-hyperv devstack@n-api.service[117379]: DEBUG oslo_concurrency.lockutils [None req-6d82fa6c-51c6-4bac-80ff-f68ebf992663 tempest-ServersTestJSON-199027881 tempest-ServersTestJSON-199027881-project] Lock "f4c4e3e5-fbb1-489a-b8aa-37ec3affb0b2" "released" by "nova.context.set_target_cell..get_or_set_cached_cell_and_set_connections" :: held 0.006s {{(pid=117379) inner /usr/local/lib/python3.8/dist-packages/oslo_concurrency/lockutils.py:400}}
Jan 31 17:22:50.209141 dv-neutron-827101-1-hyperv devstack@n-api.service[117378]: DEBUG nova.api.openstack.wsgi [None req-ba531560-a449-44f4-9d3b-d17c7ab4feac tempest-ServersTestManualDisk-1305913453 tempest-ServersTestManualDisk-1305913453-project] Action: 'create', calling method: .version_select at 0x7fbb3fe444c0>, body: {"keypair": {"name": "tempest-keypair-864062979"}} {{(pid=117378) _process_stack /opt/stack/nova/nova/api/openstack/wsgi.py:511}}
Jan 31 17:22:50.326163 dv-neutron-827101-1-hyperv devstack@n-api.service[117378]: DEBUG nova.quota [None req-ba531560-a449-44f4-9d3b-d17c7ab4feac tempest-ServersTestManualDisk-1305913453 tempest-ServersTestManualDisk-1305913453-project] Getting quotas for project 9e38611bd89f43a68eb4f20b62114ef0. Resources: {'key_pairs'} {{(pid=117378) _get_quotas /opt/stack/nova/nova/quota.py:387}}
Jan 31 17:22:50.354656 dv-neutron-827101-1-hyperv devstack@n-api.service[117378]: DEBUG nova.quota [None req-ba531560-a449-44f4-9d3b-d17c7ab4feac tempest-ServersTestManualDisk-1305913453 tempest-ServersTestManualDisk-1305913453-project] Getting quotas for user ef750790357a45e2a525c4ca787d0ae3 and project 9e38611bd89f43a68eb4f20b62114ef0. Resources: {'key_pairs'} {{(pid=117378) _get_quotas /opt/stack/nova/nova/quota.py:377}}
Jan 31 17:22:50.713074 dv-neutron-827101-1-hyperv devstack@n-api.service[117378]: DEBUG nova.quota [None req-ba531560-a449-44f4-9d3b-d17c7ab4feac tempest-ServersTestManualDisk-1305913453 tempest-ServersTestManualDisk-1305913453-project] Getting quotas for project 9e38611bd89f43a68eb4f20b62114ef0. Resources: {'key_pairs'} {{(pid=117378) _get_quotas /opt/stack/nova/nova/quota.py:387}}
Jan 31 17:22:50.724739 dv-neutron-827101-1-hyperv devstack@n-api.service[117378]: DEBUG nova.quota [None req-ba531560-a449-44f4-9d3b-d17c7ab4feac tempest-ServersTestManualDisk-1305913453 tempest-ServersTestManualDisk-1305913453-project] Getting quotas for user ef750790357a45e2a525c4ca787d0ae3 and project 9e38611bd89f43a68eb4f20b62114ef0. Resources: {'key_pairs'} {{(pid=117378) _get_quotas /opt/stack/nova/nova/quota.py:377}}
Jan 31 17:22:50.756381 dv-neutron-827101-1-hyperv devstack@n-api.service[117378]: INFO nova.api.openstack.requestlog [None req-ba531560-a449-44f4-9d3b-d17c7ab4feac tempest-ServersTestManualDisk-1305913453 tempest-ServersTestManualDisk-1305913453-project] 10.222.0.96 "POST /compute/v2.1/os-keypairs" status: 200 len: 2304 microversion: 2.1 time: 0.775119
Jan 31 17:22:50.764581 dv-neutron-827101-1-hyperv devstack@n-api.service[117378]: [pid: 117378|app: 0|req: 5/9] 10.222.0.96 () {60 vars in 1157 bytes} [Mon Jan 31 17:22:49 2022] POST /compute/v2.1/os-keypairs => generated 2304 bytes in 783 msecs (HTTP/1.1 200) 9 headers in 358 bytes (1 switches on core 0)
Jan 31 17:22:51.072983 dv-neutron-827101-1-hyperv devstack@n-api.service[117379]: DEBUG nova.policy [None req-6d82fa6c-51c6-4bac-80ff-f68ebf992663 tempest-ServersTestJSON-199027881 tempest-ServersTestJSON-199027881-project] Policy check for os_compute_api:os-extended-server-attributes failed with credentials {'is_admin': False, 'user_id': '7358907ecbfd4dfc8f3d3c8ea2108e1c', 'user_domain_id': 'default', 'system_scope': None, 'domain_id': None, 'project_id': '2aecd4207d48405baa054f5ef88eaf30', 'project_domain_id': 'default', 'roles': ['reader', 'member'], 'is_admin_project': True, 'service_user_id': None, 'service_user_domain_id': None, 'service_project_id': None, 'service_project_domain_id': None, 'service_roles': []} {{(pid=117379) authorize /opt/stack/nova/nova/policy.py:199}}
Jan 31 17:22:51.111891 dv-neutron-827101-1-hyperv devstack@n-api.service[117379]: INFO nova.api.openstack.requestlog [None req-6d82fa6c-51c6-4bac-80ff-f68ebf992663 tempest-ServersTestJSON-199027881 tempest-ServersTestJSON-199027881-project] 10.222.0.96 "GET /compute/v2.1/servers/a7c6d0ee-1f56-4a28-9a5a-d9e41b57afed" status: 200 len: 1327 microversion: 2.1 time: 1.251021
Jan 31 17:22:51.116763 dv-neutron-827101-1-hyperv devstack@n-api.service[117379]: [pid: 117379|app: 0|req: 5/10] 10.222.0.96 () {58 vars in 1235 bytes} [Mon Jan 31 17:22:49 2022] GET /compute/v2.1/servers/a7c6d0ee-1f56-4a28-9a5a-d9e41b57afed => generated 1327 bytes in 1276 msecs (HTTP/1.1 200) 9 headers in 358 bytes (1 switches on core 0)
Jan 31 17:22:52.149060 dv-neutron-827101-1-hyperv devstack@n-api.service[117378]: DEBUG nova.api.openstack.wsgi [None req-2e561236-e632-4467-bd58-7799078f4c12 tempest-ServersTestJSON-199027881 tempest-ServersTestJSON-199027881-project] Calling method '>' {{(pid=117378) _process_stack /opt/stack/nova/nova/api/openstack/wsgi.py:513}}
Jan 31 17:22:52.149769 dv-neutron-827101-1-hyperv devstack@n-api.service[117378]: DEBUG nova.compute.api [None req-2e561236-e632-4467-bd58-7799078f4c12 tempest-ServersTestJSON-199027881 tempest-ServersTestJSON-199027881-project] [instance: a7c6d0ee-1f56-4a28-9a5a-d9e41b57afed] Fetching instance by UUID {{(pid=117378) get /opt/stack/nova/nova/compute/api.py:2865}}
Jan 31 17:22:52.160963 dv-neutron-827101-1-hyperv devstack@n-api.service[117378]: DEBUG oslo_concurrency.lockutils [None req-2e561236-e632-4467-bd58-7799078f4c12 tempest-ServersTestJSON-199027881 tempest-ServersTestJSON-199027881-project] Lock "f4c4e3e5-fbb1-489a-b8aa-37ec3affb0b2" acquired by "nova.context.set_target_cell..get_or_set_cached_cell_and_set_connections" :: waited 0.000s {{(pid=117378) inner /usr/local/lib/python3.8/dist-packages/oslo_concurrency/lockutils.py:386}}
Jan 31 17:22:52.161458 dv-neutron-827101-1-hyperv devstack@n-api.service[117378]: DEBUG oslo_concurrency.lockutils [None req-2e561236-e632-4467-bd58-7799078f4c12 tempest-ServersTestJSON-199027881 tempest-ServersTestJSON-199027881-project] Lock "f4c4e3e5-fbb1-489a-b8aa-37ec3affb0b2" "released" by "nova.context.set_target_cell..get_or_set_cached_cell_and_set_connections" :: held 0.001s {{(pid=117378) inner /usr/local/lib/python3.8/dist-packages/oslo_concurrency/lockutils.py:400}}
Jan 31 17:22:52.170194 dv-neutron-827101-1-hyperv devstack@n-api.service[117378]: DEBUG oslo_concurrency.lockutils [None req-2e561236-e632-4467-bd58-7799078f4c12 tempest-ServersTestJSON-199027881 tempest-ServersTestJSON-199027881-project] Lock "f4c4e3e5-fbb1-489a-b8aa-37ec3affb0b2" acquired by "nova.context.set_target_cell..get_or_set_cached_cell_and_set_connections" :: waited 0.000s {{(pid=117378) inner /usr/local/lib/python3.8/dist-packages/oslo_concurrency/lockutils.py:386}}
Jan 31 17:22:52.171010 dv-neutron-827101-1-hyperv devstack@n-api.service[117378]: DEBUG oslo_concurrency.lockutils [None req-2e561236-e632-4467-bd58-7799078f4c12 tempest-ServersTestJSON-199027881 tempest-ServersTestJSON-199027881-project] Lock "f4c4e3e5-fbb1-489a-b8aa-37ec3affb0b2" "released" by "nova.context.set_target_cell..get_or_set_cached_cell_and_set_connections" :: held 0.004s {{(pid=117378) inner /usr/local/lib/python3.8/dist-packages/oslo_concurrency/lockutils.py:400}}
