Jan 31 12:01:41.606461 dv-neutron-827057-1-hyperv neutron-server[102183]: DEBUG neutron_lib.callbacks.manager [None req-24484960-78f3-460f-bcb1-8d6dc62525b6 None None] Notify callbacks ['neutron.plugins.ml2.plugin.Ml2Plugin._port_provisioned-7882005'] for port, provisioning_complete {{(pid=102183) _notify_loop /usr/local/lib/python3.8/dist-packages/neutron_lib/callbacks/manager.py:192}}
Jan 31 12:01:41.657329 dv-neutron-827057-1-hyperv neutron-server[102182]: DEBUG neutron.api.rpc.handlers.resources_rpc [None req-dc8f6aad-f604-4050-a056-7f91a20df2d7 tempest-PortsAdminExtendedAttrsIpV6TestJSON-471927337 tempest-PortsAdminExtendedAttrsIpV6TestJSON-471927337-project-admin] Pushing event deleted for resources: {'Port': ['ID=ba13aeb4-2450-4e97-ab29-af196c976981,revision_number=None']} {{(pid=102182) push /opt/stack/neutron/neutron/api/rpc/handlers/resources_rpc.py:237}}
Jan 31 12:01:41.659675 dv-neutron-827057-1-hyperv neutron-server[102181]: DEBUG neutron_lib.callbacks.manager [None req-5cee5da6-a426-492d-8a50-9ae7c139eb16 tempest-RoutersAdminTest-1079900243 tempest-RoutersAdminTest-1079900243-project-admin] Notify callbacks ['neutron.services.l3_router.l3_router_plugin.L3_HA_NAT_db_mixin._cleanup_ha_network_handler-632259'] for router, after_delete {{(pid=102181) _notify_loop /usr/local/lib/python3.8/dist-packages/neutron_lib/callbacks/manager.py:192}}
Jan 31 12:01:41.661440 dv-neutron-827057-1-hyperv neutron-server[102181]: DEBUG neutron.api.rpc.agentnotifiers.l3_rpc_agent_api [None req-5cee5da6-a426-492d-8a50-9ae7c139eb16 tempest-RoutersAdminTest-1079900243 tempest-RoutersAdminTest-1079900243-project-admin] Fanout notify agent at l3_agent the message router_deleted on router a9febb4d-dd67-4c9d-906b-634d44f86dec {{(pid=102181) _notification_fanout /opt/stack/neutron/neutron/api/rpc/agentnotifiers/l3_rpc_agent_api.py:114}}
Jan 31 12:01:41.668634 dv-neutron-827057-1-hyperv neutron-server[102182]: DEBUG neutron_lib.callbacks.manager [None req-dc8f6aad-f604-4050-a056-7f91a20df2d7 tempest-PortsAdminExtendedAttrsIpV6TestJSON-471927337 tempest-PortsAdminExtendedAttrsIpV6TestJSON-471927337-project-admin] Notify callbacks ['neutron.notifiers.nova.Notifier._send_nova_notification-8437'] for port, before_response {{(pid=102182) _notify_loop /usr/local/lib/python3.8/dist-packages/neutron_lib/callbacks/manager.py:192}}
Jan 31 12:01:41.674804 dv-neutron-827057-1-hyperv neutron-server[102182]: INFO neutron.wsgi [None req-dc8f6aad-f604-4050-a056-7f91a20df2d7 tempest-PortsAdminExtendedAttrsIpV6TestJSON-471927337 tempest-PortsAdminExtendedAttrsIpV6TestJSON-471927337-project-admin] 10.222.0.39 "DELETE /v2.0/ports/ba13aeb4-2450-4e97-ab29-af196c976981 HTTP/1.1" status: 204 len: 168 time: 1.5397747
Jan 31 12:01:41.674804 dv-neutron-827057-1-hyperv neutron-server[102182]: DEBUG neutron.scheduler.base_scheduler [None req-e6e3f97a-5b2f-42cf-874b-f7e00dfbe095 tempest-PortsIpV6TestJSON-1858965988 tempest-PortsIpV6TestJSON-1858965988-project] Resources bound (agent type, host, resource id): (DHCP agent, dv-neutron-827057-1-hyperv, 2f2b89f5-7f22-40de-bdf6-98b6f3f243db) {{(pid=102182) schedule /opt/stack/neutron/neutron/scheduler/base_scheduler.py:57}}
Jan 31 12:01:41.679296 dv-neutron-827057-1-hyperv neutron-server[102182]: DEBUG neutron.wsgi [-] (102182) accepted ('10.222.0.39', 33780) {{(pid=102182) server /usr/local/lib/python3.8/dist-packages/eventlet/wsgi.py:982}}
Jan 31 12:01:41.687121 dv-neutron-827057-1-hyperv neutron-server[102181]: DEBUG neutron_lib.callbacks.manager [None req-5cee5da6-a426-492d-8a50-9ae7c139eb16 tempest-RoutersAdminTest-1079900243 tempest-RoutersAdminTest-1079900243-project-admin] Notify callbacks [] for router, before_response {{(pid=102181) _notify_loop /usr/local/lib/python3.8/dist-packages/neutron_lib/callbacks/manager.py:192}}
Jan 31 12:01:41.691328 dv-neutron-827057-1-hyperv neutron-server[102181]: INFO neutron.wsgi [None req-5cee5da6-a426-492d-8a50-9ae7c139eb16 tempest-RoutersAdminTest-1079900243 tempest-RoutersAdminTest-1079900243-project-admin] 10.222.0.39 "DELETE /v2.0/routers/a9febb4d-dd67-4c9d-906b-634d44f86dec HTTP/1.1" status: 204 len: 168 time: 4.6865208
Jan 31 12:01:41.696682 dv-neutron-827057-1-hyperv neutron-server[102182]: DEBUG neutron.db.l3_dvrscheduler_db [None req-e6e3f97a-5b2f-42cf-874b-f7e00dfbe095 tempest-PortsIpV6TestJSON-1858965988 tempest-PortsIpV6TestJSON-1858965988-project] Received port after_create {{(pid=102182) _notify_l3_agent_new_port /opt/stack/neutron/neutron/db/l3_dvrscheduler_db.py:536}}
Jan 31 12:01:41.701527 dv-neutron-827057-1-hyperv neutron-server[102181]: DEBUG neutron.wsgi [-] (102181) accepted ('10.222.0.39', 33782) {{(pid=102181) server /usr/local/lib/python3.8/dist-packages/eventlet/wsgi.py:982}}
Jan 31 12:01:41.708082 dv-neutron-827057-1-hyperv neutron-server[102183]: DEBUG neutron.api.rpc.handlers.dhcp_rpc [None req-4116a609-f157-464b-bdac-023a1a0cc26d None None] Network 2f2b89f5-7f22-40de-bdf6-98b6f3f243db requested from dv-neutron-827057-1-hyperv {{(pid=102183) get_network_info /opt/stack/neutron/neutron/api/rpc/handlers/dhcp_rpc.py:218}}
Jan 31 12:01:41.714927 dv-neutron-827057-1-hyperv neutron-server[102182]: DEBUG neutron.pecan_wsgi.hooks.policy_enforcement [None req-e6e3f97a-5b2f-42cf-874b-f7e00dfbe095 tempest-PortsIpV6TestJSON-1858965988 tempest-PortsIpV6TestJSON-1858965988-project] Attributes excluded by policy engine: ['standard_attr_id', 'binding:host_id', 'binding:profile', 'binding:vif_type', 'binding:vif_details', 'network'] {{(pid=102182) _exclude_attributes_by_policy /opt/stack/neutron/neutron/pecan_wsgi/hooks/policy_enforcement.py:255}}
Jan 31 12:01:41.725167 dv-neutron-827057-1-hyperv neutron-server[102182]: DEBUG neutron.pecan_wsgi.hooks.policy_enforcement [None req-e6e3f97a-5b2f-42cf-874b-f7e00dfbe095 tempest-PortsIpV6TestJSON-1858965988 tempest-PortsIpV6TestJSON-1858965988-project] Attributes excluded by policy engine: ['standard_attr_id', 'binding:host_id', 'binding:profile', 'binding:vif_type', 'binding:vif_details', 'network'] {{(pid=102182) _exclude_attributes_by_policy /opt/stack/neutron/neutron/pecan_wsgi/hooks/policy_enforcement.py:255}}
Jan 31 12:01:41.725895 dv-neutron-827057-1-hyperv neutron-server[102182]: DEBUG neutron_lib.callbacks.manager [None req-e6e3f97a-5b2f-42cf-874b-f7e00dfbe095 tempest-PortsIpV6TestJSON-1858965988 tempest-PortsIpV6TestJSON-1858965988-project] Notify callbacks ['neutron.notifiers.nova.Notifier._send_nova_notification-8437'] for port, before_response {{(pid=102182) _notify_loop /usr/local/lib/python3.8/dist-packages/neutron_lib/callbacks/manager.py:192}}
Jan 31 12:01:41.847192 dv-neutron-827057-1-hyperv neutron-server[102181]: DEBUG neutron_lib.callbacks.manager [None req-da18ba7d-1670-4f03-8f92-5c0fd383b71b tempest-RoutersIpV6AdminTest-382467777 tempest-RoutersIpV6AdminTest-382467777-project-admin] Notify callbacks ['neutron.plugins.ml2.plugin.Ml2Plugin._network_delete_precommit_handler-7884186', 'neutron.services.segments.db._delete_segments_for_network-8791491422401'] for network, precommit_delete {{(pid=102181) _notify_loop /usr/local/lib/python3.8/dist-packages/neutron_lib/callbacks/manager.py:192}}
Jan 31 12:01:41.867558 dv-neutron-827057-1-hyperv neutron-server[102182]: DEBUG neutron_lib.callbacks.manager [None req-1c3b9e5a-25b3-4df4-8a84-a41159bb5142 admin admin] Notify callbacks [] for security_group, precommit_create {{(pid=102182) _notify_loop /usr/local/lib/python3.8/dist-packages/neutron_lib/callbacks/manager.py:192}}
Jan 31 12:01:41.869407 dv-neutron-827057-1-hyperv neutron-server[102182]: INFO neutron.pecan_wsgi.hooks.translation [None req-b759ead1-08fc-46bf-8214-a7425120a387 tempest-PortsAdminExtendedAttrsIpV6TestJSON-471927337 tempest-PortsAdminExtendedAttrsIpV6TestJSON-471927337-project-admin] GET failed (client error): The resource could not be found.
Jan 31 12:01:41.871671 dv-neutron-827057-1-hyperv neutron-server[102182]: INFO neutron.wsgi [None req-b759ead1-08fc-46bf-8214-a7425120a387 tempest-PortsAdminExtendedAttrsIpV6TestJSON-471927337 tempest-PortsAdminExtendedAttrsIpV6TestJSON-471927337-project-admin] 10.222.0.39 "GET /v2.0/ports/ba13aeb4-2450-4e97-ab29-af196c976981 HTTP/1.1" status: 404 len: 333 time: 0.1912072
Jan 31 12:01:41.875234 dv-neutron-827057-1-hyperv neutron-server[102182]: DEBUG neutron.wsgi [-] (102182) accepted ('10.222.0.39', 33786) {{(pid=102182) server /usr/local/lib/python3.8/dist-packages/eventlet/wsgi.py:982}}
Jan 31 12:01:41.881233 dv-neutron-827057-1-hyperv neutron-server[102182]: DEBUG neutron.api.v2.base [None req-bb81fe84-a124-4d0c-ae2e-f95e4bff6411 tempest-PortsAdminExtendedAttrsIpV6TestJSON-471927337 tempest-PortsAdminExtendedAttrsIpV6TestJSON-471927337-project-admin] Request body: {'port': {'network_id': '6777691c-c351-4103-9ad2-2c3514234df0', 'name': 'tempest-PortsAdminExtendedAttrsIpV6TestJSON-363647393'}} {{(pid=102182) prepare_request_body /opt/stack/neutron/neutron/api/v2/base.py:729}}
Jan 31 12:01:41.892569 dv-neutron-827057-1-hyperv neutron-server[102182]: DEBUG neutron_lib.callbacks.manager [None req-1c3b9e5a-25b3-4df4-8a84-a41159bb5142 admin admin] Notify callbacks ['neutron.plugins.ml2.ovo_rpc._ObjectChangeHandler.handle_event-755634'] for security_group, after_create {{(pid=102182) _notify_loop /usr/local/lib/python3.8/dist-packages/neutron_lib/callbacks/manager.py:192}}
Jan 31 12:01:41.910371 dv-neutron-827057-1-hyperv neutron-server[102181]: DEBUG neutron.services.segments.db [None req-da18ba7d-1670-4f03-8f92-5c0fd383b71b tempest-RoutersIpV6AdminTest-382467777 tempest-RoutersIpV6AdminTest-382467777-project-admin] neutron.services.segments.plugin.Plugin method get_segments called with arguments (,) {'filters': {'network_id': ['2e08163a-041a-4312-a7a4-42ec340a6d2c']}} {{(pid=102181) wrapper /usr/local/lib/python3.8/dist-packages/oslo_log/helpers.py:65}}
Jan 31 12:01:41.931536 dv-neutron-827057-1-hyperv neutron-server[102182]: INFO neutron.wsgi [None req-e6e3f97a-5b2f-42cf-874b-f7e00dfbe095 tempest-PortsIpV6TestJSON-1858965988 tempest-PortsIpV6TestJSON-1858965988-project] 10.222.0.39 "POST /v2.0/ports HTTP/1.1" status: 201 len: 1425 time: 4.1378205
Jan 31 12:01:41.938406 dv-neutron-827057-1-hyperv neutron-server[102181]: DEBUG neutron.services.segments.db [None req-da18ba7d-1670-4f03-8f92-5c0fd383b71b tempest-RoutersIpV6AdminTest-382467777 tempest-RoutersIpV6AdminTest-382467777-project-admin] neutron.services.segments.plugin.Plugin method delete_segment called with arguments (, '1c7c9f26-bdc7-4449-84aa-02eb69742891') {'for_net_delete': True} {{(pid=102181) wrapper /usr/local/lib/python3.8/dist-packages/oslo_log/helpers.py:65}}
Jan 31 12:01:41.938767 dv-neutron-827057-1-hyperv neutron-server[102181]: DEBUG neutron.services.segments.db [None req-da18ba7d-1670-4f03-8f92-5c0fd383b71b tempest-RoutersIpV6AdminTest-382467777 tempest-RoutersIpV6AdminTest-382467777-project-admin] neutron.services.segments.plugin.Plugin method get_segment called with arguments (, '1c7c9f26-bdc7-4449-84aa-02eb69742891') {} {{(pid=102181) wrapper /usr/local/lib/python3.8/dist-packages/oslo_log/helpers.py:65}}
Jan 31 12:01:41.941671 dv-neutron-827057-1-hyperv neutron-server[102182]: DEBUG neutron.wsgi [-] (102182) accepted ('10.222.0.39', 33788) {{(pid=102182) server /usr/local/lib/python3.8/dist-packages/eventlet/wsgi.py:982}}
Jan 31 12:01:41.955060 dv-neutron-827057-1-hyperv neutron-server[102183]: DEBUG neutron_lib.callbacks.manager [None req-22d88072-7bfa-4ad4-9856-9324fb92328d None None] Notify callbacks ['neutron.services.segments.db._update_segment_host_mapping_for_agent-8791491423335', 'neutron.plugins.ml2.plugin.Ml2Plugin._retry_binding_revived_agents-7882052'] for agent, after_update {{(pid=102183) _notify_loop /usr/local/lib/python3.8/dist-packages/neutron_lib/callbacks/manager.py:192}}
Jan 31 12:01:41.959460 dv-neutron-827057-1-hyperv neutron-server[102181]: DEBUG neutron_lib.callbacks.manager [None req-da18ba7d-1670-4f03-8f92-5c0fd383b71b tempest-RoutersIpV6AdminTest-382467777 tempest-RoutersIpV6AdminTest-382467777-project-admin] Notify callbacks ['neutron.plugins.ml2.db._prevent_segment_delete_with_port_bound-8791491406273', 'neutron.services.segments.plugin.Plugin._prevent_segment_delete_with_subnet_associated-2729403'] for segment, before_delete {{(pid=102181) _notify_loop /usr/local/lib/python3.8/dist-packages/neutron_lib/callbacks/manager.py:192}}
Jan 31 12:01:41.997209 dv-neutron-827057-1-hyperv neutron-server[102181]: DEBUG neutron_lib.callbacks.manager [None req-da18ba7d-1670-4f03-8f92-5c0fd383b71b tempest-RoutersIpV6AdminTest-382467777 tempest-RoutersIpV6AdminTest-382467777-project-admin] Notify callbacks ['neutron.plugins.ml2.plugin.Ml2Plugin._handle_segment_change-7888026'] for segment, precommit_delete {{(pid=102181) _notify_loop /usr/local/lib/python3.8/dist-packages/neutron_lib/callbacks/manager.py:192}}
Jan 31 12:01:42.000479 dv-neutron-827057-1-hyperv neutron-server[102182]: DEBUG neutron.api.rpc.handlers.resources_rpc [None req-1c3b9e5a-25b3-4df4-8a84-a41159bb5142 admin admin] Pushing event updated for resources: {'SecurityGroup': ['ID=f1ba6b3e-2296-4608-8f87-3e8e2be767db,revision_number=1']} {{(pid=102182) push /opt/stack/neutron/neutron/api/rpc/handlers/resources_rpc.py:237}}
Jan 31 12:01:42.008902 dv-neutron-827057-1-hyperv neutron-server[102182]: DEBUG neutron.pecan_wsgi.hooks.quota_enforcement [None req-bb81fe84-a124-4d0c-ae2e-f95e4bff6411 tempest-PortsAdminExtendedAttrsIpV6TestJSON-471927337 tempest-PortsAdminExtendedAttrsIpV6TestJSON-471927337-project-admin] Made reservation on behalf of a4542dceee7f4c498c7f93952bcfdda5 for: {'port': 1} {{(pid=102182) before /opt/stack/neutron/neutron/pecan_wsgi/hooks/quota_enforcement.py:53}}
Jan 31 12:01:42.011716 dv-neutron-827057-1-hyperv neutron-server[102182]: DEBUG neutron_lib.callbacks.manager [None req-bb81fe84-a124-4d0c-ae2e-f95e4bff6411 tempest-PortsAdminExtendedAttrsIpV6TestJSON-471927337 tempest-PortsAdminExtendedAttrsIpV6TestJSON-471927337-project-admin] Notify callbacks ['neutron.plugins.ml2.plugin.SecurityGroupDbMixin._ensure_default_security_group_handler-7871207'] for port, before_create {{(pid=102182) _notify_loop /usr/local/lib/python3.8/dist-packages/neutron_lib/callbacks/manager.py:192}}
Jan 31 12:01:42.024686 dv-neutron-827057-1-hyperv neutron-server[102181]: DEBUG neutron.plugins.ml2.drivers.type_vlan [None req-da18ba7d-1670-4f03-8f92-5c0fd383b71b tempest-RoutersIpV6AdminTest-382467777 tempest-RoutersIpV6AdminTest-382467777-project-admin] Releasing vlan 148 on physical network physnet1 to pool {{(pid=102181) release_segment /opt/stack/neutron/neutron/plugins/ml2/drivers/type_vlan.py:304}}
Jan 31 12:01:42.026274 dv-neutron-827057-1-hyperv neutron-server[102181]: DEBUG neutron_lib.callbacks.manager [None req-da18ba7d-1670-4f03-8f92-5c0fd383b71b tempest-RoutersIpV6AdminTest-382467777 tempest-RoutersIpV6AdminTest-382467777-project-admin] Notify callbacks ['neutron.plugins.ml2.plugin.Ml2Plugin._handle_segment_change-7888026', 'neutron.services.segments.plugin.NovaSegmentNotifier._notify_segment_deleted-2664659'] for segment, after_delete {{(pid=102181) _notify_loop /usr/local/lib/python3.8/dist-packages/neutron_lib/callbacks/manager.py:192}}
Jan 31 12:01:42.030975 dv-neutron-827057-1-hyperv neutron-server[102181]: /usr/local/lib/python3.8/dist-packages/neutron_lib/db/model_query.py:331: SAWarning: DELETE statement on table 'ml2_port_bindings' expected to delete 1 row(s); 0 were matched. Please set confirm_deleted_rows=False within the mapper configuration to prevent this warning.
Jan 31 12:01:42.030975 dv-neutron-827057-1-hyperv neutron-server[102181]: items = [
Jan 31 12:01:42.030975 dv-neutron-827057-1-hyperv neutron-server[102181]: Traceback (most recent call last):
Jan 31 12:01:42.030975 dv-neutron-827057-1-hyperv neutron-server[102181]: File "/usr/local/lib/python3.8/dist-packages/eventlet/hubs/hub.py", line 476, in fire_timers
Jan 31 12:01:42.030975 dv-neutron-827057-1-hyperv neutron-server[102181]: timer()
Jan 31 12:01:42.030975 dv-neutron-827057-1-hyperv neutron-server[102181]: File "/usr/local/lib/python3.8/dist-packages/eventlet/hubs/timer.py", line 59, in __call__
Jan 31 12:01:42.030975 dv-neutron-827057-1-hyperv neutron-server[102181]: cb(*args, **kw)
Jan 31 12:01:42.030975 dv-neutron-827057-1-hyperv neutron-server[102181]: File "/opt/stack/neutron/neutron/common/utils.py", line 921, in wrapper
Jan 31 12:01:42.030975 dv-neutron-827057-1-hyperv neutron-server[102181]: return func(*args, **kwargs)
Jan 31 12:01:42.030975 dv-neutron-827057-1-hyperv neutron-server[102181]: File "/opt/stack/neutron/neutron/notifiers/batch_notifier.py", line 58, in synced_send
Jan 31 12:01:42.030975 dv-neutron-827057-1-hyperv neutron-server[102181]: self._notify()
Jan 31 12:01:42.030975 dv-neutron-827057-1-hyperv neutron-server[102181]: File "/opt/stack/neutron/neutron/notifiers/batch_notifier.py", line 69, in _notify
Jan 31 12:01:42.030975 dv-neutron-827057-1-hyperv neutron-server[102181]: self.callback(batched_events)
Jan 31 12:01:42.030975 dv-neutron-827057-1-hyperv neutron-server[102181]: File "/opt/stack/neutron/neutron/services/segments/plugin.py", line 211, in _send_notifications
Jan 31 12:01:42.030975 dv-neutron-827057-1-hyperv neutron-server[102181]: event.method(event)
Jan 31 12:01:42.030975 dv-neutron-827057-1-hyperv neutron-server[102181]: File "/opt/stack/neutron/neutron/services/segments/plugin.py", line 383, in _delete_nova_inventory
Jan 31 12:01:42.030975 dv-neutron-827057-1-hyperv neutron-server[102181]: aggregate_id = self._get_aggregate_id(event.segment_id)
Jan 31 12:01:42.030975 dv-neutron-827057-1-hyperv neutron-server[102181]: File "/opt/stack/neutron/neutron/services/segments/plugin.py", line 370, in _get_aggregate_id
Jan 31 12:01:42.030975 dv-neutron-827057-1-hyperv neutron-server[102181]: aggregate_uuid = self.p_client.list_aggregates(
Jan 31 12:01:42.030975 dv-neutron-827057-1-hyperv neutron-server[102181]: File "/usr/local/lib/python3.8/dist-packages/neutron_lib/placement/client.py", line 58, in wrapper
Jan 31 12:01:42.030975 dv-neutron-827057-1-hyperv neutron-server[102181]: return f(self, *a, **k)
Jan 31 12:01:42.030975 dv-neutron-827057-1-hyperv neutron-server[102181]: File "/usr/local/lib/python3.8/dist-packages/neutron_lib/placement/client.py", line 554, in list_aggregates
Jan 31 12:01:42.030975 dv-neutron-827057-1-hyperv neutron-server[102181]: return self._get(url).json()
Jan 31 12:01:42.030975 dv-neutron-827057-1-hyperv neutron-server[102181]: File "/usr/local/lib/python3.8/dist-packages/neutron_lib/placement/client.py", line 190, in _get
Jan 31 12:01:42.030975 dv-neutron-827057-1-hyperv neutron-server[102181]: return self._client.get(url, endpoint_filter=self._ks_filter,
Jan 31 12:01:42.030975 dv-neutron-827057-1-hyperv neutron-server[102181]: File "/usr/local/lib/python3.8/dist-packages/keystoneauth1/session.py", line 1141, in get
Jan 31 12:01:42.030975 dv-neutron-827057-1-hyperv neutron-server[102181]: return self.request(url, 'GET', **kwargs)
Jan 31 12:01:42.030975 dv-neutron-827057-1-hyperv neutron-server[102181]: File "/usr/local/lib/python3.8/dist-packages/keystoneauth1/session.py", line 811, in request
Jan 31 12:01:42.030975 dv-neutron-827057-1-hyperv neutron-server[102181]: base_url = self.get_endpoint(auth, allow=allow,
Jan 31 12:01:42.030975 dv-neutron-827057-1-hyperv neutron-server[102181]: File "/usr/local/lib/python3.8/dist-packages/keystoneauth1/session.py", line 1241, in get_endpoint
Jan 31 12:01:42.030975 dv-neutron-827057-1-hyperv neutron-server[102181]: auth = self._auth_required(auth, 'determine endpoint URL')
Jan 31 12:01:42.030975 dv-neutron-827057-1-hyperv neutron-server[102181]: File "/usr/local/lib/python3.8/dist-packages/keystoneauth1/session.py", line 1181, in _auth_required
Jan 31 12:01:42.030975 dv-neutron-827057-1-hyperv neutron-server[102181]: raise exceptions.MissingAuthPlugin(msg_fmt % msg)
Jan 31 12:01:42.030975 dv-neutron-827057-1-hyperv neutron-server[102181]: keystoneauth1.exceptions.auth_plugins.MissingAuthPlugin: An auth plugin is required to determine endpoint URL
Jan 31 12:01:42.039324 dv-neutron-827057-1-hyperv neutron-server[102182]: DEBUG neutron.notifiers.nova [None req-bb81fe84-a124-4d0c-ae2e-f95e4bff6411 tempest-PortsAdminExtendedAttrsIpV6TestJSON-471927337 tempest-PortsAdminExtendedAttrsIpV6TestJSON-471927337-project-admin] device_id is not set on port f5494419-d94a-4f34-9b07-9f0644e32e32 yet. {{(pid=102182) _can_notify /opt/stack/neutron/neutron/notifiers/nova.py:190}}
Jan 31 12:01:42.094646 dv-neutron-827057-1-hyperv neutron-server[102183]: DEBUG neutron_lib.callbacks.manager [None req-dfaede93-2199-4872-bd41-5d76898d8ead None None] Notify callbacks ['neutron.services.segments.db._update_segment_host_mapping_for_agent-8791491423335', 'neutron.plugins.ml2.plugin.Ml2Plugin._retry_binding_revived_agents-7882052'] for agent, after_update {{(pid=102183) _notify_loop /usr/local/lib/python3.8/dist-packages/neutron_lib/callbacks/manager.py:192}}
Jan 31 12:01:42.118830 dv-neutron-827057-1-hyperv neutron-server[102181]: INFO neutron.wsgi [req-7f42bc9a-9cb0-4e40-b75f-6e54090413bd req-70d9681e-9a34-4811-8ff7-a3aec2514d93 tempest-ServersTestManualDisk-1778312148 tempest-ServersTestManualDisk-1778312148-project] 10.222.0.39 "GET /v2.0/ports?device_id=38b449a8-6d4d-4795-85f9-16db13329645 HTTP/1.1" status: 200 len: 210 time: 0.1394169
Jan 31 12:01:42.119441 dv-neutron-827057-1-hyperv neutron-server[102183]: DEBUG neutron.db.provisioning_blocks [None req-24484960-78f3-460f-bcb1-8d6dc62525b6 None None] Provisioning complete for port cc5454db-7872-4399-9d65-df2a84da64bd triggered by entity DHCP. {{(pid=102183) provisioning_complete /opt/stack/neutron/neutron/db/provisioning_blocks.py:139}}
Jan 31 12:01:42.119982 dv-neutron-827057-1-hyperv neutron-server[102183]: DEBUG neutron_lib.callbacks.manager [None req-24484960-78f3-460f-bcb1-8d6dc62525b6 None None] Notify callbacks ['neutron.plugins.ml2.plugin.Ml2Plugin._port_provisioned-7882005'] for port, provisioning_complete {{(pid=102183) _notify_loop /usr/local/lib/python3.8/dist-packages/neutron_lib/callbacks/manager.py:192}}
Jan 31 12:01:42.165164 dv-neutron-827057-1-hyperv neutron-server[102183]: DEBUG neutron.plugins.ml2.plugin [None req-24484960-78f3-460f-bcb1-8d6dc62525b6 None None] Port cc5454db-7872-4399-9d65-df2a84da64bd cannot update to ACTIVE because it is not bound. {{(pid=102183) _port_provisioned /opt/stack/neutron/neutron/plugins/ml2/plugin.py:338}}
Jan 31 12:01:42.196555 dv-neutron-827057-1-hyperv neutron-server[102181]: DEBUG neutron.db.db_base_plugin_v2 [None req-736a0496-010e-4eff-b477-1f7589b44c25 tempest-RoutersAdminTest-1079900243 tempest-RoutersAdminTest-1079900243-project-admin] Deleting subnet cb0ee025-ff91-4825-ac6f-2ff20134169f {{(pid=102181) delete_subnet /opt/stack/neutron/neutron/db/db_base_plugin_v2.py:1059}}
Jan 31 12:01:42.203914 dv-neutron-827057-1-hyperv neutron-server[102182]: INFO neutron.wsgi [None req-1c3b9e5a-25b3-4df4-8a84-a41159bb5142 admin admin] 10.222.0.39 "GET /v2.0/security-groups?tenant_id=04329af4988b4aa39c658743f65fa44f&name=default HTTP/1.1" status: 200 len: 2979 time: 0.8831830
Jan 31 12:01:42.206548 dv-neutron-827057-1-hyperv neutron-server[102181]: DEBUG neutron_lib.callbacks.manager [None req-6a01bf83-1170-4cbb-9fe8-7407d186507b tempest-AllowedAddressPairTestJSON-1341483886 tempest-AllowedAddressPairTestJSON-1341483886-project] Notify callbacks [] for port, precommit_create {{(pid=102181) _notify_loop /usr/local/lib/python3.8/dist-packages/neutron_lib/callbacks/manager.py:192}}
Jan 31 12:01:42.207721 dv-neutron-827057-1-hyperv neutron-server[102181]: DEBUG neutron.wsgi [-] (102181) accepted ('10.222.0.39', 33794) {{(pid=102181) server /usr/local/lib/python3.8/dist-packages/eventlet/wsgi.py:982}}
Jan 31 12:01:42.209744 dv-neutron-827057-1-hyperv neutron-server[102181]: DEBUG neutron_lib.callbacks.manager [None req-736a0496-010e-4eff-b477-1f7589b44c25 tempest-RoutersAdminTest-1079900243 tempest-RoutersAdminTest-1079900243-project-admin] Notify callbacks [] for subnet, before_delete {{(pid=102181) _notify_loop /usr/local/lib/python3.8/dist-packages/neutron_lib/callbacks/manager.py:192}}
Jan 31 12:01:42.249120 dv-neutron-827057-1-hyperv neutron-server[102181]: DEBUG neutron_lib.callbacks.manager [None req-da18ba7d-1670-4f03-8f92-5c0fd383b71b tempest-RoutersIpV6AdminTest-382467777 tempest-RoutersIpV6AdminTest-382467777-project-admin] Notify callbacks ['neutron.plugins.ml2.plugin.Ml2Plugin._network_delete_after_delete_handler-7884161', 'neutron.plugins.ml2.ovo_rpc._ObjectChangeHandler.handle_event-755680', 'neutron.api.rpc.agentnotifiers.dhcp_rpc_agent_api.DhcpAgentNotifyAPI._native_event_send_dhcp_notification-536607', 'neutron.services.l3_router.l3_router_plugin.DVRResourceOperationHandler.delete_fip_namespaces_for_ext_net-646018'] for network, after_delete {{(pid=102181) _notify_loop /usr/local/lib/python3.8/dist-packages/neutron_lib/callbacks/manager.py:192}}
Jan 31 12:01:42.252783 dv-neutron-827057-1-hyperv neutron-server[102181]: DEBUG neutron.api.rpc.agentnotifiers.l3_rpc_agent_api [None req-da18ba7d-1670-4f03-8f92-5c0fd383b71b tempest-RoutersIpV6AdminTest-382467777 tempest-RoutersIpV6AdminTest-382467777-project-admin] Fanout notify agent at l3_agent the message fipnamespace_delete_on_ext_net for external_network 2e08163a-041a-4312-a7a4-42ec340a6d2c {{(pid=102181) _notification_fanout /opt/stack/neutron/neutron/api/rpc/agentnotifiers/l3_rpc_agent_api.py:120}}
Jan 31 12:01:42.255200 dv-neutron-827057-1-hyperv neutron-server[102181]: DEBUG neutron_lib.callbacks.manager [None req-da18ba7d-1670-4f03-8f92-5c0fd383b71b tempest-RoutersIpV6AdminTest-382467777 tempest-RoutersIpV6AdminTest-382467777-project-admin] Notify callbacks ['neutron.api.rpc.agentnotifiers.dhcp_rpc_agent_api.DhcpAgentNotifyAPI._send_dhcp_notification-536589'] for network, before_response {{(pid=102181) _notify_loop /usr/local/lib/python3.8/dist-packages/neutron_lib/callbacks/manager.py:192}}
Jan 31 12:01:42.258525 dv-neutron-827057-1-hyperv neutron-server[102181]: INFO neutron.wsgi [None req-da18ba7d-1670-4f03-8f92-5c0fd383b71b tempest-RoutersIpV6AdminTest-382467777 tempest-RoutersIpV6AdminTest-382467777-project-admin] 10.222.0.39 "DELETE /v2.0/networks/2e08163a-041a-4312-a7a4-42ec340a6d2c HTTP/1.1" status: 204 len: 168 time: 1.3133245
Jan 31 12:01:42.307323 dv-neutron-827057-1-hyperv neutron-server[102181]: DEBUG neutron.api.rpc.handlers.resources_rpc [None req-da18ba7d-1670-4f03-8f92-5c0fd383b71b tempest-RoutersIpV6AdminTest-382467777 tempest-RoutersIpV6AdminTest-382467777-project-admin] Pushing event deleted for resources: {'Network': ['ID=2e08163a-041a-4312-a7a4-42ec340a6d2c,revision_number=None']} {{(pid=102181) push /opt/stack/neutron/neutron/api/rpc/handlers/resources_rpc.py:237}}
Jan 31 12:01:42.326926 dv-neutron-827057-1-hyperv neutron-server[102181]: DEBUG neutron_lib.callbacks.manager [None req-736a0496-010e-4eff-b477-1f7589b44c25 tempest-RoutersAdminTest-1079900243 tempest-RoutersAdminTest-1079900243-project-admin] Notify callbacks ['neutron.services.segments.plugin.Plugin._validate_auto_address_subnet_delete-2729346'] for subnet, precommit_delete_associations {{(pid=102181) _notify_loop /usr/local/lib/python3.8/dist-packages/neutron_lib/callbacks/manager.py:192}}
Jan 31 12:01:42.333420 dv-neutron-827057-1-hyperv neutron-server[102183]: DEBUG neutron.db.provisioning_blocks [None req-22ff101e-1587-4b8b-80c8-30aeab5edb76 None None] Provisioning complete for port cc5454db-7872-4399-9d65-df2a84da64bd triggered by entity DHCP. {{(pid=102183) provisioning_complete /opt/stack/neutron/neutron/db/provisioning_blocks.py:139}}
Jan 31 12:01:42.336635 dv-neutron-827057-1-hyperv neutron-server[102182]: DEBUG neutron_lib.callbacks.manager [None req-bb81fe84-a124-4d0c-ae2e-f95e4bff6411 tempest-PortsAdminExtendedAttrsIpV6TestJSON-471927337 tempest-PortsAdminExtendedAttrsIpV6TestJSON-471927337-project-admin] Notify callbacks [] for port, precommit_create {{(pid=102182) _notify_loop /usr/local/lib/python3.8/dist-packages/neutron_lib/callbacks/manager.py:192}}
Jan 31 12:01:42.336972 dv-neutron-827057-1-hyperv neutron-server[102183]: DEBUG neutron_lib.callbacks.manager [None req-22ff101e-1587-4b8b-80c8-30aeab5edb76 None None] Notify callbacks ['neutron.plugins.ml2.plugin.Ml2Plugin._port_provisioned-7882005'] for port, provisioning_complete {{(pid=102183) _notify_loop /usr/local/lib/python3.8/dist-packages/neutron_lib/callbacks/manager.py:192}}
Jan 31 12:01:42.387939 dv-neutron-827057-1-hyperv neutron-server[102182]: DEBUG neutron_lib.callbacks.manager [None req-bb81fe84-a124-4d0c-ae2e-f95e4bff6411 tempest-PortsAdminExtendedAttrsIpV6TestJSON-471927337 tempest-PortsAdminExtendedAttrsIpV6TestJSON-471927337-project-admin] Notify callbacks ['neutron.plugins.ml2.plugin.SecurityGroupServerNotifierRpcMixin._notify_sg_on_port_change-7871032', 'neutron.plugins.ml2.ovo_rpc._ObjectChangeHandler.handle_event-189577', 'neutron.api.rpc.agentnotifiers.dhcp_rpc_agent_api.DhcpAgentNotifyAPI._native_event_send_dhcp_notification-536607', 'neutron.db.l3_dvrscheduler_db._notify_l3_agent_new_port-8791491005287'] for port, after_create {{(pid=102182) _notify_loop /usr/local/lib/python3.8/dist-packages/neutron_lib/callbacks/manager.py:192}}
Jan 31 12:01:42.413532 dv-neutron-827057-1-hyperv neutron-server[102181]: DEBUG neutron_lib.callbacks.manager [None req-6a01bf83-1170-4cbb-9fe8-7407d186507b tempest-AllowedAddressPairTestJSON-1341483886 tempest-AllowedAddressPairTestJSON-1341483886-project] Notify callbacks ['neutron.plugins.ml2.plugin.SecurityGroupServerNotifierRpcMixin._notify_sg_on_port_change-7871032', 'neutron.plugins.ml2.ovo_rpc._ObjectChangeHandler.handle_event-189577', 'neutron.api.rpc.agentnotifiers.dhcp_rpc_agent_api.DhcpAgentNotifyAPI._native_event_send_dhcp_notification-536607', 'neutron.db.l3_dvrscheduler_db._notify_l3_agent_new_port-8791491005287', 'neutron.services.segments.plugin.NovaSegmentNotifier._notify_port_created_or_deleted-2664580'] for port, after_create {{(pid=102181) _notify_loop /usr/local/lib/python3.8/dist-packages/neutron_lib/callbacks/manager.py:192}}
Jan 31 12:01:42.424735 dv-neutron-827057-1-hyperv neutron-server[102181]: DEBUG neutron_lib.callbacks.manager [None req-6e0fdbe4-6a4b-4365-984b-8b63214016aa admin admin] Notify callbacks [] for security_group, before_delete {{(pid=102181) _notify_loop /usr/local/lib/python3.8/dist-packages/neutron_lib/callbacks/manager.py:192}}
Jan 31 12:01:42.428432 dv-neutron-827057-1-hyperv neutron-server[102181]: DEBUG neutron_lib.callbacks.manager [None req-736a0496-010e-4eff-b477-1f7589b44c25 tempest-RoutersAdminTest-1079900243 tempest-RoutersAdminTest-1079900243-project-admin] Notify callbacks ['neutron.plugins.ml2.plugin.Ml2Plugin._subnet_delete_precommit_handler-7884344'] for subnet, precommit_delete {{(pid=102181) _notify_loop /usr/local/lib/python3.8/dist-packages/neutron_lib/callbacks/manager.py:192}}
Jan 31 12:01:42.453169 dv-neutron-827057-1-hyperv neutron-server[102183]: DEBUG neutron.plugins.ml2.plugin [None req-22ff101e-1587-4b8b-80c8-30aeab5edb76 None None] Port cc5454db-7872-4399-9d65-df2a84da64bd cannot update to ACTIVE because it is not bound. {{(pid=102183) _port_provisioned /opt/stack/neutron/neutron/plugins/ml2/plugin.py:338}}
Jan 31 12:01:42.456079 dv-neutron-827057-1-hyperv neutron-server[102182]: INFO neutron.wsgi [req-f19b5f71-5db1-40cf-bae4-7f91e1d11534 req-5aaa0db1-cdf6-40aa-b960-1b79ca0ad012 tempest-ServersTestJSON-2111441157 tempest-ServersTestJSON-2111441157-project] 10.222.0.39 "GET /v2.0/ports?device_id=01071341-25f0-4ea4-a2ce-aa08810ef879 HTTP/1.1" status: 200 len: 210 time: 0.1303585
Jan 31 12:01:42.522839 dv-neutron-827057-1-hyperv neutron-server[102182]: DEBUG neutron.plugins.ml2.plugin [None req-819eeda8-8f95-4eaf-bc25-e2d57aa9eb26 tempest-PortsIpV6TestJSON-1858965988 tempest-PortsIpV6TestJSON-1858965988-project] Deleting port e02b81af-f20f-4040-a4f1-971e952b3ac5 {{(pid=102182) _pre_delete_port /opt/stack/neutron/neutron/plugins/ml2/plugin.py:1954}}
Jan 31 12:01:42.523525 dv-neutron-827057-1-hyperv neutron-server[102182]: DEBUG neutron_lib.callbacks.manager [None req-819eeda8-8f95-4eaf-bc25-e2d57aa9eb26 tempest-PortsIpV6TestJSON-1858965988 tempest-PortsIpV6TestJSON-1858965988-project] Notify callbacks ['neutron.db.l3_db.L3_NAT_dbonly_mixin._prevent_l3_port_delete_callback-8791491554187'] for port, before_delete {{(pid=102182) _notify_loop /usr/local/lib/python3.8/dist-packages/neutron_lib/callbacks/manager.py:192}}
Jan 31 12:01:42.536274 dv-neutron-827057-1-hyperv neutron-server[102181]: DEBUG neutron.scheduler.dhcp_agent_scheduler [None req-6a01bf83-1170-4cbb-9fe8-7407d186507b tempest-AllowedAddressPairTestJSON-1341483886 tempest-AllowedAddressPairTestJSON-1341483886-project] Network 6f3d5d1e-f786-4a32-916e-8bd36c65ed4d is already hosted by enough agents. {{(pid=102181) _get_dhcp_agents_hosting_network /opt/stack/neutron/neutron/scheduler/dhcp_agent_scheduler.py:275}}
Jan 31 12:01:42.538207 dv-neutron-827057-1-hyperv neutron-server[102181]: DEBUG neutron_lib.callbacks.manager [None req-6e0fdbe4-6a4b-4365-984b-8b63214016aa admin admin] Notify callbacks [] for security_group, precommit_delete {{(pid=102181) _notify_loop /usr/local/lib/python3.8/dist-packages/neutron_lib/callbacks/manager.py:192}}
Jan 31 12:01:42.553117 dv-neutron-827057-1-hyperv neutron-server[102181]: DEBUG neutron.scheduler.base_scheduler [None req-6a01bf83-1170-4cbb-9fe8-7407d186507b tempest-AllowedAddressPairTestJSON-1341483886 tempest-AllowedAddressPairTestJSON-1341483886-project] Resources bound (agent type, host, resource id): {{(pid=102181) schedule /opt/stack/neutron/neutron/scheduler/base_scheduler.py:57}}
Jan 31 12:01:42.556038 dv-neutron-827057-1-hyperv neutron-server[102181]: DEBUG neutron.db.l3_dvrscheduler_db [None req-6a01bf83-1170-4cbb-9fe8-7407d186507b tempest-AllowedAddressPairTestJSON-1341483886 tempest-AllowedAddressPairTestJSON-1341483886-project] Received port after_create {{(pid=102181) _notify_l3_agent_new_port /opt/stack/neutron/neutron/db/l3_dvrscheduler_db.py:536}}
Jan 31 12:01:42.567281 dv-neutron-827057-1-hyperv neutron-server[102181]: DEBUG neutron.api.rpc.handlers.resources_rpc [None req-6a01bf83-1170-4cbb-9fe8-7407d186507b tempest-AllowedAddressPairTestJSON-1341483886 tempest-AllowedAddressPairTestJSON-1341483886-project] Pushing event updated for resources: {'Port': ['ID=ae195702-804a-4a06-8df7-624b7d2df89c,revision_number=1']} {{(pid=102181) push /opt/stack/neutron/neutron/api/rpc/handlers/resources_rpc.py:237}}
Jan 31 12:01:42.614850 dv-neutron-827057-1-hyperv neutron-server[102182]: DEBUG neutron_lib.callbacks.manager [None req-819eeda8-8f95-4eaf-bc25-e2d57aa9eb26 tempest-PortsIpV6TestJSON-1858965988 tempest-PortsIpV6TestJSON-1858965988-project] Notify callbacks ['neutron.services.l3_router.l3_router_plugin.L3_NAT_dbonly_mixin._precommit_delete_port_callback-632286'] for port, precommit_delete {{(pid=102182) _notify_loop /usr/local/lib/python3.8/dist-packages/neutron_lib/callbacks/manager.py:192}}
Jan 31 12:01:42.631876 dv-neutron-827057-1-hyperv neutron-server[102182]: DEBUG neutron.plugins.ml2.plugin [None req-819eeda8-8f95-4eaf-bc25-e2d57aa9eb26 tempest-PortsIpV6TestJSON-1858965988 tempest-PortsIpV6TestJSON-1858965988-project] Calling delete_port for e02b81af-f20f-4040-a4f1-971e952b3ac5 owned by {{(pid=102182) delete_port /opt/stack/neutron/neutron/plugins/ml2/plugin.py:2032}}
Jan 31 12:01:42.654774 dv-neutron-827057-1-hyperv neutron-server[102181]: DEBUG neutron_lib.callbacks.manager [None req-736a0496-010e-4eff-b477-1f7589b44c25 tempest-RoutersAdminTest-1079900243 tempest-RoutersAdminTest-1079900243-project-admin] Notify callbacks ['neutron.plugins.ml2.plugin.Ml2Plugin._subnet_delete_after_delete_handler-7884337', 'neutron.plugins.ml2.ovo_rpc._ObjectChangeHandler.handle_event-784488', 'neutron.api.rpc.agentnotifiers.dhcp_rpc_agent_api.DhcpAgentNotifyAPI._native_event_send_dhcp_notification-536607', 'neutron.services.segments.plugin.NovaSegmentNotifier._notify_subnet_deleted-2664553', 'neutron.services.segments.plugin.SegmentHostRoutes.host_routes_after_delete-3859900'] for subnet, after_delete {{(pid=102181) _notify_loop /usr/local/lib/python3.8/dist-packages/neutron_lib/callbacks/manager.py:192}}
Jan 31 12:01:42.703048 dv-neutron-827057-1-hyperv neutron-server[102181]: DEBUG neutron.pecan_wsgi.hooks.policy_enforcement [None req-6a01bf83-1170-4cbb-9fe8-7407d186507b tempest-AllowedAddressPairTestJSON-1341483886 tempest-AllowedAddressPairTestJSON-1341483886-project] Attributes excluded by policy engine: ['standard_attr_id', 'binding:profile', 'binding:host_id', 'binding:vif_type', 'binding:vif_details', 'network'] {{(pid=102181) _exclude_attributes_by_policy /opt/stack/neutron/neutron/pecan_wsgi/hooks/policy_enforcement.py:255}}
Jan 31 12:01:42.703774 dv-neutron-827057-1-hyperv neutron-server[102181]: DEBUG neutron_lib.callbacks.manager [None req-6a01bf83-1170-4cbb-9fe8-7407d186507b tempest-AllowedAddressPairTestJSON-1341483886 tempest-AllowedAddressPairTestJSON-1341483886-project] Notify callbacks ['neutron.notifiers.nova.Notifier._send_nova_notification-8437'] for port, before_response {{(pid=102181) _notify_loop /usr/local/lib/python3.8/dist-packages/neutron_lib/callbacks/manager.py:192}}
Jan 31 12:01:42.706439 dv-neutron-827057-1-hyperv neutron-server[102181]: DEBUG neutron.api.rpc.handlers.resources_rpc [None req-736a0496-010e-4eff-b477-1f7589b44c25 tempest-RoutersAdminTest-1079900243 tempest-RoutersAdminTest-1079900243-project-admin] Pushing event deleted for resources: {'Subnet': ['ID=cb0ee025-ff91-4825-ac6f-2ff20134169f,revision_number=None']} {{(pid=102181) push /opt/stack/neutron/neutron/api/rpc/handlers/resources_rpc.py:237}}
Jan 31 12:01:42.717779 dv-neutron-827057-1-hyperv neutron-server[102181]: DEBUG neutron_lib.callbacks.manager [None req-736a0496-010e-4eff-b477-1f7589b44c25 tempest-RoutersAdminTest-1079900243 tempest-RoutersAdminTest-1079900243-project-admin] Notify callbacks ['neutron.api.rpc.agentnotifiers.dhcp_rpc_agent_api.DhcpAgentNotifyAPI._send_dhcp_notification-536589'] for subnet, before_response {{(pid=102181) _notify_loop /usr/local/lib/python3.8/dist-packages/neutron_lib/callbacks/manager.py:192}}
Jan 31 12:01:42.726059 dv-neutron-827057-1-hyperv neutron-server[102181]: INFO neutron.wsgi [None req-736a0496-010e-4eff-b477-1f7589b44c25 tempest-RoutersAdminTest-1079900243 tempest-RoutersAdminTest-1079900243-project-admin] 10.222.0.39 "DELETE /v2.0/subnets/cb0ee025-ff91-4825-ac6f-2ff20134169f HTTP/1.1" status: 204 len: 168 time: 1.0184383
Jan 31 12:01:42.726059 dv-neutron-827057-1-hyperv neutron-server[102181]: DEBUG neutron.wsgi [-] (102181) accepted ('10.222.0.39', 33800) {{(pid=102181) server /usr/local/lib/python3.8/dist-packages/eventlet/wsgi.py:982}}
Jan 31 12:01:42.796901 dv-neutron-827057-1-hyperv neutron-server[102182]: DEBUG neutron.scheduler.dhcp_agent_scheduler [None req-bb81fe84-a124-4d0c-ae2e-f95e4bff6411 tempest-PortsAdminExtendedAttrsIpV6TestJSON-471927337 tempest-PortsAdminExtendedAttrsIpV6TestJSON-471927337-project-admin] Network 6777691c-c351-4103-9ad2-2c3514234df0 is already hosted by enough agents. {{(pid=102182) _get_dhcp_agents_hosting_network /opt/stack/neutron/neutron/scheduler/dhcp_agent_scheduler.py:275}}
Jan 31 12:01:42.807166 dv-neutron-827057-1-hyperv neutron-server[102182]: DEBUG neutron.scheduler.base_scheduler [None req-bb81fe84-a124-4d0c-ae2e-f95e4bff6411 tempest-PortsAdminExtendedAttrsIpV6TestJSON-471927337 tempest-PortsAdminExtendedAttrsIpV6TestJSON-471927337-project-admin] Resources bound (agent type, host, resource id): {{(pid=102182) schedule /opt/stack/neutron/neutron/scheduler/base_scheduler.py:57}}
Jan 31 12:01:42.813621 dv-neutron-827057-1-hyperv neutron-server[102182]: DEBUG neutron.wsgi [-] (102182) accepted ('10.222.0.26', 49903) {{(pid=102182) server /usr/local/lib/python3.8/dist-packages/eventlet/wsgi.py:982}}
Jan 31 12:01:42.814695 dv-neutron-827057-1-hyperv neutron-server[102182]: DEBUG neutron.db.l3_dvrscheduler_db [None req-bb81fe84-a124-4d0c-ae2e-f95e4bff6411 tempest-PortsAdminExtendedAttrsIpV6TestJSON-471927337 tempest-PortsAdminExtendedAttrsIpV6TestJSON-471927337-project-admin] Received port after_create {{(pid=102182) _notify_l3_agent_new_port /opt/stack/neutron/neutron/db/l3_dvrscheduler_db.py:536}}
Jan 31 12:01:42.816144 dv-neutron-827057-1-hyperv neutron-server[102182]: DEBUG neutron.pecan_wsgi.hooks.policy_enforcement [None req-bb81fe84-a124-4d0c-ae2e-f95e4bff6411 tempest-PortsAdminExtendedAttrsIpV6TestJSON-471927337 tempest-PortsAdminExtendedAttrsIpV6TestJSON-471927337-project-admin] Attributes excluded by policy engine: ['standard_attr_id', 'network'] {{(pid=102182) _exclude_attributes_by_policy /opt/stack/neutron/neutron/pecan_wsgi/hooks/policy_enforcement.py:255}}
Jan 31 12:01:42.816939 dv-neutron-827057-1-hyperv neutron-server[102182]: DEBUG neutron_lib.callbacks.manager [None req-bb81fe84-a124-4d0c-ae2e-f95e4bff6411 tempest-PortsAdminExtendedAttrsIpV6TestJSON-471927337 tempest-PortsAdminExtendedAttrsIpV6TestJSON-471927337-project-admin] Notify callbacks ['neutron.notifiers.nova.Notifier._send_nova_notification-8437'] for port, before_response {{(pid=102182) _notify_loop /usr/local/lib/python3.8/dist-packages/neutron_lib/callbacks/manager.py:192}}
Jan 31 12:01:42.823107 dv-neutron-827057-1-hyperv neutron-server[102182]: DEBUG neutron.api.rpc.handlers.resources_rpc [None req-bb81fe84-a124-4d0c-ae2e-f95e4bff6411 tempest-PortsAdminExtendedAttrsIpV6TestJSON-471927337 tempest-PortsAdminExtendedAttrsIpV6TestJSON-471927337-project-admin] Pushing event updated for resources: {'Port': ['ID=f5494419-d94a-4f34-9b07-9f0644e32e32,revision_number=1']} {{(pid=102182) push /opt/stack/neutron/neutron/api/rpc/handlers/resources_rpc.py:237}}
Jan 31 12:01:42.869885 dv-neutron-827057-1-hyperv neutron-server[102181]: DEBUG neutron_lib.callbacks.manager [None req-c9953b15-3191-445b-9292-c7d7a8ce3cd5 tempest-RoutersAdminTest-1079900243 tempest-RoutersAdminTest-1079900243-project-admin] Notify callbacks ['neutron.plugins.ml2.plugin.External_net_db_mixin._before_network_delete_handler-8116271'] for network, before_delete {{(pid=102181) _notify_loop /usr/local/lib/python3.8/dist-packages/neutron_lib/callbacks/manager.py:192}}
Jan 31 12:01:42.875077 dv-neutron-827057-1-hyperv neutron-server[102181]: DEBUG neutron_lib.callbacks.manager [None req-6e0fdbe4-6a4b-4365-984b-8b63214016aa admin admin] Notify callbacks ['neutron.plugins.ml2.ovo_rpc._ObjectChangeHandler.handle_event-755634'] for security_group, after_delete {{(pid=102181) _notify_loop /usr/local/lib/python3.8/dist-packages/neutron_lib/callbacks/manager.py:192}}
Jan 31 12:01:42.878058 dv-neutron-827057-1-hyperv neutron-server[102181]: DEBUG neutron_lib.callbacks.manager [None req-6e0fdbe4-6a4b-4365-984b-8b63214016aa admin admin] Notify callbacks [] for security_group, before_response {{(pid=102181) _notify_loop /usr/local/lib/python3.8/dist-packages/neutron_lib/callbacks/manager.py:192}}
Jan 31 12:01:42.880187 dv-neutron-827057-1-hyperv neutron-server[102181]: INFO neutron.wsgi [None req-6e0fdbe4-6a4b-4365-984b-8b63214016aa admin admin] 10.222.0.39 "DELETE /v2.0/security-groups/f1ba6b3e-2296-4608-8f87-3e8e2be767db HTTP/1.1" status: 204 len: 168 time: 0.6708512
Jan 31 12:01:42.911560 dv-neutron-827057-1-hyperv neutron-server[102181]: INFO neutron.wsgi [None req-6a01bf83-1170-4cbb-9fe8-7407d186507b tempest-AllowedAddressPairTestJSON-1341483886 tempest-AllowedAddressPairTestJSON-1341483886-project] 10.222.0.39 "POST /v2.0/ports HTTP/1.1" status: 201 len: 998 time: 4.0710795
Jan 31 12:01:42.911560 dv-neutron-827057-1-hyperv neutron-server[102181]: DEBUG neutron.wsgi [-] (102181) accepted ('10.222.0.39', 33806) {{(pid=102181) server /usr/local/lib/python3.8/dist-packages/eventlet/wsgi.py:982}}
Jan 31 12:01:42.968326 dv-neutron-827057-1-hyperv neutron-server[102181]: DEBUG neutron.api.rpc.handlers.resources_rpc [None req-6e0fdbe4-6a4b-4365-984b-8b63214016aa admin admin] Pushing event deleted for resources: {'SecurityGroup': ['ID=f1ba6b3e-2296-4608-8f87-3e8e2be767db,revision_number=None']} {{(pid=102181) push /opt/stack/neutron/neutron/api/rpc/handlers/resources_rpc.py:237}}
Jan 31 12:01:42.973977 dv-neutron-827057-1-hyperv neutron-server[102182]: DEBUG neutron.pecan_wsgi.hooks.policy_enforcement [req-b454d2ae-ea21-42db-a2c7-5293f17133a6 req-438353bc-8209-4f41-808b-dc028fdcf6e2 tempest-ServersTestJSON-2111441157 tempest-ServersTestJSON-2111441157-project] Attributes excluded by policy engine: ['standard_attr_id', 'vlan_transparent', 'provider:network_type', 'provider:physical_network', 'provider:segmentation_id'] {{(pid=102182) _exclude_attributes_by_policy /opt/stack/neutron/neutron/pecan_wsgi/hooks/policy_enforcement.py:255}}
Jan 31 12:01:42.981540 dv-neutron-827057-1-hyperv neutron-server[102182]: INFO neutron.wsgi [req-b454d2ae-ea21-42db-a2c7-5293f17133a6 req-438353bc-8209-4f41-808b-dc028fdcf6e2 tempest-ServersTestJSON-2111441157 tempest-ServersTestJSON-2111441157-project] 10.222.0.26 "GET /v2.0/networks?id=9ccfa99e-2cc9-41e6-bd27-f8700589ddf0 HTTP/1.1" status: 200 len: 805 time: 0.1596224
Jan 31 12:01:43.010040 dv-neutron-827057-1-hyperv neutron-server[102182]: INFO neutron.wsgi [None req-bb81fe84-a124-4d0c-ae2e-f95e4bff6411 tempest-PortsAdminExtendedAttrsIpV6TestJSON-471927337 tempest-PortsAdminExtendedAttrsIpV6TestJSON-471927337-project-admin] 10.222.0.39 "POST /v2.0/ports HTTP/1.1" status: 201 len: 963 time: 1.1334093
Jan 31 12:01:43.011952 dv-neutron-827057-1-hyperv neutron-server[102182]: DEBUG neutron_lib.callbacks.manager [None req-819eeda8-8f95-4eaf-bc25-e2d57aa9eb26 tempest-PortsIpV6TestJSON-1858965988 tempest-PortsIpV6TestJSON-1858965988-project] Notify callbacks ['neutron.plugins.ml2.plugin.SecurityGroupServerNotifierRpcMixin._notify_sg_on_port_change-7871032', 'neutron.plugins.ml2.ovo_rpc._ObjectChangeHandler.handle_event-189577', 'neutron.api.rpc.agentnotifiers.dhcp_rpc_agent_api.DhcpAgentNotifyAPI._native_event_send_dhcp_notification-536607', 'neutron.db.l3_db.L3RpcNotifierMixin._notify_routers_callback-8791491555741', 'neutron.db.l3_dvrscheduler_db._notify_port_delete-8791491005296'] for port, after_delete {{(pid=102182) _notify_loop /usr/local/lib/python3.8/dist-packages/neutron_lib/callbacks/manager.py:192}}
Jan 31 12:01:43.016902 dv-neutron-827057-1-hyperv neutron-server[102181]: DEBUG neutron.wsgi [-] (102181) accepted ('10.222.0.39', 33808) {{(pid=102181) server /usr/local/lib/python3.8/dist-packages/eventlet/wsgi.py:982}}
Jan 31 12:01:43.035446 dv-neutron-827057-1-hyperv neutron-server[102181]: DEBUG neutron.api.v2.base [None req-e0b98984-0324-4f77-a40e-5821004f4c47 tempest-PortsAdminExtendedAttrsIpV6TestJSON-471927337 tempest-PortsAdminExtendedAttrsIpV6TestJSON-471927337-project-admin] Request body: {'port': {'binding:host_id': 'hv-neutron-8270'}} {{(pid=102181) prepare_request_body /opt/stack/neutron/neutron/api/v2/base.py:729}}
Jan 31 12:01:43.081016 dv-neutron-827057-1-hyperv neutron-server[102182]: DEBUG neutron_lib.callbacks.manager [None req-819eeda8-8f95-4eaf-bc25-e2d57aa9eb26 tempest-PortsIpV6TestJSON-1858965988 tempest-PortsIpV6TestJSON-1858965988-project] Notify callbacks ['neutron.notifiers.nova.Notifier._send_nova_notification-8437'] for port, before_response {{(pid=102182) _notify_loop /usr/local/lib/python3.8/dist-packages/neutron_lib/callbacks/manager.py:192}}
Jan 31 12:01:43.085705 dv-neutron-827057-1-hyperv neutron-server[102182]: INFO neutron.wsgi [None req-819eeda8-8f95-4eaf-bc25-e2d57aa9eb26 tempest-PortsIpV6TestJSON-1858965988 tempest-PortsIpV6TestJSON-1858965988-project] 10.222.0.39 "DELETE /v2.0/ports/e02b81af-f20f-4040-a4f1-971e952b3ac5 HTTP/1.1" status: 204 len: 168 time: 1.1416955
Jan 31 12:01:43.087413 dv-neutron-827057-1-hyperv neutron-server[102182]: DEBUG neutron.api.rpc.handlers.resources_rpc [None req-819eeda8-8f95-4eaf-bc25-e2d57aa9eb26 tempest-PortsIpV6TestJSON-1858965988 tempest-PortsIpV6TestJSON-1858965988-project] Pushing event deleted for resources: {'Port': ['ID=e02b81af-f20f-4040-a4f1-971e952b3ac5,revision_number=None']} {{(pid=102182) push /opt/stack/neutron/neutron/api/rpc/handlers/resources_rpc.py:237}}
Jan 31 12:01:43.089601 dv-neutron-827057-1-hyperv neutron-server[102183]: DEBUG neutron.db.provisioning_blocks [None req-18fec911-9a24-4e26-891b-e40dbfe76686 None None] Provisioning complete for port ae195702-804a-4a06-8df7-624b7d2df89c triggered by entity DHCP. {{(pid=102183) provisioning_complete /opt/stack/neutron/neutron/db/provisioning_blocks.py:139}}
Jan 31 12:01:43.090098 dv-neutron-827057-1-hyperv neutron-server[102183]: DEBUG neutron_lib.callbacks.manager [None req-18fec911-9a24-4e26-891b-e40dbfe76686 None None] Notify callbacks ['neutron.plugins.ml2.plugin.Ml2Plugin._port_provisioned-7882005'] for port, provisioning_complete {{(pid=102183) _notify_loop /usr/local/lib/python3.8/dist-packages/neutron_lib/callbacks/manager.py:192}}
Jan 31 12:01:43.097401 dv-neutron-827057-1-hyperv neutron-server[102181]: DEBUG neutron.wsgi [-] (102181) accepted ('10.222.0.39', 33812) {{(pid=102181) server /usr/local/lib/python3.8/dist-packages/eventlet/wsgi.py:982}}
Jan 31 12:01:43.097738 dv-neutron-827057-1-hyperv neutron-server[102181]: DEBUG neutron.wsgi [-] (102181) accepted ('10.222.0.39', 33814) {{(pid=102181) server /usr/local/lib/python3.8/dist-packages/eventlet/wsgi.py:982}}
Jan 31 12:01:43.113247 dv-neutron-827057-1-hyperv neutron-server[102181]: DEBUG neutron.api.v2.base [None req-d6605e19-c68a-415c-999b-6d207061e2bd tempest-RoutersIpV6AdminTest-382467777 tempest-RoutersIpV6AdminTest-382467777-project-admin] Request body: {'router': {'name': 'tempest-router--1870190675', 'project_id': '50940a63c4764c4b8d91ca4fbdb044be'}} {{(pid=102181) prepare_request_body /opt/stack/neutron/neutron/api/v2/base.py:729}}
