Feb 18 17:37:29.094345 dv-neutron-826502-2-hyperv devstack@n-api.service[124459]: DEBUG nova.api.openstack.wsgi_app [-] profiler.socket_timeout = 0.1 {{(pid=124459) log_opt_values /usr/local/lib/python3.8/dist-packages/oslo_config/cfg.py:2609}}
Feb 18 17:37:29.094694 dv-neutron-826502-2-hyperv devstack@n-api.service[124459]: DEBUG nova.api.openstack.wsgi_app [-] profiler.trace_sqlalchemy = False {{(pid=124459) log_opt_values /usr/local/lib/python3.8/dist-packages/oslo_config/cfg.py:2609}}
Feb 18 17:37:29.095031 dv-neutron-826502-2-hyperv devstack@n-api.service[124459]: DEBUG nova.api.openstack.wsgi_app [-] oslo_messaging_rabbit.amqp_auto_delete = False {{(pid=124459) log_opt_values /usr/local/lib/python3.8/dist-packages/oslo_config/cfg.py:2609}}
Feb 18 17:37:29.095351 dv-neutron-826502-2-hyperv devstack@n-api.service[124459]: DEBUG nova.api.openstack.wsgi_app [-] oslo_messaging_rabbit.amqp_durable_queues = False {{(pid=124459) log_opt_values /usr/local/lib/python3.8/dist-packages/oslo_config/cfg.py:2609}}
Feb 18 17:37:29.095665 dv-neutron-826502-2-hyperv devstack@n-api.service[124459]: DEBUG nova.api.openstack.wsgi_app [-] oslo_messaging_rabbit.conn_pool_min_size = 2 {{(pid=124459) log_opt_values /usr/local/lib/python3.8/dist-packages/oslo_config/cfg.py:2609}}
Feb 18 17:37:29.095979 dv-neutron-826502-2-hyperv devstack@n-api.service[124459]: DEBUG nova.api.openstack.wsgi_app [-] oslo_messaging_rabbit.conn_pool_ttl = 1200 {{(pid=124459) log_opt_values /usr/local/lib/python3.8/dist-packages/oslo_config/cfg.py:2609}}
Feb 18 17:37:29.096293 dv-neutron-826502-2-hyperv devstack@n-api.service[124459]: DEBUG nova.api.openstack.wsgi_app [-] oslo_messaging_rabbit.direct_mandatory_flag = True {{(pid=124459) log_opt_values /usr/local/lib/python3.8/dist-packages/oslo_config/cfg.py:2609}}
Feb 18 17:37:29.096605 dv-neutron-826502-2-hyperv devstack@n-api.service[124459]: DEBUG nova.api.openstack.wsgi_app [-] oslo_messaging_rabbit.enable_cancel_on_failover = False {{(pid=124459) log_opt_values /usr/local/lib/python3.8/dist-packages/oslo_config/cfg.py:2609}}
Feb 18 17:37:29.096917 dv-neutron-826502-2-hyperv devstack@n-api.service[124459]: DEBUG nova.api.openstack.wsgi_app [-] oslo_messaging_rabbit.heartbeat_in_pthread = True {{(pid=124459) log_opt_values /usr/local/lib/python3.8/dist-packages/oslo_config/cfg.py:2609}}
Feb 18 17:37:29.097249 dv-neutron-826502-2-hyperv devstack@n-api.service[124459]: DEBUG nova.api.openstack.wsgi_app [-] oslo_messaging_rabbit.heartbeat_rate = 3 {{(pid=124459) log_opt_values /usr/local/lib/python3.8/dist-packages/oslo_config/cfg.py:2609}}
Feb 18 17:37:29.097580 dv-neutron-826502-2-hyperv devstack@n-api.service[124459]: DEBUG nova.api.openstack.wsgi_app [-] oslo_messaging_rabbit.heartbeat_timeout_threshold = 600 {{(pid=124459) log_opt_values /usr/local/lib/python3.8/dist-packages/oslo_config/cfg.py:2609}}
Feb 18 17:37:29.097891 dv-neutron-826502-2-hyperv devstack@n-api.service[124459]: DEBUG nova.api.openstack.wsgi_app [-] oslo_messaging_rabbit.kombu_compression = None {{(pid=124459) log_opt_values /usr/local/lib/python3.8/dist-packages/oslo_config/cfg.py:2609}}
Feb 18 17:37:29.098224 dv-neutron-826502-2-hyperv devstack@n-api.service[124459]: DEBUG nova.api.openstack.wsgi_app [-] oslo_messaging_rabbit.kombu_failover_strategy = round-robin {{(pid=124459) log_opt_values /usr/local/lib/python3.8/dist-packages/oslo_config/cfg.py:2609}}
Feb 18 17:37:29.098569 dv-neutron-826502-2-hyperv devstack@n-api.service[124459]: DEBUG nova.api.openstack.wsgi_app [-] oslo_messaging_rabbit.kombu_missing_consumer_retry_timeout = 60 {{(pid=124459) log_opt_values /usr/local/lib/python3.8/dist-packages/oslo_config/cfg.py:2609}}
Feb 18 17:37:29.098896 dv-neutron-826502-2-hyperv devstack@n-api.service[124459]: DEBUG nova.api.openstack.wsgi_app [-] oslo_messaging_rabbit.kombu_reconnect_delay = 1.0 {{(pid=124459) log_opt_values /usr/local/lib/python3.8/dist-packages/oslo_config/cfg.py:2609}}
Feb 18 17:37:29.099214 dv-neutron-826502-2-hyperv devstack@n-api.service[124459]: DEBUG nova.api.openstack.wsgi_app [-] oslo_messaging_rabbit.rabbit_ha_queues = False {{(pid=124459) log_opt_values /usr/local/lib/python3.8/dist-packages/oslo_config/cfg.py:2609}}
Feb 18 17:37:29.099530 dv-neutron-826502-2-hyperv devstack@n-api.service[124459]: DEBUG nova.api.openstack.wsgi_app [-] oslo_messaging_rabbit.rabbit_interval_max = 30 {{(pid=124459) log_opt_values /usr/local/lib/python3.8/dist-packages/oslo_config/cfg.py:2609}}
Feb 18 17:37:29.099863 dv-neutron-826502-2-hyperv devstack@n-api.service[124459]: DEBUG nova.api.openstack.wsgi_app [-] oslo_messaging_rabbit.rabbit_login_method = AMQPLAIN {{(pid=124459) log_opt_values /usr/local/lib/python3.8/dist-packages/oslo_config/cfg.py:2609}}
Feb 18 17:37:29.100177 dv-neutron-826502-2-hyperv devstack@n-api.service[124459]: DEBUG nova.api.openstack.wsgi_app [-] oslo_messaging_rabbit.rabbit_qos_prefetch_count = 0 {{(pid=124459) log_opt_values /usr/local/lib/python3.8/dist-packages/oslo_config/cfg.py:2609}}
Feb 18 17:37:29.100490 dv-neutron-826502-2-hyperv devstack@n-api.service[124459]: DEBUG nova.api.openstack.wsgi_app [-] oslo_messaging_rabbit.rabbit_quorum_queue = False {{(pid=124459) log_opt_values /usr/local/lib/python3.8/dist-packages/oslo_config/cfg.py:2609}}
Feb 18 17:37:29.100811 dv-neutron-826502-2-hyperv devstack@n-api.service[124459]: DEBUG nova.api.openstack.wsgi_app [-] oslo_messaging_rabbit.rabbit_retry_backoff = 2 {{(pid=124459) log_opt_values /usr/local/lib/python3.8/dist-packages/oslo_config/cfg.py:2609}}
Feb 18 17:37:29.101124 dv-neutron-826502-2-hyperv devstack@n-api.service[124459]: DEBUG nova.api.openstack.wsgi_app [-] oslo_messaging_rabbit.rabbit_retry_interval = 1 {{(pid=124459) log_opt_values /usr/local/lib/python3.8/dist-packages/oslo_config/cfg.py:2609}}
Feb 18 17:37:29.101437 dv-neutron-826502-2-hyperv devstack@n-api.service[124459]: DEBUG nova.api.openstack.wsgi_app [-] oslo_messaging_rabbit.rabbit_transient_queues_ttl = 1800 {{(pid=124459) log_opt_values /usr/local/lib/python3.8/dist-packages/oslo_config/cfg.py:2609}}
Feb 18 17:37:29.101771 dv-neutron-826502-2-hyperv devstack@n-api.service[124459]: DEBUG nova.api.openstack.wsgi_app [-] oslo_messaging_rabbit.rpc_conn_pool_size = 30 {{(pid=124459) log_opt_values /usr/local/lib/python3.8/dist-packages/oslo_config/cfg.py:2609}}
Feb 18 17:37:29.102076 dv-neutron-826502-2-hyperv devstack@n-api.service[124459]: DEBUG nova.api.openstack.wsgi_app [-] oslo_messaging_rabbit.ssl = False {{(pid=124459) log_opt_values /usr/local/lib/python3.8/dist-packages/oslo_config/cfg.py:2609}}
Feb 18 17:37:29.102405 dv-neutron-826502-2-hyperv devstack@n-api.service[124459]: DEBUG nova.api.openstack.wsgi_app [-] oslo_messaging_rabbit.ssl_ca_file = {{(pid=124459) log_opt_values /usr/local/lib/python3.8/dist-packages/oslo_config/cfg.py:2609}}
Feb 18 17:37:29.102759 dv-neutron-826502-2-hyperv devstack@n-api.service[124459]: DEBUG nova.api.openstack.wsgi_app [-] oslo_messaging_rabbit.ssl_cert_file = {{(pid=124459) log_opt_values /usr/local/lib/python3.8/dist-packages/oslo_config/cfg.py:2609}}
Feb 18 17:37:29.103086 dv-neutron-826502-2-hyperv devstack@n-api.service[124459]: DEBUG nova.api.openstack.wsgi_app [-] oslo_messaging_rabbit.ssl_key_file = {{(pid=124459) log_opt_values /usr/local/lib/python3.8/dist-packages/oslo_config/cfg.py:2609}}
Feb 18 17:37:29.103415 dv-neutron-826502-2-hyperv devstack@n-api.service[124459]: DEBUG nova.api.openstack.wsgi_app [-] oslo_messaging_rabbit.ssl_version = {{(pid=124459) log_opt_values /usr/local/lib/python3.8/dist-packages/oslo_config/cfg.py:2609}}
Feb 18 17:37:29.104461 dv-neutron-826502-2-hyperv devstack@n-api.service[124459]: DEBUG nova.api.openstack.wsgi_app [-] oslo_messaging_notifications.driver = ['messagingv2'] {{(pid=124459) log_opt_values /usr/local/lib/python3.8/dist-packages/oslo_config/cfg.py:2609}}
Feb 18 17:37:29.104786 dv-neutron-826502-2-hyperv devstack@n-api.service[124459]: DEBUG nova.api.openstack.wsgi_app [-] oslo_messaging_notifications.retry = -1 {{(pid=124459) log_opt_values /usr/local/lib/python3.8/dist-packages/oslo_config/cfg.py:2609}}
Feb 18 17:37:29.105139 dv-neutron-826502-2-hyperv devstack@n-api.service[124459]: DEBUG nova.api.openstack.wsgi_app [-] oslo_messaging_notifications.topics = ['notifications'] {{(pid=124459) log_opt_values /usr/local/lib/python3.8/dist-packages/oslo_config/cfg.py:2609}}
Feb 18 17:37:29.105476 dv-neutron-826502-2-hyperv devstack@n-api.service[124459]: DEBUG nova.api.openstack.wsgi_app [-] oslo_messaging_notifications.transport_url = **** {{(pid=124459) log_opt_values /usr/local/lib/python3.8/dist-packages/oslo_config/cfg.py:2609}}
Feb 18 17:37:29.105797 dv-neutron-826502-2-hyperv devstack@n-api.service[124459]: DEBUG nova.api.openstack.wsgi_app [-] oslo_reports.file_event_handler = None {{(pid=124459) log_opt_values /usr/local/lib/python3.8/dist-packages/oslo_config/cfg.py:2609}}
Feb 18 17:37:29.106112 dv-neutron-826502-2-hyperv devstack@n-api.service[124459]: DEBUG nova.api.openstack.wsgi_app [-] oslo_reports.file_event_handler_interval = 1 {{(pid=124459) log_opt_values /usr/local/lib/python3.8/dist-packages/oslo_config/cfg.py:2609}}
Feb 18 17:37:29.106424 dv-neutron-826502-2-hyperv devstack@n-api.service[124459]: DEBUG nova.api.openstack.wsgi_app [-] oslo_reports.log_dir = None {{(pid=124459) log_opt_values /usr/local/lib/python3.8/dist-packages/oslo_config/cfg.py:2609}}
Feb 18 17:37:29.106693 dv-neutron-826502-2-hyperv devstack@n-api.service[124459]: DEBUG nova.api.openstack.wsgi_app [-] ******************************************************************************** {{(pid=124459) log_opt_values /usr/local/lib/python3.8/dist-packages/oslo_config/cfg.py:2613}}
Feb 18 17:37:29.129780 dv-neutron-826502-2-hyperv devstack@n-api.service[124459]: DEBUG oslo_db.sqlalchemy.engines [None req-bb584718-bd53-41ef-b6bc-b534b5484add None None] MySQL server mode set to STRICT_TRANS_TABLES,STRICT_ALL_TABLES,NO_ZERO_IN_DATE,NO_ZERO_DATE,ERROR_FOR_DIVISION_BY_ZERO,TRADITIONAL,NO_ENGINE_SUBSTITUTION {{(pid=124459) _check_effective_sql_mode /usr/local/lib/python3.8/dist-packages/oslo_db/sqlalchemy/engines.py:314}}
Feb 18 17:37:29.134052 dv-neutron-826502-2-hyperv devstack@n-api.service[124460]: DEBUG nova.context [None req-d0cd9c99-1073-42da-8e06-7e0d21c173a4 None None] Found 2 cells: 00000000-0000-0000-0000-000000000000(cell0),d5bbe7e2-2c98-4389-b929-35495a7eafa0(cell1) {{(pid=124460) load_cells /opt/stack/nova/nova/context.py:464}}
Feb 18 17:37:29.139551 dv-neutron-826502-2-hyperv devstack@n-api.service[124460]: DEBUG oslo_concurrency.lockutils [None req-d0cd9c99-1073-42da-8e06-7e0d21c173a4 None None] Lock "00000000-0000-0000-0000-000000000000" acquired by "nova.context.set_target_cell..get_or_set_cached_cell_and_set_connections" :: waited 0.000s {{(pid=124460) inner /usr/local/lib/python3.8/dist-packages/oslo_concurrency/lockutils.py:386}}
Feb 18 17:37:29.141130 dv-neutron-826502-2-hyperv devstack@n-api.service[124460]: DEBUG oslo_concurrency.lockutils [None req-d0cd9c99-1073-42da-8e06-7e0d21c173a4 None None] Lock "00000000-0000-0000-0000-000000000000" "released" by "nova.context.set_target_cell..get_or_set_cached_cell_and_set_connections" :: held 0.002s {{(pid=124460) inner /usr/local/lib/python3.8/dist-packages/oslo_concurrency/lockutils.py:400}}
Feb 18 17:37:29.141968 dv-neutron-826502-2-hyperv devstack@n-api.service[124460]: DEBUG oslo_concurrency.lockutils [None req-d0cd9c99-1073-42da-8e06-7e0d21c173a4 None None] Lock "d5bbe7e2-2c98-4389-b929-35495a7eafa0" acquired by "nova.context.set_target_cell..get_or_set_cached_cell_and_set_connections" :: waited 0.000s {{(pid=124460) inner /usr/local/lib/python3.8/dist-packages/oslo_concurrency/lockutils.py:386}}
Feb 18 17:37:29.143936 dv-neutron-826502-2-hyperv devstack@n-api.service[124460]: DEBUG oslo_concurrency.lockutils [None req-d0cd9c99-1073-42da-8e06-7e0d21c173a4 None None] Lock "d5bbe7e2-2c98-4389-b929-35495a7eafa0" "released" by "nova.context.set_target_cell..get_or_set_cached_cell_and_set_connections" :: held 0.002s {{(pid=124460) inner /usr/local/lib/python3.8/dist-packages/oslo_concurrency/lockutils.py:400}}
Feb 18 17:37:29.154703 dv-neutron-826502-2-hyperv devstack@n-api.service[124460]: DEBUG oslo_db.sqlalchemy.engines [None req-d0cd9c99-1073-42da-8e06-7e0d21c173a4 None None] MySQL server mode set to STRICT_TRANS_TABLES,STRICT_ALL_TABLES,NO_ZERO_IN_DATE,NO_ZERO_DATE,ERROR_FOR_DIVISION_BY_ZERO,TRADITIONAL,NO_ENGINE_SUBSTITUTION {{(pid=124460) _check_effective_sql_mode /usr/local/lib/python3.8/dist-packages/oslo_db/sqlalchemy/engines.py:314}}
Feb 18 17:37:29.156579 dv-neutron-826502-2-hyperv devstack@n-api.service[124460]: DEBUG oslo_db.sqlalchemy.engines [None req-d0cd9c99-1073-42da-8e06-7e0d21c173a4 None None] MySQL server mode set to STRICT_TRANS_TABLES,STRICT_ALL_TABLES,NO_ZERO_IN_DATE,NO_ZERO_DATE,ERROR_FOR_DIVISION_BY_ZERO,TRADITIONAL,NO_ENGINE_SUBSTITUTION {{(pid=124460) _check_effective_sql_mode /usr/local/lib/python3.8/dist-packages/oslo_db/sqlalchemy/engines.py:314}}
Feb 18 17:37:29.194148 dv-neutron-826502-2-hyperv devstack@n-api.service[124459]: DEBUG nova.context [None req-bb584718-bd53-41ef-b6bc-b534b5484add None None] Found 2 cells: 00000000-0000-0000-0000-000000000000(cell0),d5bbe7e2-2c98-4389-b929-35495a7eafa0(cell1) {{(pid=124459) load_cells /opt/stack/nova/nova/context.py:464}}
Feb 18 17:37:29.199479 dv-neutron-826502-2-hyperv devstack@n-api.service[124459]: DEBUG oslo_concurrency.lockutils [None req-bb584718-bd53-41ef-b6bc-b534b5484add None None] Lock "00000000-0000-0000-0000-000000000000" acquired by "nova.context.set_target_cell..get_or_set_cached_cell_and_set_connections" :: waited 0.000s {{(pid=124459) inner /usr/local/lib/python3.8/dist-packages/oslo_concurrency/lockutils.py:386}}
Feb 18 17:37:29.200245 dv-neutron-826502-2-hyperv devstack@n-api.service[124459]: DEBUG oslo_concurrency.lockutils [None req-bb584718-bd53-41ef-b6bc-b534b5484add None None] Lock "00000000-0000-0000-0000-000000000000" "released" by "nova.context.set_target_cell..get_or_set_cached_cell_and_set_connections" :: held 0.002s {{(pid=124459) inner /usr/local/lib/python3.8/dist-packages/oslo_concurrency/lockutils.py:400}}
Feb 18 17:37:29.201749 dv-neutron-826502-2-hyperv devstack@n-api.service[124459]: DEBUG oslo_concurrency.lockutils [None req-bb584718-bd53-41ef-b6bc-b534b5484add None None] Lock "d5bbe7e2-2c98-4389-b929-35495a7eafa0" acquired by "nova.context.set_target_cell..get_or_set_cached_cell_and_set_connections" :: waited 0.000s {{(pid=124459) inner /usr/local/lib/python3.8/dist-packages/oslo_concurrency/lockutils.py:386}}
Feb 18 17:37:29.203709 dv-neutron-826502-2-hyperv devstack@n-api.service[124459]: DEBUG oslo_concurrency.lockutils [None req-bb584718-bd53-41ef-b6bc-b534b5484add None None] Lock "d5bbe7e2-2c98-4389-b929-35495a7eafa0" "released" by "nova.context.set_target_cell..get_or_set_cached_cell_and_set_connections" :: held 0.002s {{(pid=124459) inner /usr/local/lib/python3.8/dist-packages/oslo_concurrency/lockutils.py:400}}
Feb 18 17:37:29.214195 dv-neutron-826502-2-hyperv devstack@n-api.service[124459]: DEBUG oslo_db.sqlalchemy.engines [None req-bb584718-bd53-41ef-b6bc-b534b5484add None None] MySQL server mode set to STRICT_TRANS_TABLES,STRICT_ALL_TABLES,NO_ZERO_IN_DATE,NO_ZERO_DATE,ERROR_FOR_DIVISION_BY_ZERO,TRADITIONAL,NO_ENGINE_SUBSTITUTION {{(pid=124459) _check_effective_sql_mode /usr/local/lib/python3.8/dist-packages/oslo_db/sqlalchemy/engines.py:314}}
Feb 18 17:37:29.217371 dv-neutron-826502-2-hyperv devstack@n-api.service[124459]: DEBUG oslo_db.sqlalchemy.engines [None req-bb584718-bd53-41ef-b6bc-b534b5484add None None] MySQL server mode set to STRICT_TRANS_TABLES,STRICT_ALL_TABLES,NO_ZERO_IN_DATE,NO_ZERO_DATE,ERROR_FOR_DIVISION_BY_ZERO,TRADITIONAL,NO_ENGINE_SUBSTITUTION {{(pid=124459) _check_effective_sql_mode /usr/local/lib/python3.8/dist-packages/oslo_db/sqlalchemy/engines.py:314}}
Feb 18 17:37:29.316384 dv-neutron-826502-2-hyperv devstack@n-api.service[124460]: DEBUG oslo_db.sqlalchemy.engines [None req-d0cd9c99-1073-42da-8e06-7e0d21c173a4 None None] MySQL server mode set to STRICT_TRANS_TABLES,STRICT_ALL_TABLES,NO_ZERO_IN_DATE,NO_ZERO_DATE,ERROR_FOR_DIVISION_BY_ZERO,TRADITIONAL,NO_ENGINE_SUBSTITUTION {{(pid=124460) _check_effective_sql_mode /usr/local/lib/python3.8/dist-packages/oslo_db/sqlalchemy/engines.py:314}}
Feb 18 17:37:29.378688 dv-neutron-826502-2-hyperv devstack@n-api.service[124459]: DEBUG oslo_db.sqlalchemy.engines [None req-bb584718-bd53-41ef-b6bc-b534b5484add None None] MySQL server mode set to STRICT_TRANS_TABLES,STRICT_ALL_TABLES,NO_ZERO_IN_DATE,NO_ZERO_DATE,ERROR_FOR_DIVISION_BY_ZERO,TRADITIONAL,NO_ENGINE_SUBSTITUTION {{(pid=124459) _check_effective_sql_mode /usr/local/lib/python3.8/dist-packages/oslo_db/sqlalchemy/engines.py:314}}
Feb 18 17:37:29.645890 dv-neutron-826502-2-hyperv devstack@n-api.service[124460]: WARNING keystonemiddleware.auth_token [None req-d0cd9c99-1073-42da-8e06-7e0d21c173a4 None None] AuthToken middleware is set with keystone_authtoken.service_token_roles_required set to False. This is backwards compatible but deprecated behaviour. Please set this to True.
Feb 18 17:37:29.653597 dv-neutron-826502-2-hyperv devstack@n-api.service[124460]: WARNING keystonemiddleware.auth_token [None req-d0cd9c99-1073-42da-8e06-7e0d21c173a4 None None] Configuring www_authenticate_uri to point to the public identity endpoint is required; clients may not be able to authenticate against an admin endpoint
Feb 18 17:37:29.701538 dv-neutron-826502-2-hyperv devstack@n-api.service[124459]: WARNING keystonemiddleware.auth_token [None req-bb584718-bd53-41ef-b6bc-b534b5484add None None] AuthToken middleware is set with keystone_authtoken.service_token_roles_required set to False. This is backwards compatible but deprecated behaviour. Please set this to True.
Feb 18 17:37:29.709649 dv-neutron-826502-2-hyperv devstack@n-api.service[124459]: WARNING keystonemiddleware.auth_token [None req-bb584718-bd53-41ef-b6bc-b534b5484add None None] Configuring www_authenticate_uri to point to the public identity endpoint is required; clients may not be able to authenticate against an admin endpoint
Feb 18 17:37:29.995388 dv-neutron-826502-2-hyperv devstack@n-api.service[124460]: WARNING keystonemiddleware.auth_token [None req-d0cd9c99-1073-42da-8e06-7e0d21c173a4 None None] AuthToken middleware is set with keystone_authtoken.service_token_roles_required set to False. This is backwards compatible but deprecated behaviour. Please set this to True.
Feb 18 17:37:30.000631 dv-neutron-826502-2-hyperv devstack@n-api.service[124460]: WARNING keystonemiddleware.auth_token [None req-d0cd9c99-1073-42da-8e06-7e0d21c173a4 None None] Configuring www_authenticate_uri to point to the public identity endpoint is required; clients may not be able to authenticate against an admin endpoint
Feb 18 17:37:30.005952 dv-neutron-826502-2-hyperv devstack@n-api.service[124460]: WSGI app 0 (mountpoint='') ready in 5 seconds on interpreter 0x55e805d1d9c0 pid: 124460 (default app)
Feb 18 17:37:30.047022 dv-neutron-826502-2-hyperv devstack@n-api.service[124459]: WARNING keystonemiddleware.auth_token [None req-bb584718-bd53-41ef-b6bc-b534b5484add None None] AuthToken middleware is set with keystone_authtoken.service_token_roles_required set to False. This is backwards compatible but deprecated behaviour. Please set this to True.
Feb 18 17:37:30.052222 dv-neutron-826502-2-hyperv devstack@n-api.service[124459]: WARNING keystonemiddleware.auth_token [None req-bb584718-bd53-41ef-b6bc-b534b5484add None None] Configuring www_authenticate_uri to point to the public identity endpoint is required; clients may not be able to authenticate against an admin endpoint
Feb 18 17:37:30.057612 dv-neutron-826502-2-hyperv devstack@n-api.service[124459]: WSGI app 0 (mountpoint='') ready in 6 seconds on interpreter 0x55e805d1d9c0 pid: 124459 (default app)
Feb 18 17:38:12.954961 dv-neutron-826502-2-hyperv devstack@n-api.service[124460]: DEBUG nova.api.openstack.wsgi [None req-8601ef59-b879-4ea4-920b-e612a249880b tempest-PortsAdminExtendedAttrsTestJSON-1474330322 tempest-PortsAdminExtendedAttrsTestJSON-1474330322-project-admin] Calling method '.version_select at 0x7ff5044c70d0>' {{(pid=124460) _process_stack /opt/stack/nova/nova/api/openstack/wsgi.py:513}}
Feb 18 17:38:12.956441 dv-neutron-826502-2-hyperv devstack@n-api.service[124460]: /usr/local/lib/python3.8/dist-packages/oslo_policy/policy.py:1119: UserWarning: Policy "os_compute_api:os-hypervisors:list": "rule:system_reader_api" failed scope check. The token used to make the request was project scoped but the policy requires ['system'] scope. This behavior may change in the future where using the intended scope is required
Feb 18 17:38:12.956441 dv-neutron-826502-2-hyperv devstack@n-api.service[124460]: warnings.warn(msg)
Feb 18 17:38:12.979126 dv-neutron-826502-2-hyperv devstack@n-api.service[124460]: DEBUG nova.compute.api [None req-8601ef59-b879-4ea4-920b-e612a249880b tempest-PortsAdminExtendedAttrsTestJSON-1474330322 tempest-PortsAdminExtendedAttrsTestJSON-1474330322-project-admin] Found 2 cells: 00000000-0000-0000-0000-000000000000(cell0),d5bbe7e2-2c98-4389-b929-35495a7eafa0(cell1) {{(pid=124460) load_cells /opt/stack/nova/nova/compute/api.py:304}}
Feb 18 17:38:12.980458 dv-neutron-826502-2-hyperv devstack@n-api.service[124460]: DEBUG oslo_concurrency.lockutils [None req-8601ef59-b879-4ea4-920b-e612a249880b tempest-PortsAdminExtendedAttrsTestJSON-1474330322 tempest-PortsAdminExtendedAttrsTestJSON-1474330322-project-admin] Lock "d5bbe7e2-2c98-4389-b929-35495a7eafa0" acquired by "nova.context.set_target_cell..get_or_set_cached_cell_and_set_connections" :: waited 0.001s {{(pid=124460) inner /usr/local/lib/python3.8/dist-packages/oslo_concurrency/lockutils.py:386}}
Feb 18 17:38:12.980912 dv-neutron-826502-2-hyperv devstack@n-api.service[124460]: DEBUG oslo_concurrency.lockutils [None req-8601ef59-b879-4ea4-920b-e612a249880b tempest-PortsAdminExtendedAttrsTestJSON-1474330322 tempest-PortsAdminExtendedAttrsTestJSON-1474330322-project-admin] Lock "d5bbe7e2-2c98-4389-b929-35495a7eafa0" "released" by "nova.context.set_target_cell..get_or_set_cached_cell_and_set_connections" :: held 0.001s {{(pid=124460) inner /usr/local/lib/python3.8/dist-packages/oslo_concurrency/lockutils.py:400}}
Feb 18 17:38:13.043540 dv-neutron-826502-2-hyperv devstack@n-api.service[124460]: DEBUG oslo_concurrency.lockutils [None req-8601ef59-b879-4ea4-920b-e612a249880b tempest-PortsAdminExtendedAttrsTestJSON-1474330322 tempest-PortsAdminExtendedAttrsTestJSON-1474330322-project-admin] Lock "d5bbe7e2-2c98-4389-b929-35495a7eafa0" acquired by "nova.context.set_target_cell..get_or_set_cached_cell_and_set_connections" :: waited 0.000s {{(pid=124460) inner /usr/local/lib/python3.8/dist-packages/oslo_concurrency/lockutils.py:386}}
Feb 18 17:38:13.044019 dv-neutron-826502-2-hyperv devstack@n-api.service[124460]: DEBUG oslo_concurrency.lockutils [None req-8601ef59-b879-4ea4-920b-e612a249880b tempest-PortsAdminExtendedAttrsTestJSON-1474330322 tempest-PortsAdminExtendedAttrsTestJSON-1474330322-project-admin] Lock "d5bbe7e2-2c98-4389-b929-35495a7eafa0" "released" by "nova.context.set_target_cell..get_or_set_cached_cell_and_set_connections" :: held 0.001s {{(pid=124460) inner /usr/local/lib/python3.8/dist-packages/oslo_concurrency/lockutils.py:400}}
Feb 18 17:38:13.064040 dv-neutron-826502-2-hyperv devstack@n-api.service[124460]: INFO nova.api.openstack.requestlog [None req-8601ef59-b879-4ea4-920b-e612a249880b tempest-PortsAdminExtendedAttrsTestJSON-1474330322 tempest-PortsAdminExtendedAttrsTestJSON-1474330322-project-admin] 10.222.0.48 "GET /compute/v2.1/os-hypervisors" status: 200 len: 106 microversion: 2.1 time: 1.061013
Feb 18 17:38:13.067440 dv-neutron-826502-2-hyperv devstack@n-api.service[124460]: [pid: 124460|app: 0|req: 1/1] 10.222.0.48 () {58 vars in 1145 bytes} [Fri Feb 18 17:38:11 2022] GET /compute/v2.1/os-hypervisors => generated 106 bytes in 1067 msecs (HTTP/1.1 200) 9 headers in 357 bytes (1 switches on core 0)
Feb 18 17:38:20.824657 dv-neutron-826502-2-hyperv devstack@n-api.service[124459]: DEBUG nova.api.openstack.wsgi [None req-ad04eea1-5623-4d3b-90a9-80aece46192e tempest-ServersTestJSON-152003205 tempest-ServersTestJSON-152003205-project] Action: 'create', calling method: .version_select at 0x7ff5044c30d0>, body: {"keypair": {"name": "tempest-keypair-1442078215"}} {{(pid=124459) _process_stack /opt/stack/nova/nova/api/openstack/wsgi.py:511}}
Feb 18 17:38:20.923509 dv-neutron-826502-2-hyperv devstack@n-api.service[124459]: DEBUG nova.quota [None req-ad04eea1-5623-4d3b-90a9-80aece46192e tempest-ServersTestJSON-152003205 tempest-ServersTestJSON-152003205-project] Getting quotas for project 37a52faf06a44285b8b1ff9214117ace. Resources: {'key_pairs'} {{(pid=124459) _get_quotas /opt/stack/nova/nova/quota.py:387}}
Feb 18 17:38:20.934687 dv-neutron-826502-2-hyperv devstack@n-api.service[124459]: DEBUG nova.quota [None req-ad04eea1-5623-4d3b-90a9-80aece46192e tempest-ServersTestJSON-152003205 tempest-ServersTestJSON-152003205-project] Getting quotas for user 9d56678ac8104bc5a2302cf1bc5eba4b and project 37a52faf06a44285b8b1ff9214117ace. Resources: {'key_pairs'} {{(pid=124459) _get_quotas /opt/stack/nova/nova/quota.py:377}}
Feb 18 17:38:21.700108 dv-neutron-826502-2-hyperv devstack@n-api.service[124459]: DEBUG nova.quota [None req-ad04eea1-5623-4d3b-90a9-80aece46192e tempest-ServersTestJSON-152003205 tempest-ServersTestJSON-152003205-project] Getting quotas for project 37a52faf06a44285b8b1ff9214117ace. Resources: {'key_pairs'} {{(pid=124459) _get_quotas /opt/stack/nova/nova/quota.py:387}}
Feb 18 17:38:21.714527 dv-neutron-826502-2-hyperv devstack@n-api.service[124459]: DEBUG nova.quota [None req-ad04eea1-5623-4d3b-90a9-80aece46192e tempest-ServersTestJSON-152003205 tempest-ServersTestJSON-152003205-project] Getting quotas for user 9d56678ac8104bc5a2302cf1bc5eba4b and project 37a52faf06a44285b8b1ff9214117ace. Resources: {'key_pairs'} {{(pid=124459) _get_quotas /opt/stack/nova/nova/quota.py:377}}
Feb 18 17:38:21.751153 dv-neutron-826502-2-hyperv devstack@n-api.service[124459]: INFO nova.api.openstack.requestlog [None req-ad04eea1-5623-4d3b-90a9-80aece46192e tempest-ServersTestJSON-152003205 tempest-ServersTestJSON-152003205-project] 10.222.0.48 "POST /compute/v2.1/os-keypairs" status: 200 len: 2305 microversion: 2.1 time: 1.848632
Feb 18 17:38:21.757528 dv-neutron-826502-2-hyperv devstack@n-api.service[124459]: [pid: 124459|app: 0|req: 1/2] 10.222.0.48 () {60 vars in 1157 bytes} [Fri Feb 18 17:38:19 2022] POST /compute/v2.1/os-keypairs => generated 2305 bytes in 1856 msecs (HTTP/1.1 200) 9 headers in 358 bytes (1 switches on core 0)
Feb 18 17:38:28.644785 dv-neutron-826502-2-hyperv devstack@n-api.service[124460]: DEBUG nova.api.openstack.wsgi [None req-7a4d1263-208e-425e-ae36-ed95b0b2ac7c tempest-ServersTestManualDisk-1697608586 tempest-ServersTestManualDisk-1697608586-project] Action: 'create', calling method: .version_select at 0x7ff50449f940>, body: {"keypair": {"name": "tempest-keypair-543922180"}} {{(pid=124460) _process_stack /opt/stack/nova/nova/api/openstack/wsgi.py:511}}
Feb 18 17:38:28.755005 dv-neutron-826502-2-hyperv devstack@n-api.service[124459]: DEBUG nova.api.openstack.wsgi [None req-c339799b-67c4-4410-a822-5a2f52d4a229 tempest-ServerActionsTestJSON-230893967 tempest-ServerActionsTestJSON-230893967-project] Action: 'create', calling method: .version_select at 0x7ff5044c3ca0>, body: {"keypair": {"name": "tempest-keypair-1784941998"}} {{(pid=124459) _process_stack /opt/stack/nova/nova/api/openstack/wsgi.py:511}}
Feb 18 17:38:28.771153 dv-neutron-826502-2-hyperv devstack@n-api.service[124460]: DEBUG nova.quota [None req-7a4d1263-208e-425e-ae36-ed95b0b2ac7c tempest-ServersTestManualDisk-1697608586 tempest-ServersTestManualDisk-1697608586-project] Getting quotas for project a7b0fc45c59f47c182d13df323f4eab0. Resources: {'key_pairs'} {{(pid=124460) _get_quotas /opt/stack/nova/nova/quota.py:387}}
Feb 18 17:38:28.780378 dv-neutron-826502-2-hyperv devstack@n-api.service[124460]: DEBUG nova.quota [None req-7a4d1263-208e-425e-ae36-ed95b0b2ac7c tempest-ServersTestManualDisk-1697608586 tempest-ServersTestManualDisk-1697608586-project] Getting quotas for user a61faea52a6e4364a4115af111e64c1a and project a7b0fc45c59f47c182d13df323f4eab0. Resources: {'key_pairs'} {{(pid=124460) _get_quotas /opt/stack/nova/nova/quota.py:377}}
Feb 18 17:38:28.789826 dv-neutron-826502-2-hyperv devstack@n-api.service[124459]: DEBUG nova.quota [None req-c339799b-67c4-4410-a822-5a2f52d4a229 tempest-ServerActionsTestJSON-230893967 tempest-ServerActionsTestJSON-230893967-project] Getting quotas for project 4eeaebe420374a5bab20112e1ff1e9d4. Resources: {'key_pairs'} {{(pid=124459) _get_quotas /opt/stack/nova/nova/quota.py:387}}
Feb 18 17:38:28.797433 dv-neutron-826502-2-hyperv devstack@n-api.service[124459]: DEBUG nova.quota [None req-c339799b-67c4-4410-a822-5a2f52d4a229 tempest-ServerActionsTestJSON-230893967 tempest-ServerActionsTestJSON-230893967-project] Getting quotas for user db6db816613a4207b014c93d4a6401ee and project 4eeaebe420374a5bab20112e1ff1e9d4. Resources: {'key_pairs'} {{(pid=124459) _get_quotas /opt/stack/nova/nova/quota.py:377}}
Feb 18 17:38:29.456617 dv-neutron-826502-2-hyperv devstack@n-api.service[124460]: DEBUG nova.quota [None req-7a4d1263-208e-425e-ae36-ed95b0b2ac7c tempest-ServersTestManualDisk-1697608586 tempest-ServersTestManualDisk-1697608586-project] Getting quotas for project a7b0fc45c59f47c182d13df323f4eab0. Resources: {'key_pairs'} {{(pid=124460) _get_quotas /opt/stack/nova/nova/quota.py:387}}
Feb 18 17:38:29.464599 dv-neutron-826502-2-hyperv devstack@n-api.service[124460]: DEBUG nova.quota [None req-7a4d1263-208e-425e-ae36-ed95b0b2ac7c tempest-ServersTestManualDisk-1697608586 tempest-ServersTestManualDisk-1697608586-project] Getting quotas for user a61faea52a6e4364a4115af111e64c1a and project a7b0fc45c59f47c182d13df323f4eab0. Resources: {'key_pairs'} {{(pid=124460) _get_quotas /opt/stack/nova/nova/quota.py:377}}
Feb 18 17:38:29.497249 dv-neutron-826502-2-hyperv devstack@n-api.service[124460]: INFO nova.api.openstack.requestlog [None req-7a4d1263-208e-425e-ae36-ed95b0b2ac7c tempest-ServersTestManualDisk-1697608586 tempest-ServersTestManualDisk-1697608586-project] 10.222.0.48 "POST /compute/v2.1/os-keypairs" status: 200 len: 2300 microversion: 2.1 time: 1.100878
Feb 18 17:38:29.498877 dv-neutron-826502-2-hyperv devstack@n-api.service[124460]: [pid: 124460|app: 0|req: 2/3] 10.222.0.48 () {60 vars in 1157 bytes} [Fri Feb 18 17:38:28 2022] POST /compute/v2.1/os-keypairs => generated 2300 bytes in 1103 msecs (HTTP/1.1 200) 9 headers in 358 bytes (1 switches on core 0)
Feb 18 17:38:29.624370 dv-neutron-826502-2-hyperv devstack@n-api.service[124459]: DEBUG nova.quota [None req-c339799b-67c4-4410-a822-5a2f52d4a229 tempest-ServerActionsTestJSON-230893967 tempest-ServerActionsTestJSON-230893967-project] Getting quotas for project 4eeaebe420374a5bab20112e1ff1e9d4. Resources: {'key_pairs'} {{(pid=124459) _get_quotas /opt/stack/nova/nova/quota.py:387}}
Feb 18 17:38:29.642300 dv-neutron-826502-2-hyperv devstack@n-api.service[124459]: DEBUG nova.quota [None req-c339799b-67c4-4410-a822-5a2f52d4a229 tempest-ServerActionsTestJSON-230893967 tempest-ServerActionsTestJSON-230893967-project] Getting quotas for user db6db816613a4207b014c93d4a6401ee and project 4eeaebe420374a5bab20112e1ff1e9d4. Resources: {'key_pairs'} {{(pid=124459) _get_quotas /opt/stack/nova/nova/quota.py:377}}
Feb 18 17:38:29.719423 dv-neutron-826502-2-hyperv devstack@n-api.service[124459]: INFO nova.api.openstack.requestlog [None req-c339799b-67c4-4410-a822-5a2f52d4a229 tempest-ServerActionsTestJSON-230893967 tempest-ServerActionsTestJSON-230893967-project] 10.222.0.48 "POST /compute/v2.1/os-keypairs" status: 200 len: 2305 microversion: 2.1 time: 1.134772
Feb 18 17:38:29.720901 dv-neutron-826502-2-hyperv devstack@n-api.service[124459]: [pid: 124459|app: 0|req: 2/4] 10.222.0.48 () {60 vars in 1157 bytes} [Fri Feb 18 17:38:28 2022] POST /compute/v2.1/os-keypairs => generated 2305 bytes in 1143 msecs (HTTP/1.1 200) 9 headers in 358 bytes (1 switches on core 0)
Feb 18 17:38:29.875189 dv-neutron-826502-2-hyperv devstack@n-api.service[124460]: DEBUG nova.api.openstack.wsgi [None req-26468beb-f56b-46b0-9aa6-b185bd9e1cae tempest-ServersTestJSON-152003205 tempest-ServersTestJSON-152003205-project] Action: 'create', calling method: >, body: {"server": {"name": "tempest-ServersTestJSON-server-759834848", "imageRef": "7819a0a4-15a8-4e2f-a3c7-023acc201fd4", "flavorRef": "452", "metadata": {"hello": "world"}, "accessIPv4": "1.1.1.1", "accessIPv6": "0000:0000:0000:0000:0000:babe:220.12.22.2", "adminPass": "***", "networks": [{"uuid": "a37abd0d-dcbe-4130-b6aa-4ce94e49c49a"}], "security_groups": [{"name": "tempest-securitygroup--1587229314"}], "key_name": "tempest-keypair-1442078215", "user_data": "IyEvYmluL3NoCmVjaG8gIlByaW50aW5nIHVidW50dSB1c2VyIGF1dGhvcml6ZWQga2V5cyIKY2F0IH51YnVudHUvLnNzaC9hdXRob3JpemVkX2tleXMgfHwgdHJ1ZQo=", "OS-DCF:diskConfig": "}} {{(pid=124460) _process_stack /opt/stack/nova/nova/api/openstack/wsgi.py:511}}
Feb 18 17:38:30.895708 dv-neutron-826502-2-hyperv devstack@n-api.service[124460]: DEBUG nova.network.neutron [None req-26468beb-f56b-46b0-9aa6-b185bd9e1cae tempest-ServersTestJSON-152003205 tempest-ServersTestJSON-152003205-project] validate_networks() for [('a37abd0d-dcbe-4130-b6aa-4ce94e49c49a', None, None, None, None, None)] {{(pid=124460) validate_networks /opt/stack/nova/nova/network/neutron.py:2633}}
Feb 18 17:38:33.183357 dv-neutron-826502-2-hyperv devstack@n-api.service[124460]: DEBUG nova.quota [None req-26468beb-f56b-46b0-9aa6-b185bd9e1cae tempest-ServersTestJSON-152003205 tempest-ServersTestJSON-152003205-project] Getting quotas for project 37a52faf06a44285b8b1ff9214117ace. Resources: dict_keys(['metadata_items']) {{(pid=124460) _get_quotas /opt/stack/nova/nova/quota.py:387}}
Feb 18 17:38:33.201105 dv-neutron-826502-2-hyperv devstack@n-api.service[124460]: DEBUG nova.quota [None req-26468beb-f56b-46b0-9aa6-b185bd9e1cae tempest-ServersTestJSON-152003205 tempest-ServersTestJSON-152003205-project] Getting quotas for user 9d56678ac8104bc5a2302cf1bc5eba4b and project 37a52faf06a44285b8b1ff9214117ace. Resources: dict_keys(['metadata_items']) {{(pid=124460) _get_quotas /opt/stack/nova/nova/quota.py:377}}
Feb 18 17:38:33.224469 dv-neutron-826502-2-hyperv devstack@n-api.service[124460]: DEBUG nova.virt.hardware [None req-26468beb-f56b-46b0-9aa6-b185bd9e1cae tempest-ServersTestJSON-152003205 tempest-ServersTestJSON-152003205-project] Flavor limits 0:0:0 {{(pid=124460) get_cpu_topology_constraints /opt/stack/nova/nova/virt/hardware.py:343}}
Feb 18 17:38:33.225099 dv-neutron-826502-2-hyperv devstack@n-api.service[124460]: DEBUG nova.virt.hardware [None req-26468beb-f56b-46b0-9aa6-b185bd9e1cae tempest-ServersTestJSON-152003205 tempest-ServersTestJSON-152003205-project] Image limits 0:0:0 {{(pid=124460) get_cpu_topology_constraints /opt/stack/nova/nova/virt/hardware.py:347}}
Feb 18 17:38:33.226188 dv-neutron-826502-2-hyperv devstack@n-api.service[124460]: DEBUG nova.virt.hardware [None req-26468beb-f56b-46b0-9aa6-b185bd9e1cae tempest-ServersTestJSON-152003205 tempest-ServersTestJSON-152003205-project] Flavor pref 0:0:0 {{(pid=124460) get_cpu_topology_constraints /opt/stack/nova/nova/virt/hardware.py:383}}
Feb 18 17:38:33.226839 dv-neutron-826502-2-hyperv devstack@n-api.service[124460]: DEBUG nova.virt.hardware [None req-26468beb-f56b-46b0-9aa6-b185bd9e1cae tempest-ServersTestJSON-152003205 tempest-ServersTestJSON-152003205-project] Image pref 0:0:0 {{(pid=124460) get_cpu_topology_constraints /opt/stack/nova/nova/virt/hardware.py:387}}
Feb 18 17:38:33.227428 dv-neutron-826502-2-hyperv devstack@n-api.service[124460]: DEBUG nova.virt.hardware [None req-26468beb-f56b-46b0-9aa6-b185bd9e1cae tempest-ServersTestJSON-152003205 tempest-ServersTestJSON-152003205-project] Chose sockets=0, cores=0, threads=0; limits were sockets=65536, cores=65536, threads=65536 {{(pid=124460) get_cpu_topology_constraints /opt/stack/nova/nova/virt/hardware.py:425}}
Feb 18 17:38:33.237331 dv-neutron-826502-2-hyperv devstack@n-api.service[124460]: DEBUG oslo_concurrency.lockutils [None req-26468beb-f56b-46b0-9aa6-b185bd9e1cae tempest-ServersTestJSON-152003205 tempest-ServersTestJSON-152003205-project] Lock "00000000-0000-0000-0000-000000000000" acquired by "nova.context.set_target_cell..get_or_set_cached_cell_and_set_connections" :: waited 0.000s {{(pid=124460) inner /usr/local/lib/python3.8/dist-packages/oslo_concurrency/lockutils.py:386}}
Feb 18 17:38:33.256189 dv-neutron-826502-2-hyperv devstack@n-api.service[124460]: DEBUG oslo_concurrency.lockutils [None req-26468beb-f56b-46b0-9aa6-b185bd9e1cae tempest-ServersTestJSON-152003205 tempest-ServersTestJSON-152003205-project] Lock "00000000-0000-0000-0000-000000000000" "released" by "nova.context.set_target_cell..get_or_set_cached_cell_and_set_connections" :: held 0.019s {{(pid=124460) inner /usr/local/lib/python3.8/dist-packages/oslo_concurrency/lockutils.py:400}}
Feb 18 17:38:33.258287 dv-neutron-826502-2-hyperv devstack@n-api.service[124460]: DEBUG oslo_concurrency.lockutils [None req-26468beb-f56b-46b0-9aa6-b185bd9e1cae tempest-ServersTestJSON-152003205 tempest-ServersTestJSON-152003205-project] Lock "d5bbe7e2-2c98-4389-b929-35495a7eafa0" acquired by "nova.context.set_target_cell..get_or_set_cached_cell_and_set_connections" :: waited 0.000s {{(pid=124460) inner /usr/local/lib/python3.8/dist-packages/oslo_concurrency/lockutils.py:386}}
Feb 18 17:38:33.263793 dv-neutron-826502-2-hyperv devstack@n-api.service[124460]: DEBUG oslo_concurrency.lockutils [None req-26468beb-f56b-46b0-9aa6-b185bd9e1cae tempest-ServersTestJSON-152003205 tempest-ServersTestJSON-152003205-project] Lock "d5bbe7e2-2c98-4389-b929-35495a7eafa0" "released" by "nova.context.set_target_cell..get_or_set_cached_cell_and_set_connections" :: held 0.005s {{(pid=124460) inner /usr/local/lib/python3.8/dist-packages/oslo_concurrency/lockutils.py:400}}
Feb 18 17:38:33.320131 dv-neutron-826502-2-hyperv devstack@n-api.service[124460]: DEBUG nova.quota [None req-26468beb-f56b-46b0-9aa6-b185bd9e1cae tempest-ServersTestJSON-152003205 tempest-ServersTestJSON-152003205-project] Getting quotas for project 37a52faf06a44285b8b1ff9214117ace. Resources: {'ram', 'instances', 'cores'} {{(pid=124460) _get_quotas /opt/stack/nova/nova/quota.py:387}}
Feb 18 17:38:33.332517 dv-neutron-826502-2-hyperv devstack@n-api.service[124460]: DEBUG nova.quota [None req-26468beb-f56b-46b0-9aa6-b185bd9e1cae tempest-ServersTestJSON-152003205 tempest-ServersTestJSON-152003205-project] Getting quotas for user 9d56678ac8104bc5a2302cf1bc5eba4b and project 37a52faf06a44285b8b1ff9214117ace. Resources: {'ram', 'instances', 'cores'} {{(pid=124460) _get_quotas /opt/stack/nova/nova/quota.py:377}}
Feb 18 17:38:33.367828 dv-neutron-826502-2-hyperv devstack@n-api.service[124460]: DEBUG nova.compute.api [None req-26468beb-f56b-46b0-9aa6-b185bd9e1cae tempest-ServersTestJSON-152003205 tempest-ServersTestJSON-152003205-project] Going to run 1 instances... {{(pid=124460) _provision_instances /opt/stack/nova/nova/compute/api.py:1350}}
Feb 18 17:38:33.376610 dv-neutron-826502-2-hyperv devstack@n-api.service[124460]: DEBUG nova.compute.api [None req-26468beb-f56b-46b0-9aa6-b185bd9e1cae tempest-ServersTestJSON-152003205 tempest-ServersTestJSON-152003205-project] [instance: c13dde7d-6794-4396-afc1-0df7d468a025] block_device_mapping [BlockDeviceMapping(attachment_id=,boot_index=0,connection_info=None,created_at=,delete_on_termination=True,deleted=,deleted_at=,destination_type='local',device_name=None,device_type='disk',disk_bus=None,guest_format=None,id=,image_id='7819a0a4-15a8-4e2f-a3c7-023acc201fd4',instance=,instance_uuid=,no_device=False,snapshot_id=None,source_type='image',tag=None,updated_at=,uuid=,volume_id=None,volume_size=None,volume_type=None)] {{(pid=124460) _bdm_validate_set_size_and_instance /opt/stack/nova/nova/compute/api.py:1757}}
Feb 18 17:38:33.605439 dv-neutron-826502-2-hyperv devstack@n-api.service[124460]: INFO nova.api.openstack.requestlog [None req-26468beb-f56b-46b0-9aa6-b185bd9e1cae tempest-ServersTestJSON-152003205 tempest-ServersTestJSON-152003205-project] 10.222.0.48 "POST /compute/v2.1/servers" status: 202 len: 407 microversion: 2.1 time: 3.734205
Feb 18 17:38:33.610914 dv-neutron-826502-2-hyperv devstack@n-api.service[124460]: [pid: 124460|app: 0|req: 3/5] 10.222.0.48 () {60 vars in 1146 bytes} [Fri Feb 18 17:38:29 2022] POST /compute/v2.1/servers => generated 407 bytes in 3737 msecs (HTTP/1.1 202) 10 headers in 451 bytes (1 switches on core 0)
Feb 18 17:38:33.615900 dv-neutron-826502-2-hyperv devstack@n-api.service[124459]: DEBUG nova.api.openstack.wsgi [None req-5257aca1-f547-4f56-b37f-c2c2a6e1e934 tempest-ServersTestJSON-152003205 tempest-ServersTestJSON-152003205-project] Calling method '>' {{(pid=124459) _process_stack /opt/stack/nova/nova/api/openstack/wsgi.py:513}}
Feb 18 17:38:33.617604 dv-neutron-826502-2-hyperv devstack@n-api.service[124459]: DEBUG nova.compute.api [None req-5257aca1-f547-4f56-b37f-c2c2a6e1e934 tempest-ServersTestJSON-152003205 tempest-ServersTestJSON-152003205-project] [instance: c13dde7d-6794-4396-afc1-0df7d468a025] Fetching instance by UUID {{(pid=124459) get /opt/stack/nova/nova/compute/api.py:2865}}
Feb 18 17:38:34.666556 dv-neutron-826502-2-hyperv devstack@n-api.service[124459]: DEBUG nova.policy [None req-5257aca1-f547-4f56-b37f-c2c2a6e1e934 tempest-ServersTestJSON-152003205 tempest-ServersTestJSON-152003205-project] Policy check for os_compute_api:os-extended-server-attributes failed with credentials {'is_admin': False, 'user_id': '9d56678ac8104bc5a2302cf1bc5eba4b', 'user_domain_id': 'default', 'system_scope': None, 'domain_id': None, 'project_id': '37a52faf06a44285b8b1ff9214117ace', 'project_domain_id': 'default', 'roles': ['member', 'reader'], 'is_admin_project': True, 'service_user_id': None, 'service_user_domain_id': None, 'service_project_id': None, 'service_project_domain_id': None, 'service_roles': []} {{(pid=124459) authorize /opt/stack/nova/nova/policy.py:199}}
Feb 18 17:38:34.697604 dv-neutron-826502-2-hyperv devstack@n-api.service[124459]: INFO nova.api.openstack.requestlog [None req-5257aca1-f547-4f56-b37f-c2c2a6e1e934 tempest-ServersTestJSON-152003205 tempest-ServersTestJSON-152003205-project] 10.222.0.48 "GET /compute/v2.1/servers/c13dde7d-6794-4396-afc1-0df7d468a025" status: 200 len: 1269 microversion: 2.1 time: 1.085272
Feb 18 17:38:34.699035 dv-neutron-826502-2-hyperv devstack@n-api.service[124459]: [pid: 124459|app: 0|req: 3/6] 10.222.0.48 () {58 vars in 1235 bytes} [Fri Feb 18 17:38:33 2022] GET /compute/v2.1/servers/c13dde7d-6794-4396-afc1-0df7d468a025 => generated 1269 bytes in 1087 msecs (HTTP/1.1 200) 9 headers in 358 bytes (1 switches on core 0)
Feb 18 17:38:35.717222 dv-neutron-826502-2-hyperv devstack@n-api.service[124460]: DEBUG nova.api.openstack.wsgi [None req-87166652-b598-4973-9522-d2bbbf24c3a2 tempest-ServersTestJSON-152003205 tempest-ServersTestJSON-152003205-project] Calling method '>' {{(pid=124460) _process_stack /opt/stack/nova/nova/api/openstack/wsgi.py:513}}
Feb 18 17:38:35.718658 dv-neutron-826502-2-hyperv devstack@n-api.service[124460]: DEBUG nova.compute.api [None req-87166652-b598-4973-9522-d2bbbf24c3a2 tempest-ServersTestJSON-152003205 tempest-ServersTestJSON-152003205-project] [instance: c13dde7d-6794-4396-afc1-0df7d468a025] Fetching instance by UUID {{(pid=124460) get /opt/stack/nova/nova/compute/api.py:2865}}
Feb 18 17:38:35.942619 dv-neutron-826502-2-hyperv devstack@n-api.service[124460]: DEBUG nova.policy [None req-87166652-b598-4973-9522-d2bbbf24c3a2 tempest-ServersTestJSON-152003205 tempest-ServersTestJSON-152003205-project] Policy check for os_compute_api:os-extended-server-attributes failed with credentials {'is_admin': False, 'user_id': '9d56678ac8104bc5a2302cf1bc5eba4b', 'user_domain_id': 'default', 'system_scope': None, 'domain_id': None, 'project_id': '37a52faf06a44285b8b1ff9214117ace', 'project_domain_id': 'default', 'roles': ['member', 'reader'], 'is_admin_project': True, 'service_user_id': None, 'service_user_domain_id': None, 'service_project_id': None, 'service_project_domain_id': None, 'service_roles': []} {{(pid=124460) authorize /opt/stack/nova/nova/policy.py:199}}
Feb 18 17:38:35.973235 dv-neutron-826502-2-hyperv devstack@n-api.service[124460]: INFO nova.api.openstack.requestlog [None req-87166652-b598-4973-9522-d2bbbf24c3a2 tempest-ServersTestJSON-152003205 tempest-ServersTestJSON-152003205-project] 10.222.0.48 "GET /compute/v2.1/servers/c13dde7d-6794-4396-afc1-0df7d468a025" status: 200 len: 1269 microversion: 2.1 time: 0.261400
Feb 18 17:38:35.974732 dv-neutron-826502-2-hyperv devstack@n-api.service[124460]: [pid: 124460|app: 0|req: 4/7] 10.222.0.48 () {58 vars in 1235 bytes} [Fri Feb 18 17:38:35 2022] GET /compute/v2.1/servers/c13dde7d-6794-4396-afc1-0df7d468a025 => generated 1269 bytes in 264 msecs (HTTP/1.1 200) 9 headers in 358 bytes (1 switches on core 0)
Feb 18 17:38:36.754401 dv-neutron-826502-2-hyperv devstack@n-api.service[124459]: DEBUG nova.api.openstack.wsgi [None req-11655010-9cc3-41ab-ab2e-39a02e4c29e0 tempest-ServersTestManualDisk-1697608586 tempest-ServersTestManualDisk-1697608586-project] Action: 'create', calling method: >, body: {"server": {"name": "tempest-ServersTestManualDisk-server-612063627", "imageRef": "7819a0a4-15a8-4e2f-a3c7-023acc201fd4", "flavorRef": "452", "metadata": {"hello": "world"}, "accessIPv4": "1.1.1.1", "accessIPv6": "0000:0000:0000:0000:0000:babe:220.12.22.2", "adminPass": "***", "networks": [{"uuid": "00a35371-8414-4846-8eeb-20b6fbe7ca9f"}], "security_groups": [{"name": "tempest-securitygroup--798145967"}], "key_name": "tempest-keypair-543922180", "user_data": "IyEvYmluL3NoCmVjaG8gIlByaW50aW5nIHVidW50dSB1c2VyIGF1dGhvcml6ZWQga2V5cyIKY2F0IH51YnVudHUvLnNzaC9hdXRob3JpemVkX2tleXMgfHwgdHJ1ZQo=", "OS-DCF:diskConfig": "}} {{(pid=124459) _process_stack /opt/stack/nova/nova/api/openstack/wsgi.py:511}}
Feb 18 17:38:36.950720 dv-neutron-826502-2-hyperv devstack@n-api.service[124459]: DEBUG nova.network.neutron [None req-11655010-9cc3-41ab-ab2e-39a02e4c29e0 tempest-ServersTestManualDisk-1697608586 tempest-ServersTestManualDisk-1697608586-project] validate_networks() for [('00a35371-8414-4846-8eeb-20b6fbe7ca9f', None, None, None, None, None)] {{(pid=124459) validate_networks /opt/stack/nova/nova/network/neutron.py:2633}}
Feb 18 17:38:36.999596 dv-neutron-826502-2-hyperv devstack@n-api.service[124460]: DEBUG nova.api.openstack.wsgi [None req-d7dda1b3-c54e-4238-a365-9aa961752c9b tempest-ServersTestJSON-152003205 tempest-ServersTestJSON-152003205-project] Calling method '>' {{(pid=124460) _process_stack /opt/stack/nova/nova/api/openstack/wsgi.py:513}}
Feb 18 17:38:37.000213 dv-neutron-826502-2-hyperv devstack@n-api.service[124460]: DEBUG nova.compute.api [None req-d7dda1b3-c54e-4238-a365-9aa961752c9b tempest-ServersTestJSON-152003205 tempest-ServersTestJSON-152003205-project] [instance: c13dde7d-6794-4396-afc1-0df7d468a025] Fetching instance by UUID {{(pid=124460) get /opt/stack/nova/nova/compute/api.py:2865}}
Feb 18 17:38:37.029734 dv-neutron-826502-2-hyperv devstack@n-api.service[124460]: DEBUG oslo_concurrency.lockutils [None req-d7dda1b3-c54e-4238-a365-9aa961752c9b tempest-ServersTestJSON-152003205 tempest-ServersTestJSON-152003205-project] Lock "d5bbe7e2-2c98-4389-b929-35495a7eafa0" acquired by "nova.context.set_target_cell..get_or_set_cached_cell_and_set_connections" :: waited 0.000s {{(pid=124460) inner /usr/local/lib/python3.8/dist-packages/oslo_concurrency/lockutils.py:386}}
Feb 18 17:38:37.030198 dv-neutron-826502-2-hyperv devstack@n-api.service[124460]: DEBUG oslo_concurrency.lockutils [None req-d7dda1b3-c54e-4238-a365-9aa961752c9b tempest-ServersTestJSON-152003205 tempest-ServersTestJSON-152003205-project] Lock "d5bbe7e2-2c98-4389-b929-35495a7eafa0" "released" by "nova.context.set_target_cell..get_or_set_cached_cell_and_set_connections" :: held 0.001s {{(pid=124460) inner /usr/local/lib/python3.8/dist-packages/oslo_concurrency/lockutils.py:400}}
Feb 18 17:38:37.031043 dv-neutron-826502-2-hyperv devstack@n-api.service[124460]: DEBUG oslo_concurrency.lockutils [None req-d7dda1b3-c54e-4238-a365-9aa961752c9b tempest-ServersTestJSON-152003205 tempest-ServersTestJSON-152003205-project] Lock "d5bbe7e2-2c98-4389-b929-35495a7eafa0" acquired by "nova.context.set_target_cell..get_or_set_cached_cell_and_set_connections" :: waited 0.000s {{(pid=124460) inner /usr/local/lib/python3.8/dist-packages/oslo_concurrency/lockutils.py:386}}
Feb 18 17:38:37.031482 dv-neutron-826502-2-hyperv devstack@n-api.service[124460]: DEBUG oslo_concurrency.lockutils [None req-d7dda1b3-c54e-4238-a365-9aa961752c9b tempest-ServersTestJSON-152003205 tempest-ServersTestJSON-152003205-project] Lock "d5bbe7e2-2c98-4389-b929-35495a7eafa0" "released" by "nova.context.set_target_cell..get_or_set_cached_cell_and_set_connections" :: held 0.000s {{(pid=124460) inner /usr/local/lib/python3.8/dist-packages/oslo_concurrency/lockutils.py:400}}
Feb 18 17:38:37.523485 dv-neutron-826502-2-hyperv devstack@n-api.service[124460]: DEBUG nova.policy [None req-d7dda1b3-c54e-4238-a365-9aa961752c9b tempest-ServersTestJSON-152003205 tempest-ServersTestJSON-152003205-project] Policy check for os_compute_api:os-extended-server-attributes failed with credentials {'is_admin': False, 'user_id': '9d56678ac8104bc5a2302cf1bc5eba4b', 'user_domain_id': 'default', 'system_scope': None, 'domain_id': None, 'project_id': '37a52faf06a44285b8b1ff9214117ace', 'project_domain_id': 'default', 'roles': ['member', 'reader'], 'is_admin_project': True, 'service_user_id': None, 'service_user_domain_id': None, 'service_project_id': None, 'service_project_domain_id': None, 'service_roles': []} {{(pid=124460) authorize /opt/stack/nova/nova/policy.py:199}}
