Feb 11 13:49:32.055540 dv-neutron-826103-1-hyperv devstack@n-api.service[86927]: warnings.warn(msg)
Feb 11 13:49:32.083881 dv-neutron-826103-1-hyperv devstack@n-api.service[86927]: INFO nova.api.openstack.requestlog [None req-59664269-3606-4ec6-bba1-c5037ab1d8f6 admin admin] 10.222.0.36 "POST /compute/v2.1/flavors" status: 200 len: 407 microversion: 2.61 time: 0.099044
Feb 11 13:49:32.084424 dv-neutron-826103-1-hyperv devstack@n-api.service[86927]: [pid: 86927|app: 0|req: 2/5] 10.222.0.36 () {64 vars in 1282 bytes} [Fri Feb 11 13:49:31 2022] POST /compute/v2.1/flavors => generated 407 bytes in 100 msecs (HTTP/1.1 200) 9 headers in 359 bytes (1 switches on core 0)
Feb 11 13:49:32.302935 dv-neutron-826103-1-hyperv devstack@n-api.service[86928]: DEBUG nova.api.openstack.wsgi [None req-b4d7a9ce-4b18-43a9-b5ea-6a2121346618 admin admin] Action: 'create', calling method: >, body: {"extra_specs": {"hw_rng:allowed": "True"}} {{(pid=86928) _process_stack /opt/stack/nova/nova/api/openstack/wsgi.py:511}}
Feb 11 13:49:32.305876 dv-neutron-826103-1-hyperv devstack@n-api.service[86928]: /usr/local/lib/python3.8/dist-packages/oslo_policy/policy.py:1065: UserWarning: Policy os_compute_api:os-flavor-extra-specs:create failed scope check. The token used to make the request was project scoped but the policy requires ['system'] scope. This behavior may change in the future where using the intended scope is required
Feb 11 13:49:32.305876 dv-neutron-826103-1-hyperv devstack@n-api.service[86928]: warnings.warn(msg)
Feb 11 13:49:32.470743 dv-neutron-826103-1-hyperv devstack@n-api.service[86928]: INFO nova.api.openstack.requestlog [None req-b4d7a9ce-4b18-43a9-b5ea-6a2121346618 admin admin] 10.222.0.36 "POST /compute/v2.1/flavors/c1/os-extra_specs" status: 200 len: 43 microversion: 2.61 time: 0.378044
Feb 11 13:49:32.471330 dv-neutron-826103-1-hyperv devstack@n-api.service[86928]: [pid: 86928|app: 0|req: 4/6] 10.222.0.36 () {64 vars in 1335 bytes} [Fri Feb 11 13:49:32 2022] POST /compute/v2.1/flavors/c1/os-extra_specs => generated 43 bytes in 379 msecs (HTTP/1.1 200) 9 headers in 358 bytes (1 switches on core 0)
Feb 11 13:49:34.573719 dv-neutron-826103-1-hyperv devstack@n-api.service[86927]: DEBUG nova.api.openstack.wsgi [None req-59664269-3606-4ec6-bba1-c5037ab1d8f6 admin admin] Calling method '>' {{(pid=86927) _process_stack /opt/stack/nova/nova/api/openstack/wsgi.py:513}}
Feb 11 13:49:34.574782 dv-neutron-826103-1-hyperv devstack@n-api.service[86927]: INFO nova.api.openstack.requestlog [None req-59664269-3606-4ec6-bba1-c5037ab1d8f6 admin admin] 10.222.0.36 "GET /compute/v2.1" status: 200 len: 388 microversion: 2.1 time: 0.001530
Feb 11 13:49:34.575232 dv-neutron-826103-1-hyperv devstack@n-api.service[86927]: [pid: 86927|app: 0|req: 3/7] 10.222.0.36 () {54 vars in 930 bytes} [Fri Feb 11 13:49:34 2022] GET /compute/v2.1 => generated 388 bytes in 3 msecs (HTTP/1.1 200) 9 headers in 357 bytes (1 switches on core 0)
Feb 11 13:49:34.688887 dv-neutron-826103-1-hyperv devstack@n-api.service[86928]: DEBUG nova.api.openstack.wsgi [None req-5f9e3944-6c8a-4efd-b9d2-81f0ef0d400a admin admin] Action: 'create', calling method: >, body: {"flavor": {"OS-FLV-EXT-DATA:ephemeral": 0, "vcpus": 1, "os-flavor-access:is_public": true, "name": "ds512M", "swap": 0, "rxtx_factor": 1.0, "id": "d1", "ram": 512, "disk": 5}} {{(pid=86928) _process_stack /opt/stack/nova/nova/api/openstack/wsgi.py:511}}
Feb 11 13:49:34.706181 dv-neutron-826103-1-hyperv devstack@n-api.service[86928]: /usr/local/lib/python3.8/dist-packages/oslo_policy/policy.py:1065: UserWarning: Policy os_compute_api:os-flavor-manage:create failed scope check. The token used to make the request was project scoped but the policy requires ['system'] scope. This behavior may change in the future where using the intended scope is required
Feb 11 13:49:34.706181 dv-neutron-826103-1-hyperv devstack@n-api.service[86928]: warnings.warn(msg)
Feb 11 13:49:34.732820 dv-neutron-826103-1-hyperv devstack@n-api.service[86928]: INFO nova.api.openstack.requestlog [None req-5f9e3944-6c8a-4efd-b9d2-81f0ef0d400a admin admin] 10.222.0.36 "POST /compute/v2.1/flavors" status: 200 len: 404 microversion: 2.61 time: 0.151567
Feb 11 13:49:34.733355 dv-neutron-826103-1-hyperv devstack@n-api.service[86928]: [pid: 86928|app: 0|req: 5/8] 10.222.0.36 () {64 vars in 1282 bytes} [Fri Feb 11 13:49:34 2022] POST /compute/v2.1/flavors => generated 404 bytes in 153 msecs (HTTP/1.1 200) 9 headers in 359 bytes (1 switches on core 0)
Feb 11 13:49:34.745366 dv-neutron-826103-1-hyperv devstack@n-api.service[86927]: DEBUG nova.api.openstack.wsgi [None req-67d9f7e9-25c3-4068-a3fc-24ee11ebb2f6 admin admin] Action: 'create', calling method: >, body: {"extra_specs": {"hw_rng:allowed": "True"}} {{(pid=86927) _process_stack /opt/stack/nova/nova/api/openstack/wsgi.py:511}}
Feb 11 13:49:34.746916 dv-neutron-826103-1-hyperv devstack@n-api.service[86927]: /usr/local/lib/python3.8/dist-packages/oslo_policy/policy.py:1065: UserWarning: Policy os_compute_api:os-flavor-extra-specs:create failed scope check. The token used to make the request was project scoped but the policy requires ['system'] scope. This behavior may change in the future where using the intended scope is required
Feb 11 13:49:34.746916 dv-neutron-826103-1-hyperv devstack@n-api.service[86927]: warnings.warn(msg)
Feb 11 13:49:34.785757 dv-neutron-826103-1-hyperv devstack@n-api.service[86927]: INFO nova.api.openstack.requestlog [None req-67d9f7e9-25c3-4068-a3fc-24ee11ebb2f6 admin admin] 10.222.0.36 "POST /compute/v2.1/flavors/d1/os-extra_specs" status: 200 len: 43 microversion: 2.61 time: 0.044324
Feb 11 13:49:34.786321 dv-neutron-826103-1-hyperv devstack@n-api.service[86927]: [pid: 86927|app: 0|req: 4/9] 10.222.0.36 () {64 vars in 1335 bytes} [Fri Feb 11 13:49:34 2022] POST /compute/v2.1/flavors/d1/os-extra_specs => generated 43 bytes in 46 msecs (HTTP/1.1 200) 9 headers in 358 bytes (1 switches on core 0)
Feb 11 13:49:36.932478 dv-neutron-826103-1-hyperv devstack@n-api.service[86928]: DEBUG nova.api.openstack.wsgi [None req-5f9e3944-6c8a-4efd-b9d2-81f0ef0d400a admin admin] Calling method '>' {{(pid=86928) _process_stack /opt/stack/nova/nova/api/openstack/wsgi.py:513}}
Feb 11 13:49:36.934029 dv-neutron-826103-1-hyperv devstack@n-api.service[86928]: INFO nova.api.openstack.requestlog [None req-5f9e3944-6c8a-4efd-b9d2-81f0ef0d400a admin admin] 10.222.0.36 "GET /compute/v2.1" status: 200 len: 388 microversion: 2.1 time: 0.002135
Feb 11 13:49:36.934420 dv-neutron-826103-1-hyperv devstack@n-api.service[86928]: [pid: 86928|app: 0|req: 6/10] 10.222.0.36 () {54 vars in 930 bytes} [Fri Feb 11 13:49:36 2022] GET /compute/v2.1 => generated 388 bytes in 3 msecs (HTTP/1.1 200) 9 headers in 357 bytes (1 switches on core 0)
Feb 11 13:49:36.994414 dv-neutron-826103-1-hyperv devstack@n-api.service[86927]: DEBUG nova.api.openstack.wsgi [None req-4788e6a5-b776-47d7-83ee-b589abcf1cac admin admin] Action: 'create', calling method: >, body: {"flavor": {"disk": 10, "vcpus": 1, "id": "d2", "ram": 1024, "os-flavor-access:is_public": true, "OS-FLV-EXT-DATA:ephemeral": 0, "rxtx_factor": 1.0, "name": "ds1G", "swap": 0}} {{(pid=86927) _process_stack /opt/stack/nova/nova/api/openstack/wsgi.py:511}}
Feb 11 13:49:37.019187 dv-neutron-826103-1-hyperv devstack@n-api.service[86927]: INFO nova.api.openstack.requestlog [None req-4788e6a5-b776-47d7-83ee-b589abcf1cac admin admin] 10.222.0.36 "POST /compute/v2.1/flavors" status: 200 len: 404 microversion: 2.61 time: 0.078810
Feb 11 13:49:37.020106 dv-neutron-826103-1-hyperv devstack@n-api.service[86927]: [pid: 86927|app: 0|req: 5/11] 10.222.0.36 () {64 vars in 1282 bytes} [Fri Feb 11 13:49:36 2022] POST /compute/v2.1/flavors => generated 404 bytes in 80 msecs (HTTP/1.1 200) 9 headers in 359 bytes (1 switches on core 0)
Feb 11 13:49:37.034558 dv-neutron-826103-1-hyperv devstack@n-api.service[86928]: DEBUG nova.api.openstack.wsgi [None req-9a3ea62d-489b-4b7f-a6f5-0cf7f013585b admin admin] Action: 'create', calling method: >, body: {"extra_specs": {"hw_rng:allowed": "True"}} {{(pid=86928) _process_stack /opt/stack/nova/nova/api/openstack/wsgi.py:511}}
Feb 11 13:49:37.082106 dv-neutron-826103-1-hyperv devstack@n-api.service[86928]: INFO nova.api.openstack.requestlog [None req-9a3ea62d-489b-4b7f-a6f5-0cf7f013585b admin admin] 10.222.0.36 "POST /compute/v2.1/flavors/d2/os-extra_specs" status: 200 len: 43 microversion: 2.61 time: 0.050860
Feb 11 13:49:37.083000 dv-neutron-826103-1-hyperv devstack@n-api.service[86928]: [pid: 86928|app: 0|req: 7/12] 10.222.0.36 () {64 vars in 1335 bytes} [Fri Feb 11 13:49:37 2022] POST /compute/v2.1/flavors/d2/os-extra_specs => generated 43 bytes in 53 msecs (HTTP/1.1 200) 9 headers in 358 bytes (1 switches on core 0)
Feb 11 13:49:39.173148 dv-neutron-826103-1-hyperv devstack@n-api.service[86927]: DEBUG nova.api.openstack.wsgi [None req-4788e6a5-b776-47d7-83ee-b589abcf1cac admin admin] Calling method '>' {{(pid=86927) _process_stack /opt/stack/nova/nova/api/openstack/wsgi.py:513}}
Feb 11 13:49:39.174156 dv-neutron-826103-1-hyperv devstack@n-api.service[86927]: INFO nova.api.openstack.requestlog [None req-4788e6a5-b776-47d7-83ee-b589abcf1cac admin admin] 10.222.0.36 "GET /compute/v2.1" status: 200 len: 388 microversion: 2.1 time: 0.001467
Feb 11 13:49:39.174546 dv-neutron-826103-1-hyperv devstack@n-api.service[86927]: [pid: 86927|app: 0|req: 6/13] 10.222.0.36 () {54 vars in 930 bytes} [Fri Feb 11 13:49:39 2022] GET /compute/v2.1 => generated 388 bytes in 2 msecs (HTTP/1.1 200) 9 headers in 357 bytes (1 switches on core 0)
Feb 11 13:49:39.232028 dv-neutron-826103-1-hyperv devstack@n-api.service[86928]: DEBUG nova.api.openstack.wsgi [None req-8d815a6e-df04-4dd4-8e4e-bda5a4245bf2 admin admin] Action: 'create', calling method: >, body: {"flavor": {"os-flavor-access:is_public": true, "swap": 0, "name": "ds2G", "id": "d3", "disk": 10, "ram": 2048, "rxtx_factor": 1.0, "OS-FLV-EXT-DATA:ephemeral": 0, "vcpus": 2}} {{(pid=86928) _process_stack /opt/stack/nova/nova/api/openstack/wsgi.py:511}}
Feb 11 13:49:39.258451 dv-neutron-826103-1-hyperv devstack@n-api.service[86928]: INFO nova.api.openstack.requestlog [None req-8d815a6e-df04-4dd4-8e4e-bda5a4245bf2 admin admin] 10.222.0.36 "POST /compute/v2.1/flavors" status: 200 len: 404 microversion: 2.61 time: 0.077677
Feb 11 13:49:39.258978 dv-neutron-826103-1-hyperv devstack@n-api.service[86928]: [pid: 86928|app: 0|req: 8/14] 10.222.0.36 () {64 vars in 1282 bytes} [Fri Feb 11 13:49:39 2022] POST /compute/v2.1/flavors => generated 404 bytes in 79 msecs (HTTP/1.1 200) 9 headers in 359 bytes (1 switches on core 0)
Feb 11 13:49:39.270529 dv-neutron-826103-1-hyperv devstack@n-api.service[86927]: DEBUG nova.api.openstack.wsgi [None req-91afa0da-3bd9-41c4-bcc7-e0e25e7a17a3 admin admin] Action: 'create', calling method: >, body: {"extra_specs": {"hw_rng:allowed": "True"}} {{(pid=86927) _process_stack /opt/stack/nova/nova/api/openstack/wsgi.py:511}}
Feb 11 13:49:39.308010 dv-neutron-826103-1-hyperv devstack@n-api.service[86927]: INFO nova.api.openstack.requestlog [None req-91afa0da-3bd9-41c4-bcc7-e0e25e7a17a3 admin admin] 10.222.0.36 "POST /compute/v2.1/flavors/d3/os-extra_specs" status: 200 len: 43 microversion: 2.61 time: 0.041088
Feb 11 13:49:39.308760 dv-neutron-826103-1-hyperv devstack@n-api.service[86927]: [pid: 86927|app: 0|req: 7/15] 10.222.0.36 () {64 vars in 1335 bytes} [Fri Feb 11 13:49:39 2022] POST /compute/v2.1/flavors/d3/os-extra_specs => generated 43 bytes in 42 msecs (HTTP/1.1 200) 9 headers in 358 bytes (1 switches on core 0)
Feb 11 13:49:41.419197 dv-neutron-826103-1-hyperv devstack@n-api.service[86928]: DEBUG nova.api.openstack.wsgi [None req-8d815a6e-df04-4dd4-8e4e-bda5a4245bf2 admin admin] Calling method '>' {{(pid=86928) _process_stack /opt/stack/nova/nova/api/openstack/wsgi.py:513}}
Feb 11 13:49:41.420503 dv-neutron-826103-1-hyperv devstack@n-api.service[86928]: INFO nova.api.openstack.requestlog [None req-8d815a6e-df04-4dd4-8e4e-bda5a4245bf2 admin admin] 10.222.0.36 "GET /compute/v2.1" status: 200 len: 388 microversion: 2.1 time: 0.002122
Feb 11 13:49:41.421117 dv-neutron-826103-1-hyperv devstack@n-api.service[86928]: [pid: 86928|app: 0|req: 9/16] 10.222.0.36 () {54 vars in 930 bytes} [Fri Feb 11 13:49:41 2022] GET /compute/v2.1 => generated 388 bytes in 4 msecs (HTTP/1.1 200) 9 headers in 357 bytes (1 switches on core 0)
Feb 11 13:49:41.488814 dv-neutron-826103-1-hyperv devstack@n-api.service[86927]: DEBUG nova.api.openstack.wsgi [None req-cc6c7ea4-0ef4-4773-9cc6-0d9d4374d501 admin admin] Action: 'create', calling method: >, body: {"flavor": {"swap": 0, "name": "ds4G", "vcpus": 4, "os-flavor-access:is_public": true, "id": "d4", "rxtx_factor": 1.0, "disk": 20, "ram": 4096, "OS-FLV-EXT-DATA:ephemeral": 0}} {{(pid=86927) _process_stack /opt/stack/nova/nova/api/openstack/wsgi.py:511}}
Feb 11 13:49:41.515339 dv-neutron-826103-1-hyperv devstack@n-api.service[86927]: INFO nova.api.openstack.requestlog [None req-cc6c7ea4-0ef4-4773-9cc6-0d9d4374d501 admin admin] 10.222.0.36 "POST /compute/v2.1/flavors" status: 200 len: 404 microversion: 2.61 time: 0.088223
Feb 11 13:49:41.515857 dv-neutron-826103-1-hyperv devstack@n-api.service[86927]: [pid: 86927|app: 0|req: 8/17] 10.222.0.36 () {64 vars in 1282 bytes} [Fri Feb 11 13:49:41 2022] POST /compute/v2.1/flavors => generated 404 bytes in 89 msecs (HTTP/1.1 200) 9 headers in 359 bytes (1 switches on core 0)
Feb 11 13:49:41.527942 dv-neutron-826103-1-hyperv devstack@n-api.service[86928]: DEBUG nova.api.openstack.wsgi [None req-be14df4e-64c9-4c3b-a7dc-8a1ea1a0e629 admin admin] Action: 'create', calling method: >, body: {"extra_specs": {"hw_rng:allowed": "True"}} {{(pid=86928) _process_stack /opt/stack/nova/nova/api/openstack/wsgi.py:511}}
Feb 11 13:49:41.564565 dv-neutron-826103-1-hyperv devstack@n-api.service[86928]: INFO nova.api.openstack.requestlog [None req-be14df4e-64c9-4c3b-a7dc-8a1ea1a0e629 admin admin] 10.222.0.36 "POST /compute/v2.1/flavors/d4/os-extra_specs" status: 200 len: 43 microversion: 2.61 time: 0.040445
Feb 11 13:49:41.565243 dv-neutron-826103-1-hyperv devstack@n-api.service[86928]: [pid: 86928|app: 0|req: 10/18] 10.222.0.36 () {64 vars in 1335 bytes} [Fri Feb 11 13:49:41 2022] POST /compute/v2.1/flavors/d4/os-extra_specs => generated 43 bytes in 42 msecs (HTTP/1.1 200) 9 headers in 358 bytes (1 switches on core 0)
Feb 11 13:49:43.669272 dv-neutron-826103-1-hyperv devstack@n-api.service[86927]: DEBUG nova.api.openstack.wsgi [None req-cc6c7ea4-0ef4-4773-9cc6-0d9d4374d501 admin admin] Calling method '>' {{(pid=86927) _process_stack /opt/stack/nova/nova/api/openstack/wsgi.py:513}}
Feb 11 13:49:43.670860 dv-neutron-826103-1-hyperv devstack@n-api.service[86927]: INFO nova.api.openstack.requestlog [None req-cc6c7ea4-0ef4-4773-9cc6-0d9d4374d501 admin admin] 10.222.0.36 "GET /compute/v2.1" status: 200 len: 388 microversion: 2.1 time: 0.002238
Feb 11 13:49:43.671415 dv-neutron-826103-1-hyperv devstack@n-api.service[86927]: [pid: 86927|app: 0|req: 9/19] 10.222.0.36 () {54 vars in 930 bytes} [Fri Feb 11 13:49:43 2022] GET /compute/v2.1 => generated 388 bytes in 4 msecs (HTTP/1.1 200) 9 headers in 357 bytes (1 switches on core 0)
Feb 11 13:49:43.740411 dv-neutron-826103-1-hyperv devstack@n-api.service[86928]: DEBUG nova.api.openstack.wsgi [None req-47f114e2-6546-4f75-a2ed-7b81f5ef9a01 admin admin] Calling method '>' {{(pid=86928) _process_stack /opt/stack/nova/nova/api/openstack/wsgi.py:513}}
Feb 11 13:49:43.763484 dv-neutron-826103-1-hyperv devstack@n-api.service[86928]: INFO nova.api.openstack.requestlog [None req-47f114e2-6546-4f75-a2ed-7b81f5ef9a01 admin admin] 10.222.0.36 "GET /compute/v2.1/flavors/detail?is_public=True" status: 200 len: 2106 microversion: 2.61 time: 0.081999
Feb 11 13:49:43.763982 dv-neutron-826103-1-hyperv devstack@n-api.service[86928]: [pid: 86928|app: 0|req: 11/20] 10.222.0.36 () {60 vars in 1291 bytes} [Fri Feb 11 13:49:43 2022] GET /compute/v2.1/flavors/detail?is_public=True => generated 2106 bytes in 84 msecs (HTTP/1.1 200) 9 headers in 360 bytes (1 switches on core 0)
Feb 11 13:49:45.856355 dv-neutron-826103-1-hyperv devstack@n-api.service[86927]: DEBUG nova.api.openstack.wsgi [None req-cc6c7ea4-0ef4-4773-9cc6-0d9d4374d501 admin admin] Calling method '>' {{(pid=86927) _process_stack /opt/stack/nova/nova/api/openstack/wsgi.py:513}}
Feb 11 13:49:45.858128 dv-neutron-826103-1-hyperv devstack@n-api.service[86927]: INFO nova.api.openstack.requestlog [None req-cc6c7ea4-0ef4-4773-9cc6-0d9d4374d501 admin admin] 10.222.0.36 "GET /compute/v2.1" status: 200 len: 388 microversion: 2.1 time: 0.002379
Feb 11 13:49:45.858517 dv-neutron-826103-1-hyperv devstack@n-api.service[86927]: [pid: 86927|app: 0|req: 10/21] 10.222.0.36 () {54 vars in 930 bytes} [Fri Feb 11 13:49:45 2022] GET /compute/v2.1 => generated 388 bytes in 5 msecs (HTTP/1.1 200) 9 headers in 357 bytes (1 switches on core 0)
Feb 11 13:49:45.928889 dv-neutron-826103-1-hyperv devstack@n-api.service[86928]: DEBUG nova.api.openstack.wsgi [None req-c5881f19-d43e-49bb-9dea-a9baa9a05abc admin admin] Action: 'create', calling method: >, body: {"flavor": {"os-flavor-access:is_public": true, "rxtx_factor": 1.0, "disk": 1, "vcpus": 1, "id": "1", "ram": 512, "swap": 0, "OS-FLV-EXT-DATA:ephemeral": 0, "name": "m1.tiny"}} {{(pid=86928) _process_stack /opt/stack/nova/nova/api/openstack/wsgi.py:511}}
Feb 11 13:49:45.956336 dv-neutron-826103-1-hyperv devstack@n-api.service[86928]: INFO nova.api.openstack.requestlog [None req-c5881f19-d43e-49bb-9dea-a9baa9a05abc admin admin] 10.222.0.36 "POST /compute/v2.1/flavors" status: 200 len: 402 microversion: 2.61 time: 0.091727
Feb 11 13:49:45.956933 dv-neutron-826103-1-hyperv devstack@n-api.service[86928]: [pid: 86928|app: 0|req: 12/22] 10.222.0.36 () {64 vars in 1282 bytes} [Fri Feb 11 13:49:45 2022] POST /compute/v2.1/flavors => generated 402 bytes in 93 msecs (HTTP/1.1 200) 9 headers in 359 bytes (2 switches on core 0)
Feb 11 13:49:45.969404 dv-neutron-826103-1-hyperv devstack@n-api.service[86927]: DEBUG nova.api.openstack.wsgi [None req-f40bd567-4e80-48ef-97e2-cf68c9ac7939 admin admin] Action: 'create', calling method: >, body: {"extra_specs": {"hw_rng:allowed": "True"}} {{(pid=86927) _process_stack /opt/stack/nova/nova/api/openstack/wsgi.py:511}}
Feb 11 13:49:46.008894 dv-neutron-826103-1-hyperv devstack@n-api.service[86927]: INFO nova.api.openstack.requestlog [None req-f40bd567-4e80-48ef-97e2-cf68c9ac7939 admin admin] 10.222.0.36 "POST /compute/v2.1/flavors/1/os-extra_specs" status: 200 len: 43 microversion: 2.61 time: 0.043023
Feb 11 13:49:46.009384 dv-neutron-826103-1-hyperv devstack@n-api.service[86927]: [pid: 86927|app: 0|req: 11/23] 10.222.0.36 () {64 vars in 1332 bytes} [Fri Feb 11 13:49:45 2022] POST /compute/v2.1/flavors/1/os-extra_specs => generated 43 bytes in 45 msecs (HTTP/1.1 200) 9 headers in 358 bytes (1 switches on core 0)
Feb 11 13:49:48.158885 dv-neutron-826103-1-hyperv devstack@n-api.service[86928]: DEBUG nova.api.openstack.wsgi [None req-c5881f19-d43e-49bb-9dea-a9baa9a05abc admin admin] Calling method '>' {{(pid=86928) _process_stack /opt/stack/nova/nova/api/openstack/wsgi.py:513}}
Feb 11 13:49:48.159889 dv-neutron-826103-1-hyperv devstack@n-api.service[86928]: INFO nova.api.openstack.requestlog [None req-c5881f19-d43e-49bb-9dea-a9baa9a05abc admin admin] 10.222.0.36 "GET /compute/v2.1" status: 200 len: 388 microversion: 2.1 time: 0.001421
Feb 11 13:49:48.160272 dv-neutron-826103-1-hyperv devstack@n-api.service[86928]: [pid: 86928|app: 0|req: 13/24] 10.222.0.36 () {54 vars in 930 bytes} [Fri Feb 11 13:49:48 2022] GET /compute/v2.1 => generated 388 bytes in 2 msecs (HTTP/1.1 200) 9 headers in 357 bytes (1 switches on core 0)
Feb 11 13:49:48.224045 dv-neutron-826103-1-hyperv devstack@n-api.service[86927]: DEBUG nova.api.openstack.wsgi [None req-871598b1-eefd-483c-9a9f-351733ea3a7a admin admin] Action: 'create', calling method: >, body: {"flavor": {"disk": 20, "vcpus": 1, "OS-FLV-EXT-DATA:ephemeral": 0, "id": "2", "swap": 0, "rxtx_factor": 1.0, "name": "m1.small", "ram": 2048, "os-flavor-access:is_public": true}} {{(pid=86927) _process_stack /opt/stack/nova/nova/api/openstack/wsgi.py:511}}
Feb 11 13:49:48.250040 dv-neutron-826103-1-hyperv devstack@n-api.service[86927]: INFO nova.api.openstack.requestlog [None req-871598b1-eefd-483c-9a9f-351733ea3a7a admin admin] 10.222.0.36 "POST /compute/v2.1/flavors" status: 200 len: 405 microversion: 2.61 time: 0.083415
Feb 11 13:49:48.250549 dv-neutron-826103-1-hyperv devstack@n-api.service[86927]: [pid: 86927|app: 0|req: 12/25] 10.222.0.36 () {64 vars in 1282 bytes} [Fri Feb 11 13:49:48 2022] POST /compute/v2.1/flavors => generated 405 bytes in 85 msecs (HTTP/1.1 200) 9 headers in 359 bytes (1 switches on core 0)
Feb 11 13:49:48.266180 dv-neutron-826103-1-hyperv devstack@n-api.service[86928]: DEBUG nova.api.openstack.wsgi [None req-c7430584-b094-47ae-b70d-89a0bd75ec8a admin admin] Action: 'create', calling method: >, body: {"extra_specs": {"hw_rng:allowed": "True"}} {{(pid=86928) _process_stack /opt/stack/nova/nova/api/openstack/wsgi.py:511}}
Feb 11 13:49:48.306229 dv-neutron-826103-1-hyperv devstack@n-api.service[86928]: INFO nova.api.openstack.requestlog [None req-c7430584-b094-47ae-b70d-89a0bd75ec8a admin admin] 10.222.0.36 "POST /compute/v2.1/flavors/2/os-extra_specs" status: 200 len: 43 microversion: 2.61 time: 0.043689
Feb 11 13:49:48.306802 dv-neutron-826103-1-hyperv devstack@n-api.service[86928]: [pid: 86928|app: 0|req: 14/26] 10.222.0.36 () {64 vars in 1332 bytes} [Fri Feb 11 13:49:48 2022] POST /compute/v2.1/flavors/2/os-extra_specs => generated 43 bytes in 45 msecs (HTTP/1.1 200) 9 headers in 358 bytes (1 switches on core 0)
Feb 11 13:49:50.417589 dv-neutron-826103-1-hyperv devstack@n-api.service[86927]: DEBUG nova.api.openstack.wsgi [None req-871598b1-eefd-483c-9a9f-351733ea3a7a admin admin] Calling method '>' {{(pid=86927) _process_stack /opt/stack/nova/nova/api/openstack/wsgi.py:513}}
Feb 11 13:49:50.418914 dv-neutron-826103-1-hyperv devstack@n-api.service[86927]: INFO nova.api.openstack.requestlog [None req-871598b1-eefd-483c-9a9f-351733ea3a7a admin admin] 10.222.0.36 "GET /compute/v2.1" status: 200 len: 388 microversion: 2.1 time: 0.002047
Feb 11 13:49:50.419478 dv-neutron-826103-1-hyperv devstack@n-api.service[86927]: [pid: 86927|app: 0|req: 13/27] 10.222.0.36 () {54 vars in 930 bytes} [Fri Feb 11 13:49:50 2022] GET /compute/v2.1 => generated 388 bytes in 4 msecs (HTTP/1.1 200) 9 headers in 357 bytes (1 switches on core 0)
Feb 11 13:49:50.490497 dv-neutron-826103-1-hyperv devstack@n-api.service[86928]: DEBUG nova.api.openstack.wsgi [None req-e6b20ebd-c3b6-4b4c-a706-1e2be9de3a93 admin admin] Action: 'create', calling method: >, body: {"flavor": {"swap": 0, "disk": 40, "vcpus": 2, "os-flavor-access:is_public": true, "rxtx_factor": 1.0, "id": "3", "ram": 4096, "OS-FLV-EXT-DATA:ephemeral": 0, "name": "m1.medium"}} {{(pid=86928) _process_stack /opt/stack/nova/nova/api/openstack/wsgi.py:511}}
Feb 11 13:49:50.519249 dv-neutron-826103-1-hyperv devstack@n-api.service[86928]: INFO nova.api.openstack.requestlog [None req-e6b20ebd-c3b6-4b4c-a706-1e2be9de3a93 admin admin] 10.222.0.36 "POST /compute/v2.1/flavors" status: 200 len: 406 microversion: 2.61 time: 0.089447
Feb 11 13:49:50.519795 dv-neutron-826103-1-hyperv devstack@n-api.service[86928]: [pid: 86928|app: 0|req: 15/28] 10.222.0.36 () {64 vars in 1282 bytes} [Fri Feb 11 13:49:50 2022] POST /compute/v2.1/flavors => generated 406 bytes in 91 msecs (HTTP/1.1 200) 9 headers in 359 bytes (1 switches on core 0)
Feb 11 13:49:50.536096 dv-neutron-826103-1-hyperv devstack@n-api.service[86927]: DEBUG nova.api.openstack.wsgi [None req-040013ee-42b1-424b-a1df-cb847fb25ebb admin admin] Action: 'create', calling method: >, body: {"extra_specs": {"hw_rng:allowed": "True"}} {{(pid=86927) _process_stack /opt/stack/nova/nova/api/openstack/wsgi.py:511}}
Feb 11 13:49:50.585290 dv-neutron-826103-1-hyperv devstack@n-api.service[86927]: INFO nova.api.openstack.requestlog [None req-040013ee-42b1-424b-a1df-cb847fb25ebb admin admin] 10.222.0.36 "POST /compute/v2.1/flavors/3/os-extra_specs" status: 200 len: 43 microversion: 2.61 time: 0.055233
Feb 11 13:49:50.585865 dv-neutron-826103-1-hyperv devstack@n-api.service[86927]: [pid: 86927|app: 0|req: 14/29] 10.222.0.36 () {64 vars in 1332 bytes} [Fri Feb 11 13:49:50 2022] POST /compute/v2.1/flavors/3/os-extra_specs => generated 43 bytes in 57 msecs (HTTP/1.1 200) 9 headers in 358 bytes (1 switches on core 0)
Feb 11 13:49:52.707020 dv-neutron-826103-1-hyperv devstack@n-api.service[86928]: DEBUG nova.api.openstack.wsgi [None req-e6b20ebd-c3b6-4b4c-a706-1e2be9de3a93 admin admin] Calling method '>' {{(pid=86928) _process_stack /opt/stack/nova/nova/api/openstack/wsgi.py:513}}
Feb 11 13:49:52.708014 dv-neutron-826103-1-hyperv devstack@n-api.service[86928]: INFO nova.api.openstack.requestlog [None req-e6b20ebd-c3b6-4b4c-a706-1e2be9de3a93 admin admin] 10.222.0.36 "GET /compute/v2.1" status: 200 len: 388 microversion: 2.1 time: 0.001453
Feb 11 13:49:52.708420 dv-neutron-826103-1-hyperv devstack@n-api.service[86928]: [pid: 86928|app: 0|req: 16/30] 10.222.0.36 () {54 vars in 930 bytes} [Fri Feb 11 13:49:52 2022] GET /compute/v2.1 => generated 388 bytes in 2 msecs (HTTP/1.1 200) 9 headers in 357 bytes (1 switches on core 0)
Feb 11 13:49:52.769116 dv-neutron-826103-1-hyperv devstack@n-api.service[86927]: DEBUG nova.api.openstack.wsgi [None req-0474bb0a-6683-4fce-99a9-e3197434f473 admin admin] Action: 'create', calling method: >, body: {"flavor": {"os-flavor-access:is_public": true, "swap": 0, "rxtx_factor": 1.0, "id": "4", "vcpus": 4, "ram": 8192, "disk": 80, "name": "m1.large", "OS-FLV-EXT-DATA:ephemeral": 0}} {{(pid=86927) _process_stack /opt/stack/nova/nova/api/openstack/wsgi.py:511}}
Feb 11 13:49:52.794253 dv-neutron-826103-1-hyperv devstack@n-api.service[86927]: INFO nova.api.openstack.requestlog [None req-0474bb0a-6683-4fce-99a9-e3197434f473 admin admin] 10.222.0.36 "POST /compute/v2.1/flavors" status: 200 len: 405 microversion: 2.61 time: 0.079818
Feb 11 13:49:52.794787 dv-neutron-826103-1-hyperv devstack@n-api.service[86927]: [pid: 86927|app: 0|req: 15/31] 10.222.0.36 () {64 vars in 1282 bytes} [Fri Feb 11 13:49:52 2022] POST /compute/v2.1/flavors => generated 405 bytes in 81 msecs (HTTP/1.1 200) 9 headers in 359 bytes (1 switches on core 0)
Feb 11 13:49:52.806693 dv-neutron-826103-1-hyperv devstack@n-api.service[86928]: DEBUG nova.api.openstack.wsgi [None req-c0c49cf2-9e55-4b06-86fd-90d19701d096 admin admin] Action: 'create', calling method: >, body: {"extra_specs": {"hw_rng:allowed": "True"}} {{(pid=86928) _process_stack /opt/stack/nova/nova/api/openstack/wsgi.py:511}}
Feb 11 13:49:52.842820 dv-neutron-826103-1-hyperv devstack@n-api.service[86928]: INFO nova.api.openstack.requestlog [None req-c0c49cf2-9e55-4b06-86fd-90d19701d096 admin admin] 10.222.0.36 "POST /compute/v2.1/flavors/4/os-extra_specs" status: 200 len: 43 microversion: 2.61 time: 0.040114
Feb 11 13:49:52.843421 dv-neutron-826103-1-hyperv devstack@n-api.service[86928]: [pid: 86928|app: 0|req: 17/32] 10.222.0.36 () {64 vars in 1332 bytes} [Fri Feb 11 13:49:52 2022] POST /compute/v2.1/flavors/4/os-extra_specs => generated 43 bytes in 41 msecs (HTTP/1.1 200) 9 headers in 358 bytes (2 switches on core 0)
Feb 11 13:49:54.955001 dv-neutron-826103-1-hyperv devstack@n-api.service[86927]: DEBUG nova.api.openstack.wsgi [None req-0474bb0a-6683-4fce-99a9-e3197434f473 admin admin] Calling method '>' {{(pid=86927) _process_stack /opt/stack/nova/nova/api/openstack/wsgi.py:513}}
Feb 11 13:49:54.956347 dv-neutron-826103-1-hyperv devstack@n-api.service[86927]: INFO nova.api.openstack.requestlog [None req-0474bb0a-6683-4fce-99a9-e3197434f473 admin admin] 10.222.0.36 "GET /compute/v2.1" status: 200 len: 388 microversion: 2.1 time: 0.001885
Feb 11 13:49:54.956952 dv-neutron-826103-1-hyperv devstack@n-api.service[86927]: [pid: 86927|app: 0|req: 16/33] 10.222.0.36 () {54 vars in 930 bytes} [Fri Feb 11 13:49:54 2022] GET /compute/v2.1 => generated 388 bytes in 4 msecs (HTTP/1.1 200) 9 headers in 357 bytes (1 switches on core 0)
Feb 11 13:49:55.027568 dv-neutron-826103-1-hyperv devstack@n-api.service[86928]: DEBUG nova.api.openstack.wsgi [None req-3d65801c-9f2a-4362-83d6-2eb17d4b0abb admin admin] Action: 'create', calling method: >, body: {"flavor": {"vcpus": 8, "os-flavor-access:is_public": true, "OS-FLV-EXT-DATA:ephemeral": 0, "ram": 16384, "rxtx_factor": 1.0, "id": "5", "disk": 160, "swap": 0, "name": "m1.xlarge"}} {{(pid=86928) _process_stack /opt/stack/nova/nova/api/openstack/wsgi.py:511}}
Feb 11 13:49:55.052777 dv-neutron-826103-1-hyperv devstack@n-api.service[86928]: INFO nova.api.openstack.requestlog [None req-3d65801c-9f2a-4362-83d6-2eb17d4b0abb admin admin] 10.222.0.36 "POST /compute/v2.1/flavors" status: 200 len: 408 microversion: 2.61 time: 0.086939
Feb 11 13:49:55.053626 dv-neutron-826103-1-hyperv devstack@n-api.service[86928]: [pid: 86928|app: 0|req: 18/34] 10.222.0.36 () {64 vars in 1282 bytes} [Fri Feb 11 13:49:54 2022] POST /compute/v2.1/flavors => generated 408 bytes in 88 msecs (HTTP/1.1 200) 9 headers in 359 bytes (1 switches on core 0)
Feb 11 13:49:55.068022 dv-neutron-826103-1-hyperv devstack@n-api.service[86927]: DEBUG nova.api.openstack.wsgi [None req-bdb0f5d2-071e-4ab3-a00e-86e6e6c9f5ac admin admin] Action: 'create', calling method: >, body: {"extra_specs": {"hw_rng:allowed": "True"}} {{(pid=86927) _process_stack /opt/stack/nova/nova/api/openstack/wsgi.py:511}}
Feb 11 13:49:55.118281 dv-neutron-826103-1-hyperv devstack@n-api.service[86927]: INFO nova.api.openstack.requestlog [None req-bdb0f5d2-071e-4ab3-a00e-86e6e6c9f5ac admin admin] 10.222.0.36 "POST /compute/v2.1/flavors/5/os-extra_specs" status: 200 len: 43 microversion: 2.61 time: 0.055885
Feb 11 13:49:55.118930 dv-neutron-826103-1-hyperv devstack@n-api.service[86927]: [pid: 86927|app: 0|req: 17/35] 10.222.0.36 () {64 vars in 1332 bytes} [Fri Feb 11 13:49:55 2022] POST /compute/v2.1/flavors/5/os-extra_specs => generated 43 bytes in 58 msecs (HTTP/1.1 200) 9 headers in 358 bytes (1 switches on core 0)
Feb 11 13:51:05.743532 dv-neutron-826103-1-hyperv devstack@n-api.service[86928]: DEBUG nova.api.openstack.wsgi [None req-3d65801c-9f2a-4362-83d6-2eb17d4b0abb admin admin] Calling method '>' {{(pid=86928) _process_stack /opt/stack/nova/nova/api/openstack/wsgi.py:513}}
Feb 11 13:51:05.745172 dv-neutron-826103-1-hyperv devstack@n-api.service[86928]: INFO nova.api.openstack.requestlog [None req-3d65801c-9f2a-4362-83d6-2eb17d4b0abb admin admin] 10.222.0.36 "GET /compute/v2.1" status: 200 len: 388 microversion: 2.1 time: 0.001940
Feb 11 13:51:05.745569 dv-neutron-826103-1-hyperv devstack@n-api.service[86928]: [pid: 86928|app: 0|req: 19/36] 10.222.0.36 () {54 vars in 930 bytes} [Fri Feb 11 13:51:05 2022] GET /compute/v2.1 => generated 388 bytes in 3 msecs (HTTP/1.1 200) 9 headers in 357 bytes (1 switches on core 0)
Feb 11 13:51:05.812145 dv-neutron-826103-1-hyperv devstack@n-api.service[86927]: DEBUG nova.api.openstack.wsgi [None req-317ee3c5-0bab-40bf-af42-07f557b91d66 admin admin] Calling method '>' {{(pid=86927) _process_stack /opt/stack/nova/nova/api/openstack/wsgi.py:513}}
Feb 11 13:51:05.835016 dv-neutron-826103-1-hyperv devstack@n-api.service[86927]: INFO nova.api.openstack.requestlog [None req-317ee3c5-0bab-40bf-af42-07f557b91d66 admin admin] 10.222.0.36 "GET /compute/v2.1/flavors/detail?is_public=True" status: 200 len: 4202 microversion: 2.61 time: 0.083070
Feb 11 13:51:05.835564 dv-neutron-826103-1-hyperv devstack@n-api.service[86927]: [pid: 86927|app: 0|req: 18/37] 10.222.0.36 () {60 vars in 1291 bytes} [Fri Feb 11 13:51:05 2022] GET /compute/v2.1/flavors/detail?is_public=True => generated 4202 bytes in 84 msecs (HTTP/1.1 200) 9 headers in 360 bytes (1 switches on core 0)
Feb 11 13:51:07.218908 dv-neutron-826103-1-hyperv devstack@n-api.service[86928]: DEBUG nova.api.openstack.wsgi [None req-3d65801c-9f2a-4362-83d6-2eb17d4b0abb admin admin] Calling method '>' {{(pid=86928) _process_stack /opt/stack/nova/nova/api/openstack/wsgi.py:513}}
Feb 11 13:51:07.220173 dv-neutron-826103-1-hyperv devstack@n-api.service[86928]: INFO nova.api.openstack.requestlog [None req-3d65801c-9f2a-4362-83d6-2eb17d4b0abb admin admin] 10.222.0.36 "GET /compute/v2.1" status: 200 len: 388 microversion: 2.1 time: 0.001928
Feb 11 13:51:07.220814 dv-neutron-826103-1-hyperv devstack@n-api.service[86928]: [pid: 86928|app: 0|req: 20/38] 10.222.0.36 () {56 vars in 1074 bytes} [Fri Feb 11 13:51:07 2022] GET /compute/v2.1 => generated 388 bytes in 4 msecs (HTTP/1.1 200) 9 headers in 357 bytes (1 switches on core 0)
Feb 11 13:51:07.429977 dv-neutron-826103-1-hyperv devstack@n-api.service[86927]: DEBUG nova.api.openstack.wsgi [None req-586cd92c-c378-4ad5-9a4b-fe9e401d4a5d admin admin] Calling method '>' {{(pid=86927) _process_stack /opt/stack/nova/nova/api/openstack/wsgi.py:513}}
Feb 11 13:51:07.443244 dv-neutron-826103-1-hyperv devstack@n-api.service[86927]: INFO nova.api.openstack.wsgi [None req-586cd92c-c378-4ad5-9a4b-fe9e401d4a5d admin admin] HTTP exception thrown: Flavor 42 could not be found.
Feb 11 13:51:07.443820 dv-neutron-826103-1-hyperv devstack@n-api.service[86927]: DEBUG nova.api.openstack.wsgi [None req-586cd92c-c378-4ad5-9a4b-fe9e401d4a5d admin admin] Returning 404 to user: Flavor 42 could not be found. {{(pid=86927) __call__ /opt/stack/nova/nova/api/openstack/wsgi.py:927}}
Feb 11 13:51:07.444586 dv-neutron-826103-1-hyperv devstack@n-api.service[86927]: INFO nova.api.openstack.requestlog [None req-586cd92c-c378-4ad5-9a4b-fe9e401d4a5d admin admin] 10.222.0.36 "GET /compute/v2.1/flavors/42" status: 404 len: 75 microversion: 2.88 time: 0.081726
Feb 11 13:51:07.445156 dv-neutron-826103-1-hyperv devstack@n-api.service[86927]: [pid: 86927|app: 0|req: 19/39] 10.222.0.36 () {60 vars in 1190 bytes} [Fri Feb 11 13:51:07 2022] GET /compute/v2.1/flavors/42 => generated 75 bytes in 83 msecs (HTTP/1.1 404) 9 headers in 380 bytes (1 switches on core 0)
Feb 11 13:51:07.457926 dv-neutron-826103-1-hyperv devstack@n-api.service[86928]: DEBUG nova.api.openstack.wsgi [None req-de2a7535-5f36-4edc-a8e2-46748a843f9a admin admin] Calling method '>' {{(pid=86928) _process_stack /opt/stack/nova/nova/api/openstack/wsgi.py:513}}
Feb 11 13:51:07.483055 dv-neutron-826103-1-hyperv devstack@n-api.service[86928]: INFO nova.api.openstack.requestlog [None req-de2a7535-5f36-4edc-a8e2-46748a843f9a admin admin] 10.222.0.36 "GET /compute/v2.1/flavors?is_public=None" status: 200 len: 2056 microversion: 2.88 time: 0.031254
Feb 11 13:51:07.483614 dv-neutron-826103-1-hyperv devstack@n-api.service[86928]: [pid: 86928|app: 0|req: 21/40] 10.222.0.36 () {60 vars in 1210 bytes} [Fri Feb 11 13:51:07 2022] GET /compute/v2.1/flavors?is_public=None => generated 2056 bytes in 33 msecs (HTTP/1.1 200) 9 headers in 360 bytes (1 switches on core 0)
Feb 11 13:51:07.493542 dv-neutron-826103-1-hyperv devstack@n-api.service[86927]: DEBUG nova.api.openstack.wsgi [None req-49152a7e-195c-4f6a-a0cf-47648ba28938 admin admin] Calling method '>' {{(pid=86927) _process_stack /opt/stack/nova/nova/api/openstack/wsgi.py:513}}
Feb 11 13:51:07.513318 dv-neutron-826103-1-hyperv devstack@n-api.service[86927]: INFO nova.api.openstack.requestlog [None req-49152a7e-195c-4f6a-a0cf-47648ba28938 admin admin] 10.222.0.36 "GET /compute/v2.1/flavors?is_public=None" status: 200 len: 2056 microversion: 2.88 time: 0.023291
Feb 11 13:51:07.513872 dv-neutron-826103-1-hyperv devstack@n-api.service[86927]: [pid: 86927|app: 0|req: 20/41] 10.222.0.36 () {60 vars in 1210 bytes} [Fri Feb 11 13:51:07 2022] GET /compute/v2.1/flavors?is_public=None => generated 2056 bytes in 24 msecs (HTTP/1.1 200) 9 headers in 360 bytes (2 switches on core 0)
Feb 11 13:51:07.523491 dv-neutron-826103-1-hyperv devstack@n-api.service[86928]: DEBUG nova.api.openstack.wsgi [None req-db77442f-65e3-4e79-bd8b-b3c1dae308e8 admin admin] Calling method '>' {{(pid=86928) _process_stack /opt/stack/nova/nova/api/openstack/wsgi.py:513}}
Feb 11 13:51:07.535954 dv-neutron-826103-1-hyperv devstack@n-api.service[86928]: INFO nova.api.openstack.wsgi [None req-db77442f-65e3-4e79-bd8b-b3c1dae308e8 admin admin] HTTP exception thrown: Flavor 42 could not be found.
Feb 11 13:51:07.536552 dv-neutron-826103-1-hyperv devstack@n-api.service[86928]: DEBUG nova.api.openstack.wsgi [None req-db77442f-65e3-4e79-bd8b-b3c1dae308e8 admin admin] Returning 404 to user: Flavor 42 could not be found. {{(pid=86928) __call__ /opt/stack/nova/nova/api/openstack/wsgi.py:927}}
Feb 11 13:51:07.537387 dv-neutron-826103-1-hyperv devstack@n-api.service[86928]: INFO nova.api.openstack.requestlog [None req-db77442f-65e3-4e79-bd8b-b3c1dae308e8 admin admin] 10.222.0.36 "GET /compute/v2.1/flavors/42" status: 404 len: 75 microversion: 2.88 time: 0.017515
Feb 11 13:51:07.537913 dv-neutron-826103-1-hyperv devstack@n-api.service[86928]: [pid: 86928|app: 0|req: 22/42] 10.222.0.36 () {60 vars in 1190 bytes} [Fri Feb 11 13:51:07 2022] GET /compute/v2.1/flavors/42 => generated 75 bytes in 19 msecs (HTTP/1.1 404) 9 headers in 380 bytes (1 switches on core 0)
Feb 11 13:51:08.861669 dv-neutron-826103-1-hyperv devstack@n-api.service[86927]: DEBUG nova.api.openstack.wsgi [None req-49152a7e-195c-4f6a-a0cf-47648ba28938 admin admin] Calling method '>' {{(pid=86927) _process_stack /opt/stack/nova/nova/api/openstack/wsgi.py:513}}
Feb 11 13:51:08.862674 dv-neutron-826103-1-hyperv devstack@n-api.service[86927]: INFO nova.api.openstack.requestlog [None req-49152a7e-195c-4f6a-a0cf-47648ba28938 admin admin] 10.222.0.36 "GET /compute/v2.1" status: 200 len: 388 microversion: 2.1 time: 0.001439
Feb 11 13:51:08.863059 dv-neutron-826103-1-hyperv devstack@n-api.service[86927]: [pid: 86927|app: 0|req: 21/43] 10.222.0.36 () {56 vars in 1074 bytes} [Fri Feb 11 13:51:08 2022] GET /compute/v2.1 => generated 388 bytes in 2 msecs (HTTP/1.1 200) 9 headers in 357 bytes (2 switches on core 0)
Feb 11 13:51:09.066177 dv-neutron-826103-1-hyperv devstack@n-api.service[86928]: DEBUG nova.api.openstack.wsgi [None req-0fc26548-7718-4ea6-bbae-6ee6a66b40ff admin admin] Calling method '>' {{(pid=86928) _process_stack /opt/stack/nova/nova/api/openstack/wsgi.py:513}}
Feb 11 13:51:09.079149 dv-neutron-826103-1-hyperv devstack@n-api.service[86928]: INFO nova.api.openstack.wsgi [None req-0fc26548-7718-4ea6-bbae-6ee6a66b40ff admin admin] HTTP exception thrown: Flavor 84 could not be found.
Feb 11 13:51:09.079748 dv-neutron-826103-1-hyperv devstack@n-api.service[86928]: DEBUG nova.api.openstack.wsgi [None req-0fc26548-7718-4ea6-bbae-6ee6a66b40ff admin admin] Returning 404 to user: Flavor 84 could not be found. {{(pid=86928) __call__ /opt/stack/nova/nova/api/openstack/wsgi.py:927}}
Feb 11 13:51:09.080555 dv-neutron-826103-1-hyperv devstack@n-api.service[86928]: INFO nova.api.openstack.requestlog [None req-0fc26548-7718-4ea6-bbae-6ee6a66b40ff admin admin] 10.222.0.36 "GET /compute/v2.1/flavors/84" status: 404 len: 75 microversion: 2.88 time: 0.082844
Feb 11 13:51:09.081126 dv-neutron-826103-1-hyperv devstack@n-api.service[86928]: [pid: 86928|app: 0|req: 23/44] 10.222.0.36 () {60 vars in 1190 bytes} [Fri Feb 11 13:51:08 2022] GET /compute/v2.1/flavors/84 => generated 75 bytes in 84 msecs (HTTP/1.1 404) 9 headers in 380 bytes (1 switches on core 0)
Feb 11 13:51:09.094139 dv-neutron-826103-1-hyperv devstack@n-api.service[86927]: DEBUG nova.api.openstack.wsgi [None req-2a0ad242-b524-47b1-a642-5c70e2eb5cd5 admin admin] Calling method '>' {{(pid=86927) _process_stack /opt/stack/nova/nova/api/openstack/wsgi.py:513}}
Feb 11 13:51:09.119916 dv-neutron-826103-1-hyperv devstack@n-api.service[86927]: INFO nova.api.openstack.requestlog [None req-2a0ad242-b524-47b1-a642-5c70e2eb5cd5 admin admin] 10.222.0.36 "GET /compute/v2.1/flavors?is_public=None" status: 200 len: 2056 microversion: 2.88 time: 0.031715
Feb 11 13:51:09.120473 dv-neutron-826103-1-hyperv devstack@n-api.service[86927]: [pid: 86927|app: 0|req: 22/45] 10.222.0.36 () {60 vars in 1210 bytes} [Fri Feb 11 13:51:09 2022] GET /compute/v2.1/flavors?is_public=None => generated 2056 bytes in 33 msecs (HTTP/1.1 200) 9 headers in 360 bytes (1 switches on core 0)
Feb 11 13:51:09.132970 dv-neutron-826103-1-hyperv devstack@n-api.service[86928]: DEBUG nova.api.openstack.wsgi [None req-d1e3f3ed-035b-4926-a3b9-377979ad0f49 admin admin] Calling method '>' {{(pid=86928) _process_stack /opt/stack/nova/nova/api/openstack/wsgi.py:513}}
Feb 11 13:51:09.162642 dv-neutron-826103-1-hyperv devstack@n-api.service[86928]: INFO nova.api.openstack.requestlog [None req-d1e3f3ed-035b-4926-a3b9-377979ad0f49 admin admin] 10.222.0.36 "GET /compute/v2.1/flavors?is_public=None" status: 200 len: 2056 microversion: 2.88 time: 0.035125
Feb 11 13:51:09.163155 dv-neutron-826103-1-hyperv devstack@n-api.service[86928]: [pid: 86928|app: 0|req: 24/46] 10.222.0.36 () {60 vars in 1210 bytes} [Fri Feb 11 13:51:09 2022] GET /compute/v2.1/flavors?is_public=None => generated 2056 bytes in 37 msecs (HTTP/1.1 200) 9 headers in 360 bytes (2 switches on core 0)
Feb 11 13:51:09.172910 dv-neutron-826103-1-hyperv devstack@n-api.service[86927]: DEBUG nova.api.openstack.wsgi [None req-6aa39a46-18c7-4740-89de-6e1db3f114b2 admin admin] Calling method '>' {{(pid=86927) _process_stack /opt/stack/nova/nova/api/openstack/wsgi.py:513}}
Feb 11 13:51:09.186013 dv-neutron-826103-1-hyperv devstack@n-api.service[86927]: INFO nova.api.openstack.wsgi [None req-6aa39a46-18c7-4740-89de-6e1db3f114b2 admin admin] HTTP exception thrown: Flavor 84 could not be found.
Feb 11 13:51:09.186605 dv-neutron-826103-1-hyperv devstack@n-api.service[86927]: DEBUG nova.api.openstack.wsgi [None req-6aa39a46-18c7-4740-89de-6e1db3f114b2 admin admin] Returning 404 to user: Flavor 84 could not be found. {{(pid=86927) __call__ /opt/stack/nova/nova/api/openstack/wsgi.py:927}}
Feb 11 13:51:09.187388 dv-neutron-826103-1-hyperv devstack@n-api.service[86927]: INFO nova.api.openstack.requestlog [None req-6aa39a46-18c7-4740-89de-6e1db3f114b2 admin admin] 10.222.0.36 "GET /compute/v2.1/flavors/84" status: 404 len: 75 microversion: 2.88 time: 0.018152
Feb 11 13:51:09.187893 dv-neutron-826103-1-hyperv devstack@n-api.service[86927]: [pid: 86927|app: 0|req: 23/47] 10.222.0.36 () {60 vars in 1190 bytes} [Fri Feb 11 13:51:09 2022] GET /compute/v2.1/flavors/84 => generated 75 bytes in 19 msecs (HTTP/1.1 404) 9 headers in 380 bytes (1 switches on core 0)
Feb 11 13:51:10.490347 dv-neutron-826103-1-hyperv devstack@n-api.service[86928]: DEBUG nova.api.openstack.wsgi [None req-d1e3f3ed-035b-4926-a3b9-377979ad0f49 admin admin] Calling method '>' {{(pid=86928) _process_stack /opt/stack/nova/nova/api/openstack/wsgi.py:513}}
Feb 11 13:51:10.491764 dv-neutron-826103-1-hyperv devstack@n-api.service[86928]: INFO nova.api.openstack.requestlog [None req-d1e3f3ed-035b-4926-a3b9-377979ad0f49 admin admin] 10.222.0.36 "GET /compute/v2.1" status: 200 len: 388 microversion: 2.1 time: 0.002195
Feb 11 13:51:10.492396 dv-neutron-826103-1-hyperv devstack@n-api.service[86928]: [pid: 86928|app: 0|req: 25/48] 10.222.0.36 () {56 vars in 1074 bytes} [Fri Feb 11 13:51:10 2022] GET /compute/v2.1 => generated 388 bytes in 4 msecs (HTTP/1.1 200) 9 headers in 357 bytes (1 switches on core 0)
Feb 11 13:51:10.682834 dv-neutron-826103-1-hyperv devstack@n-api.service[86927]: DEBUG nova.api.openstack.wsgi [None req-502af94d-ee2d-42d1-a1e8-60c89a5079e3 admin admin] Calling method '>' {{(pid=86927) _process_stack /opt/stack/nova/nova/api/openstack/wsgi.py:513}}
Feb 11 13:51:10.695133 dv-neutron-826103-1-hyperv devstack@n-api.service[86927]: INFO nova.api.openstack.wsgi [None req-502af94d-ee2d-42d1-a1e8-60c89a5079e3 admin admin] HTTP exception thrown: Flavor 451 could not be found.
Feb 11 13:51:10.695630 dv-neutron-826103-1-hyperv devstack@n-api.service[86927]: DEBUG nova.api.openstack.wsgi [None req-502af94d-ee2d-42d1-a1e8-60c89a5079e3 admin admin] Returning 404 to user: Flavor 451 could not be found. {{(pid=86927) __call__ /opt/stack/nova/nova/api/openstack/wsgi.py:927}}
Feb 11 13:51:10.696423 dv-neutron-826103-1-hyperv devstack@n-api.service[86927]: INFO nova.api.openstack.requestlog [None req-502af94d-ee2d-42d1-a1e8-60c89a5079e3 admin admin] 10.222.0.36 "GET /compute/v2.1/flavors/451" status: 404 len: 76 microversion: 2.88 time: 0.069094
Feb 11 13:51:10.696928 dv-neutron-826103-1-hyperv devstack@n-api.service[86927]: [pid: 86927|app: 0|req: 24/49] 10.222.0.36 () {60 vars in 1193 bytes} [Fri Feb 11 13:51:10 2022] GET /compute/v2.1/flavors/451 => generated 76 bytes in 71 msecs (HTTP/1.1 404) 9 headers in 380 bytes (1 switches on core 0)
Feb 11 13:51:10.706639 dv-neutron-826103-1-hyperv devstack@n-api.service[86928]: DEBUG nova.api.openstack.wsgi [None req-ea0e85d6-db21-447c-ae5a-5c5b764b1f19 admin admin] Calling method '>' {{(pid=86928) _process_stack /opt/stack/nova/nova/api/openstack/wsgi.py:513}}
Feb 11 13:51:10.726864 dv-neutron-826103-1-hyperv devstack@n-api.service[86928]: INFO nova.api.openstack.requestlog [None req-ea0e85d6-db21-447c-ae5a-5c5b764b1f19 admin admin] 10.222.0.36 "GET /compute/v2.1/flavors?is_public=None" status: 200 len: 2056 microversion: 2.88 time: 0.023901
Feb 11 13:51:10.727396 dv-neutron-826103-1-hyperv devstack@n-api.service[86928]: [pid: 86928|app: 0|req: 26/50] 10.222.0.36 () {60 vars in 1210 bytes} [Fri Feb 11 13:51:10 2022] GET /compute/v2.1/flavors?is_public=None => generated 2056 bytes in 25 msecs (HTTP/1.1 200) 9 headers in 360 bytes (1 switches on core 0)
Feb 11 13:51:10.737234 dv-neutron-826103-1-hyperv devstack@n-api.service[86927]: DEBUG nova.api.openstack.wsgi [None req-9fe9a301-a532-4e10-bac2-320b55836796 admin admin] Calling method '>' {{(pid=86927) _process_stack /opt/stack/nova/nova/api/openstack/wsgi.py:513}}
Feb 11 13:51:10.757093 dv-neutron-826103-1-hyperv devstack@n-api.service[86927]: INFO nova.api.openstack.requestlog [None req-9fe9a301-a532-4e10-bac2-320b55836796 admin admin] 10.222.0.36 "GET /compute/v2.1/flavors?is_public=None" status: 200 len: 2056 microversion: 2.88 time: 0.023450
Feb 11 13:51:10.757624 dv-neutron-826103-1-hyperv devstack@n-api.service[86927]: [pid: 86927|app: 0|req: 25/51] 10.222.0.36 () {60 vars in 1210 bytes} [Fri Feb 11 13:51:10 2022] GET /compute/v2.1/flavors?is_public=None => generated 2056 bytes in 25 msecs (HTTP/1.1 200) 9 headers in 360 bytes (1 switches on core 0)
Feb 11 13:51:10.767533 dv-neutron-826103-1-hyperv devstack@n-api.service[86928]: DEBUG nova.api.openstack.wsgi [None req-4777b125-59d6-460c-b54e-40650f6f81fa admin admin] Calling method '>' {{(pid=86928) _process_stack /opt/stack/nova/nova/api/openstack/wsgi.py:513}}
Feb 11 13:51:10.779822 dv-neutron-826103-1-hyperv devstack@n-api.service[86928]: INFO nova.api.openstack.wsgi [None req-4777b125-59d6-460c-b54e-40650f6f81fa admin admin] HTTP exception thrown: Flavor 451 could not be found.
Feb 11 13:51:10.780391 dv-neutron-826103-1-hyperv devstack@n-api.service[86928]: DEBUG nova.api.openstack.wsgi [None req-4777b125-59d6-460c-b54e-40650f6f81fa admin admin] Returning 404 to user: Flavor 451 could not be found. {{(pid=86928) __call__ /opt/stack/nova/nova/api/openstack/wsgi.py:927}}
Feb 11 13:51:10.781215 dv-neutron-826103-1-hyperv devstack@n-api.service[86928]: INFO nova.api.openstack.requestlog [None req-4777b125-59d6-460c-b54e-40650f6f81fa admin admin] 10.222.0.36 "GET /compute/v2.1/flavors/451" status: 404 len: 76 microversion: 2.88 time: 0.017429
Feb 11 13:51:10.781721 dv-neutron-826103-1-hyperv devstack@n-api.service[86928]: [pid: 86928|app: 0|req: 27/52] 10.222.0.36 () {60 vars in 1193 bytes} [Fri Feb 11 13:51:10 2022] GET /compute/v2.1/flavors/451 => generated 76 bytes in 18 msecs (HTTP/1.1 404) 9 headers in 380 bytes (1 switches on core 0)
Feb 11 13:51:12.120011 dv-neutron-826103-1-hyperv devstack@n-api.service[86927]: DEBUG nova.api.openstack.wsgi [None req-9fe9a301-a532-4e10-bac2-320b55836796 admin admin] Calling method '>' {{(pid=86927) _process_stack /opt/stack/nova/nova/api/openstack/wsgi.py:513}}
Feb 11 13:51:12.121367 dv-neutron-826103-1-hyperv devstack@n-api.service[86927]: INFO nova.api.openstack.requestlog [None req-9fe9a301-a532-4e10-bac2-320b55836796 admin admin] 10.222.0.36 "GET /compute/v2.1" status: 200 len: 388 microversion: 2.1 time: 0.002012
Feb 11 13:51:12.121900 dv-neutron-826103-1-hyperv devstack@n-api.service[86927]: [pid: 86927|app: 0|req: 26/53] 10.222.0.36 () {56 vars in 1074 bytes} [Fri Feb 11 13:51:12 2022] GET /compute/v2.1 => generated 388 bytes in 4 msecs (HTTP/1.1 200) 9 headers in 357 bytes (1 switches on core 0)
Feb 11 13:51:12.323459 dv-neutron-826103-1-hyperv devstack@n-api.service[86928]: DEBUG nova.api.openstack.wsgi [None req-e199d777-5cfc-4525-98ef-3ba3aeef4549 admin admin] Action: 'create', calling method: >, body: {"flavor": {"name": "m1.nano", "ram": 256, "vcpus": 1, "disk": 1, "id": "42", "swap": 0, "OS-FLV-EXT-DATA:ephemeral": 0, "rxtx_factor": 1.0, "os-flavor-access:is_public": true}} {{(pid=86928) _process_stack /opt/stack/nova/nova/api/openstack/wsgi.py:511}}
Feb 11 13:51:12.353922 dv-neutron-826103-1-hyperv devstack@n-api.service[86928]: INFO nova.api.openstack.requestlog [None req-e199d777-5cfc-4525-98ef-3ba3aeef4549 admin admin] 10.222.0.36 "POST /compute/v2.1/flavors" status: 200 len: 404 microversion: 2.88 time: 0.094862
Feb 11 13:51:12.354450 dv-neutron-826103-1-hyperv devstack@n-api.service[86928]: [pid: 86928|app: 0|req: 28/54] 10.222.0.36 () {64 vars in 1235 bytes} [Fri Feb 11 13:51:12 2022] POST /compute/v2.1/flavors => generated 404 bytes in 96 msecs (HTTP/1.1 200) 9 headers in 359 bytes (1 switches on core 0)
Feb 11 13:51:13.678211 dv-neutron-826103-1-hyperv devstack@n-api.service[86927]: DEBUG nova.api.openstack.wsgi [None req-9fe9a301-a532-4e10-bac2-320b55836796 admin admin] Calling method '>' {{(pid=86927) _process_stack /opt/stack/nova/nova/api/openstack/wsgi.py:513}}
