Mar 01 06:30:39.059935 dv-neutron-825428-10-hyperv neutron-server[103864]: DEBUG neutron_lib.callbacks.manager [None req-d67d7359-b34e-4a95-8241-ae8c21abc831 admin admin] Publish callbacks ['neutron.plugins.ml2.ovo_rpc._ObjectChangeHandler.handle_event-297679', 'neutron.api.rpc.agentnotifiers.dhcp_rpc_agent_api.DhcpAgentNotifyAPI._native_event_send_dhcp_notification-589310'] for network (71124f3b-039d-4ae3-b64d-c68fabf6a3a4), after_create {{(pid=103864) _notify_loop /usr/local/lib/python3.8/dist-packages/neutron_lib/callbacks/manager.py:176}}
Mar 01 06:30:39.061196 dv-neutron-825428-10-hyperv neutron-server[103864]: DEBUG neutron.pecan_wsgi.hooks.policy_enforcement [None req-d67d7359-b34e-4a95-8241-ae8c21abc831 admin admin] Attributes excluded by policy engine: ['standard_attr_id', 'vlan_transparent'] {{(pid=103864) _exclude_attributes_by_policy /opt/stack/neutron/neutron/pecan_wsgi/hooks/policy_enforcement.py:255}}
Mar 01 06:30:39.061772 dv-neutron-825428-10-hyperv neutron-server[103864]: DEBUG neutron_lib.callbacks.manager [None req-d67d7359-b34e-4a95-8241-ae8c21abc831 admin admin] Publish callbacks ['neutron.api.rpc.agentnotifiers.dhcp_rpc_agent_api.DhcpAgentNotifyAPI._send_dhcp_notification-589288'] for network (None), before_response {{(pid=103864) _notify_loop /usr/local/lib/python3.8/dist-packages/neutron_lib/callbacks/manager.py:176}}
Mar 01 06:30:39.122997 dv-neutron-825428-10-hyperv neutron-server[103864]: DEBUG neutron.api.rpc.handlers.resources_rpc [None req-d67d7359-b34e-4a95-8241-ae8c21abc831 admin admin] Pushing event updated for resources: {'Network': ['ID=71124f3b-039d-4ae3-b64d-c68fabf6a3a4,revision_number=1']} {{(pid=103864) push /opt/stack/neutron/neutron/api/rpc/handlers/resources_rpc.py:237}}
Mar 01 06:30:39.133745 dv-neutron-825428-10-hyperv neutron-server[103865]: DEBUG neutron.plugins.ml2.rpc [None req-7759dee6-d2ee-474f-9cd9-9bf06cad1948 None None] Network 71124f3b-039d-4ae3-b64d-c68fabf6a3a4 details requested by agent ovs-agent-dv-neutron-825428-10-hyperv with host dv-neutron-825428-10-hyperv {{(pid=103865) get_network_details /opt/stack/neutron/neutron/plugins/ml2/rpc.py:248}}
Mar 01 06:30:39.171562 dv-neutron-825428-10-hyperv neutron-server[103863]: DEBUG neutron_lib.callbacks.manager [None req-f04a926f-6c1c-4fbe-acb0-c13111ec5fce admin admin] Publish callbacks ['neutron.plugins.ml2.ovo_rpc._ObjectChangeHandler.handle_event-297679', 'neutron.api.rpc.agentnotifiers.dhcp_rpc_agent_api.DhcpAgentNotifyAPI._native_event_send_dhcp_notification-589310'] for network (d669ab2f-d5f3-437c-9dab-2a4484c02718), after_create {{(pid=103863) _notify_loop /usr/local/lib/python3.8/dist-packages/neutron_lib/callbacks/manager.py:176}}
Mar 01 06:30:39.171562 dv-neutron-825428-10-hyperv neutron-server[103863]: DEBUG neutron.pecan_wsgi.hooks.policy_enforcement [None req-f04a926f-6c1c-4fbe-acb0-c13111ec5fce admin admin] Attributes excluded by policy engine: ['standard_attr_id', 'vlan_transparent'] {{(pid=103863) _exclude_attributes_by_policy /opt/stack/neutron/neutron/pecan_wsgi/hooks/policy_enforcement.py:255}}
Mar 01 06:30:39.171562 dv-neutron-825428-10-hyperv neutron-server[103863]: DEBUG neutron_lib.callbacks.manager [None req-f04a926f-6c1c-4fbe-acb0-c13111ec5fce admin admin] Publish callbacks ['neutron.api.rpc.agentnotifiers.dhcp_rpc_agent_api.DhcpAgentNotifyAPI._send_dhcp_notification-589288'] for network (None), before_response {{(pid=103863) _notify_loop /usr/local/lib/python3.8/dist-packages/neutron_lib/callbacks/manager.py:176}}
Mar 01 06:30:39.175064 dv-neutron-825428-10-hyperv neutron-server[103863]: DEBUG neutron_lib.callbacks.manager [None req-a75fa238-7d0c-4e01-bf41-eaf4624dc9c3 admin admin] Publish callbacks ['neutron.plugins.ml2.ovo_rpc._ObjectChangeHandler.handle_event-323307', 'neutron.api.rpc.agentnotifiers.dhcp_rpc_agent_api.DhcpAgentNotifyAPI._native_event_send_dhcp_notification-589310'] for subnet (dba39866-ace3-4a23-a83c-d90687b53865), after_create {{(pid=103863) _notify_loop /usr/local/lib/python3.8/dist-packages/neutron_lib/callbacks/manager.py:176}}
Mar 01 06:30:39.193958 dv-neutron-825428-10-hyperv neutron-server[103864]: INFO neutron.wsgi [None req-d67d7359-b34e-4a95-8241-ae8c21abc831 admin admin] 10.222.0.15 "POST /v2.0/networks HTTP/1.1" status: 201 len: 879 time: 0.9597704
Mar 01 06:30:39.197567 dv-neutron-825428-10-hyperv neutron-server[103864]: DEBUG neutron.wsgi [-] (103864) accepted ('10.222.0.15', 51082) {{(pid=103864) server /usr/local/lib/python3.8/dist-packages/eventlet/wsgi.py:1004}}
Mar 01 06:30:39.203362 dv-neutron-825428-10-hyperv neutron-server[103864]: DEBUG neutron.api.v2.base [None req-b49cfdfc-d5b1-4930-ae98-16b548d2c3ae admin admin] Request body: {'subnet': {'network_id': '71124f3b-039d-4ae3-b64d-c68fabf6a3a4', 'cidr': '172.20.0.0/28', 'name': 'tempest-ServersTestJSON-1030617717-subnet', 'tenant_id': 'cf39a113f5e140ec9f160c80d9ed8180', 'enable_dhcp': True, 'ip_version': 4}} {{(pid=103864) prepare_request_body /opt/stack/neutron/neutron/api/v2/base.py:729}}
Mar 01 06:30:39.287485 dv-neutron-825428-10-hyperv neutron-server[103863]: DEBUG neutron.api.rpc.handlers.resources_rpc [None req-f04a926f-6c1c-4fbe-acb0-c13111ec5fce admin admin] Pushing event updated for resources: {'Network': ['ID=d669ab2f-d5f3-437c-9dab-2a4484c02718,revision_number=1']} {{(pid=103863) push /opt/stack/neutron/neutron/api/rpc/handlers/resources_rpc.py:237}}
Mar 01 06:30:39.302384 dv-neutron-825428-10-hyperv neutron-server[103865]: DEBUG neutron.plugins.ml2.rpc [None req-7759dee6-d2ee-474f-9cd9-9bf06cad1948 None None] Network d669ab2f-d5f3-437c-9dab-2a4484c02718 details requested by agent ovs-agent-dv-neutron-825428-10-hyperv with host dv-neutron-825428-10-hyperv {{(pid=103865) get_network_details /opt/stack/neutron/neutron/plugins/ml2/rpc.py:248}}
Mar 01 06:30:39.310897 dv-neutron-825428-10-hyperv neutron-server[103863]: DEBUG neutron.api.rpc.handlers.resources_rpc [None req-a75fa238-7d0c-4e01-bf41-eaf4624dc9c3 admin admin] Pushing event updated for resources: {'Subnet': ['ID=dba39866-ace3-4a23-a83c-d90687b53865,revision_number=0']} {{(pid=103863) push /opt/stack/neutron/neutron/api/rpc/handlers/resources_rpc.py:237}}
Mar 01 06:30:39.318129 dv-neutron-825428-10-hyperv neutron-server[103863]: DEBUG neutron.plugins.ml2.drivers.mech_agent [None req-a75fa238-7d0c-4e01-bf41-eaf4624dc9c3 admin admin] Checking segment: {'id': 'a9603fe3-cb2b-4b6c-8bc9-b18b683ce0eb', 'network_type': 'vlan', 'physical_network': 'physnet1', 'segmentation_id': 151, 'network_id': '094bd160-54f9-42d6-ab9b-6f49d20bce43'} for mappings: {'physnet1': 'br-data'} with network types: ['local', 'flat', 'vlan'] {{(pid=103863) check_segment_for_agent /opt/stack/neutron/neutron/plugins/ml2/drivers/mech_agent.py:373}}
Mar 01 06:30:39.318381 dv-neutron-825428-10-hyperv neutron-server[103863]: DEBUG neutron.scheduler.dhcp_agent_scheduler [None req-a75fa238-7d0c-4e01-bf41-eaf4624dc9c3 admin admin] Network hostable DHCP agents. Network: 094bd160-54f9-42d6-ab9b-6f49d20bce43, hostable agents: ['8aa3570e-ae2b-407a-8fd5-ae1249679791'], hosted agents: [] {{(pid=103863) _get_network_hostable_dhcp_agents /opt/stack/neutron/neutron/scheduler/dhcp_agent_scheduler.py:329}}
Mar 01 06:30:39.328027 dv-neutron-825428-10-hyperv neutron-server[103864]: DEBUG neutron.pecan_wsgi.hooks.quota_enforcement [None req-b49cfdfc-d5b1-4930-ae98-16b548d2c3ae admin admin] Made reservation on behalf of cf39a113f5e140ec9f160c80d9ed8180 for: {'subnet': 1} {{(pid=103864) before /opt/stack/neutron/neutron/pecan_wsgi/hooks/quota_enforcement.py:53}}
Mar 01 06:30:39.332134 dv-neutron-825428-10-hyperv neutron-server[103864]: DEBUG neutron_lib.callbacks.manager [None req-b49cfdfc-d5b1-4930-ae98-16b548d2c3ae admin admin] Publish callbacks [] for subnet (None), before_create {{(pid=103864) _notify_loop /usr/local/lib/python3.8/dist-packages/neutron_lib/callbacks/manager.py:176}}
Mar 01 06:30:39.332985 dv-neutron-825428-10-hyperv neutron-server[103863]: INFO neutron.wsgi [None req-f04a926f-6c1c-4fbe-acb0-c13111ec5fce admin admin] 10.222.0.15 "POST /v2.0/networks HTTP/1.1" status: 201 len: 885 time: 1.4474809
Mar 01 06:30:39.343230 dv-neutron-825428-10-hyperv neutron-server[103863]: DEBUG neutron.wsgi [-] (103863) accepted ('10.222.0.15', 51088) {{(pid=103863) server /usr/local/lib/python3.8/dist-packages/eventlet/wsgi.py:1004}}
Mar 01 06:30:39.351823 dv-neutron-825428-10-hyperv neutron-server[103863]: DEBUG neutron.api.v2.base [None req-63dc082e-dbbc-4805-9951-c7cdecfb4085 admin admin] Request body: {'subnet': {'network_id': 'd669ab2f-d5f3-437c-9dab-2a4484c02718', 'cidr': '172.20.0.0/28', 'name': 'tempest-ServersTestManualDisk-1200165403-subnet', 'tenant_id': '93e16953f87b4b368bec757e370c3028', 'enable_dhcp': True, 'ip_version': 4}} {{(pid=103863) prepare_request_body /opt/stack/neutron/neutron/api/v2/base.py:729}}
Mar 01 06:30:39.421063 dv-neutron-825428-10-hyperv neutron-server[103863]: DEBUG neutron.scheduler.dhcp_agent_scheduler [None req-a75fa238-7d0c-4e01-bf41-eaf4624dc9c3 admin admin] Network 094bd160-54f9-42d6-ab9b-6f49d20bce43 is scheduled to be hosted by DHCP agent 8aa3570e-ae2b-407a-8fd5-ae1249679791 with binding_index 1 {{(pid=103863) bind /opt/stack/neutron/neutron/scheduler/dhcp_agent_scheduler.py:227}}
Mar 01 06:30:39.480139 dv-neutron-825428-10-hyperv neutron-server[103863]: DEBUG neutron.pecan_wsgi.hooks.quota_enforcement [None req-63dc082e-dbbc-4805-9951-c7cdecfb4085 admin admin] Made reservation on behalf of 93e16953f87b4b368bec757e370c3028 for: {'subnet': 1} {{(pid=103863) before /opt/stack/neutron/neutron/pecan_wsgi/hooks/quota_enforcement.py:53}}
Mar 01 06:30:39.489860 dv-neutron-825428-10-hyperv neutron-server[103863]: DEBUG neutron_lib.callbacks.manager [None req-63dc082e-dbbc-4805-9951-c7cdecfb4085 admin admin] Publish callbacks [] for subnet (None), before_create {{(pid=103863) _notify_loop /usr/local/lib/python3.8/dist-packages/neutron_lib/callbacks/manager.py:176}}
Mar 01 06:30:39.509588 dv-neutron-825428-10-hyperv neutron-server[103863]: DEBUG neutron.scheduler.base_scheduler [None req-a75fa238-7d0c-4e01-bf41-eaf4624dc9c3 admin admin] Resources bound (agent type, host, resource id): (DHCP agent, dv-neutron-825428-10-hyperv, 094bd160-54f9-42d6-ab9b-6f49d20bce43) {{(pid=103863) schedule /opt/stack/neutron/neutron/scheduler/base_scheduler.py:57}}
Mar 01 06:30:39.520393 dv-neutron-825428-10-hyperv neutron-server[103865]: DEBUG neutron.api.rpc.handlers.dhcp_rpc [None req-62ea3db8-dd54-4b0d-b812-73d877b00a49 None None] Network 094bd160-54f9-42d6-ab9b-6f49d20bce43 requested from dv-neutron-825428-10-hyperv {{(pid=103865) get_network_info /opt/stack/neutron/neutron/api/rpc/handlers/dhcp_rpc.py:191}}
Mar 01 06:30:39.564946 dv-neutron-825428-10-hyperv neutron-server[103863]: DEBUG neutron.pecan_wsgi.hooks.policy_enforcement [None req-a75fa238-7d0c-4e01-bf41-eaf4624dc9c3 admin admin] Attributes excluded by policy engine: ['standard_attr_id', 'shared', 'network'] {{(pid=103863) _exclude_attributes_by_policy /opt/stack/neutron/neutron/pecan_wsgi/hooks/policy_enforcement.py:255}}
Mar 01 06:30:39.566888 dv-neutron-825428-10-hyperv neutron-server[103863]: DEBUG neutron_lib.callbacks.manager [None req-a75fa238-7d0c-4e01-bf41-eaf4624dc9c3 admin admin] Publish callbacks ['neutron.api.rpc.agentnotifiers.dhcp_rpc_agent_api.DhcpAgentNotifyAPI._send_dhcp_notification-589288'] for subnet (None), before_response {{(pid=103863) _notify_loop /usr/local/lib/python3.8/dist-packages/neutron_lib/callbacks/manager.py:176}}
Mar 01 06:30:39.645559 dv-neutron-825428-10-hyperv neutron-server[103865]: DEBUG neutron.api.rpc.handlers.dhcp_rpc [None req-feb6e7d0-242a-423c-b000-46abdf36ea26 None None] Create dhcp port {'port': {'name': '', 'admin_state_up': True, 'device_id': 'dhcp3b551ff2-2f94-5f2b-862d-4f4c1192c62b-094bd160-54f9-42d6-ab9b-6f49d20bce43', 'network_id': '094bd160-54f9-42d6-ab9b-6f49d20bce43', 'project_id': '3f5891f570464e4e9ac7f4ef2e03f7a9', 'fixed_ips': [{'subnet_id': 'dba39866-ace3-4a23-a83c-d90687b53865'}]}} from dv-neutron-825428-10-hyperv. {{(pid=103865) create_dhcp_port /opt/stack/neutron/neutron/api/rpc/handlers/dhcp_rpc.py:268}}
Mar 01 06:30:39.647273 dv-neutron-825428-10-hyperv neutron-server[103865]: DEBUG neutron_lib.callbacks.manager [None req-feb6e7d0-242a-423c-b000-46abdf36ea26 None None] Publish callbacks ['neutron.plugins.ml2.plugin.SecurityGroupDbMixin._ensure_default_security_group_handler-3873141'] for port (None), before_create {{(pid=103865) _notify_loop /usr/local/lib/python3.8/dist-packages/neutron_lib/callbacks/manager.py:176}}
Mar 01 06:30:39.671509 dv-neutron-825428-10-hyperv neutron-server[103863]: INFO neutron.wsgi [None req-a75fa238-7d0c-4e01-bf41-eaf4624dc9c3 admin admin] 10.222.0.15 "POST /v2.0/subnets HTTP/1.1" status: 201 len: 847 time: 1.0269723
Mar 01 06:30:39.674285 dv-neutron-825428-10-hyperv neutron-server[103863]: DEBUG neutron.wsgi [-] (103863) accepted ('10.222.0.15', 51104) {{(pid=103863) server /usr/local/lib/python3.8/dist-packages/eventlet/wsgi.py:1004}}
Mar 01 06:30:39.679430 dv-neutron-825428-10-hyperv neutron-server[103863]: DEBUG neutron.api.v2.base [None req-460ada25-0749-440a-b49f-b9ab4516f398 admin admin] Request body: {'router': {'name': 'tempest-ServerActionsTestJSON-390778880-router', 'tenant_id': '3f5891f570464e4e9ac7f4ef2e03f7a9', 'external_gateway_info': {'network_id': '4e153b00-8dea-4eed-9a05-c2db18c1ccbd'}}} {{(pid=103863) prepare_request_body /opt/stack/neutron/neutron/api/v2/base.py:729}}
Mar 01 06:30:39.736019 dv-neutron-825428-10-hyperv neutron-server[103864]: DEBUG neutron.wsgi [-] (103864) accepted ('10.222.0.15', 51106) {{(pid=103864) server /usr/local/lib/python3.8/dist-packages/eventlet/wsgi.py:1004}}
Mar 01 06:30:39.775258 dv-neutron-825428-10-hyperv neutron-server[103864]: DEBUG neutron_lib.callbacks.manager [None req-b49cfdfc-d5b1-4930-ae98-16b548d2c3ae admin admin] Publish callbacks ['neutron.plugins.ml2.ovo_rpc._ObjectChangeHandler.handle_event-323307', 'neutron.api.rpc.agentnotifiers.dhcp_rpc_agent_api.DhcpAgentNotifyAPI._native_event_send_dhcp_notification-589310'] for subnet (39c9eb18-7fe5-4885-b537-625559e528ed), after_create {{(pid=103864) _notify_loop /usr/local/lib/python3.8/dist-packages/neutron_lib/callbacks/manager.py:176}}
Mar 01 06:30:39.798352 dv-neutron-825428-10-hyperv neutron-server[103863]: DEBUG neutron_lib.callbacks.manager [None req-460ada25-0749-440a-b49f-b9ab4516f398 admin admin] Publish callbacks ['neutron.services.l3_router.l3_router_plugin.L3_HA_NAT_db_mixin._before_router_create_handler-626812', 'neutron.services.l3_router.service_providers.driver_controller.DriverController._check_router_request-4274'] for router (dfb6759e-146b-4841-82b5-5b265d824077), before_create {{(pid=103863) _notify_loop /usr/local/lib/python3.8/dist-packages/neutron_lib/callbacks/manager.py:176}}
Mar 01 06:30:39.800367 dv-neutron-825428-10-hyperv neutron-server[103863]: DEBUG neutron_lib.callbacks.manager [None req-460ada25-0749-440a-b49f-b9ab4516f398 admin admin] Publish callbacks ['neutron.services.l3_router.l3_router_plugin.L3_HA_NAT_db_mixin._precommit_router_create-627692', 'neutron.services.l3_router.l3_router_plugin.DVRResourceOperationHandler._set_distributed_flag-623411', 'neutron.services.l3_router.l3_router_plugin.RouterAvailabilityZoneMixin._process_az_request-325306', 'neutron.services.l3_router.service_providers.driver_controller.DriverController._set_router_provider-4299'] for router (dfb6759e-146b-4841-82b5-5b265d824077), precommit_create {{(pid=103863) _notify_loop /usr/local/lib/python3.8/dist-packages/neutron_lib/callbacks/manager.py:176}}
Mar 01 06:30:39.826992 dv-neutron-825428-10-hyperv neutron-server[103865]: DEBUG neutron.db.db_base_plugin_common [None req-feb6e7d0-242a-423c-b000-46abdf36ea26 None None] Allocated IP 172.20.0.2 (094bd160-54f9-42d6-ab9b-6f49d20bce43/dba39866-ace3-4a23-a83c-d90687b53865/9e588469-a2ab-4be3-85a9-fd387757caa4) {{(pid=103865) _store_ip_allocation /opt/stack/neutron/neutron/db/db_base_plugin_common.py:131}}
Mar 01 06:30:39.842099 dv-neutron-825428-10-hyperv neutron-server[103864]: DEBUG neutron.api.rpc.handlers.resources_rpc [None req-b49cfdfc-d5b1-4930-ae98-16b548d2c3ae admin admin] Pushing event updated for resources: {'Subnet': ['ID=39c9eb18-7fe5-4885-b537-625559e528ed,revision_number=0']} {{(pid=103864) push /opt/stack/neutron/neutron/api/rpc/handlers/resources_rpc.py:237}}
Mar 01 06:30:39.847649 dv-neutron-825428-10-hyperv neutron-server[103864]: DEBUG neutron.plugins.ml2.drivers.mech_agent [None req-b49cfdfc-d5b1-4930-ae98-16b548d2c3ae admin admin] Checking segment: {'id': 'd436ff9a-e814-404b-8f8f-271740f01f5c', 'network_type': 'vlan', 'physical_network': 'physnet1', 'segmentation_id': 179, 'network_id': '71124f3b-039d-4ae3-b64d-c68fabf6a3a4'} for mappings: {'physnet1': 'br-data'} with network types: ['local', 'flat', 'vlan'] {{(pid=103864) check_segment_for_agent /opt/stack/neutron/neutron/plugins/ml2/drivers/mech_agent.py:373}}
Mar 01 06:30:39.848540 dv-neutron-825428-10-hyperv neutron-server[103864]: DEBUG neutron.scheduler.dhcp_agent_scheduler [None req-b49cfdfc-d5b1-4930-ae98-16b548d2c3ae admin admin] Network hostable DHCP agents. Network: 71124f3b-039d-4ae3-b64d-c68fabf6a3a4, hostable agents: ['8aa3570e-ae2b-407a-8fd5-ae1249679791'], hosted agents: [] {{(pid=103864) _get_network_hostable_dhcp_agents /opt/stack/neutron/neutron/scheduler/dhcp_agent_scheduler.py:329}}
Mar 01 06:30:39.877696 dv-neutron-825428-10-hyperv neutron-server[103863]: DEBUG neutron_lib.callbacks.manager [None req-63dc082e-dbbc-4805-9951-c7cdecfb4085 admin admin] Publish callbacks ['neutron.plugins.ml2.ovo_rpc._ObjectChangeHandler.handle_event-323307', 'neutron.api.rpc.agentnotifiers.dhcp_rpc_agent_api.DhcpAgentNotifyAPI._native_event_send_dhcp_notification-589310'] for subnet (3bfc5745-c4f0-4cb3-8abd-543370619da6), after_create {{(pid=103863) _notify_loop /usr/local/lib/python3.8/dist-packages/neutron_lib/callbacks/manager.py:176}}
Mar 01 06:30:39.918917 dv-neutron-825428-10-hyperv neutron-server[103863]: DEBUG neutron_lib.callbacks.manager [None req-460ada25-0749-440a-b49f-b9ab4516f398 admin admin] Publish callbacks [] for router_controller (dfb6759e-146b-4841-82b5-5b265d824077), precommit_add_association {{(pid=103863) _notify_loop /usr/local/lib/python3.8/dist-packages/neutron_lib/callbacks/manager.py:176}}
Mar 01 06:30:39.945722 dv-neutron-825428-10-hyperv neutron-server[103864]: DEBUG neutron.scheduler.dhcp_agent_scheduler [None req-b49cfdfc-d5b1-4930-ae98-16b548d2c3ae admin admin] Network 71124f3b-039d-4ae3-b64d-c68fabf6a3a4 is scheduled to be hosted by DHCP agent 8aa3570e-ae2b-407a-8fd5-ae1249679791 with binding_index 1 {{(pid=103864) bind /opt/stack/neutron/neutron/scheduler/dhcp_agent_scheduler.py:227}}
Mar 01 06:30:39.971311 dv-neutron-825428-10-hyperv neutron-server[103863]: DEBUG neutron.api.rpc.handlers.resources_rpc [None req-63dc082e-dbbc-4805-9951-c7cdecfb4085 admin admin] Pushing event updated for resources: {'Subnet': ['ID=3bfc5745-c4f0-4cb3-8abd-543370619da6,revision_number=0']} {{(pid=103863) push /opt/stack/neutron/neutron/api/rpc/handlers/resources_rpc.py:237}}
Mar 01 06:30:39.984495 dv-neutron-825428-10-hyperv neutron-server[103863]: DEBUG neutron.plugins.ml2.drivers.mech_agent [None req-63dc082e-dbbc-4805-9951-c7cdecfb4085 admin admin] Checking segment: {'id': '2dbbefe5-135e-4919-9760-b4b8bf89a49a', 'network_type': 'vlan', 'physical_network': 'physnet1', 'segmentation_id': 162, 'network_id': 'd669ab2f-d5f3-437c-9dab-2a4484c02718'} for mappings: {'physnet1': 'br-data'} with network types: ['local', 'flat', 'vlan'] {{(pid=103863) check_segment_for_agent /opt/stack/neutron/neutron/plugins/ml2/drivers/mech_agent.py:373}}
Mar 01 06:30:39.989598 dv-neutron-825428-10-hyperv neutron-server[103863]: DEBUG neutron.scheduler.dhcp_agent_scheduler [None req-63dc082e-dbbc-4805-9951-c7cdecfb4085 admin admin] Network hostable DHCP agents. Network: d669ab2f-d5f3-437c-9dab-2a4484c02718, hostable agents: ['8aa3570e-ae2b-407a-8fd5-ae1249679791'], hosted agents: [] {{(pid=103863) _get_network_hostable_dhcp_agents /opt/stack/neutron/neutron/scheduler/dhcp_agent_scheduler.py:329}}
Mar 01 06:30:40.271035 dv-neutron-825428-10-hyperv neutron-server[103865]: DEBUG neutron_lib.callbacks.manager [None req-feb6e7d0-242a-423c-b000-46abdf36ea26 None None] Publish callbacks [] for port (9e588469-a2ab-4be3-85a9-fd387757caa4), precommit_create {{(pid=103865) _notify_loop /usr/local/lib/python3.8/dist-packages/neutron_lib/callbacks/manager.py:176}}
Mar 01 06:30:40.273087 dv-neutron-825428-10-hyperv neutron-server[103864]: DEBUG neutron.scheduler.base_scheduler [None req-b49cfdfc-d5b1-4930-ae98-16b548d2c3ae admin admin] Resources bound (agent type, host, resource id): (DHCP agent, dv-neutron-825428-10-hyperv, 71124f3b-039d-4ae3-b64d-c68fabf6a3a4) {{(pid=103864) schedule /opt/stack/neutron/neutron/scheduler/base_scheduler.py:57}}
Mar 01 06:30:40.273087 dv-neutron-825428-10-hyperv neutron-server[103864]: DEBUG neutron.pecan_wsgi.hooks.policy_enforcement [None req-b49cfdfc-d5b1-4930-ae98-16b548d2c3ae admin admin] Attributes excluded by policy engine: ['standard_attr_id', 'shared', 'network'] {{(pid=103864) _exclude_attributes_by_policy /opt/stack/neutron/neutron/pecan_wsgi/hooks/policy_enforcement.py:255}}
Mar 01 06:30:40.273087 dv-neutron-825428-10-hyperv neutron-server[103864]: DEBUG neutron_lib.callbacks.manager [None req-b49cfdfc-d5b1-4930-ae98-16b548d2c3ae admin admin] Publish callbacks ['neutron.api.rpc.agentnotifiers.dhcp_rpc_agent_api.DhcpAgentNotifyAPI._send_dhcp_notification-589288'] for subnet (None), before_response {{(pid=103864) _notify_loop /usr/local/lib/python3.8/dist-packages/neutron_lib/callbacks/manager.py:176}}
Mar 01 06:30:40.273662 dv-neutron-825428-10-hyperv neutron-server[103865]: DEBUG neutron.api.rpc.handlers.dhcp_rpc [None req-93cbc099-1bb8-47e4-8925-207894f03c98 None None] Network 71124f3b-039d-4ae3-b64d-c68fabf6a3a4 requested from dv-neutron-825428-10-hyperv {{(pid=103865) get_network_info /opt/stack/neutron/neutron/api/rpc/handlers/dhcp_rpc.py:191}}
Mar 01 06:30:40.273662 dv-neutron-825428-10-hyperv neutron-server[103865]: DEBUG neutron_lib.callbacks.manager [None req-feb6e7d0-242a-423c-b000-46abdf36ea26 None None] Publish callbacks ['neutron.plugins.ml2.plugin.SecurityGroupServerNotifierRpcMixin._notify_sg_on_port_change-3873206', 'neutron.plugins.ml2.ovo_rpc._ObjectChangeHandler.handle_event-916890', 'neutron.api.rpc.agentnotifiers.dhcp_rpc_agent_api.DhcpAgentNotifyAPI._native_event_send_dhcp_notification-589310', 'neutron.db.l3_dvrscheduler_db._notify_l3_agent_new_port-8777895038437'] for port (9e588469-a2ab-4be3-85a9-fd387757caa4), after_create {{(pid=103865) _notify_loop /usr/local/lib/python3.8/dist-packages/neutron_lib/callbacks/manager.py:176}}
Mar 01 06:30:40.273907 dv-neutron-825428-10-hyperv neutron-server[103863]: DEBUG neutron_lib.callbacks.manager [None req-460ada25-0749-440a-b49f-b9ab4516f398 admin admin] Publish callbacks [] for router_gateway (dfb6759e-146b-4841-82b5-5b265d824077), precommit_update {{(pid=103863) _notify_loop /usr/local/lib/python3.8/dist-packages/neutron_lib/callbacks/manager.py:176}}
Mar 01 06:30:40.274200 dv-neutron-825428-10-hyperv neutron-server[103864]: DEBUG neutron.api.v2.base [None req-8e136473-0262-4c52-91d1-b91fbddd2abf tempest-DHCPAgentSchedulersTestJSON-1729552637 tempest-DHCPAgentSchedulersTestJSON-1729552637-project] Request body: {'network': {'name': 'tempest-DHCPAgentSchedulersTestJSON-test-network-1510369512'}} {{(pid=103864) prepare_request_body /opt/stack/neutron/neutron/api/v2/base.py:729}}
Mar 01 06:30:40.274369 dv-neutron-825428-10-hyperv neutron-server[103865]: DEBUG neutron.scheduler.dhcp_agent_scheduler [None req-feb6e7d0-242a-423c-b000-46abdf36ea26 None None] Network 094bd160-54f9-42d6-ab9b-6f49d20bce43 is already hosted by enough agents. {{(pid=103865) _get_dhcp_agents_hosting_network /opt/stack/neutron/neutron/scheduler/dhcp_agent_scheduler.py:275}}
Mar 01 06:30:40.274369 dv-neutron-825428-10-hyperv neutron-server[103865]: DEBUG neutron.scheduler.base_scheduler [None req-feb6e7d0-242a-423c-b000-46abdf36ea26 None None] Resources bound (agent type, host, resource id): {{(pid=103865) schedule /opt/stack/neutron/neutron/scheduler/base_scheduler.py:57}}
Mar 01 06:30:40.274369 dv-neutron-825428-10-hyperv neutron-server[103865]: DEBUG neutron.db.l3_dvrscheduler_db [None req-feb6e7d0-242a-423c-b000-46abdf36ea26 None None] Received port after_create {{(pid=103865) _notify_l3_agent_new_port /opt/stack/neutron/neutron/db/l3_dvrscheduler_db.py:536}}
Mar 01 06:30:40.274369 dv-neutron-825428-10-hyperv neutron-server[103865]: DEBUG neutron.api.rpc.handlers.dhcp_rpc [None req-eff81a01-08a2-4b7f-beaa-c7c3b0000401 None None] Create dhcp port {'port': {'name': '', 'admin_state_up': True, 'device_id': 'dhcp3b551ff2-2f94-5f2b-862d-4f4c1192c62b-71124f3b-039d-4ae3-b64d-c68fabf6a3a4', 'network_id': '71124f3b-039d-4ae3-b64d-c68fabf6a3a4', 'project_id': 'cf39a113f5e140ec9f160c80d9ed8180', 'fixed_ips': [{'subnet_id': '39c9eb18-7fe5-4885-b537-625559e528ed'}]}} from dv-neutron-825428-10-hyperv. {{(pid=103865) create_dhcp_port /opt/stack/neutron/neutron/api/rpc/handlers/dhcp_rpc.py:268}}
Mar 01 06:30:40.274369 dv-neutron-825428-10-hyperv neutron-server[103865]: DEBUG neutron_lib.callbacks.manager [None req-eff81a01-08a2-4b7f-beaa-c7c3b0000401 None None] Publish callbacks ['neutron.plugins.ml2.plugin.SecurityGroupDbMixin._ensure_default_security_group_handler-3873141'] for port (None), before_create {{(pid=103865) _notify_loop /usr/local/lib/python3.8/dist-packages/neutron_lib/callbacks/manager.py:176}}
Mar 01 06:30:40.274369 dv-neutron-825428-10-hyperv neutron-server[103865]: DEBUG neutron.api.rpc.handlers.resources_rpc [None req-feb6e7d0-242a-423c-b000-46abdf36ea26 None None] Pushing event updated for resources: {'Port': ['ID=9e588469-a2ab-4be3-85a9-fd387757caa4,revision_number=1']} {{(pid=103865) push /opt/stack/neutron/neutron/api/rpc/handlers/resources_rpc.py:237}}
Mar 01 06:30:40.280379 dv-neutron-825428-10-hyperv neutron-server[103863]: DEBUG neutron.scheduler.dhcp_agent_scheduler [None req-63dc082e-dbbc-4805-9951-c7cdecfb4085 admin admin] Network d669ab2f-d5f3-437c-9dab-2a4484c02718 is scheduled to be hosted by DHCP agent 8aa3570e-ae2b-407a-8fd5-ae1249679791 with binding_index 1 {{(pid=103863) bind /opt/stack/neutron/neutron/scheduler/dhcp_agent_scheduler.py:227}}
Mar 01 06:30:40.284913 dv-neutron-825428-10-hyperv neutron-server[103864]: INFO neutron.wsgi [None req-b49cfdfc-d5b1-4930-ae98-16b548d2c3ae admin admin] 10.222.0.15 "POST /v2.0/subnets HTTP/1.1" status: 201 len: 842 time: 1.0855386
Mar 01 06:30:40.289193 dv-neutron-825428-10-hyperv neutron-server[103863]: DEBUG neutron.scheduler.base_scheduler [None req-63dc082e-dbbc-4805-9951-c7cdecfb4085 admin admin] Resources bound (agent type, host, resource id): (DHCP agent, dv-neutron-825428-10-hyperv, d669ab2f-d5f3-437c-9dab-2a4484c02718) {{(pid=103863) schedule /opt/stack/neutron/neutron/scheduler/base_scheduler.py:57}}
Mar 01 06:30:40.314122 dv-neutron-825428-10-hyperv neutron-server[103865]: DEBUG neutron.api.rpc.callbacks.version_manager [None req-feb6e7d0-242a-423c-b000-46abdf36ea26 None None] Version for resource type AddressGroup changed None to 1.2 on consumer Open vSwitch agent@dv-neutron-825428-10-hyperv {{(pid=103865) _set_version /opt/stack/neutron/neutron/api/rpc/callbacks/version_manager.py:113}}
Mar 01 06:30:40.314122 dv-neutron-825428-10-hyperv neutron-server[103865]: DEBUG neutron.api.rpc.callbacks.version_manager [None req-feb6e7d0-242a-423c-b000-46abdf36ea26 None None] Version for resource type ConntrackHelper changed None to 1.0 on consumer Open vSwitch agent@dv-neutron-825428-10-hyperv {{(pid=103865) _set_version /opt/stack/neutron/neutron/api/rpc/callbacks/version_manager.py:113}}
Mar 01 06:30:40.314122 dv-neutron-825428-10-hyperv neutron-server[103865]: DEBUG neutron.api.rpc.callbacks.version_manager [None req-feb6e7d0-242a-423c-b000-46abdf36ea26 None None] Version for resource type LocalIPAssociation changed None to 1.0 on consumer Open vSwitch agent@dv-neutron-825428-10-hyperv {{(pid=103865) _set_version /opt/stack/neutron/neutron/api/rpc/callbacks/version_manager.py:113}}
Mar 01 06:30:40.314122 dv-neutron-825428-10-hyperv neutron-server[103865]: DEBUG neutron.api.rpc.callbacks.version_manager [None req-feb6e7d0-242a-423c-b000-46abdf36ea26 None None] Version for resource type Log changed None to 1.0 on consumer Open vSwitch agent@dv-neutron-825428-10-hyperv {{(pid=103865) _set_version /opt/stack/neutron/neutron/api/rpc/callbacks/version_manager.py:113}}
Mar 01 06:30:40.314122 dv-neutron-825428-10-hyperv neutron-server[103865]: DEBUG neutron.api.rpc.callbacks.version_manager [None req-feb6e7d0-242a-423c-b000-46abdf36ea26 None None] Version for resource type Network changed None to 1.1 on consumer Open vSwitch agent@dv-neutron-825428-10-hyperv {{(pid=103865) _set_version /opt/stack/neutron/neutron/api/rpc/callbacks/version_manager.py:113}}
Mar 01 06:30:40.314122 dv-neutron-825428-10-hyperv neutron-server[103865]: DEBUG neutron.api.rpc.callbacks.version_manager [None req-feb6e7d0-242a-423c-b000-46abdf36ea26 None None] Version for resource type Port changed None to 1.7 on consumer Open vSwitch agent@dv-neutron-825428-10-hyperv {{(pid=103865) _set_version /opt/stack/neutron/neutron/api/rpc/callbacks/version_manager.py:113}}
Mar 01 06:30:40.314122 dv-neutron-825428-10-hyperv neutron-server[103865]: DEBUG neutron.api.rpc.callbacks.version_manager [None req-feb6e7d0-242a-423c-b000-46abdf36ea26 None None] Version for resource type PortForwarding changed None to 1.2 on consumer Open vSwitch agent@dv-neutron-825428-10-hyperv {{(pid=103865) _set_version /opt/stack/neutron/neutron/api/rpc/callbacks/version_manager.py:113}}
Mar 01 06:30:40.314122 dv-neutron-825428-10-hyperv neutron-server[103865]: DEBUG neutron.api.rpc.callbacks.version_manager [None req-feb6e7d0-242a-423c-b000-46abdf36ea26 None None] Version for resource type QosPolicy changed None to 1.10 on consumer Open vSwitch agent@dv-neutron-825428-10-hyperv {{(pid=103865) _set_version /opt/stack/neutron/neutron/api/rpc/callbacks/version_manager.py:113}}
Mar 01 06:30:40.314122 dv-neutron-825428-10-hyperv neutron-server[103865]: DEBUG neutron.api.rpc.callbacks.version_manager [None req-feb6e7d0-242a-423c-b000-46abdf36ea26 None None] Version for resource type SecurityGroup changed None to 1.5 on consumer Open vSwitch agent@dv-neutron-825428-10-hyperv {{(pid=103865) _set_version /opt/stack/neutron/neutron/api/rpc/callbacks/version_manager.py:113}}
Mar 01 06:30:40.314122 dv-neutron-825428-10-hyperv neutron-server[103865]: DEBUG neutron.api.rpc.callbacks.version_manager [None req-feb6e7d0-242a-423c-b000-46abdf36ea26 None None] Version for resource type SecurityGroupRule changed None to 1.2 on consumer Open vSwitch agent@dv-neutron-825428-10-hyperv {{(pid=103865) _set_version /opt/stack/neutron/neutron/api/rpc/callbacks/version_manager.py:113}}
Mar 01 06:30:40.314122 dv-neutron-825428-10-hyperv neutron-server[103865]: DEBUG neutron.api.rpc.callbacks.version_manager [None req-feb6e7d0-242a-423c-b000-46abdf36ea26 None None] Version for resource type SubPort changed None to 1.0 on consumer Open vSwitch agent@dv-neutron-825428-10-hyperv {{(pid=103865) _set_version /opt/stack/neutron/neutron/api/rpc/callbacks/version_manager.py:113}}
Mar 01 06:30:40.315284 dv-neutron-825428-10-hyperv neutron-server[103863]: DEBUG neutron.pecan_wsgi.hooks.policy_enforcement [None req-63dc082e-dbbc-4805-9951-c7cdecfb4085 admin admin] Attributes excluded by policy engine: ['standard_attr_id', 'shared', 'network'] {{(pid=103863) _exclude_attributes_by_policy /opt/stack/neutron/neutron/pecan_wsgi/hooks/policy_enforcement.py:255}}
Mar 01 06:30:40.317933 dv-neutron-825428-10-hyperv neutron-server[103865]: DEBUG neutron.api.rpc.callbacks.version_manager [None req-feb6e7d0-242a-423c-b000-46abdf36ea26 None None] Version for resource type Subnet changed None to 1.1 on consumer Open vSwitch agent@dv-neutron-825428-10-hyperv {{(pid=103865) _set_version /opt/stack/neutron/neutron/api/rpc/callbacks/version_manager.py:113}}
Mar 01 06:30:40.317933 dv-neutron-825428-10-hyperv neutron-server[103865]: DEBUG neutron.api.rpc.callbacks.version_manager [None req-feb6e7d0-242a-423c-b000-46abdf36ea26 None None] Version for resource type Trunk changed None to 1.1 on consumer Open vSwitch agent@dv-neutron-825428-10-hyperv {{(pid=103865) _set_version /opt/stack/neutron/neutron/api/rpc/callbacks/version_manager.py:113}}
Mar 01 06:30:40.318142 dv-neutron-825428-10-hyperv neutron-server[103863]: DEBUG neutron_lib.callbacks.manager [None req-63dc082e-dbbc-4805-9951-c7cdecfb4085 admin admin] Publish callbacks ['neutron.api.rpc.agentnotifiers.dhcp_rpc_agent_api.DhcpAgentNotifyAPI._send_dhcp_notification-589288'] for subnet (None), before_response {{(pid=103863) _notify_loop /usr/local/lib/python3.8/dist-packages/neutron_lib/callbacks/manager.py:176}}
Mar 01 06:30:40.318228 dv-neutron-825428-10-hyperv neutron-server[103865]: DEBUG neutron.api.rpc.callbacks.version_manager [None req-feb6e7d0-242a-423c-b000-46abdf36ea26 None None] Tracked resource versions report:
Mar 01 06:30:40.318228 dv-neutron-825428-10-hyperv neutron-server[103865]: pushed versions:
Mar 01 06:30:40.318228 dv-neutron-825428-10-hyperv neutron-server[103865]: { 'AddressGroup': {'1.2'},
Mar 01 06:30:40.318228 dv-neutron-825428-10-hyperv neutron-server[103865]: 'ConntrackHelper': {'1.0'},
Mar 01 06:30:40.318228 dv-neutron-825428-10-hyperv neutron-server[103865]: 'LocalIPAssociation': {'1.0'},
Mar 01 06:30:40.318228 dv-neutron-825428-10-hyperv neutron-server[103865]: 'Log': {'1.0'},
Mar 01 06:30:40.318228 dv-neutron-825428-10-hyperv neutron-server[103865]: 'Network': {'1.1'},
Mar 01 06:30:40.318228 dv-neutron-825428-10-hyperv neutron-server[103865]: 'Port': {'1.7'},
Mar 01 06:30:40.318228 dv-neutron-825428-10-hyperv neutron-server[103865]: 'PortForwarding': {'1.2'},
Mar 01 06:30:40.318228 dv-neutron-825428-10-hyperv neutron-server[103865]: 'QosPolicy': {'1.10'},
Mar 01 06:30:40.318228 dv-neutron-825428-10-hyperv neutron-server[103865]: 'SecurityGroup': {'1.5'},
Mar 01 06:30:40.318228 dv-neutron-825428-10-hyperv neutron-server[103865]: 'SecurityGroupRule': {'1.2'},
Mar 01 06:30:40.318228 dv-neutron-825428-10-hyperv neutron-server[103865]: 'SubPort': {'1.0'},
Mar 01 06:30:40.318228 dv-neutron-825428-10-hyperv neutron-server[103865]: 'Subnet': {'1.1'},
Mar 01 06:30:40.318228 dv-neutron-825428-10-hyperv neutron-server[103865]: 'Trunk': {'1.1'}}
Mar 01 06:30:40.318228 dv-neutron-825428-10-hyperv neutron-server[103865]: consumer versions:
Mar 01 06:30:40.318228 dv-neutron-825428-10-hyperv neutron-server[103865]: { DHCP agent@dv-neutron-825428-10-hyperv: {},
Mar 01 06:30:40.318228 dv-neutron-825428-10-hyperv neutron-server[103865]: HyperV agent@hv-neutron-8254: {},
Mar 01 06:30:40.318228 dv-neutron-825428-10-hyperv neutron-server[103865]: L3 agent@dv-neutron-825428-10-hyperv: {},
Mar 01 06:30:40.318228 dv-neutron-825428-10-hyperv neutron-server[103865]: Metadata agent@dv-neutron-825428-10-hyperv: {},
Mar 01 06:30:40.318228 dv-neutron-825428-10-hyperv neutron-server[103865]: Metering agent@dv-neutron-825428-10-hyperv: {},
Mar 01 06:30:40.318228 dv-neutron-825428-10-hyperv neutron-server[103865]: Open vSwitch agent@dv-neutron-825428-10-hyperv: { 'AddressGroup': '1.2',
Mar 01 06:30:40.318228 dv-neutron-825428-10-hyperv neutron-server[103865]: 'ConntrackHelper': '1.0',
Mar 01 06:30:40.318228 dv-neutron-825428-10-hyperv neutron-server[103865]: 'LocalIPAssociation': '1.0',
Mar 01 06:30:40.318228 dv-neutron-825428-10-hyperv neutron-server[103865]: 'Log': '1.0',
Mar 01 06:30:40.318228 dv-neutron-825428-10-hyperv neutron-server[103865]: 'Network': '1.1',
Mar 01 06:30:40.318228 dv-neutron-825428-10-hyperv neutron-server[103865]: 'Port': '1.7',
Mar 01 06:30:40.318228 dv-neutron-825428-10-hyperv neutron-server[103865]: 'PortForwarding': '1.2',
Mar 01 06:30:40.318228 dv-neutron-825428-10-hyperv neutron-server[103865]: 'QosPolicy': '1.10',
Mar 01 06:30:40.318228 dv-neutron-825428-10-hyperv neutron-server[103865]: 'SecurityGroup': '1.5',
Mar 01 06:30:40.318228 dv-neutron-825428-10-hyperv neutron-server[103865]: 'SecurityGroupRule': '1.2',
Mar 01 06:30:40.318228 dv-neutron-825428-10-hyperv neutron-server[103865]: 'SubPort': '1.0',
Mar 01 06:30:40.318228 dv-neutron-825428-10-hyperv neutron-server[103865]: 'Subnet': '1.1',
Mar 01 06:30:40.318228 dv-neutron-825428-10-hyperv neutron-server[103865]: 'Trunk': '1.1'}}
Mar 01 06:30:40.318228 dv-neutron-825428-10-hyperv neutron-server[103865]: {{(pid=103865) report /opt/stack/neutron/neutron/api/rpc/callbacks/version_manager.py:175}}
Mar 01 06:30:40.318228 dv-neutron-825428-10-hyperv neutron-server[103865]: DEBUG neutron.api.rpc.handlers.dhcp_rpc [None req-35dedd55-40d5-444a-bf4c-921f08582863 None None] Network d669ab2f-d5f3-437c-9dab-2a4484c02718 requested from dv-neutron-825428-10-hyperv {{(pid=103865) get_network_info /opt/stack/neutron/neutron/api/rpc/handlers/dhcp_rpc.py:191}}
Mar 01 06:30:40.323232 dv-neutron-825428-10-hyperv neutron-server[103864]: DEBUG neutron.wsgi [-] (103864) accepted ('10.222.0.15', 51124) {{(pid=103864) server /usr/local/lib/python3.8/dist-packages/eventlet/wsgi.py:1004}}
Mar 01 06:30:40.324533 dv-neutron-825428-10-hyperv neutron-server[103864]: DEBUG neutron.api.v2.base [None req-e9aefe27-041a-4230-bc4b-d385b68aa709 admin admin] Request body: {'router': {'name': 'tempest-ServersTestJSON-1030617717-router', 'tenant_id': 'cf39a113f5e140ec9f160c80d9ed8180', 'external_gateway_info': {'network_id': '4e153b00-8dea-4eed-9a05-c2db18c1ccbd'}}} {{(pid=103864) prepare_request_body /opt/stack/neutron/neutron/api/v2/base.py:729}}
Mar 01 06:30:40.395591 dv-neutron-825428-10-hyperv neutron-server[103864]: DEBUG neutron.wsgi [-] (103864) accepted ('10.222.0.15', 51128) {{(pid=103864) server /usr/local/lib/python3.8/dist-packages/eventlet/wsgi.py:1004}}
Mar 01 06:30:40.410235 dv-neutron-825428-10-hyperv neutron-server[103864]: DEBUG neutron.pecan_wsgi.hooks.quota_enforcement [None req-8e136473-0262-4c52-91d1-b91fbddd2abf tempest-DHCPAgentSchedulersTestJSON-1729552637 tempest-DHCPAgentSchedulersTestJSON-1729552637-project] Made reservation on behalf of d4bd17e563b34d98807108c201be9739 for: {'network': 1} {{(pid=103864) before /opt/stack/neutron/neutron/pecan_wsgi/hooks/quota_enforcement.py:53}}
Mar 01 06:30:40.418827 dv-neutron-825428-10-hyperv neutron-server[103864]: DEBUG neutron_lib.callbacks.manager [None req-8e136473-0262-4c52-91d1-b91fbddd2abf tempest-DHCPAgentSchedulersTestJSON-1729552637 tempest-DHCPAgentSchedulersTestJSON-1729552637-project] Publish callbacks ['neutron.plugins.ml2.plugin.SecurityGroupDbMixin._ensure_default_security_group_handler-3873141'] for network (None), before_create {{(pid=103864) _notify_loop /usr/local/lib/python3.8/dist-packages/neutron_lib/callbacks/manager.py:176}}
Mar 01 06:30:40.442138 dv-neutron-825428-10-hyperv neutron-server[103864]: DEBUG neutron_lib.callbacks.manager [None req-8e136473-0262-4c52-91d1-b91fbddd2abf tempest-DHCPAgentSchedulersTestJSON-1729552637 tempest-DHCPAgentSchedulersTestJSON-1729552637-project] Publish callbacks [] for security_group (None), before_create {{(pid=103864) _notify_loop /usr/local/lib/python3.8/dist-packages/neutron_lib/callbacks/manager.py:176}}
Mar 01 06:30:40.480488 dv-neutron-825428-10-hyperv neutron-server[103864]: DEBUG neutron_lib.callbacks.manager [None req-e9aefe27-041a-4230-bc4b-d385b68aa709 admin admin] Publish callbacks ['neutron.services.l3_router.l3_router_plugin.L3_HA_NAT_db_mixin._before_router_create_handler-626812', 'neutron.services.l3_router.service_providers.driver_controller.DriverController._check_router_request-4274'] for router (36278476-100d-48b5-9916-085f9ecb8a4b), before_create {{(pid=103864) _notify_loop /usr/local/lib/python3.8/dist-packages/neutron_lib/callbacks/manager.py:176}}
Mar 01 06:30:40.481801 dv-neutron-825428-10-hyperv neutron-server[103864]: DEBUG neutron_lib.callbacks.manager [None req-e9aefe27-041a-4230-bc4b-d385b68aa709 admin admin] Publish callbacks ['neutron.services.l3_router.l3_router_plugin.L3_HA_NAT_db_mixin._precommit_router_create-627692', 'neutron.services.l3_router.l3_router_plugin.DVRResourceOperationHandler._set_distributed_flag-623411', 'neutron.services.l3_router.l3_router_plugin.RouterAvailabilityZoneMixin._process_az_request-325306', 'neutron.services.l3_router.service_providers.driver_controller.DriverController._set_router_provider-4299'] for router (36278476-100d-48b5-9916-085f9ecb8a4b), precommit_create {{(pid=103864) _notify_loop /usr/local/lib/python3.8/dist-packages/neutron_lib/callbacks/manager.py:176}}
Mar 01 06:30:40.483820 dv-neutron-825428-10-hyperv neutron-server[103863]: INFO neutron.wsgi [None req-63dc082e-dbbc-4805-9951-c7cdecfb4085 admin admin] 10.222.0.15 "POST /v2.0/subnets HTTP/1.1" status: 201 len: 848 time: 1.1389875
Mar 01 06:30:40.491673 dv-neutron-825428-10-hyperv neutron-server[103863]: DEBUG neutron.wsgi [-] (103863) accepted ('10.222.0.15', 51132) {{(pid=103863) server /usr/local/lib/python3.8/dist-packages/eventlet/wsgi.py:1004}}
Mar 01 06:30:40.499610 dv-neutron-825428-10-hyperv neutron-server[103863]: DEBUG neutron.api.v2.base [None req-65930599-c7aa-431b-a9ab-bdcbefacc1a8 admin admin] Request body: {'router': {'name': 'tempest-ServersTestManualDisk-1200165403-router', 'tenant_id': '93e16953f87b4b368bec757e370c3028', 'external_gateway_info': {'network_id': '4e153b00-8dea-4eed-9a05-c2db18c1ccbd'}}} {{(pid=103863) prepare_request_body /opt/stack/neutron/neutron/api/v2/base.py:729}}
Mar 01 06:30:40.559383 dv-neutron-825428-10-hyperv neutron-server[103864]: DEBUG neutron_lib.callbacks.manager [None req-e9aefe27-041a-4230-bc4b-d385b68aa709 admin admin] Publish callbacks [] for router_controller (36278476-100d-48b5-9916-085f9ecb8a4b), precommit_add_association {{(pid=103864) _notify_loop /usr/local/lib/python3.8/dist-packages/neutron_lib/callbacks/manager.py:176}}
Mar 01 06:30:40.635708 dv-neutron-825428-10-hyperv neutron-server[103865]: DEBUG neutron.db.db_base_plugin_common [None req-eff81a01-08a2-4b7f-beaa-c7c3b0000401 None None] Allocated IP 172.20.0.2 (71124f3b-039d-4ae3-b64d-c68fabf6a3a4/39c9eb18-7fe5-4885-b537-625559e528ed/26d21f16-7e8d-4f8f-ac96-277de0014ab7) {{(pid=103865) _store_ip_allocation /opt/stack/neutron/neutron/db/db_base_plugin_common.py:131}}
Mar 01 06:30:40.653676 dv-neutron-825428-10-hyperv neutron-server[103863]: DEBUG neutron_lib.callbacks.manager [None req-65930599-c7aa-431b-a9ab-bdcbefacc1a8 admin admin] Publish callbacks ['neutron.services.l3_router.l3_router_plugin.L3_HA_NAT_db_mixin._before_router_create_handler-626812', 'neutron.services.l3_router.service_providers.driver_controller.DriverController._check_router_request-4274'] for router (0a50d7da-5e83-4b7c-9f32-0930b3ee7a16), before_create {{(pid=103863) _notify_loop /usr/local/lib/python3.8/dist-packages/neutron_lib/callbacks/manager.py:176}}
Mar 01 06:30:40.654702 dv-neutron-825428-10-hyperv neutron-server[103863]: DEBUG neutron_lib.callbacks.manager [None req-65930599-c7aa-431b-a9ab-bdcbefacc1a8 admin admin] Publish callbacks ['neutron.services.l3_router.l3_router_plugin.L3_HA_NAT_db_mixin._precommit_router_create-627692', 'neutron.services.l3_router.l3_router_plugin.DVRResourceOperationHandler._set_distributed_flag-623411', 'neutron.services.l3_router.l3_router_plugin.RouterAvailabilityZoneMixin._process_az_request-325306', 'neutron.services.l3_router.service_providers.driver_controller.DriverController._set_router_provider-4299'] for router (0a50d7da-5e83-4b7c-9f32-0930b3ee7a16), precommit_create {{(pid=103863) _notify_loop /usr/local/lib/python3.8/dist-packages/neutron_lib/callbacks/manager.py:176}}
Mar 01 06:30:40.658052 dv-neutron-825428-10-hyperv neutron-server[103864]: DEBUG neutron_lib.callbacks.manager [None req-8e136473-0262-4c52-91d1-b91fbddd2abf tempest-DHCPAgentSchedulersTestJSON-1729552637 tempest-DHCPAgentSchedulersTestJSON-1729552637-project] Publish callbacks [] for security_group (8fbf64a6-7f50-4b1f-965f-f21f3f2c4909), precommit_create {{(pid=103864) _notify_loop /usr/local/lib/python3.8/dist-packages/neutron_lib/callbacks/manager.py:176}}
Mar 01 06:30:40.803649 dv-neutron-825428-10-hyperv neutron-server[103864]: DEBUG neutron_lib.callbacks.manager [None req-8e136473-0262-4c52-91d1-b91fbddd2abf tempest-DHCPAgentSchedulersTestJSON-1729552637 tempest-DHCPAgentSchedulersTestJSON-1729552637-project] Publish callbacks ['neutron.plugins.ml2.ovo_rpc._ObjectChangeHandler.handle_event-297654'] for security_group (8fbf64a6-7f50-4b1f-965f-f21f3f2c4909), after_create {{(pid=103864) _notify_loop /usr/local/lib/python3.8/dist-packages/neutron_lib/callbacks/manager.py:176}}
Mar 01 06:30:40.803846 dv-neutron-825428-10-hyperv neutron-server[103865]: DEBUG neutron_lib.callbacks.manager [None req-eff81a01-08a2-4b7f-beaa-c7c3b0000401 None None] Publish callbacks [] for port (26d21f16-7e8d-4f8f-ac96-277de0014ab7), precommit_create {{(pid=103865) _notify_loop /usr/local/lib/python3.8/dist-packages/neutron_lib/callbacks/manager.py:176}}
Mar 01 06:30:40.828399 dv-neutron-825428-10-hyperv neutron-server[103865]: DEBUG neutron.plugins.ml2.managers [None req-feb6e7d0-242a-423c-b000-46abdf36ea26 None None] Attempting to bind port 9e588469-a2ab-4be3-85a9-fd387757caa4 on host dv-neutron-825428-10-hyperv for vnic_type normal with profile {{(pid=103865) bind_port /opt/stack/neutron/neutron/plugins/ml2/managers.py:795}}
Mar 01 06:30:40.829264 dv-neutron-825428-10-hyperv neutron-server[103865]: DEBUG neutron.plugins.ml2.managers [None req-feb6e7d0-242a-423c-b000-46abdf36ea26 None None] Attempting to bind port 9e588469-a2ab-4be3-85a9-fd387757caa4 by drivers openvswitch,hyperv on host dv-neutron-825428-10-hyperv at level 0 using segments [{'id': 'a9603fe3-cb2b-4b6c-8bc9-b18b683ce0eb', 'network_type': 'vlan', 'physical_network': 'physnet1', 'segmentation_id': 151, 'network_id': '094bd160-54f9-42d6-ab9b-6f49d20bce43'}] {{(pid=103865) _bind_port_level /opt/stack/neutron/neutron/plugins/ml2/managers.py:820}}
Mar 01 06:30:40.832715 dv-neutron-825428-10-hyperv neutron-server[103865]: DEBUG neutron.plugins.ml2.drivers.mech_agent [None req-feb6e7d0-242a-423c-b000-46abdf36ea26 None None] Attempting to bind port 9e588469-a2ab-4be3-85a9-fd387757caa4 on network 094bd160-54f9-42d6-ab9b-6f49d20bce43 {{(pid=103865) bind_port /opt/stack/neutron/neutron/plugins/ml2/drivers/mech_agent.py:91}}
Mar 01 06:30:40.844399 dv-neutron-825428-10-hyperv neutron-server[103864]: DEBUG neutron.api.rpc.handlers.resources_rpc [None req-8e136473-0262-4c52-91d1-b91fbddd2abf tempest-DHCPAgentSchedulersTestJSON-1729552637 tempest-DHCPAgentSchedulersTestJSON-1729552637-project] Pushing event updated for resources: {'SecurityGroup': ['ID=8fbf64a6-7f50-4b1f-965f-f21f3f2c4909,revision_number=1']} {{(pid=103864) push /opt/stack/neutron/neutron/api/rpc/handlers/resources_rpc.py:237}}
Mar 01 06:30:40.863087 dv-neutron-825428-10-hyperv neutron-server[103865]: DEBUG neutron.plugins.ml2.drivers.mech_agent [None req-feb6e7d0-242a-423c-b000-46abdf36ea26 None None] Checking agent: {'id': '19598718-1a1d-40fb-8a8a-68572fffc12b', 'agent_type': 'Open vSwitch agent', 'binary': 'neutron-openvswitch-agent', 'topic': 'N/A', 'host': 'dv-neutron-825428-10-hyperv', 'admin_state_up': True, 'created_at': datetime.datetime(2022, 3, 1, 6, 23, 1), 'started_at': datetime.datetime(2022, 3, 1, 6, 23, 31), 'heartbeat_timestamp': datetime.datetime(2022, 3, 1, 6, 30, 31), 'description': None, 'resources_synced': None, 'availability_zone': None, 'alive': True, 'configurations': {'arp_responder_enabled': False, 'baremetal_smartnic': False, 'bridge_mappings': {'physnet1': 'br-data'}, 'datapath_type': 'system', 'devices': 0, 'enable_distributed_routing': False, 'extensions': [], 'in_distributed_mode': False, 'integration_bridge': 'br-int', 'l2_population': False, 'log_agent_heartbeats': False, 'ovs_capabilities': {'datapath_types': ['netdev', 'system'], 'iface_types': ['erspan', 'geneve', 'gre', 'internal', 'ip6erspan', 'ip6gre', 'lisp', 'patch', 'stt', 'system', 'tap', 'vxlan']}, 'ovs_hybrid_plug': False, 'resource_provider_bandwidths': {}, 'resource_provider_hypervisors': {'br-data': 'dv-neutron-825428-10-hyperv'}, 'resource_provider_inventory_defaults': {'allocation_ratio': 1.0, 'min_unit': 1, 'step_size': 1, 'reserved': 0}, 'resource_provider_packet_processing_inventory_defaults': {'allocation_ratio': 1.0, 'min_unit': 1, 'step_size': 1, 'reserved': 0}, 'resource_provider_packet_processing_with_direction': {}, 'resource_provider_packet_processing_without_direction': {}, 'tunnel_types': [], 'tunneling_ip': None, 'vhostuser_socket_dir': '/var/run/openvswitch'}, 'resource_versions': {'AddressGroup': '1.2', 'ConntrackHelper': '1.0', 'LocalIPAssociation': '1.0', 'Log': '1.0', 'Network': '1.1', 'Port': '1.7', 'PortForwarding': '1.2', 'QosPolicy': '1.10', 'SecurityGroup': '1.5', 'SecurityGroupRule': '1.2', 'SubPort': '1.0', 'Subnet': '1.1', 'Trunk': '1.1'}} {{(pid=103865) bind_port /opt/stack/neutron/neutron/plugins/ml2/drivers/mech_agent.py:110}}
Mar 01 06:30:40.867970 dv-neutron-825428-10-hyperv neutron-server[103865]: DEBUG neutron.plugins.ml2.drivers.mech_agent [None req-feb6e7d0-242a-423c-b000-46abdf36ea26 None None] Checking segment: {'id': 'a9603fe3-cb2b-4b6c-8bc9-b18b683ce0eb', 'network_type': 'vlan', 'physical_network': 'physnet1', 'segmentation_id': 151, 'network_id': '094bd160-54f9-42d6-ab9b-6f49d20bce43'} for mappings: {'physnet1': 'br-data'} with network types: ['local', 'flat', 'vlan'] {{(pid=103865) check_segment_for_agent /opt/stack/neutron/neutron/plugins/ml2/drivers/mech_agent.py:373}}
