Jan 20 14:29:20.860232 dv-neutron-825123-1-hyperv neutron-server[87495]: DEBUG neutron.api.rpc.handlers.resources_rpc [None req-f055059f-550d-4acb-81df-594ba9f7063b admin admin] Pushing event updated for resources: {'Port': ['ID=56315026-e29a-48be-aa71-747050335e35,revision_number=1']} {{(pid=87495) push /opt/stack/neutron/neutron/api/rpc/handlers/resources_rpc.py:237}}
Jan 20 14:29:20.861954 dv-neutron-825123-1-hyperv neutron-server[87497]: DEBUG neutron_lib.callbacks.manager [None req-f3b510d1-c40e-411e-9a91-c0c3a11de3b5 None None] Notify callbacks ['neutron.plugins.ml2.plugin.SecurityGroupServerNotifierRpcMixin.notify_sg_on_port_change-553775', 'neutron.plugins.ml2.ovo_rpc._ObjectChangeHandler.handle_event-3798366', 'neutron.api.rpc.agentnotifiers.dhcp_rpc_agent_api.DhcpAgentNotifyAPI._native_event_send_dhcp_notification-3672901', 'neutron.db.l3_db.L3RpcNotifierMixin._notify_gateway_port_ip_changed-8727929700316', 'neutron.db.l3_dvrscheduler_db._notify_l3_agent_port_update-8727929212645', 'neutron.db.l3_hascheduler_db._notify_l3_agent_ha_port_update-8727929208342'] for port, after_update {{(pid=87497) _notify_loop /usr/local/lib/python3.8/dist-packages/neutron_lib/callbacks/manager.py:192}}
Jan 20 14:29:20.862964 dv-neutron-825123-1-hyperv neutron-server[87494]: DEBUG neutron.db.quota.driver [None req-03ff7ce9-0bfb-4992-aa10-939e1962b7fa tempest-ExternalNetworksTestJSON-191133824 tempest-ExternalNetworksTestJSON-191133824-project-admin] Resources subnetpool have unlimited quota limit. It is not required to calculate headroom {{(pid=87494) make_reservation /opt/stack/neutron/neutron/db/quota/driver.py:219}}
Jan 20 14:29:20.873385 dv-neutron-825123-1-hyperv neutron-server[87495]: DEBUG neutron.plugins.ml2.managers [None req-fcfafba4-5945-426c-b201-581e9546d5a4 tempest-PortsAdminExtendedAttrsIpV6TestJSON-820347834 tempest-PortsAdminExtendedAttrsIpV6TestJSON-820347834-project-admin] Attempting to bind port 46191791-c8e8-4c0d-bdee-bbb5437b440c on host hv-neutron-8251 for vnic_type normal with profile {{(pid=87495) bind_port /opt/stack/neutron/neutron/plugins/ml2/managers.py:790}}
Jan 20 14:29:20.873712 dv-neutron-825123-1-hyperv neutron-server[87495]: DEBUG neutron.plugins.ml2.managers [None req-fcfafba4-5945-426c-b201-581e9546d5a4 tempest-PortsAdminExtendedAttrsIpV6TestJSON-820347834 tempest-PortsAdminExtendedAttrsIpV6TestJSON-820347834-project-admin] Attempting to bind port 46191791-c8e8-4c0d-bdee-bbb5437b440c by drivers openvswitch,hyperv on host hv-neutron-8251 at level 0 using segments [{'id': '467f07e7-648c-4d74-a27d-82427eb299d0', 'network_type': 'vlan', 'physical_network': 'physnet1', 'segmentation_id': 447, 'network_id': 'cc699f8b-3fc7-4e2a-8368-f868fd0f2409'}] {{(pid=87495) _bind_port_level /opt/stack/neutron/neutron/plugins/ml2/managers.py:815}}
Jan 20 14:29:20.874049 dv-neutron-825123-1-hyperv neutron-server[87495]: DEBUG neutron.plugins.ml2.drivers.mech_agent [None req-fcfafba4-5945-426c-b201-581e9546d5a4 tempest-PortsAdminExtendedAttrsIpV6TestJSON-820347834 tempest-PortsAdminExtendedAttrsIpV6TestJSON-820347834-project-admin] Attempting to bind port 46191791-c8e8-4c0d-bdee-bbb5437b440c on network cc699f8b-3fc7-4e2a-8368-f868fd0f2409 {{(pid=87495) bind_port /opt/stack/neutron/neutron/plugins/ml2/drivers/mech_agent.py:86}}
Jan 20 14:29:20.955122 dv-neutron-825123-1-hyperv neutron-server[87494]: DEBUG neutron.quota.resource [None req-03ff7ce9-0bfb-4992-aa10-939e1962b7fa tempest-ExternalNetworksTestJSON-191133824 tempest-ExternalNetworksTestJSON-191133824-project-admin] Usage tracker for resource:network and tenant:732c1fc8ccc54673ad7c934f80ae8a0b is out of sync, need to count used quota {{(pid=87494) count_used /opt/stack/neutron/neutron/quota/resource.py:270}}
Jan 20 14:29:20.975343 dv-neutron-825123-1-hyperv neutron-server[87494]: DEBUG neutron.api.rpc.handlers.resources_rpc [None req-0a206004-51ca-4ff5-a4df-e4a636b38ea2 tempest-AllowedAddressPairIpV6TestJSON-1461044711 tempest-AllowedAddressPairIpV6TestJSON-1461044711-project] Pushing event updated for resources: {'Subnet': ['ID=820e8194-b8be-44e1-a357-d272d073539b,revision_number=0']} {{(pid=87494) push /opt/stack/neutron/neutron/api/rpc/handlers/resources_rpc.py:237}}
Jan 20 14:29:20.975544 dv-neutron-825123-1-hyperv neutron-server[87495]: DEBUG neutron.plugins.ml2.drivers.mech_agent [None req-fcfafba4-5945-426c-b201-581e9546d5a4 tempest-PortsAdminExtendedAttrsIpV6TestJSON-820347834 tempest-PortsAdminExtendedAttrsIpV6TestJSON-820347834-project-admin] Port 46191791-c8e8-4c0d-bdee-bbb5437b440c on network cc699f8b-3fc7-4e2a-8368-f868fd0f2409 not bound, no agent of type Open vSwitch agent registered on host hv-neutron-8251 {{(pid=87495) bind_port /opt/stack/neutron/neutron/plugins/ml2/drivers/mech_agent.py:98}}
Jan 20 14:29:20.975544 dv-neutron-825123-1-hyperv neutron-server[87495]: ERROR neutron.plugins.ml2.managers [None req-fcfafba4-5945-426c-b201-581e9546d5a4 tempest-PortsAdminExtendedAttrsIpV6TestJSON-820347834 tempest-PortsAdminExtendedAttrsIpV6TestJSON-820347834-project-admin] Failed to bind port 46191791-c8e8-4c0d-bdee-bbb5437b440c on host hv-neutron-8251 for vnic_type normal using segments [{'id': '467f07e7-648c-4d74-a27d-82427eb299d0', 'network_type': 'vlan', 'physical_network': 'physnet1', 'segmentation_id': 447, 'network_id': 'cc699f8b-3fc7-4e2a-8368-f868fd0f2409'}]
Jan 20 14:29:20.984457 dv-neutron-825123-1-hyperv neutron-server[87495]: INFO neutron.plugins.ml2.plugin [None req-fcfafba4-5945-426c-b201-581e9546d5a4 tempest-PortsAdminExtendedAttrsIpV6TestJSON-820347834 tempest-PortsAdminExtendedAttrsIpV6TestJSON-820347834-project-admin] Attempt 3 to bind port 46191791-c8e8-4c0d-bdee-bbb5437b440c
Jan 20 14:29:20.986053 dv-neutron-825123-1-hyperv neutron-server[87494]: DEBUG neutron.quota.resource [None req-03ff7ce9-0bfb-4992-aa10-939e1962b7fa tempest-ExternalNetworksTestJSON-191133824 tempest-ExternalNetworksTestJSON-191133824-project-admin] Quota usage for network was recalculated. Used quota:0. {{(pid=87494) count_used /opt/stack/neutron/neutron/quota/resource.py:290}}
Jan 20 14:29:20.993701 dv-neutron-825123-1-hyperv neutron-server[87496]: DEBUG neutron.plugins.ml2.managers [None req-b22cfccf-3de2-4dbb-bbfb-818dd54d8a58 None None] Attempting to bind port 5bca08b0-dbca-4722-b708-8f2ca2ee1c12 on host dv-neutron-825123-1-hyperv for vnic_type normal with profile {{(pid=87496) bind_port /opt/stack/neutron/neutron/plugins/ml2/managers.py:790}}
Jan 20 14:29:20.994223 dv-neutron-825123-1-hyperv neutron-server[87496]: DEBUG neutron.plugins.ml2.managers [None req-b22cfccf-3de2-4dbb-bbfb-818dd54d8a58 None None] Attempting to bind port 5bca08b0-dbca-4722-b708-8f2ca2ee1c12 by drivers openvswitch,hyperv on host dv-neutron-825123-1-hyperv at level 0 using segments [{'id': '91ee266a-95dd-4ff5-9d00-e8d52257f2c3', 'network_type': 'vlan', 'physical_network': 'physnet1', 'segmentation_id': 418, 'network_id': 'c9d24a9d-1959-4609-b9c6-2ff53b78b37d'}] {{(pid=87496) _bind_port_level /opt/stack/neutron/neutron/plugins/ml2/managers.py:815}}
Jan 20 14:29:20.995191 dv-neutron-825123-1-hyperv neutron-server[87496]: DEBUG neutron.plugins.ml2.drivers.mech_agent [None req-b22cfccf-3de2-4dbb-bbfb-818dd54d8a58 None None] Attempting to bind port 5bca08b0-dbca-4722-b708-8f2ca2ee1c12 on network c9d24a9d-1959-4609-b9c6-2ff53b78b37d {{(pid=87496) bind_port /opt/stack/neutron/neutron/plugins/ml2/drivers/mech_agent.py:86}}
Jan 20 14:29:21.002185 dv-neutron-825123-1-hyperv neutron-server[87497]: DEBUG neutron.api.rpc.handlers.resources_rpc [None req-a18ce3cd-0058-4ed6-9538-05680cc91724 None None] Pushing event updated for resources: {'Port': ['ID=abb4e1e4-3b9c-450c-9a94-c20a71f03602,revision_number=2']} {{(pid=87497) push /opt/stack/neutron/neutron/api/rpc/handlers/resources_rpc.py:237}}
Jan 20 14:29:21.042918 dv-neutron-825123-1-hyperv neutron-server[87497]: DEBUG neutron.plugins.ml2.managers [None req-f3b510d1-c40e-411e-9a91-c0c3a11de3b5 None None] Attempting to bind port abb4e1e4-3b9c-450c-9a94-c20a71f03602 on host dv-neutron-825123-1-hyperv for vnic_type normal with profile {{(pid=87497) bind_port /opt/stack/neutron/neutron/plugins/ml2/managers.py:790}}
Jan 20 14:29:21.043490 dv-neutron-825123-1-hyperv neutron-server[87497]: DEBUG neutron.plugins.ml2.managers [None req-f3b510d1-c40e-411e-9a91-c0c3a11de3b5 None None] Attempting to bind port abb4e1e4-3b9c-450c-9a94-c20a71f03602 by drivers openvswitch,hyperv on host dv-neutron-825123-1-hyperv at level 0 using segments [{'id': 'b708f119-eddb-4d59-8491-49f81ee64539', 'network_type': 'flat', 'physical_network': 'physnet1', 'segmentation_id': None, 'network_id': '968209a1-6b3b-43f7-8a25-5eadd11f3aba'}] {{(pid=87497) _bind_port_level /opt/stack/neutron/neutron/plugins/ml2/managers.py:815}}
Jan 20 14:29:21.044058 dv-neutron-825123-1-hyperv neutron-server[87497]: DEBUG neutron.plugins.ml2.drivers.mech_agent [None req-f3b510d1-c40e-411e-9a91-c0c3a11de3b5 None None] Attempting to bind port abb4e1e4-3b9c-450c-9a94-c20a71f03602 on network 968209a1-6b3b-43f7-8a25-5eadd11f3aba {{(pid=87497) bind_port /opt/stack/neutron/neutron/plugins/ml2/drivers/mech_agent.py:86}}
Jan 20 14:29:21.050768 dv-neutron-825123-1-hyperv neutron-server[87497]: DEBUG neutron.plugins.ml2.drivers.mech_agent [None req-f3b510d1-c40e-411e-9a91-c0c3a11de3b5 None None] Checking agent: {'id': 'efe31b6e-7450-4dbc-bc09-0ab17f07e236', 'agent_type': 'Open vSwitch agent', 'binary': 'neutron-openvswitch-agent', 'topic': 'N/A', 'host': 'dv-neutron-825123-1-hyperv', 'admin_state_up': True, 'created_at': datetime.datetime(2022, 1, 20, 14, 21, 6), 'started_at': datetime.datetime(2022, 1, 20, 14, 21, 36), 'heartbeat_timestamp': datetime.datetime(2022, 1, 20, 14, 29, 6), 'description': None, 'resources_synced': None, 'availability_zone': None, 'alive': True, 'configurations': {'arp_responder_enabled': False, 'baremetal_smartnic': False, 'bridge_mappings': {'physnet1': 'br-data'}, 'datapath_type': 'system', 'devices': 0, 'enable_distributed_routing': False, 'extensions': [], 'in_distributed_mode': False, 'integration_bridge': 'br-int', 'l2_population': False, 'log_agent_heartbeats': False, 'ovs_capabilities': {'datapath_types': ['netdev', 'system'], 'iface_types': ['erspan', 'geneve', 'gre', 'internal', 'ip6erspan', 'ip6gre', 'lisp', 'patch', 'stt', 'system', 'tap', 'vxlan']}, 'ovs_hybrid_plug': False, 'resource_provider_bandwidths': {}, 'resource_provider_hypervisors': {'br-data': 'dv-neutron-825123-1-hyperv'}, 'resource_provider_inventory_defaults': {'allocation_ratio': 1.0, 'min_unit': 1, 'step_size': 1, 'reserved': 0}, 'tunnel_types': [], 'tunneling_ip': None, 'vhostuser_socket_dir': '/var/run/openvswitch'}, 'resource_versions': {'AddressGroup': '1.2', 'ConntrackHelper': '1.0', 'Log': '1.0', 'Network': '1.1', 'Port': '1.7', 'PortForwarding': '1.2', 'QosPolicy': '1.8', 'SecurityGroup': '1.4', 'SecurityGroupRule': '1.2', 'SubPort': '1.0', 'Subnet': '1.1', 'Trunk': '1.1'}} {{(pid=87497) bind_port /opt/stack/neutron/neutron/plugins/ml2/drivers/mech_agent.py:105}}
Jan 20 14:29:21.050768 dv-neutron-825123-1-hyperv neutron-server[87497]: DEBUG neutron.plugins.ml2.drivers.mech_agent [None req-f3b510d1-c40e-411e-9a91-c0c3a11de3b5 None None] Checking segment: {'id': 'b708f119-eddb-4d59-8491-49f81ee64539', 'network_type': 'flat', 'physical_network': 'physnet1', 'segmentation_id': None, 'network_id': '968209a1-6b3b-43f7-8a25-5eadd11f3aba'} for mappings: {'physnet1': 'br-data'} with network types: ['local', 'flat', 'vlan'] {{(pid=87497) check_segment_for_agent /opt/stack/neutron/neutron/plugins/ml2/drivers/mech_agent.py:341}}
Jan 20 14:29:21.051442 dv-neutron-825123-1-hyperv neutron-server[87497]: DEBUG neutron_lib.callbacks.manager [None req-f3b510d1-c40e-411e-9a91-c0c3a11de3b5 None None] Notify callbacks [] for ovs_bridge_name, before_read {{(pid=87497) _notify_loop /usr/local/lib/python3.8/dist-packages/neutron_lib/callbacks/manager.py:192}}
Jan 20 14:29:21.051817 dv-neutron-825123-1-hyperv neutron-server[87497]: DEBUG neutron.plugins.ml2.drivers.mech_agent [None req-f3b510d1-c40e-411e-9a91-c0c3a11de3b5 None None] Bound using segment: {'id': 'b708f119-eddb-4d59-8491-49f81ee64539', 'network_type': 'flat', 'physical_network': 'physnet1', 'segmentation_id': None, 'network_id': '968209a1-6b3b-43f7-8a25-5eadd11f3aba'} {{(pid=87497) bind_port /opt/stack/neutron/neutron/plugins/ml2/drivers/mech_agent.py:115}}
Jan 20 14:29:21.052828 dv-neutron-825123-1-hyperv neutron-server[87497]: DEBUG neutron.plugins.ml2.managers [None req-f3b510d1-c40e-411e-9a91-c0c3a11de3b5 None None] Bound port: abb4e1e4-3b9c-450c-9a94-c20a71f03602, host: dv-neutron-825123-1-hyperv, vif_type: ovs, vif_details: {"connectivity": "l2", "port_filter": true, "ovs_hybrid_plug": false, "datapath_type": "system", "bridge_name": "br-int"}, binding_levels: [{'bound_driver': 'openvswitch', 'bound_segment': {'id': 'b708f119-eddb-4d59-8491-49f81ee64539', 'network_type': 'flat', 'physical_network': 'physnet1', 'segmentation_id': None, 'network_id': '968209a1-6b3b-43f7-8a25-5eadd11f3aba'}}] {{(pid=87497) _bind_port_level /opt/stack/neutron/neutron/plugins/ml2/managers.py:928}}
Jan 20 14:29:21.052828 dv-neutron-825123-1-hyperv neutron-server[87497]: DEBUG neutron_lib.callbacks.manager [None req-f3b510d1-c40e-411e-9a91-c0c3a11de3b5 None None] Notify callbacks ['neutron.plugins.ml2.plugin.SecurityGroupDbMixin._ensure_default_security_group_handler-553838'] for port, before_update {{(pid=87497) _notify_loop /usr/local/lib/python3.8/dist-packages/neutron_lib/callbacks/manager.py:192}}
Jan 20 14:29:21.056689 dv-neutron-825123-1-hyperv neutron-server[87496]: DEBUG neutron.plugins.ml2.drivers.mech_agent [None req-b22cfccf-3de2-4dbb-bbfb-818dd54d8a58 None None] Checking agent: {'id': 'efe31b6e-7450-4dbc-bc09-0ab17f07e236', 'agent_type': 'Open vSwitch agent', 'binary': 'neutron-openvswitch-agent', 'topic': 'N/A', 'host': 'dv-neutron-825123-1-hyperv', 'admin_state_up': True, 'created_at': datetime.datetime(2022, 1, 20, 14, 21, 6), 'started_at': datetime.datetime(2022, 1, 20, 14, 21, 36), 'heartbeat_timestamp': datetime.datetime(2022, 1, 20, 14, 29, 6), 'description': None, 'resources_synced': None, 'availability_zone': None, 'alive': True, 'configurations': {'arp_responder_enabled': False, 'baremetal_smartnic': False, 'bridge_mappings': {'physnet1': 'br-data'}, 'datapath_type': 'system', 'devices': 0, 'enable_distributed_routing': False, 'extensions': [], 'in_distributed_mode': False, 'integration_bridge': 'br-int', 'l2_population': False, 'log_agent_heartbeats': False, 'ovs_capabilities': {'datapath_types': ['netdev', 'system'], 'iface_types': ['erspan', 'geneve', 'gre', 'internal', 'ip6erspan', 'ip6gre', 'lisp', 'patch', 'stt', 'system', 'tap', 'vxlan']}, 'ovs_hybrid_plug': False, 'resource_provider_bandwidths': {}, 'resource_provider_hypervisors': {'br-data': 'dv-neutron-825123-1-hyperv'}, 'resource_provider_inventory_defaults': {'allocation_ratio': 1.0, 'min_unit': 1, 'step_size': 1, 'reserved': 0}, 'tunnel_types': [], 'tunneling_ip': None, 'vhostuser_socket_dir': '/var/run/openvswitch'}, 'resource_versions': {'AddressGroup': '1.2', 'ConntrackHelper': '1.0', 'Log': '1.0', 'Network': '1.1', 'Port': '1.7', 'PortForwarding': '1.2', 'QosPolicy': '1.8', 'SecurityGroup': '1.4', 'SecurityGroupRule': '1.2', 'SubPort': '1.0', 'Subnet': '1.1', 'Trunk': '1.1'}} {{(pid=87496) bind_port /opt/stack/neutron/neutron/plugins/ml2/drivers/mech_agent.py:105}}
Jan 20 14:29:21.057001 dv-neutron-825123-1-hyperv neutron-server[87496]: DEBUG neutron.plugins.ml2.drivers.mech_agent [None req-b22cfccf-3de2-4dbb-bbfb-818dd54d8a58 None None] Checking segment: {'id': '91ee266a-95dd-4ff5-9d00-e8d52257f2c3', 'network_type': 'vlan', 'physical_network': 'physnet1', 'segmentation_id': 418, 'network_id': 'c9d24a9d-1959-4609-b9c6-2ff53b78b37d'} for mappings: {'physnet1': 'br-data'} with network types: ['local', 'flat', 'vlan'] {{(pid=87496) check_segment_for_agent /opt/stack/neutron/neutron/plugins/ml2/drivers/mech_agent.py:341}}
Jan 20 14:29:21.057390 dv-neutron-825123-1-hyperv neutron-server[87496]: DEBUG neutron_lib.callbacks.manager [None req-b22cfccf-3de2-4dbb-bbfb-818dd54d8a58 None None] Notify callbacks [] for ovs_bridge_name, before_read {{(pid=87496) _notify_loop /usr/local/lib/python3.8/dist-packages/neutron_lib/callbacks/manager.py:192}}
Jan 20 14:29:21.057771 dv-neutron-825123-1-hyperv neutron-server[87496]: DEBUG neutron.plugins.ml2.drivers.mech_agent [None req-b22cfccf-3de2-4dbb-bbfb-818dd54d8a58 None None] Bound using segment: {'id': '91ee266a-95dd-4ff5-9d00-e8d52257f2c3', 'network_type': 'vlan', 'physical_network': 'physnet1', 'segmentation_id': 418, 'network_id': 'c9d24a9d-1959-4609-b9c6-2ff53b78b37d'} {{(pid=87496) bind_port /opt/stack/neutron/neutron/plugins/ml2/drivers/mech_agent.py:115}}
Jan 20 14:29:21.058233 dv-neutron-825123-1-hyperv neutron-server[87496]: DEBUG neutron.plugins.ml2.managers [None req-b22cfccf-3de2-4dbb-bbfb-818dd54d8a58 None None] Bound port: 5bca08b0-dbca-4722-b708-8f2ca2ee1c12, host: dv-neutron-825123-1-hyperv, vif_type: ovs, vif_details: {"connectivity": "l2", "port_filter": true, "ovs_hybrid_plug": false, "datapath_type": "system", "bridge_name": "br-int"}, binding_levels: [{'bound_driver': 'openvswitch', 'bound_segment': {'id': '91ee266a-95dd-4ff5-9d00-e8d52257f2c3', 'network_type': 'vlan', 'physical_network': 'physnet1', 'segmentation_id': 418, 'network_id': 'c9d24a9d-1959-4609-b9c6-2ff53b78b37d'}}] {{(pid=87496) _bind_port_level /opt/stack/neutron/neutron/plugins/ml2/managers.py:928}}
Jan 20 14:29:21.058594 dv-neutron-825123-1-hyperv neutron-server[87496]: DEBUG neutron_lib.callbacks.manager [None req-b22cfccf-3de2-4dbb-bbfb-818dd54d8a58 None None] Notify callbacks ['neutron.plugins.ml2.plugin.SecurityGroupDbMixin._ensure_default_security_group_handler-553838'] for port, before_update {{(pid=87496) _notify_loop /usr/local/lib/python3.8/dist-packages/neutron_lib/callbacks/manager.py:192}}
Jan 20 14:29:21.075756 dv-neutron-825123-1-hyperv neutron-server[87496]: DEBUG neutron.db.provisioning_blocks [None req-4580ce52-f695-481c-b5ca-a43ec4f45bfd None None] Provisioning complete for port af6a89df-67cf-447c-93f0-8264b9850d82 triggered by entity L2. {{(pid=87496) provisioning_complete /opt/stack/neutron/neutron/db/provisioning_blocks.py:139}}
Jan 20 14:29:21.076035 dv-neutron-825123-1-hyperv neutron-server[87496]: DEBUG neutron_lib.callbacks.manager [None req-4580ce52-f695-481c-b5ca-a43ec4f45bfd None None] Notify callbacks ['neutron.plugins.ml2.plugin.Ml2Plugin._port_provisioned-723548'] for port, provisioning_complete {{(pid=87496) _notify_loop /usr/local/lib/python3.8/dist-packages/neutron_lib/callbacks/manager.py:192}}
Jan 20 14:29:21.120838 dv-neutron-825123-1-hyperv neutron-server[87495]: DEBUG neutron_lib.callbacks.manager [None req-27139e6d-b355-4f58-858b-c364d91dd62e tempest-ServerActionsTestJSON-1829449816 tempest-ServerActionsTestJSON-1829449816-project] Notify callbacks [] for security_group_rule, precommit_create {{(pid=87495) _notify_loop /usr/local/lib/python3.8/dist-packages/neutron_lib/callbacks/manager.py:192}}
Jan 20 14:29:21.122313 dv-neutron-825123-1-hyperv neutron-server[87495]: DEBUG neutron.plugins.ml2.managers [None req-fcfafba4-5945-426c-b201-581e9546d5a4 tempest-PortsAdminExtendedAttrsIpV6TestJSON-820347834 tempest-PortsAdminExtendedAttrsIpV6TestJSON-820347834-project-admin] Attempting to bind port 46191791-c8e8-4c0d-bdee-bbb5437b440c on host hv-neutron-8251 for vnic_type normal with profile {{(pid=87495) bind_port /opt/stack/neutron/neutron/plugins/ml2/managers.py:790}}
Jan 20 14:29:21.122827 dv-neutron-825123-1-hyperv neutron-server[87495]: DEBUG neutron.plugins.ml2.managers [None req-fcfafba4-5945-426c-b201-581e9546d5a4 tempest-PortsAdminExtendedAttrsIpV6TestJSON-820347834 tempest-PortsAdminExtendedAttrsIpV6TestJSON-820347834-project-admin] Attempting to bind port 46191791-c8e8-4c0d-bdee-bbb5437b440c by drivers openvswitch,hyperv on host hv-neutron-8251 at level 0 using segments [{'id': '467f07e7-648c-4d74-a27d-82427eb299d0', 'network_type': 'vlan', 'physical_network': 'physnet1', 'segmentation_id': 447, 'network_id': 'cc699f8b-3fc7-4e2a-8368-f868fd0f2409'}] {{(pid=87495) _bind_port_level /opt/stack/neutron/neutron/plugins/ml2/managers.py:815}}
Jan 20 14:29:21.124911 dv-neutron-825123-1-hyperv neutron-server[87495]: DEBUG neutron.plugins.ml2.drivers.mech_agent [None req-fcfafba4-5945-426c-b201-581e9546d5a4 tempest-PortsAdminExtendedAttrsIpV6TestJSON-820347834 tempest-PortsAdminExtendedAttrsIpV6TestJSON-820347834-project-admin] Attempting to bind port 46191791-c8e8-4c0d-bdee-bbb5437b440c on network cc699f8b-3fc7-4e2a-8368-f868fd0f2409 {{(pid=87495) bind_port /opt/stack/neutron/neutron/plugins/ml2/drivers/mech_agent.py:86}}
Jan 20 14:29:21.137216 dv-neutron-825123-1-hyperv neutron-server[87496]: DEBUG neutron.db.provisioning_blocks [None req-8dc8d119-d04f-4bd3-baeb-af5015b1977f None None] Provisioning complete for port 29ce1154-08e6-4c53-a354-44e502339818 triggered by entity DHCP. {{(pid=87496) provisioning_complete /opt/stack/neutron/neutron/db/provisioning_blocks.py:139}}
Jan 20 14:29:21.137579 dv-neutron-825123-1-hyperv neutron-server[87496]: DEBUG neutron_lib.callbacks.manager [None req-8dc8d119-d04f-4bd3-baeb-af5015b1977f None None] Notify callbacks ['neutron.plugins.ml2.plugin.Ml2Plugin._port_provisioned-723548'] for port, provisioning_complete {{(pid=87496) _notify_loop /usr/local/lib/python3.8/dist-packages/neutron_lib/callbacks/manager.py:192}}
Jan 20 14:29:21.139010 dv-neutron-825123-1-hyperv neutron-server[87497]: DEBUG neutron.plugins.ml2.db [None req-f3b510d1-c40e-411e-9a91-c0c3a11de3b5 None None] For port abb4e1e4-3b9c-450c-9a94-c20a71f03602, host dv-neutron-825123-1-hyperv, cleared binding levels {{(pid=87497) clear_binding_levels /opt/stack/neutron/neutron/plugins/ml2/db.py:88}}
Jan 20 14:29:21.143459 dv-neutron-825123-1-hyperv neutron-server[87497]: DEBUG neutron.plugins.ml2.db [None req-f3b510d1-c40e-411e-9a91-c0c3a11de3b5 None None] For port abb4e1e4-3b9c-450c-9a94-c20a71f03602, host dv-neutron-825123-1-hyperv, set binding levels [PortBindingLevel(driver='openvswitch',host='dv-neutron-825123-1-hyperv',level=0,port_id=abb4e1e4-3b9c-450c-9a94-c20a71f03602,segment=NetworkSegment(b708f119-eddb-4d59-8491-49f81ee64539),segment_id=b708f119-eddb-4d59-8491-49f81ee64539)] {{(pid=87497) set_binding_levels /opt/stack/neutron/neutron/plugins/ml2/db.py:60}}
Jan 20 14:29:21.145618 dv-neutron-825123-1-hyperv neutron-server[87494]: DEBUG neutron.db.quota.driver [None req-03ff7ce9-0bfb-4992-aa10-939e1962b7fa tempest-ExternalNetworksTestJSON-191133824 tempest-ExternalNetworksTestJSON-191133824-project-admin] Attempting to reserve 1 items for resource network. Total usage: 0; quota limit: 100; headroom:100 {{(pid=87494) make_reservation /opt/stack/neutron/neutron/db/quota/driver.py:246}}
Jan 20 14:29:21.147825 dv-neutron-825123-1-hyperv neutron-server[87495]: DEBUG neutron.plugins.ml2.drivers.mech_agent [None req-fcfafba4-5945-426c-b201-581e9546d5a4 tempest-PortsAdminExtendedAttrsIpV6TestJSON-820347834 tempest-PortsAdminExtendedAttrsIpV6TestJSON-820347834-project-admin] Port 46191791-c8e8-4c0d-bdee-bbb5437b440c on network cc699f8b-3fc7-4e2a-8368-f868fd0f2409 not bound, no agent of type Open vSwitch agent registered on host hv-neutron-8251 {{(pid=87495) bind_port /opt/stack/neutron/neutron/plugins/ml2/drivers/mech_agent.py:98}}
Jan 20 14:29:21.148379 dv-neutron-825123-1-hyperv neutron-server[87495]: ERROR neutron.plugins.ml2.managers [None req-fcfafba4-5945-426c-b201-581e9546d5a4 tempest-PortsAdminExtendedAttrsIpV6TestJSON-820347834 tempest-PortsAdminExtendedAttrsIpV6TestJSON-820347834-project-admin] Failed to bind port 46191791-c8e8-4c0d-bdee-bbb5437b440c on host hv-neutron-8251 for vnic_type normal using segments [{'id': '467f07e7-648c-4d74-a27d-82427eb299d0', 'network_type': 'vlan', 'physical_network': 'physnet1', 'segmentation_id': 447, 'network_id': 'cc699f8b-3fc7-4e2a-8368-f868fd0f2409'}]
Jan 20 14:29:21.153107 dv-neutron-825123-1-hyperv neutron-server[87497]: DEBUG neutron_lib.callbacks.manager [None req-f3b510d1-c40e-411e-9a91-c0c3a11de3b5 None None] Notify callbacks ['neutron.plugins.ml2.plugin.SecurityGroupServerNotifierRpcMixin.notify_sg_on_port_change-553775', 'neutron.plugins.ml2.ovo_rpc._ObjectChangeHandler.handle_event-3798366', 'neutron.api.rpc.agentnotifiers.dhcp_rpc_agent_api.DhcpAgentNotifyAPI._native_event_send_dhcp_notification-3672901', 'neutron.db.l3_db.L3RpcNotifierMixin._notify_gateway_port_ip_changed-8727929700316', 'neutron.db.l3_dvrscheduler_db._notify_l3_agent_port_update-8727929212645', 'neutron.db.l3_hascheduler_db._notify_l3_agent_ha_port_update-8727929208342'] for port, after_update {{(pid=87497) _notify_loop /usr/local/lib/python3.8/dist-packages/neutron_lib/callbacks/manager.py:192}}
Jan 20 14:29:21.164238 dv-neutron-825123-1-hyperv neutron-server[87494]: WARNING neutron.scheduler.l3_agent_scheduler [None req-2fd6b38d-a414-4229-ace8-f1e3d468e163 tempest-RoutersTestDVR-886217268 tempest-RoutersTestDVR-886217268-project-admin] No L3 agents can host the router 9bee9fc8-7d7b-4213-9952-6b9d8d3dffe4
Jan 20 14:29:21.168695 dv-neutron-825123-1-hyperv neutron-server[87494]: DEBUG neutron.plugins.ml2.drivers.mech_agent [None req-0a206004-51ca-4ff5-a4df-e4a636b38ea2 tempest-AllowedAddressPairIpV6TestJSON-1461044711 tempest-AllowedAddressPairIpV6TestJSON-1461044711-project] Checking segment: {'id': '24e7138c-0ef9-4395-bed8-832e3769ee4e', 'network_type': 'vlan', 'physical_network': 'physnet1', 'segmentation_id': 407, 'network_id': '1207e731-320b-40a2-bbab-29019df46fd4'} for mappings: {'physnet1': 'br-data'} with network types: ['local', 'flat', 'vlan'] {{(pid=87494) check_segment_for_agent /opt/stack/neutron/neutron/plugins/ml2/drivers/mech_agent.py:341}}
Jan 20 14:29:21.169246 dv-neutron-825123-1-hyperv neutron-server[87494]: DEBUG neutron.scheduler.dhcp_agent_scheduler [None req-0a206004-51ca-4ff5-a4df-e4a636b38ea2 tempest-AllowedAddressPairIpV6TestJSON-1461044711 tempest-AllowedAddressPairIpV6TestJSON-1461044711-project] Network hostable DHCP agents. Network: 1207e731-320b-40a2-bbab-29019df46fd4, hostable agents: ['74ff69aa-18ec-4c3f-b6b9-8da02c673671'], hosted agents: [] {{(pid=87494) _get_network_hostable_dhcp_agents /opt/stack/neutron/neutron/scheduler/dhcp_agent_scheduler.py:329}}
Jan 20 14:29:21.187141 dv-neutron-825123-1-hyperv neutron-server[87495]: INFO neutron.plugins.ml2.plugin [None req-fcfafba4-5945-426c-b201-581e9546d5a4 tempest-PortsAdminExtendedAttrsIpV6TestJSON-820347834 tempest-PortsAdminExtendedAttrsIpV6TestJSON-820347834-project-admin] Attempt 4 to bind port 46191791-c8e8-4c0d-bdee-bbb5437b440c
Jan 20 14:29:21.253878 dv-neutron-825123-1-hyperv neutron-server[87494]: DEBUG neutron.pecan_wsgi.hooks.quota_enforcement [None req-03ff7ce9-0bfb-4992-aa10-939e1962b7fa tempest-ExternalNetworksTestJSON-191133824 tempest-ExternalNetworksTestJSON-191133824-project-admin] Made reservation on behalf of 732c1fc8ccc54673ad7c934f80ae8a0b for: {'network': 1} {{(pid=87494) before /opt/stack/neutron/neutron/pecan_wsgi/hooks/quota_enforcement.py:53}}
Jan 20 14:29:21.256912 dv-neutron-825123-1-hyperv neutron-server[87494]: DEBUG neutron_lib.callbacks.manager [None req-03ff7ce9-0bfb-4992-aa10-939e1962b7fa tempest-ExternalNetworksTestJSON-191133824 tempest-ExternalNetworksTestJSON-191133824-project-admin] Notify callbacks ['neutron.plugins.ml2.plugin.SecurityGroupDbMixin._ensure_default_security_group_handler-553838'] for network, before_create {{(pid=87494) _notify_loop /usr/local/lib/python3.8/dist-packages/neutron_lib/callbacks/manager.py:192}}
Jan 20 14:29:21.280904 dv-neutron-825123-1-hyperv neutron-server[87497]: DEBUG neutron.api.rpc.handlers.resources_rpc [None req-a18ce3cd-0058-4ed6-9538-05680cc91724 None None] Pushing event updated for resources: {'Port': ['ID=abb4e1e4-3b9c-450c-9a94-c20a71f03602,revision_number=3']} {{(pid=87497) push /opt/stack/neutron/neutron/api/rpc/handlers/resources_rpc.py:237}}
Jan 20 14:29:21.304300 dv-neutron-825123-1-hyperv neutron-server[87497]: DEBUG neutron.db.l3_dvrscheduler_db [None req-f3b510d1-c40e-411e-9a91-c0c3a11de3b5 None None] Routers {'cf35fc6f-ad55-4b1e-84b4-2598295c5d19'} bound to L3 agent in host dv-neutron-825123-1-hyperv {{(pid=87497) _get_router_ids_for_agent /opt/stack/neutron/neutron/db/l3_dvrscheduler_db.py:422}}
Jan 20 14:29:21.305058 dv-neutron-825123-1-hyperv neutron-server[87497]: DEBUG neutron.db.l3_hamode_db [None req-f3b510d1-c40e-411e-9a91-c0c3a11de3b5 None None] neutron.services.l3_router.l3_router_plugin.L3RouterPlugin method get_ha_sync_data_for_host called with arguments (, 'dv-neutron-825123-1-hyperv', Agent(admin_state_up=True,agent_type='L3 agent',availability_zone='nova',binary='neutron-l3-agent',configurations={"agent_mode": "legacy", "ex_gw_ports": 1, "extensions": [], "floating_ips": 0, "handle_internal_only_routers": true, "interface_driver": "openvswitch", "interfaces": 1, "log_agent_heartbeats": false, "routers": 1},created_at=2022-01-20T14:21:05Z,description=,heartbeat_timestamp=2022-01-20T14:29:05Z,host='dv-neutron-825123-1-hyperv',id=8e9eb5a6-d4a5-433c-9b9f-4c1d33fd1788,load=0,resource_versions=,resources_synced=,started_at=2022-01-20T14:21:05Z,topic='l3_agent')) {'router_ids': ['cf35fc6f-ad55-4b1e-84b4-2598295c5d19'], 'active': True} {{(pid=87497) wrapper /usr/local/lib/python3.8/dist-packages/oslo_log/helpers.py:65}}
Jan 20 14:29:21.331348 dv-neutron-825123-1-hyperv neutron-server[87494]: DEBUG neutron.scheduler.dhcp_agent_scheduler [None req-0a206004-51ca-4ff5-a4df-e4a636b38ea2 tempest-AllowedAddressPairIpV6TestJSON-1461044711 tempest-AllowedAddressPairIpV6TestJSON-1461044711-project] Network 1207e731-320b-40a2-bbab-29019df46fd4 is scheduled to be hosted by DHCP agent 74ff69aa-18ec-4c3f-b6b9-8da02c673671 with binding_index 1 {{(pid=87494) bind /opt/stack/neutron/neutron/scheduler/dhcp_agent_scheduler.py:227}}
Jan 20 14:29:21.387089 dv-neutron-825123-1-hyperv neutron-server[87494]: DEBUG neutron.scheduler.base_scheduler [None req-0a206004-51ca-4ff5-a4df-e4a636b38ea2 tempest-AllowedAddressPairIpV6TestJSON-1461044711 tempest-AllowedAddressPairIpV6TestJSON-1461044711-project] Resources bound (agent type, host, resource id): (DHCP agent, dv-neutron-825123-1-hyperv, 1207e731-320b-40a2-bbab-29019df46fd4) {{(pid=87494) schedule /opt/stack/neutron/neutron/scheduler/base_scheduler.py:57}}
Jan 20 14:29:21.397522 dv-neutron-825123-1-hyperv neutron-server[87494]: DEBUG neutron.pecan_wsgi.hooks.policy_enforcement [None req-0a206004-51ca-4ff5-a4df-e4a636b38ea2 tempest-AllowedAddressPairIpV6TestJSON-1461044711 tempest-AllowedAddressPairIpV6TestJSON-1461044711-project] Attributes excluded by policy engine: ['standard_attr_id', 'shared', 'segment_id', 'network'] {{(pid=87494) _exclude_attributes_by_policy /opt/stack/neutron/neutron/pecan_wsgi/hooks/policy_enforcement.py:255}}
Jan 20 14:29:21.398347 dv-neutron-825123-1-hyperv neutron-server[87494]: DEBUG neutron_lib.callbacks.manager [None req-0a206004-51ca-4ff5-a4df-e4a636b38ea2 tempest-AllowedAddressPairIpV6TestJSON-1461044711 tempest-AllowedAddressPairIpV6TestJSON-1461044711-project] Notify callbacks ['neutron.api.rpc.agentnotifiers.dhcp_rpc_agent_api.DhcpAgentNotifyAPI._send_dhcp_notification-3672919'] for subnet, before_response {{(pid=87494) _notify_loop /usr/local/lib/python3.8/dist-packages/neutron_lib/callbacks/manager.py:192}}
Jan 20 14:29:21.407365 dv-neutron-825123-1-hyperv neutron-server[87494]: DEBUG neutron.plugins.ml2.drivers.helpers [None req-03ff7ce9-0bfb-4992-aa10-939e1962b7fa tempest-ExternalNetworksTestJSON-191133824 tempest-ExternalNetworksTestJSON-191133824-project-admin] vlan segment allocate from pool success with {'vlan_id': 445, 'physical_network': 'physnet1'} {{(pid=87494) allocate_partially_specified_segment /opt/stack/neutron/neutron/plugins/ml2/drivers/helpers.py:153}}
Jan 20 14:29:21.408534 dv-neutron-825123-1-hyperv neutron-server[87496]: DEBUG neutron.api.rpc.handlers.dhcp_rpc [None req-58ec8858-21fa-4dfd-a0e4-ecb0dcc9c6d8 None None] Network 1207e731-320b-40a2-bbab-29019df46fd4 requested from dv-neutron-825123-1-hyperv {{(pid=87496) get_network_info /opt/stack/neutron/neutron/api/rpc/handlers/dhcp_rpc.py:213}}
Jan 20 14:29:21.417781 dv-neutron-825123-1-hyperv neutron-server[87494]: DEBUG neutron.db.l3_dvrscheduler_db [None req-2fd6b38d-a414-4229-ace8-f1e3d468e163 tempest-RoutersTestDVR-886217268 tempest-RoutersTestDVR-886217268-project-admin] Hosts for router 9bee9fc8-7d7b-4213-9952-6b9d8d3dffe4: [] {{(pid=87494) _get_dvr_hosts_for_router /opt/stack/neutron/neutron/db/l3_dvrscheduler_db.py:329}}
Jan 20 14:29:21.422726 dv-neutron-825123-1-hyperv neutron-server[87496]: DEBUG neutron.db.db_base_plugin_common [None req-2dc46fbc-cf64-4a0b-bbbd-4704b30c9aaa None None] Allocated IP 172.20.0.2 (0ffd77c2-4b89-4311-b2dc-c68e45ed9276/cb2c7382-c18d-4e4b-9721-b98b4e7a7032/fb9ac979-0abe-4809-ade7-00e36517140e) {{(pid=87496) _store_ip_allocation /opt/stack/neutron/neutron/db/db_base_plugin_common.py:131}}
Jan 20 14:29:21.459837 dv-neutron-825123-1-hyperv neutron-server[87495]: DEBUG neutron_lib.callbacks.manager [None req-27139e6d-b355-4f58-858b-c364d91dd62e tempest-ServerActionsTestJSON-1829449816 tempest-ServerActionsTestJSON-1829449816-project] Notify callbacks ['neutron.plugins.ml2.ovo_rpc._ObjectChangeHandler.handle_event-3784710'] for security_group_rule, after_create {{(pid=87495) _notify_loop /usr/local/lib/python3.8/dist-packages/neutron_lib/callbacks/manager.py:192}}
Jan 20 14:29:21.466360 dv-neutron-825123-1-hyperv neutron-server[87494]: DEBUG neutron_lib.callbacks.manager [None req-03ff7ce9-0bfb-4992-aa10-939e1962b7fa tempest-ExternalNetworksTestJSON-191133824 tempest-ExternalNetworksTestJSON-191133824-project-admin] Notify callbacks ['neutron.plugins.ml2.plugin.Ml2Plugin._handle_segment_change-699632'] for segment, precommit_create {{(pid=87494) _notify_loop /usr/local/lib/python3.8/dist-packages/neutron_lib/callbacks/manager.py:192}}
Jan 20 14:29:21.466896 dv-neutron-825123-1-hyperv neutron-server[87494]: INFO neutron.db.segments_db [None req-03ff7ce9-0bfb-4992-aa10-939e1962b7fa tempest-ExternalNetworksTestJSON-191133824 tempest-ExternalNetworksTestJSON-191133824-project-admin] Added segment d88e707d-6db0-459d-ba91-d2a73efc47dc of type vlan for network 4ae40635-ad73-4c62-b46c-2658824db77d
Jan 20 14:29:21.475503 dv-neutron-825123-1-hyperv neutron-server[87494]: DEBUG neutron.db.l3_dvrscheduler_db [None req-2fd6b38d-a414-4229-ace8-f1e3d468e163 tempest-RoutersTestDVR-886217268 tempest-RoutersTestDVR-886217268-project-admin] Hosts for other DVR routers connected to router 9bee9fc8-7d7b-4213-9952-6b9d8d3dffe4: set() {{(pid=87494) _get_other_dvr_hosts /opt/stack/neutron/neutron/db/l3_dvrscheduler_db.py:346}}
Jan 20 14:29:21.478309 dv-neutron-825123-1-hyperv neutron-server[87494]: DEBUG neutron_lib.callbacks.manager [None req-2fd6b38d-a414-4229-ace8-f1e3d468e163 tempest-RoutersTestDVR-886217268 tempest-RoutersTestDVR-886217268-project-admin] Notify callbacks [] for router, before_response {{(pid=87494) _notify_loop /usr/local/lib/python3.8/dist-packages/neutron_lib/callbacks/manager.py:192}}
Jan 20 14:29:21.479692 dv-neutron-825123-1-hyperv neutron-server[87494]: INFO neutron.wsgi [None req-2fd6b38d-a414-4229-ace8-f1e3d468e163 tempest-RoutersTestDVR-886217268 tempest-RoutersTestDVR-886217268-project-admin] 10.222.0.87 "PUT /v2.0/routers/9bee9fc8-7d7b-4213-9952-6b9d8d3dffe4 HTTP/1.1" status: 200 len: 716 time: 1.5834100
Jan 20 14:29:21.482976 dv-neutron-825123-1-hyperv neutron-server[87494]: DEBUG neutron.wsgi [-] (87494) accepted ('10.222.0.87', 42250) {{(pid=87494) server /usr/local/lib/python3.8/dist-packages/eventlet/wsgi.py:992}}
Jan 20 14:29:21.491825 dv-neutron-825123-1-hyperv neutron-server[87495]: DEBUG neutron.plugins.ml2.managers [None req-fcfafba4-5945-426c-b201-581e9546d5a4 tempest-PortsAdminExtendedAttrsIpV6TestJSON-820347834 tempest-PortsAdminExtendedAttrsIpV6TestJSON-820347834-project-admin] Attempting to bind port 46191791-c8e8-4c0d-bdee-bbb5437b440c on host hv-neutron-8251 for vnic_type normal with profile {{(pid=87495) bind_port /opt/stack/neutron/neutron/plugins/ml2/managers.py:790}}
Jan 20 14:29:21.492380 dv-neutron-825123-1-hyperv neutron-server[87495]: DEBUG neutron.plugins.ml2.managers [None req-fcfafba4-5945-426c-b201-581e9546d5a4 tempest-PortsAdminExtendedAttrsIpV6TestJSON-820347834 tempest-PortsAdminExtendedAttrsIpV6TestJSON-820347834-project-admin] Attempting to bind port 46191791-c8e8-4c0d-bdee-bbb5437b440c by drivers openvswitch,hyperv on host hv-neutron-8251 at level 0 using segments [{'id': '467f07e7-648c-4d74-a27d-82427eb299d0', 'network_type': 'vlan', 'physical_network': 'physnet1', 'segmentation_id': 447, 'network_id': 'cc699f8b-3fc7-4e2a-8368-f868fd0f2409'}] {{(pid=87495) _bind_port_level /opt/stack/neutron/neutron/plugins/ml2/managers.py:815}}
Jan 20 14:29:21.492708 dv-neutron-825123-1-hyperv neutron-server[87495]: DEBUG neutron.plugins.ml2.drivers.mech_agent [None req-fcfafba4-5945-426c-b201-581e9546d5a4 tempest-PortsAdminExtendedAttrsIpV6TestJSON-820347834 tempest-PortsAdminExtendedAttrsIpV6TestJSON-820347834-project-admin] Attempting to bind port 46191791-c8e8-4c0d-bdee-bbb5437b440c on network cc699f8b-3fc7-4e2a-8368-f868fd0f2409 {{(pid=87495) bind_port /opt/stack/neutron/neutron/plugins/ml2/drivers/mech_agent.py:86}}
Jan 20 14:29:21.498134 dv-neutron-825123-1-hyperv neutron-server[87495]: DEBUG neutron_lib.callbacks.manager [None req-f055059f-550d-4acb-81df-594ba9f7063b admin admin] Notify callbacks [] for router_gateway, after_create {{(pid=87495) _notify_loop /usr/local/lib/python3.8/dist-packages/neutron_lib/callbacks/manager.py:192}}
Jan 20 14:29:21.499293 dv-neutron-825123-1-hyperv neutron-server[87496]: DEBUG neutron.plugins.ml2.db [None req-b22cfccf-3de2-4dbb-bbfb-818dd54d8a58 None None] For port 5bca08b0-dbca-4722-b708-8f2ca2ee1c12, host dv-neutron-825123-1-hyperv, cleared binding levels {{(pid=87496) clear_binding_levels /opt/stack/neutron/neutron/plugins/ml2/db.py:88}}
Jan 20 14:29:21.543645 dv-neutron-825123-1-hyperv neutron-server[87494]: INFO neutron.wsgi [None req-0a206004-51ca-4ff5-a4df-e4a636b38ea2 tempest-AllowedAddressPairIpV6TestJSON-1461044711 tempest-AllowedAddressPairIpV6TestJSON-1461044711-project] 10.222.0.87 "POST /v2.0/subnets HTTP/1.1" status: 201 len: 821 time: 2.8910866
Jan 20 14:29:21.551640 dv-neutron-825123-1-hyperv neutron-server[87497]: DEBUG neutron.db.l3_dvr_db [None req-f3b510d1-c40e-411e-9a91-c0c3a11de3b5 None None] Set router cf35fc6f-ad55-4b1e-84b4-2598295c5d19 gateway port host: dv-neutron-825123-1-hyperv {{(pid=87497) _build_routers_list /opt/stack/neutron/neutron/db/l3_dvr_db.py:875}}
Jan 20 14:29:21.551790 dv-neutron-825123-1-hyperv neutron-server[87494]: DEBUG neutron.wsgi [-] (87494) accepted ('10.222.0.87', 42254) {{(pid=87494) server /usr/local/lib/python3.8/dist-packages/eventlet/wsgi.py:992}}
Jan 20 14:29:21.578923 dv-neutron-825123-1-hyperv neutron-server[87495]: DEBUG neutron.plugins.ml2.drivers.mech_agent [None req-fcfafba4-5945-426c-b201-581e9546d5a4 tempest-PortsAdminExtendedAttrsIpV6TestJSON-820347834 tempest-PortsAdminExtendedAttrsIpV6TestJSON-820347834-project-admin] Port 46191791-c8e8-4c0d-bdee-bbb5437b440c on network cc699f8b-3fc7-4e2a-8368-f868fd0f2409 not bound, no agent of type Open vSwitch agent registered on host hv-neutron-8251 {{(pid=87495) bind_port /opt/stack/neutron/neutron/plugins/ml2/drivers/mech_agent.py:98}}
Jan 20 14:29:21.579136 dv-neutron-825123-1-hyperv neutron-server[87495]: ERROR neutron.plugins.ml2.managers [None req-fcfafba4-5945-426c-b201-581e9546d5a4 tempest-PortsAdminExtendedAttrsIpV6TestJSON-820347834 tempest-PortsAdminExtendedAttrsIpV6TestJSON-820347834-project-admin] Failed to bind port 46191791-c8e8-4c0d-bdee-bbb5437b440c on host hv-neutron-8251 for vnic_type normal using segments [{'id': '467f07e7-648c-4d74-a27d-82427eb299d0', 'network_type': 'vlan', 'physical_network': 'physnet1', 'segmentation_id': 447, 'network_id': 'cc699f8b-3fc7-4e2a-8368-f868fd0f2409'}]
Jan 20 14:29:21.595219 dv-neutron-825123-1-hyperv neutron-server[87495]: INFO neutron.plugins.ml2.plugin [None req-fcfafba4-5945-426c-b201-581e9546d5a4 tempest-PortsAdminExtendedAttrsIpV6TestJSON-820347834 tempest-PortsAdminExtendedAttrsIpV6TestJSON-820347834-project-admin] Attempt 5 to bind port 46191791-c8e8-4c0d-bdee-bbb5437b440c
Jan 20 14:29:21.610657 dv-neutron-825123-1-hyperv neutron-server[87496]: DEBUG neutron.plugins.ml2.db [None req-b22cfccf-3de2-4dbb-bbfb-818dd54d8a58 None None] For port 5bca08b0-dbca-4722-b708-8f2ca2ee1c12, host dv-neutron-825123-1-hyperv, set binding levels [PortBindingLevel(driver='openvswitch',host='dv-neutron-825123-1-hyperv',level=0,port_id=5bca08b0-dbca-4722-b708-8f2ca2ee1c12,segment=NetworkSegment(91ee266a-95dd-4ff5-9d00-e8d52257f2c3),segment_id=91ee266a-95dd-4ff5-9d00-e8d52257f2c3)] {{(pid=87496) set_binding_levels /opt/stack/neutron/neutron/plugins/ml2/db.py:60}}
Jan 20 14:29:21.618308 dv-neutron-825123-1-hyperv neutron-server[87495]: DEBUG neutron.plugins.ml2.managers [None req-fcfafba4-5945-426c-b201-581e9546d5a4 tempest-PortsAdminExtendedAttrsIpV6TestJSON-820347834 tempest-PortsAdminExtendedAttrsIpV6TestJSON-820347834-project-admin] Attempting to bind port 46191791-c8e8-4c0d-bdee-bbb5437b440c on host hv-neutron-8251 for vnic_type normal with profile {{(pid=87495) bind_port /opt/stack/neutron/neutron/plugins/ml2/managers.py:790}}
Jan 20 14:29:21.618682 dv-neutron-825123-1-hyperv neutron-server[87495]: DEBUG neutron.plugins.ml2.managers [None req-fcfafba4-5945-426c-b201-581e9546d5a4 tempest-PortsAdminExtendedAttrsIpV6TestJSON-820347834 tempest-PortsAdminExtendedAttrsIpV6TestJSON-820347834-project-admin] Attempting to bind port 46191791-c8e8-4c0d-bdee-bbb5437b440c by drivers openvswitch,hyperv on host hv-neutron-8251 at level 0 using segments [{'id': '467f07e7-648c-4d74-a27d-82427eb299d0', 'network_type': 'vlan', 'physical_network': 'physnet1', 'segmentation_id': 447, 'network_id': 'cc699f8b-3fc7-4e2a-8368-f868fd0f2409'}] {{(pid=87495) _bind_port_level /opt/stack/neutron/neutron/plugins/ml2/managers.py:815}}
Jan 20 14:29:21.618982 dv-neutron-825123-1-hyperv neutron-server[87494]: DEBUG neutron.api.v2.base [None req-70d1a60f-ee7c-4453-ade7-b9314749c3f4 tempest-AllowedAddressPairIpV6TestJSON-1461044711 tempest-AllowedAddressPairIpV6TestJSON-1461044711-project] Request body: {'port': {'network_id': '1207e731-320b-40a2-bbab-29019df46fd4', 'name': 'tempest-AllowedAddressPairIpV6TestJSON-1319647889'}} {{(pid=87494) prepare_request_body /opt/stack/neutron/neutron/api/v2/base.py:729}}
Jan 20 14:29:21.619108 dv-neutron-825123-1-hyperv neutron-server[87495]: DEBUG neutron.plugins.ml2.drivers.mech_agent [None req-fcfafba4-5945-426c-b201-581e9546d5a4 tempest-PortsAdminExtendedAttrsIpV6TestJSON-820347834 tempest-PortsAdminExtendedAttrsIpV6TestJSON-820347834-project-admin] Attempting to bind port 46191791-c8e8-4c0d-bdee-bbb5437b440c on network cc699f8b-3fc7-4e2a-8368-f868fd0f2409 {{(pid=87495) bind_port /opt/stack/neutron/neutron/plugins/ml2/drivers/mech_agent.py:86}}
Jan 20 14:29:21.625395 dv-neutron-825123-1-hyperv neutron-server[87495]: DEBUG neutron_lib.callbacks.manager [None req-27139e6d-b355-4f58-858b-c364d91dd62e tempest-ServerActionsTestJSON-1829449816 tempest-ServerActionsTestJSON-1829449816-project] Notify callbacks [] for security_group_rule, before_response {{(pid=87495) _notify_loop /usr/local/lib/python3.8/dist-packages/neutron_lib/callbacks/manager.py:192}}
Jan 20 14:29:21.630584 dv-neutron-825123-1-hyperv neutron-server[87495]: INFO neutron.wsgi [None req-27139e6d-b355-4f58-858b-c364d91dd62e tempest-ServerActionsTestJSON-1829449816 tempest-ServerActionsTestJSON-1829449816-project] 10.222.0.87 "POST /v2.0/security-group-rules HTTP/1.1" status: 201 len: 764 time: 1.4312112
Jan 20 14:29:21.633744 dv-neutron-825123-1-hyperv neutron-server[87495]: DEBUG neutron.wsgi [-] (87495) accepted ('10.222.0.87', 42258) {{(pid=87495) server /usr/local/lib/python3.8/dist-packages/eventlet/wsgi.py:992}}
Jan 20 14:29:21.644260 dv-neutron-825123-1-hyperv neutron-server[87495]: DEBUG neutron.plugins.ml2.drivers.mech_agent [None req-fcfafba4-5945-426c-b201-581e9546d5a4 tempest-PortsAdminExtendedAttrsIpV6TestJSON-820347834 tempest-PortsAdminExtendedAttrsIpV6TestJSON-820347834-project-admin] Port 46191791-c8e8-4c0d-bdee-bbb5437b440c on network cc699f8b-3fc7-4e2a-8368-f868fd0f2409 not bound, no agent of type Open vSwitch agent registered on host hv-neutron-8251 {{(pid=87495) bind_port /opt/stack/neutron/neutron/plugins/ml2/drivers/mech_agent.py:98}}
Jan 20 14:29:21.644645 dv-neutron-825123-1-hyperv neutron-server[87495]: ERROR neutron.plugins.ml2.managers [None req-fcfafba4-5945-426c-b201-581e9546d5a4 tempest-PortsAdminExtendedAttrsIpV6TestJSON-820347834 tempest-PortsAdminExtendedAttrsIpV6TestJSON-820347834-project-admin] Failed to bind port 46191791-c8e8-4c0d-bdee-bbb5437b440c on host hv-neutron-8251 for vnic_type normal using segments [{'id': '467f07e7-648c-4d74-a27d-82427eb299d0', 'network_type': 'vlan', 'physical_network': 'physnet1', 'segmentation_id': 447, 'network_id': 'cc699f8b-3fc7-4e2a-8368-f868fd0f2409'}]
Jan 20 14:29:21.647403 dv-neutron-825123-1-hyperv neutron-server[87495]: DEBUG neutron.api.rpc.handlers.resources_rpc [None req-27139e6d-b355-4f58-858b-c364d91dd62e tempest-ServerActionsTestJSON-1829449816 tempest-ServerActionsTestJSON-1829449816-project] Pushing event updated for resources: {'SecurityGroupRule': ['ID=18e193bf-d9fc-42e1-925a-a421a83a01b2,revision_number=0']} {{(pid=87495) push /opt/stack/neutron/neutron/api/rpc/handlers/resources_rpc.py:237}}
Jan 20 14:29:21.662144 dv-neutron-825123-1-hyperv neutron-server[87495]: INFO neutron.plugins.ml2.plugin [None req-fcfafba4-5945-426c-b201-581e9546d5a4 tempest-PortsAdminExtendedAttrsIpV6TestJSON-820347834 tempest-PortsAdminExtendedAttrsIpV6TestJSON-820347834-project-admin] Attempt 6 to bind port 46191791-c8e8-4c0d-bdee-bbb5437b440c
Jan 20 14:29:21.684279 dv-neutron-825123-1-hyperv neutron-server[87495]: DEBUG neutron.api.v2.base [None req-aa133ba7-66b1-4060-a1d1-9305e4d870d3 tempest-ServerActionsTestJSON-1829449816 tempest-ServerActionsTestJSON-1829449816-project] Request body: {'security_group_rule': {'security_group_id': '5384cfda-55de-4a4b-9c0e-6ac9925b168d', 'protocol': 'icmp', 'ethertype': 'IPv4', 'direction': 'ingress'}} {{(pid=87495) prepare_request_body /opt/stack/neutron/neutron/api/v2/base.py:729}}
Jan 20 14:29:21.690956 dv-neutron-825123-1-hyperv neutron-server[87495]: DEBUG neutron.db.quota.driver [None req-aa133ba7-66b1-4060-a1d1-9305e4d870d3 tempest-ServerActionsTestJSON-1829449816 tempest-ServerActionsTestJSON-1829449816-project] Resources subnetpool have unlimited quota limit. It is not required to calculate headroom {{(pid=87495) make_reservation /opt/stack/neutron/neutron/db/quota/driver.py:219}}
Jan 20 14:29:21.693276 dv-neutron-825123-1-hyperv neutron-server[87496]: DEBUG neutron_lib.callbacks.manager [None req-b22cfccf-3de2-4dbb-bbfb-818dd54d8a58 None None] Notify callbacks ['neutron.plugins.ml2.plugin.SecurityGroupServerNotifierRpcMixin.notify_sg_on_port_change-553775', 'neutron.plugins.ml2.ovo_rpc._ObjectChangeHandler.handle_event-3798366', 'neutron.api.rpc.agentnotifiers.dhcp_rpc_agent_api.DhcpAgentNotifyAPI._native_event_send_dhcp_notification-3672901', 'neutron.db.l3_db.L3RpcNotifierMixin._notify_gateway_port_ip_changed-8727929700316', 'neutron.db.l3_dvrscheduler_db._notify_l3_agent_port_update-8727929212645', 'neutron.db.l3_hascheduler_db._notify_l3_agent_ha_port_update-8727929208342'] for port, after_update {{(pid=87496) _notify_loop /usr/local/lib/python3.8/dist-packages/neutron_lib/callbacks/manager.py:192}}
Jan 20 14:29:21.694895 dv-neutron-825123-1-hyperv neutron-server[87495]: DEBUG neutron.quota.resource [None req-aa133ba7-66b1-4060-a1d1-9305e4d870d3 tempest-ServerActionsTestJSON-1829449816 tempest-ServerActionsTestJSON-1829449816-project] Usage tracker for resource:security_group_rule and tenant:e46b88d12d7e404d90c306bd4baee792 is out of sync, need to count used quota {{(pid=87495) count_used /opt/stack/neutron/neutron/quota/resource.py:270}}
Jan 20 14:29:21.698178 dv-neutron-825123-1-hyperv neutron-server[87495]: DEBUG neutron.quota.resource [None req-aa133ba7-66b1-4060-a1d1-9305e4d870d3 tempest-ServerActionsTestJSON-1829449816 tempest-ServerActionsTestJSON-1829449816-project] Quota usage for security_group_rule was recalculated. Used quota:7. {{(pid=87495) count_used /opt/stack/neutron/neutron/quota/resource.py:290}}
Jan 20 14:29:21.705337 dv-neutron-825123-1-hyperv neutron-server[87494]: DEBUG neutron_lib.callbacks.manager [None req-03ff7ce9-0bfb-4992-aa10-939e1962b7fa tempest-ExternalNetworksTestJSON-191133824 tempest-ExternalNetworksTestJSON-191133824-project-admin] Notify callbacks ['neutron.services.auto_allocate.db._ensure_external_network_default_value_callback-8727929231180'] for network, precommit_create {{(pid=87494) _notify_loop /usr/local/lib/python3.8/dist-packages/neutron_lib/callbacks/manager.py:192}}
Jan 20 14:29:21.705792 dv-neutron-825123-1-hyperv neutron-server[87495]: DEBUG neutron.db.quota.driver [None req-aa133ba7-66b1-4060-a1d1-9305e4d870d3 tempest-ServerActionsTestJSON-1829449816 tempest-ServerActionsTestJSON-1829449816-project] Attempting to reserve 1 items for resource security_group_rule. Total usage: 7; quota limit: 100; headroom:93 {{(pid=87495) make_reservation /opt/stack/neutron/neutron/db/quota/driver.py:246}}
Jan 20 14:29:21.716067 dv-neutron-825123-1-hyperv neutron-server[87495]: DEBUG neutron.plugins.ml2.managers [None req-fcfafba4-5945-426c-b201-581e9546d5a4 tempest-PortsAdminExtendedAttrsIpV6TestJSON-820347834 tempest-PortsAdminExtendedAttrsIpV6TestJSON-820347834-project-admin] Attempting to bind port 46191791-c8e8-4c0d-bdee-bbb5437b440c on host hv-neutron-8251 for vnic_type normal with profile {{(pid=87495) bind_port /opt/stack/neutron/neutron/plugins/ml2/managers.py:790}}
