Jan 20 14:29:21.716404 dv-neutron-825123-1-hyperv neutron-server[87495]: DEBUG neutron.plugins.ml2.managers [None req-fcfafba4-5945-426c-b201-581e9546d5a4 tempest-PortsAdminExtendedAttrsIpV6TestJSON-820347834 tempest-PortsAdminExtendedAttrsIpV6TestJSON-820347834-project-admin] Attempting to bind port 46191791-c8e8-4c0d-bdee-bbb5437b440c by drivers openvswitch,hyperv on host hv-neutron-8251 at level 0 using segments [{'id': '467f07e7-648c-4d74-a27d-82427eb299d0', 'network_type': 'vlan', 'physical_network': 'physnet1', 'segmentation_id': 447, 'network_id': 'cc699f8b-3fc7-4e2a-8368-f868fd0f2409'}] {{(pid=87495) _bind_port_level /opt/stack/neutron/neutron/plugins/ml2/managers.py:815}}
Jan 20 14:29:21.716721 dv-neutron-825123-1-hyperv neutron-server[87495]: DEBUG neutron.plugins.ml2.drivers.mech_agent [None req-fcfafba4-5945-426c-b201-581e9546d5a4 tempest-PortsAdminExtendedAttrsIpV6TestJSON-820347834 tempest-PortsAdminExtendedAttrsIpV6TestJSON-820347834-project-admin] Attempting to bind port 46191791-c8e8-4c0d-bdee-bbb5437b440c on network cc699f8b-3fc7-4e2a-8368-f868fd0f2409 {{(pid=87495) bind_port /opt/stack/neutron/neutron/plugins/ml2/drivers/mech_agent.py:86}}
Jan 20 14:29:21.727467 dv-neutron-825123-1-hyperv neutron-server[87494]: INFO neutron.wsgi [None req-91166b55-73b6-49d8-bbda-662a8dc08c0b tempest-RoutersTestDVR-886217268 tempest-RoutersTestDVR-886217268-project-admin] 10.222.0.87 "GET /v2.0/routers/9bee9fc8-7d7b-4213-9952-6b9d8d3dffe4 HTTP/1.1" status: 200 len: 716 time: 0.2409055
Jan 20 14:29:21.729747 dv-neutron-825123-1-hyperv neutron-server[87494]: DEBUG neutron.wsgi [-] (87494) accepted ('10.222.0.87', 42262) {{(pid=87494) server /usr/local/lib/python3.8/dist-packages/eventlet/wsgi.py:992}}
Jan 20 14:29:21.730027 dv-neutron-825123-1-hyperv neutron-server[87495]: DEBUG neutron.plugins.ml2.drivers.mech_agent [None req-fcfafba4-5945-426c-b201-581e9546d5a4 tempest-PortsAdminExtendedAttrsIpV6TestJSON-820347834 tempest-PortsAdminExtendedAttrsIpV6TestJSON-820347834-project-admin] Port 46191791-c8e8-4c0d-bdee-bbb5437b440c on network cc699f8b-3fc7-4e2a-8368-f868fd0f2409 not bound, no agent of type Open vSwitch agent registered on host hv-neutron-8251 {{(pid=87495) bind_port /opt/stack/neutron/neutron/plugins/ml2/drivers/mech_agent.py:98}}
Jan 20 14:29:21.730376 dv-neutron-825123-1-hyperv neutron-server[87495]: ERROR neutron.plugins.ml2.managers [None req-fcfafba4-5945-426c-b201-581e9546d5a4 tempest-PortsAdminExtendedAttrsIpV6TestJSON-820347834 tempest-PortsAdminExtendedAttrsIpV6TestJSON-820347834-project-admin] Failed to bind port 46191791-c8e8-4c0d-bdee-bbb5437b440c on host hv-neutron-8251 for vnic_type normal using segments [{'id': '467f07e7-648c-4d74-a27d-82427eb299d0', 'network_type': 'vlan', 'physical_network': 'physnet1', 'segmentation_id': 447, 'network_id': 'cc699f8b-3fc7-4e2a-8368-f868fd0f2409'}]
Jan 20 14:29:21.739309 dv-neutron-825123-1-hyperv neutron-server[87495]: INFO neutron.plugins.ml2.plugin [None req-fcfafba4-5945-426c-b201-581e9546d5a4 tempest-PortsAdminExtendedAttrsIpV6TestJSON-820347834 tempest-PortsAdminExtendedAttrsIpV6TestJSON-820347834-project-admin] Attempt 7 to bind port 46191791-c8e8-4c0d-bdee-bbb5437b440c
Jan 20 14:29:21.803649 dv-neutron-825123-1-hyperv neutron-server[87494]: DEBUG neutron_lib.callbacks.manager [None req-03ff7ce9-0bfb-4992-aa10-939e1962b7fa tempest-ExternalNetworksTestJSON-191133824 tempest-ExternalNetworksTestJSON-191133824-project-admin] Notify callbacks ['neutron.plugins.ml2.ovo_rpc._ObjectChangeHandler.handle_event-3784875', 'neutron.api.rpc.agentnotifiers.dhcp_rpc_agent_api.DhcpAgentNotifyAPI._native_event_send_dhcp_notification-3672901'] for network, after_create {{(pid=87494) _notify_loop /usr/local/lib/python3.8/dist-packages/neutron_lib/callbacks/manager.py:192}}
Jan 20 14:29:21.804656 dv-neutron-825123-1-hyperv neutron-server[87494]: DEBUG neutron.pecan_wsgi.hooks.policy_enforcement [None req-03ff7ce9-0bfb-4992-aa10-939e1962b7fa tempest-ExternalNetworksTestJSON-191133824 tempest-ExternalNetworksTestJSON-191133824-project-admin] Attributes excluded by policy engine: ['standard_attr_id', 'vlan_transparent'] {{(pid=87494) _exclude_attributes_by_policy /opt/stack/neutron/neutron/pecan_wsgi/hooks/policy_enforcement.py:255}}
Jan 20 14:29:21.805233 dv-neutron-825123-1-hyperv neutron-server[87494]: DEBUG neutron_lib.callbacks.manager [None req-03ff7ce9-0bfb-4992-aa10-939e1962b7fa tempest-ExternalNetworksTestJSON-191133824 tempest-ExternalNetworksTestJSON-191133824-project-admin] Notify callbacks ['neutron.api.rpc.agentnotifiers.dhcp_rpc_agent_api.DhcpAgentNotifyAPI._send_dhcp_notification-3672919'] for network, before_response {{(pid=87494) _notify_loop /usr/local/lib/python3.8/dist-packages/neutron_lib/callbacks/manager.py:192}}
Jan 20 14:29:21.809307 dv-neutron-825123-1-hyperv neutron-server[87496]: DEBUG neutron.api.rpc.handlers.resources_rpc [None req-e9bf21a7-33fd-4403-bc77-b3a5b689984b None None] Pushing event updated for resources: {'Port': ['ID=5bca08b0-dbca-4722-b708-8f2ca2ee1c12,revision_number=4']} {{(pid=87496) push /opt/stack/neutron/neutron/api/rpc/handlers/resources_rpc.py:237}}
Jan 20 14:29:21.834973 dv-neutron-825123-1-hyperv neutron-server[87494]: DEBUG neutron.db.quota.driver [None req-70d1a60f-ee7c-4453-ade7-b9314749c3f4 tempest-AllowedAddressPairIpV6TestJSON-1461044711 tempest-AllowedAddressPairIpV6TestJSON-1461044711-project] Resources subnetpool have unlimited quota limit. It is not required to calculate headroom {{(pid=87494) make_reservation /opt/stack/neutron/neutron/db/quota/driver.py:219}}
Jan 20 14:29:21.838853 dv-neutron-825123-1-hyperv neutron-server[87494]: DEBUG neutron.quota.resource [None req-70d1a60f-ee7c-4453-ade7-b9314749c3f4 tempest-AllowedAddressPairIpV6TestJSON-1461044711 tempest-AllowedAddressPairIpV6TestJSON-1461044711-project] Usage tracker for resource:port and tenant:8d477ca8e7bd4941a1fd5ecffa358d5f is out of sync, need to count used quota {{(pid=87494) count_used /opt/stack/neutron/neutron/quota/resource.py:270}}
Jan 20 14:29:21.842446 dv-neutron-825123-1-hyperv neutron-server[87494]: DEBUG neutron.quota.resource [None req-70d1a60f-ee7c-4453-ade7-b9314749c3f4 tempest-AllowedAddressPairIpV6TestJSON-1461044711 tempest-AllowedAddressPairIpV6TestJSON-1461044711-project] Quota usage for port was recalculated. Used quota:0. {{(pid=87494) count_used /opt/stack/neutron/neutron/quota/resource.py:290}}
Jan 20 14:29:21.854446 dv-neutron-825123-1-hyperv neutron-server[87494]: DEBUG neutron.db.quota.driver [None req-70d1a60f-ee7c-4453-ade7-b9314749c3f4 tempest-AllowedAddressPairIpV6TestJSON-1461044711 tempest-AllowedAddressPairIpV6TestJSON-1461044711-project] Attempting to reserve 1 items for resource port. Total usage: 0; quota limit: 500; headroom:500 {{(pid=87494) make_reservation /opt/stack/neutron/neutron/db/quota/driver.py:246}}
Jan 20 14:29:21.869064 dv-neutron-825123-1-hyperv neutron-server[87496]: DEBUG neutron.db.l3_dvrscheduler_db [None req-b22cfccf-3de2-4dbb-bbfb-818dd54d8a58 None None] Routers {'9c8d3bc2-212c-4457-a125-c047438dfa01'} bound to L3 agent in host dv-neutron-825123-1-hyperv {{(pid=87496) _get_router_ids_for_agent /opt/stack/neutron/neutron/db/l3_dvrscheduler_db.py:422}}
Jan 20 14:29:21.869644 dv-neutron-825123-1-hyperv neutron-server[87496]: DEBUG neutron.db.l3_hamode_db [None req-b22cfccf-3de2-4dbb-bbfb-818dd54d8a58 None None] neutron.services.l3_router.l3_router_plugin.L3RouterPlugin method get_ha_sync_data_for_host called with arguments (, 'dv-neutron-825123-1-hyperv', Agent(admin_state_up=True,agent_type='L3 agent',availability_zone='nova',binary='neutron-l3-agent',configurations={"agent_mode": "legacy", "ex_gw_ports": 1, "extensions": [], "floating_ips": 0, "handle_internal_only_routers": true, "interface_driver": "openvswitch", "interfaces": 1, "log_agent_heartbeats": false, "routers": 1},created_at=2022-01-20T14:21:05Z,description=,heartbeat_timestamp=2022-01-20T14:29:05Z,host='dv-neutron-825123-1-hyperv',id=8e9eb5a6-d4a5-433c-9b9f-4c1d33fd1788,load=0,resource_versions=,resources_synced=,started_at=2022-01-20T14:21:05Z,topic='l3_agent')) {'router_ids': ['9c8d3bc2-212c-4457-a125-c047438dfa01'], 'active': True} {{(pid=87496) wrapper /usr/local/lib/python3.8/dist-packages/oslo_log/helpers.py:65}}
Jan 20 14:29:21.912583 dv-neutron-825123-1-hyperv neutron-server[87494]: DEBUG neutron.pecan_wsgi.hooks.quota_enforcement [None req-70d1a60f-ee7c-4453-ade7-b9314749c3f4 tempest-AllowedAddressPairIpV6TestJSON-1461044711 tempest-AllowedAddressPairIpV6TestJSON-1461044711-project] Made reservation on behalf of 8d477ca8e7bd4941a1fd5ecffa358d5f for: {'port': 1} {{(pid=87494) before /opt/stack/neutron/neutron/pecan_wsgi/hooks/quota_enforcement.py:53}}
Jan 20 14:29:21.925369 dv-neutron-825123-1-hyperv neutron-server[87494]: DEBUG neutron_lib.callbacks.manager [None req-70d1a60f-ee7c-4453-ade7-b9314749c3f4 tempest-AllowedAddressPairIpV6TestJSON-1461044711 tempest-AllowedAddressPairIpV6TestJSON-1461044711-project] Notify callbacks ['neutron.plugins.ml2.plugin.SecurityGroupDbMixin._ensure_default_security_group_handler-553838'] for port, before_create {{(pid=87494) _notify_loop /usr/local/lib/python3.8/dist-packages/neutron_lib/callbacks/manager.py:192}}
Jan 20 14:29:21.962090 dv-neutron-825123-1-hyperv neutron-server[87495]: DEBUG neutron.plugins.ml2.managers [None req-fcfafba4-5945-426c-b201-581e9546d5a4 tempest-PortsAdminExtendedAttrsIpV6TestJSON-820347834 tempest-PortsAdminExtendedAttrsIpV6TestJSON-820347834-project-admin] Attempting to bind port 46191791-c8e8-4c0d-bdee-bbb5437b440c on host hv-neutron-8251 for vnic_type normal with profile {{(pid=87495) bind_port /opt/stack/neutron/neutron/plugins/ml2/managers.py:790}}
Jan 20 14:29:21.962649 dv-neutron-825123-1-hyperv neutron-server[87495]: DEBUG neutron.plugins.ml2.managers [None req-fcfafba4-5945-426c-b201-581e9546d5a4 tempest-PortsAdminExtendedAttrsIpV6TestJSON-820347834 tempest-PortsAdminExtendedAttrsIpV6TestJSON-820347834-project-admin] Attempting to bind port 46191791-c8e8-4c0d-bdee-bbb5437b440c by drivers openvswitch,hyperv on host hv-neutron-8251 at level 0 using segments [{'id': '467f07e7-648c-4d74-a27d-82427eb299d0', 'network_type': 'vlan', 'physical_network': 'physnet1', 'segmentation_id': 447, 'network_id': 'cc699f8b-3fc7-4e2a-8368-f868fd0f2409'}] {{(pid=87495) _bind_port_level /opt/stack/neutron/neutron/plugins/ml2/managers.py:815}}
Jan 20 14:29:21.963122 dv-neutron-825123-1-hyperv neutron-server[87495]: DEBUG neutron.plugins.ml2.drivers.mech_agent [None req-fcfafba4-5945-426c-b201-581e9546d5a4 tempest-PortsAdminExtendedAttrsIpV6TestJSON-820347834 tempest-PortsAdminExtendedAttrsIpV6TestJSON-820347834-project-admin] Attempting to bind port 46191791-c8e8-4c0d-bdee-bbb5437b440c on network cc699f8b-3fc7-4e2a-8368-f868fd0f2409 {{(pid=87495) bind_port /opt/stack/neutron/neutron/plugins/ml2/drivers/mech_agent.py:86}}
Jan 20 14:29:21.972427 dv-neutron-825123-1-hyperv neutron-server[87494]: INFO neutron.wsgi [None req-03ff7ce9-0bfb-4992-aa10-939e1962b7fa tempest-ExternalNetworksTestJSON-191133824 tempest-ExternalNetworksTestJSON-191133824-project-admin] 10.222.0.87 "POST /v2.0/networks HTTP/1.1" status: 201 len: 836 time: 1.1613791
Jan 20 14:29:21.976169 dv-neutron-825123-1-hyperv neutron-server[87494]: DEBUG neutron.wsgi [-] (87494) accepted ('10.222.0.87', 42272) {{(pid=87494) server /usr/local/lib/python3.8/dist-packages/eventlet/wsgi.py:992}}
Jan 20 14:29:22.009060 dv-neutron-825123-1-hyperv neutron-server[87494]: DEBUG neutron.api.v2.base [None req-95b21ddd-7946-4e2b-8760-3ff1703fa364 tempest-ExternalNetworksTestJSON-191133824 tempest-ExternalNetworksTestJSON-191133824-project-admin] Request body: {'subnet': {'network_id': '4ae40635-ad73-4c62-b46c-2658824db77d', 'cidr': '172.20.0.0/28', 'ip_version': 4, 'gateway_ip': '172.20.0.1', 'enable_dhcp': False}} {{(pid=87494) prepare_request_body /opt/stack/neutron/neutron/api/v2/base.py:729}}
Jan 20 14:29:22.011934 dv-neutron-825123-1-hyperv neutron-server[87494]: DEBUG neutron.api.rpc.handlers.resources_rpc [None req-03ff7ce9-0bfb-4992-aa10-939e1962b7fa tempest-ExternalNetworksTestJSON-191133824 tempest-ExternalNetworksTestJSON-191133824-project-admin] Pushing event updated for resources: {'Network': ['ID=4ae40635-ad73-4c62-b46c-2658824db77d,revision_number=1']} {{(pid=87494) push /opt/stack/neutron/neutron/api/rpc/handlers/resources_rpc.py:237}}
Jan 20 14:29:22.016193 dv-neutron-825123-1-hyperv neutron-server[87494]: DEBUG neutron.notifiers.nova [None req-70d1a60f-ee7c-4453-ade7-b9314749c3f4 tempest-AllowedAddressPairIpV6TestJSON-1461044711 tempest-AllowedAddressPairIpV6TestJSON-1461044711-project] device_id is not set on port 4cc8453e-d9be-4e7b-aa7a-2d9a9ad6e349 yet. {{(pid=87494) _can_notify /opt/stack/neutron/neutron/notifiers/nova.py:190}}
Jan 20 14:29:22.058830 dv-neutron-825123-1-hyperv neutron-server[87495]: DEBUG neutron_lib.callbacks.manager [None req-aa133ba7-66b1-4060-a1d1-9305e4d870d3 tempest-ServerActionsTestJSON-1829449816 tempest-ServerActionsTestJSON-1829449816-project] Notify callbacks [] for security_group_rule, before_create {{(pid=87495) _notify_loop /usr/local/lib/python3.8/dist-packages/neutron_lib/callbacks/manager.py:192}}
Jan 20 14:29:22.065145 dv-neutron-825123-1-hyperv neutron-server[87494]: DEBUG neutron.db.quota.driver [None req-95b21ddd-7946-4e2b-8760-3ff1703fa364 tempest-ExternalNetworksTestJSON-191133824 tempest-ExternalNetworksTestJSON-191133824-project-admin] Resources subnetpool have unlimited quota limit. It is not required to calculate headroom {{(pid=87494) make_reservation /opt/stack/neutron/neutron/db/quota/driver.py:219}}
Jan 20 14:29:22.149143 dv-neutron-825123-1-hyperv neutron-server[87497]: DEBUG neutron.db.l3_hamode_db [None req-f3b510d1-c40e-411e-9a91-c0c3a11de3b5 None None] neutron.services.l3_router.l3_router_plugin.L3RouterPlugin method _process_sync_ha_data called with arguments (, [{'id': 'cf35fc6f-ad55-4b1e-84b4-2598295c5d19', 'name': 'tempest-ServersTestManualDisk-1825227924-router', 'tenant_id': '77c3474047a34ce888ea8e6fa8467a66', 'admin_state_up': True, 'status': 'ACTIVE', 'external_gateway_info': {'network_id': '968209a1-6b3b-43f7-8a25-5eadd11f3aba', 'external_fixed_ips': [{'subnet_id': 'e70033cd-de36-4e4d-b539-3041e2377bfa', 'ip_address': '172.26.0.48'}], 'enable_snat': True}, 'gw_port_id': 'abb4e1e4-3b9c-450c-9a94-c20a71f03602', 'description': '', 'availability_zones': ['nova'], 'distributed': False, 'ha': False, 'ha_vr_id': 0, 'availability_zone_hints': [], 'routes': [], 'flavor_id': None, 'tags': [], 'created_at': '2022-01-20T14:29:13Z', 'updated_at': '2022-01-20T14:29:16Z', 'revision_number': 3, 'project_id': '77c3474047a34ce888ea8e6fa8467a66', 'gw_port': {'id': 'abb4e1e4-3b9c-450c-9a94-c20a71f03602', 'name': '', 'network_id': '968209a1-6b3b-43f7-8a25-5eadd11f3aba', 'tenant_id': '', 'mac_address': 'fa:16:3e:6e:2a:b0', 'admin_state_up': True, 'status': 'DOWN', 'device_id': 'cf35fc6f-ad55-4b1e-84b4-2598295c5d19', 'device_owner': 'network:router_gateway', 'standard_attr_id': 90, 'fixed_ips': [{'subnet_id': 'e70033cd-de36-4e4d-b539-3041e2377bfa', 'ip_address': '172.26.0.48', 'prefixlen': 24}], 'allowed_address_pairs': [], 'extra_dhcp_opts': [], 'security_groups': [], 'description': '', 'binding:vnic_type': 'normal', 'binding:profile': {}, 'binding:host_id': 'dv-neutron-825123-1-hyperv', 'binding:vif_type': 'ovs', 'binding:vif_details': {'connectivity': 'l2', 'port_filter': True, 'ovs_hybrid_plug': False, 'datapath_type': 'system', 'bridge_name': 'br-int'}, 'port_security_enabled': False, 'tags': [], 'created_at': '2022-01-20T14:29:15Z', 'updated_at': '2022-01-20T14:29:21Z', 'revision_number': 3, 'project_id': '', 'subnets': [{'id': 'e70033cd-de36-4e4d-b539-3041e2377bfa', 'cidr': '172.26.0.0/24', 'gateway_ip': '172.26.0.1', 'dns_nameservers': [], 'ipv6_ra_mode': None, 'subnetpool_id': None}], 'extra_subnets': [], 'address_scopes': {4: None, 6: None}, 'mtu': 1500}, 'enable_snat': True, 'gw_port_host': 'dv-neutron-825123-1-hyperv'}], 'dv-neutron-825123-1-hyperv', False) {} {{(pid=87497) wrapper /usr/local/lib/python3.8/dist-packages/oslo_log/helpers.py:65}}
Jan 20 14:29:22.151553 dv-neutron-825123-1-hyperv neutron-server[87496]: DEBUG neutron.plugins.ml2.rpc [None req-4580ce52-f695-481c-b5ca-a43ec4f45bfd None None] Network 4ae40635-ad73-4c62-b46c-2658824db77d details requested by agent ovs-agent-dv-neutron-825123-1-hyperv with host dv-neutron-825123-1-hyperv {{(pid=87496) get_network_details /opt/stack/neutron/neutron/plugins/ml2/rpc.py:232}}
Jan 20 14:29:22.154561 dv-neutron-825123-1-hyperv neutron-server[87497]: DEBUG neutron.api.rpc.handlers.l3_rpc [None req-f3b510d1-c40e-411e-9a91-c0c3a11de3b5 None None] The sync data for ids ['cf35fc6f-ad55-4b1e-84b4-2598295c5d19'] in dv-neutron-825123-1-hyperv is: [{'id': 'cf35fc6f-ad55-4b1e-84b4-2598295c5d19', 'name': 'tempest-ServersTestManualDisk-1825227924-router', 'tenant_id': '77c3474047a34ce888ea8e6fa8467a66', 'admin_state_up': True, 'status': 'ACTIVE', 'external_gateway_info': {'network_id': '968209a1-6b3b-43f7-8a25-5eadd11f3aba', 'external_fixed_ips': [{'subnet_id': 'e70033cd-de36-4e4d-b539-3041e2377bfa', 'ip_address': '172.26.0.48'}], 'enable_snat': True}, 'gw_port_id': 'abb4e1e4-3b9c-450c-9a94-c20a71f03602', 'description': '', 'availability_zones': ['nova'], 'distributed': False, 'ha': False, 'ha_vr_id': 0, 'availability_zone_hints': [], 'routes': [], 'flavor_id': None, 'tags': [], 'created_at': '2022-01-20T14:29:13Z', 'updated_at': '2022-01-20T14:29:16Z', 'revision_number': 3, 'project_id': '77c3474047a34ce888ea8e6fa8467a66', 'gw_port': {'id': 'abb4e1e4-3b9c-450c-9a94-c20a71f03602', 'name': '', 'network_id': '968209a1-6b3b-43f7-8a25-5eadd11f3aba', 'tenant_id': '', 'mac_address': 'fa:16:3e:6e:2a:b0', 'admin_state_up': True, 'status': 'DOWN', 'device_id': 'cf35fc6f-ad55-4b1e-84b4-2598295c5d19', 'device_owner': 'network:router_gateway', 'standard_attr_id': 90, 'fixed_ips': [{'subnet_id': 'e70033cd-de36-4e4d-b539-3041e2377bfa', 'ip_address': '172.26.0.48', 'prefixlen': 24}], 'allowed_address_pairs': [], 'extra_dhcp_opts': [], 'security_groups': [], 'description': '', 'binding:vnic_type': 'normal', 'binding:profile': {}, 'binding:host_id': 'dv-neutron-825123-1-hyperv', 'binding:vif_type': 'ovs', 'binding:vif_details': {'connectivity': 'l2', 'port_filter': True, 'ovs_hybrid_plug': False, 'datapath_type': 'system', 'bridge_name': 'br-int'}, 'port_security_enabled': False, 'tags': [], 'created_at': '2022-01-20T14:29:15Z', 'updated_at': '2022-01-20T14:29:21Z', 'revision_number': 3, 'project_id': '', 'subnets': [{'id': 'e70033cd-de36-4e4d-b539-3041e2377bfa', 'cidr': '172.26.0.0/24', 'gateway_ip': '172.26.0.1', 'dns_nameservers': [], 'ipv6_ra_mode': None, 'subnetpool_id': None}], 'extra_subnets': [], 'address_scopes': {4: None, 6: None}, 'mtu': 1500}, 'enable_snat': True, 'gw_port_host': 'dv-neutron-825123-1-hyperv'}] {{(pid=87497) sync_routers /opt/stack/neutron/neutron/api/rpc/handlers/l3_rpc.py:137}}
Jan 20 14:29:22.155585 dv-neutron-825123-1-hyperv neutron-server[87494]: DEBUG neutron.quota.resource [None req-95b21ddd-7946-4e2b-8760-3ff1703fa364 tempest-ExternalNetworksTestJSON-191133824 tempest-ExternalNetworksTestJSON-191133824-project-admin] Usage tracker for resource:subnet and tenant:732c1fc8ccc54673ad7c934f80ae8a0b is out of sync, need to count used quota {{(pid=87494) count_used /opt/stack/neutron/neutron/quota/resource.py:270}}
Jan 20 14:29:22.177537 dv-neutron-825123-1-hyperv neutron-server[87494]: DEBUG neutron.quota.resource [None req-95b21ddd-7946-4e2b-8760-3ff1703fa364 tempest-ExternalNetworksTestJSON-191133824 tempest-ExternalNetworksTestJSON-191133824-project-admin] Quota usage for subnet was recalculated. Used quota:0. {{(pid=87494) count_used /opt/stack/neutron/neutron/quota/resource.py:290}}
Jan 20 14:29:22.197163 dv-neutron-825123-1-hyperv neutron-server[87495]: DEBUG neutron_lib.callbacks.manager [None req-aa133ba7-66b1-4060-a1d1-9305e4d870d3 tempest-ServerActionsTestJSON-1829449816 tempest-ServerActionsTestJSON-1829449816-project] Notify callbacks [] for security_group_rule, precommit_create {{(pid=87495) _notify_loop /usr/local/lib/python3.8/dist-packages/neutron_lib/callbacks/manager.py:192}}
Jan 20 14:29:22.206480 dv-neutron-825123-1-hyperv neutron-server[87495]: DEBUG neutron.plugins.ml2.drivers.mech_agent [None req-fcfafba4-5945-426c-b201-581e9546d5a4 tempest-PortsAdminExtendedAttrsIpV6TestJSON-820347834 tempest-PortsAdminExtendedAttrsIpV6TestJSON-820347834-project-admin] Port 46191791-c8e8-4c0d-bdee-bbb5437b440c on network cc699f8b-3fc7-4e2a-8368-f868fd0f2409 not bound, no agent of type Open vSwitch agent registered on host hv-neutron-8251 {{(pid=87495) bind_port /opt/stack/neutron/neutron/plugins/ml2/drivers/mech_agent.py:98}}
Jan 20 14:29:22.206772 dv-neutron-825123-1-hyperv neutron-server[87494]: DEBUG neutron.db.quota.driver [None req-95b21ddd-7946-4e2b-8760-3ff1703fa364 tempest-ExternalNetworksTestJSON-191133824 tempest-ExternalNetworksTestJSON-191133824-project-admin] Attempting to reserve 1 items for resource subnet. Total usage: 0; quota limit: 100; headroom:100 {{(pid=87494) make_reservation /opt/stack/neutron/neutron/db/quota/driver.py:246}}
Jan 20 14:29:22.206886 dv-neutron-825123-1-hyperv neutron-server[87495]: ERROR neutron.plugins.ml2.managers [None req-fcfafba4-5945-426c-b201-581e9546d5a4 tempest-PortsAdminExtendedAttrsIpV6TestJSON-820347834 tempest-PortsAdminExtendedAttrsIpV6TestJSON-820347834-project-admin] Failed to bind port 46191791-c8e8-4c0d-bdee-bbb5437b440c on host hv-neutron-8251 for vnic_type normal using segments [{'id': '467f07e7-648c-4d74-a27d-82427eb299d0', 'network_type': 'vlan', 'physical_network': 'physnet1', 'segmentation_id': 447, 'network_id': 'cc699f8b-3fc7-4e2a-8368-f868fd0f2409'}]
Jan 20 14:29:22.218745 dv-neutron-825123-1-hyperv neutron-server[87495]: INFO neutron.plugins.ml2.plugin [None req-fcfafba4-5945-426c-b201-581e9546d5a4 tempest-PortsAdminExtendedAttrsIpV6TestJSON-820347834 tempest-PortsAdminExtendedAttrsIpV6TestJSON-820347834-project-admin] Attempt 8 to bind port 46191791-c8e8-4c0d-bdee-bbb5437b440c
Jan 20 14:29:22.251377 dv-neutron-825123-1-hyperv neutron-server[87495]: DEBUG neutron.plugins.ml2.managers [None req-fcfafba4-5945-426c-b201-581e9546d5a4 tempest-PortsAdminExtendedAttrsIpV6TestJSON-820347834 tempest-PortsAdminExtendedAttrsIpV6TestJSON-820347834-project-admin] Attempting to bind port 46191791-c8e8-4c0d-bdee-bbb5437b440c on host hv-neutron-8251 for vnic_type normal with profile {{(pid=87495) bind_port /opt/stack/neutron/neutron/plugins/ml2/managers.py:790}}
Jan 20 14:29:22.251968 dv-neutron-825123-1-hyperv neutron-server[87495]: DEBUG neutron.plugins.ml2.managers [None req-fcfafba4-5945-426c-b201-581e9546d5a4 tempest-PortsAdminExtendedAttrsIpV6TestJSON-820347834 tempest-PortsAdminExtendedAttrsIpV6TestJSON-820347834-project-admin] Attempting to bind port 46191791-c8e8-4c0d-bdee-bbb5437b440c by drivers openvswitch,hyperv on host hv-neutron-8251 at level 0 using segments [{'id': '467f07e7-648c-4d74-a27d-82427eb299d0', 'network_type': 'vlan', 'physical_network': 'physnet1', 'segmentation_id': 447, 'network_id': 'cc699f8b-3fc7-4e2a-8368-f868fd0f2409'}] {{(pid=87495) _bind_port_level /opt/stack/neutron/neutron/plugins/ml2/managers.py:815}}
Jan 20 14:29:22.252348 dv-neutron-825123-1-hyperv neutron-server[87495]: DEBUG neutron.plugins.ml2.drivers.mech_agent [None req-fcfafba4-5945-426c-b201-581e9546d5a4 tempest-PortsAdminExtendedAttrsIpV6TestJSON-820347834 tempest-PortsAdminExtendedAttrsIpV6TestJSON-820347834-project-admin] Attempting to bind port 46191791-c8e8-4c0d-bdee-bbb5437b440c on network cc699f8b-3fc7-4e2a-8368-f868fd0f2409 {{(pid=87495) bind_port /opt/stack/neutron/neutron/plugins/ml2/drivers/mech_agent.py:86}}
Jan 20 14:29:22.257896 dv-neutron-825123-1-hyperv neutron-server[87495]: DEBUG neutron_lib.callbacks.manager [None req-aa133ba7-66b1-4060-a1d1-9305e4d870d3 tempest-ServerActionsTestJSON-1829449816 tempest-ServerActionsTestJSON-1829449816-project] Notify callbacks ['neutron.plugins.ml2.ovo_rpc._ObjectChangeHandler.handle_event-3784710'] for security_group_rule, after_create {{(pid=87495) _notify_loop /usr/local/lib/python3.8/dist-packages/neutron_lib/callbacks/manager.py:192}}
Jan 20 14:29:22.273924 dv-neutron-825123-1-hyperv neutron-server[87495]: DEBUG neutron.plugins.ml2.drivers.mech_agent [None req-fcfafba4-5945-426c-b201-581e9546d5a4 tempest-PortsAdminExtendedAttrsIpV6TestJSON-820347834 tempest-PortsAdminExtendedAttrsIpV6TestJSON-820347834-project-admin] Port 46191791-c8e8-4c0d-bdee-bbb5437b440c on network cc699f8b-3fc7-4e2a-8368-f868fd0f2409 not bound, no agent of type Open vSwitch agent registered on host hv-neutron-8251 {{(pid=87495) bind_port /opt/stack/neutron/neutron/plugins/ml2/drivers/mech_agent.py:98}}
Jan 20 14:29:22.274255 dv-neutron-825123-1-hyperv neutron-server[87495]: ERROR neutron.plugins.ml2.managers [None req-fcfafba4-5945-426c-b201-581e9546d5a4 tempest-PortsAdminExtendedAttrsIpV6TestJSON-820347834 tempest-PortsAdminExtendedAttrsIpV6TestJSON-820347834-project-admin] Failed to bind port 46191791-c8e8-4c0d-bdee-bbb5437b440c on host hv-neutron-8251 for vnic_type normal using segments [{'id': '467f07e7-648c-4d74-a27d-82427eb299d0', 'network_type': 'vlan', 'physical_network': 'physnet1', 'segmentation_id': 447, 'network_id': 'cc699f8b-3fc7-4e2a-8368-f868fd0f2409'}]
Jan 20 14:29:22.288736 dv-neutron-825123-1-hyperv neutron-server[87495]: INFO neutron.plugins.ml2.plugin [None req-fcfafba4-5945-426c-b201-581e9546d5a4 tempest-PortsAdminExtendedAttrsIpV6TestJSON-820347834 tempest-PortsAdminExtendedAttrsIpV6TestJSON-820347834-project-admin] Attempt 9 to bind port 46191791-c8e8-4c0d-bdee-bbb5437b440c
Jan 20 14:29:22.319178 dv-neutron-825123-1-hyperv neutron-server[87495]: DEBUG neutron.plugins.ml2.managers [None req-fcfafba4-5945-426c-b201-581e9546d5a4 tempest-PortsAdminExtendedAttrsIpV6TestJSON-820347834 tempest-PortsAdminExtendedAttrsIpV6TestJSON-820347834-project-admin] Attempting to bind port 46191791-c8e8-4c0d-bdee-bbb5437b440c on host hv-neutron-8251 for vnic_type normal with profile {{(pid=87495) bind_port /opt/stack/neutron/neutron/plugins/ml2/managers.py:790}}
Jan 20 14:29:22.319502 dv-neutron-825123-1-hyperv neutron-server[87495]: DEBUG neutron.plugins.ml2.managers [None req-fcfafba4-5945-426c-b201-581e9546d5a4 tempest-PortsAdminExtendedAttrsIpV6TestJSON-820347834 tempest-PortsAdminExtendedAttrsIpV6TestJSON-820347834-project-admin] Attempting to bind port 46191791-c8e8-4c0d-bdee-bbb5437b440c by drivers openvswitch,hyperv on host hv-neutron-8251 at level 0 using segments [{'id': '467f07e7-648c-4d74-a27d-82427eb299d0', 'network_type': 'vlan', 'physical_network': 'physnet1', 'segmentation_id': 447, 'network_id': 'cc699f8b-3fc7-4e2a-8368-f868fd0f2409'}] {{(pid=87495) _bind_port_level /opt/stack/neutron/neutron/plugins/ml2/managers.py:815}}
Jan 20 14:29:22.320901 dv-neutron-825123-1-hyperv neutron-server[87495]: DEBUG neutron.plugins.ml2.drivers.mech_agent [None req-fcfafba4-5945-426c-b201-581e9546d5a4 tempest-PortsAdminExtendedAttrsIpV6TestJSON-820347834 tempest-PortsAdminExtendedAttrsIpV6TestJSON-820347834-project-admin] Attempting to bind port 46191791-c8e8-4c0d-bdee-bbb5437b440c on network cc699f8b-3fc7-4e2a-8368-f868fd0f2409 {{(pid=87495) bind_port /opt/stack/neutron/neutron/plugins/ml2/drivers/mech_agent.py:86}}
Jan 20 14:29:22.324023 dv-neutron-825123-1-hyperv neutron-server[87496]: DEBUG neutron.plugins.ml2.rpc [None req-4580ce52-f695-481c-b5ca-a43ec4f45bfd None None] Device 0bd06f23-5054-486f-8853-c9f619d12f87 up at agent ovs-agent-dv-neutron-825123-1-hyperv {{(pid=87496) update_device_up /opt/stack/neutron/neutron/plugins/ml2/rpc.py:278}}
Jan 20 14:29:22.345188 dv-neutron-825123-1-hyperv neutron-server[87495]: DEBUG neutron.api.rpc.handlers.resources_rpc [None req-aa133ba7-66b1-4060-a1d1-9305e4d870d3 tempest-ServerActionsTestJSON-1829449816 tempest-ServerActionsTestJSON-1829449816-project] Pushing event updated for resources: {'SecurityGroupRule': ['ID=887fec54-ffca-45c2-96ae-f9dcd3ea1752,revision_number=0']} {{(pid=87495) push /opt/stack/neutron/neutron/api/rpc/handlers/resources_rpc.py:237}}
Jan 20 14:29:22.348608 dv-neutron-825123-1-hyperv neutron-server[87495]: DEBUG neutron.plugins.ml2.drivers.mech_agent [None req-fcfafba4-5945-426c-b201-581e9546d5a4 tempest-PortsAdminExtendedAttrsIpV6TestJSON-820347834 tempest-PortsAdminExtendedAttrsIpV6TestJSON-820347834-project-admin] Port 46191791-c8e8-4c0d-bdee-bbb5437b440c on network cc699f8b-3fc7-4e2a-8368-f868fd0f2409 not bound, no agent of type Open vSwitch agent registered on host hv-neutron-8251 {{(pid=87495) bind_port /opt/stack/neutron/neutron/plugins/ml2/drivers/mech_agent.py:98}}
Jan 20 14:29:22.348935 dv-neutron-825123-1-hyperv neutron-server[87495]: ERROR neutron.plugins.ml2.managers [None req-fcfafba4-5945-426c-b201-581e9546d5a4 tempest-PortsAdminExtendedAttrsIpV6TestJSON-820347834 tempest-PortsAdminExtendedAttrsIpV6TestJSON-820347834-project-admin] Failed to bind port 46191791-c8e8-4c0d-bdee-bbb5437b440c on host hv-neutron-8251 for vnic_type normal using segments [{'id': '467f07e7-648c-4d74-a27d-82427eb299d0', 'network_type': 'vlan', 'physical_network': 'physnet1', 'segmentation_id': 447, 'network_id': 'cc699f8b-3fc7-4e2a-8368-f868fd0f2409'}]
Jan 20 14:29:22.351609 dv-neutron-825123-1-hyperv neutron-server[87495]: INFO neutron.plugins.ml2.plugin [None req-fcfafba4-5945-426c-b201-581e9546d5a4 tempest-PortsAdminExtendedAttrsIpV6TestJSON-820347834 tempest-PortsAdminExtendedAttrsIpV6TestJSON-820347834-project-admin] Attempt 10 to bind port 46191791-c8e8-4c0d-bdee-bbb5437b440c
Jan 20 14:29:22.367444 dv-neutron-825123-1-hyperv neutron-server[87495]: DEBUG neutron_lib.callbacks.manager [None req-b4ce4704-81ae-4f8a-92b4-3c8ed7811693 admin admin] Notify callbacks ['neutron.plugins.ml2.plugin.SecurityGroupDbMixin._ensure_default_security_group_handler-553838'] for port, before_create {{(pid=87495) _notify_loop /usr/local/lib/python3.8/dist-packages/neutron_lib/callbacks/manager.py:192}}
Jan 20 14:29:22.422354 dv-neutron-825123-1-hyperv neutron-server[87494]: INFO neutron.wsgi [None req-f23ffae1-151d-41a2-80f2-3aac803c05d5 tempest-RoutersTestDVR-228760029 tempest-RoutersTestDVR-228760029-project] 10.222.0.87 "GET /v2.0/routers/9bee9fc8-7d7b-4213-9952-6b9d8d3dffe4 HTTP/1.1" status: 200 len: 682 time: 0.6872411
Jan 20 14:29:22.423977 dv-neutron-825123-1-hyperv neutron-server[87494]: DEBUG neutron.wsgi [-] (87494) accepted ('10.222.0.87', 42276) {{(pid=87494) server /usr/local/lib/python3.8/dist-packages/eventlet/wsgi.py:992}}
Jan 20 14:29:22.429624 dv-neutron-825123-1-hyperv neutron-server[87494]: DEBUG neutron.pecan_wsgi.hooks.quota_enforcement [None req-95b21ddd-7946-4e2b-8760-3ff1703fa364 tempest-ExternalNetworksTestJSON-191133824 tempest-ExternalNetworksTestJSON-191133824-project-admin] Made reservation on behalf of 732c1fc8ccc54673ad7c934f80ae8a0b for: {'subnet': 1} {{(pid=87494) before /opt/stack/neutron/neutron/pecan_wsgi/hooks/quota_enforcement.py:53}}
Jan 20 14:29:22.432080 dv-neutron-825123-1-hyperv neutron-server[87494]: DEBUG neutron_lib.callbacks.manager [None req-95b21ddd-7946-4e2b-8760-3ff1703fa364 tempest-ExternalNetworksTestJSON-191133824 tempest-ExternalNetworksTestJSON-191133824-project-admin] Notify callbacks ['neutron.services.segments.plugin.SegmentHostRoutes.host_routes_before_create-2515146'] for subnet, before_create {{(pid=87494) _notify_loop /usr/local/lib/python3.8/dist-packages/neutron_lib/callbacks/manager.py:192}}
Jan 20 14:29:22.444253 dv-neutron-825123-1-hyperv neutron-server[87495]: DEBUG neutron.plugins.ml2.managers [None req-fcfafba4-5945-426c-b201-581e9546d5a4 tempest-PortsAdminExtendedAttrsIpV6TestJSON-820347834 tempest-PortsAdminExtendedAttrsIpV6TestJSON-820347834-project-admin] Attempting to bind port 46191791-c8e8-4c0d-bdee-bbb5437b440c on host hv-neutron-8251 for vnic_type normal with profile {{(pid=87495) bind_port /opt/stack/neutron/neutron/plugins/ml2/managers.py:790}}
Jan 20 14:29:22.444253 dv-neutron-825123-1-hyperv neutron-server[87495]: DEBUG neutron.plugins.ml2.managers [None req-fcfafba4-5945-426c-b201-581e9546d5a4 tempest-PortsAdminExtendedAttrsIpV6TestJSON-820347834 tempest-PortsAdminExtendedAttrsIpV6TestJSON-820347834-project-admin] Attempting to bind port 46191791-c8e8-4c0d-bdee-bbb5437b440c by drivers openvswitch,hyperv on host hv-neutron-8251 at level 0 using segments [{'id': '467f07e7-648c-4d74-a27d-82427eb299d0', 'network_type': 'vlan', 'physical_network': 'physnet1', 'segmentation_id': 447, 'network_id': 'cc699f8b-3fc7-4e2a-8368-f868fd0f2409'}] {{(pid=87495) _bind_port_level /opt/stack/neutron/neutron/plugins/ml2/managers.py:815}}
Jan 20 14:29:22.444512 dv-neutron-825123-1-hyperv neutron-server[87495]: DEBUG neutron.plugins.ml2.drivers.mech_agent [None req-fcfafba4-5945-426c-b201-581e9546d5a4 tempest-PortsAdminExtendedAttrsIpV6TestJSON-820347834 tempest-PortsAdminExtendedAttrsIpV6TestJSON-820347834-project-admin] Attempting to bind port 46191791-c8e8-4c0d-bdee-bbb5437b440c on network cc699f8b-3fc7-4e2a-8368-f868fd0f2409 {{(pid=87495) bind_port /opt/stack/neutron/neutron/plugins/ml2/drivers/mech_agent.py:86}}
Jan 20 14:29:22.446695 dv-neutron-825123-1-hyperv neutron-server[87495]: DEBUG neutron_lib.callbacks.manager [None req-aa133ba7-66b1-4060-a1d1-9305e4d870d3 tempest-ServerActionsTestJSON-1829449816 tempest-ServerActionsTestJSON-1829449816-project] Notify callbacks [] for security_group_rule, before_response {{(pid=87495) _notify_loop /usr/local/lib/python3.8/dist-packages/neutron_lib/callbacks/manager.py:192}}
Jan 20 14:29:22.451114 dv-neutron-825123-1-hyperv neutron-server[87495]: INFO neutron.wsgi [None req-aa133ba7-66b1-4060-a1d1-9305e4d870d3 tempest-ServerActionsTestJSON-1829449816 tempest-ServerActionsTestJSON-1829449816-project] 10.222.0.87 "POST /v2.0/security-group-rules HTTP/1.1" status: 201 len: 769 time: 0.8054552
Jan 20 14:29:22.451876 dv-neutron-825123-1-hyperv neutron-server[87495]: DEBUG neutron.wsgi [-] (87495) accepted ('10.222.0.87', 42280) {{(pid=87495) server /usr/local/lib/python3.8/dist-packages/eventlet/wsgi.py:992}}
Jan 20 14:29:22.508736 dv-neutron-825123-1-hyperv neutron-server[87495]: DEBUG neutron.api.v2.base [None req-948359b0-b8e8-4eb8-8006-fe356fe44213 tempest-ServerActionsTestJSON-1829449816 tempest-ServerActionsTestJSON-1829449816-project] Request body: {'floatingip': {'floating_network_id': '968209a1-6b3b-43f7-8a25-5eadd11f3aba'}} {{(pid=87495) prepare_request_body /opt/stack/neutron/neutron/api/v2/base.py:729}}
Jan 20 14:29:22.516576 dv-neutron-825123-1-hyperv neutron-server[87495]: DEBUG neutron.db.quota.driver [None req-948359b0-b8e8-4eb8-8006-fe356fe44213 tempest-ServerActionsTestJSON-1829449816 tempest-ServerActionsTestJSON-1829449816-project] Resources subnetpool have unlimited quota limit. It is not required to calculate headroom {{(pid=87495) make_reservation /opt/stack/neutron/neutron/db/quota/driver.py:219}}
Jan 20 14:29:22.524458 dv-neutron-825123-1-hyperv neutron-server[87495]: DEBUG neutron.quota.resource [None req-948359b0-b8e8-4eb8-8006-fe356fe44213 tempest-ServerActionsTestJSON-1829449816 tempest-ServerActionsTestJSON-1829449816-project] Usage tracker for resource:floatingip and tenant:e46b88d12d7e404d90c306bd4baee792 is out of sync, need to count used quota {{(pid=87495) count_used /opt/stack/neutron/neutron/quota/resource.py:270}}
Jan 20 14:29:22.527679 dv-neutron-825123-1-hyperv neutron-server[87495]: DEBUG neutron.quota.resource [None req-948359b0-b8e8-4eb8-8006-fe356fe44213 tempest-ServerActionsTestJSON-1829449816 tempest-ServerActionsTestJSON-1829449816-project] Quota usage for floatingip was recalculated. Used quota:0. {{(pid=87495) count_used /opt/stack/neutron/neutron/quota/resource.py:290}}
Jan 20 14:29:22.533376 dv-neutron-825123-1-hyperv neutron-server[87495]: DEBUG neutron.db.quota.driver [None req-948359b0-b8e8-4eb8-8006-fe356fe44213 tempest-ServerActionsTestJSON-1829449816 tempest-ServerActionsTestJSON-1829449816-project] Attempting to reserve 1 items for resource floatingip. Total usage: 0; quota limit: 50; headroom:50 {{(pid=87495) make_reservation /opt/stack/neutron/neutron/db/quota/driver.py:246}}
Jan 20 14:29:22.535520 dv-neutron-825123-1-hyperv neutron-server[87495]: DEBUG neutron.plugins.ml2.drivers.mech_agent [None req-fcfafba4-5945-426c-b201-581e9546d5a4 tempest-PortsAdminExtendedAttrsIpV6TestJSON-820347834 tempest-PortsAdminExtendedAttrsIpV6TestJSON-820347834-project-admin] Port 46191791-c8e8-4c0d-bdee-bbb5437b440c on network cc699f8b-3fc7-4e2a-8368-f868fd0f2409 not bound, no agent of type Open vSwitch agent registered on host hv-neutron-8251 {{(pid=87495) bind_port /opt/stack/neutron/neutron/plugins/ml2/drivers/mech_agent.py:98}}
Jan 20 14:29:22.535844 dv-neutron-825123-1-hyperv neutron-server[87495]: ERROR neutron.plugins.ml2.managers [None req-fcfafba4-5945-426c-b201-581e9546d5a4 tempest-PortsAdminExtendedAttrsIpV6TestJSON-820347834 tempest-PortsAdminExtendedAttrsIpV6TestJSON-820347834-project-admin] Failed to bind port 46191791-c8e8-4c0d-bdee-bbb5437b440c on host hv-neutron-8251 for vnic_type normal using segments [{'id': '467f07e7-648c-4d74-a27d-82427eb299d0', 'network_type': 'vlan', 'physical_network': 'physnet1', 'segmentation_id': 447, 'network_id': 'cc699f8b-3fc7-4e2a-8368-f868fd0f2409'}]
Jan 20 14:29:22.536360 dv-neutron-825123-1-hyperv neutron-server[87495]: DEBUG neutron_lib.callbacks.manager [None req-fcfafba4-5945-426c-b201-581e9546d5a4 tempest-PortsAdminExtendedAttrsIpV6TestJSON-820347834 tempest-PortsAdminExtendedAttrsIpV6TestJSON-820347834-project-admin] Notify callbacks ['neutron.plugins.ml2.plugin.SecurityGroupDbMixin._ensure_default_security_group_handler-553838'] for port, before_update {{(pid=87495) _notify_loop /usr/local/lib/python3.8/dist-packages/neutron_lib/callbacks/manager.py:192}}
Jan 20 14:29:22.646354 dv-neutron-825123-1-hyperv neutron-server[87495]: DEBUG neutron_lib.callbacks.manager [None req-948359b0-b8e8-4eb8-8006-fe356fe44213 tempest-ServerActionsTestJSON-1829449816 tempest-ServerActionsTestJSON-1829449816-project] Notify callbacks [] for floatingip, before_create {{(pid=87495) _notify_loop /usr/local/lib/python3.8/dist-packages/neutron_lib/callbacks/manager.py:192}}
Jan 20 14:29:22.661154 dv-neutron-825123-1-hyperv neutron-server[87496]: DEBUG neutron.api.rpc.handlers.dhcp_rpc [None req-352ed033-6f1e-4023-a3bf-704d60f861a0 None None] Create dhcp port {'port': {'name': '', 'admin_state_up': True, 'device_id': 'dhcpc89aa782-a9d8-5f23-87c3-1a8b96c05d28-1207e731-320b-40a2-bbab-29019df46fd4', 'network_id': '1207e731-320b-40a2-bbab-29019df46fd4', 'tenant_id': '8d477ca8e7bd4941a1fd5ecffa358d5f', 'fixed_ips': [{'subnet_id': '820e8194-b8be-44e1-a357-d272d073539b'}]}} from dv-neutron-825123-1-hyperv. {{(pid=87496) create_dhcp_port /opt/stack/neutron/neutron/api/rpc/handlers/dhcp_rpc.py:279}}
Jan 20 14:29:22.662210 dv-neutron-825123-1-hyperv neutron-server[87496]: DEBUG neutron_lib.callbacks.manager [None req-352ed033-6f1e-4023-a3bf-704d60f861a0 None None] Notify callbacks ['neutron.plugins.ml2.plugin.SecurityGroupDbMixin._ensure_default_security_group_handler-553838'] for port, before_create {{(pid=87496) _notify_loop /usr/local/lib/python3.8/dist-packages/neutron_lib/callbacks/manager.py:192}}
Jan 20 14:29:22.696342 dv-neutron-825123-1-hyperv neutron-server[87496]: DEBUG neutron.db.l3_dvr_db [None req-b22cfccf-3de2-4dbb-bbfb-818dd54d8a58 None None] Set router 9c8d3bc2-212c-4457-a125-c047438dfa01 gateway port host: dv-neutron-825123-1-hyperv {{(pid=87496) _build_routers_list /opt/stack/neutron/neutron/db/l3_dvr_db.py:875}}
Jan 20 14:29:22.744757 dv-neutron-825123-1-hyperv neutron-server[87496]: DEBUG neutron_lib.callbacks.manager [None req-2dc46fbc-cf64-4a0b-bbbd-4704b30c9aaa None None] Notify callbacks [] for port, precommit_create {{(pid=87496) _notify_loop /usr/local/lib/python3.8/dist-packages/neutron_lib/callbacks/manager.py:192}}
Jan 20 14:29:22.789734 dv-neutron-825123-1-hyperv neutron-server[87496]: DEBUG neutron.db.provisioning_blocks [None req-2dc46fbc-cf64-4a0b-bbbd-4704b30c9aaa None None] Transition to ACTIVE for port object fb9ac979-0abe-4809-ade7-00e36517140e will not be triggered until provisioned by entity L2. {{(pid=87496) add_provisioning_component /opt/stack/neutron/neutron/db/provisioning_blocks.py:73}}
Jan 20 14:29:22.804426 dv-neutron-825123-1-hyperv neutron-server[87494]: DEBUG neutron.db.db_base_plugin_common [None req-70d1a60f-ee7c-4453-ade7-b9314749c3f4 tempest-AllowedAddressPairIpV6TestJSON-1461044711 tempest-AllowedAddressPairIpV6TestJSON-1461044711-project] Allocated IP 2001:db8::1e7 (1207e731-320b-40a2-bbab-29019df46fd4/820e8194-b8be-44e1-a357-d272d073539b/4cc8453e-d9be-4e7b-aa7a-2d9a9ad6e349) {{(pid=87494) _store_ip_allocation /opt/stack/neutron/neutron/db/db_base_plugin_common.py:131}}
Jan 20 14:29:22.807289 dv-neutron-825123-1-hyperv neutron-server[87494]: DEBUG neutron_lib.callbacks.manager [None req-a4f7effb-d078-4885-b738-d0712f02617e tempest-RoutersTestDVR-886217268 tempest-RoutersTestDVR-886217268-project-admin] Notify callbacks [] for router, before_delete {{(pid=87494) _notify_loop /usr/local/lib/python3.8/dist-packages/neutron_lib/callbacks/manager.py:192}}
Jan 20 14:29:22.913563 dv-neutron-825123-1-hyperv neutron-server[87495]: DEBUG neutron_lib.callbacks.manager [None req-f055059f-550d-4acb-81df-594ba9f7063b admin admin] Notify callbacks ['neutron.services.l3_router.l3_router_plugin.L3_HA_NAT_db_mixin._after_router_create-3743304', 'neutron.services.l3_router.l3_router_plugin.DVRResourceOperationHandler._create_snat_interfaces_after_change-3743447'] for router, after_create {{(pid=87495) _notify_loop /usr/local/lib/python3.8/dist-packages/neutron_lib/callbacks/manager.py:192}}
Jan 20 14:29:22.918062 dv-neutron-825123-1-hyperv neutron-server[87495]: DEBUG neutron.plugins.ml2.db [None req-fcfafba4-5945-426c-b201-581e9546d5a4 tempest-PortsAdminExtendedAttrsIpV6TestJSON-820347834 tempest-PortsAdminExtendedAttrsIpV6TestJSON-820347834-project-admin] For port 46191791-c8e8-4c0d-bdee-bbb5437b440c, host hv-neutron-8251, cleared binding levels {{(pid=87495) clear_binding_levels /opt/stack/neutron/neutron/plugins/ml2/db.py:88}}
Jan 20 14:29:22.918417 dv-neutron-825123-1-hyperv neutron-server[87495]: DEBUG neutron.plugins.ml2.db [None req-fcfafba4-5945-426c-b201-581e9546d5a4 tempest-PortsAdminExtendedAttrsIpV6TestJSON-820347834 tempest-PortsAdminExtendedAttrsIpV6TestJSON-820347834-project-admin] Attempted to set empty binding levels {{(pid=87495) set_binding_levels /opt/stack/neutron/neutron/plugins/ml2/db.py:66}}
Jan 20 14:29:22.963785 dv-neutron-825123-1-hyperv neutron-server[87495]: DEBUG neutron_lib.callbacks.manager [None req-fcfafba4-5945-426c-b201-581e9546d5a4 tempest-PortsAdminExtendedAttrsIpV6TestJSON-820347834 tempest-PortsAdminExtendedAttrsIpV6TestJSON-820347834-project-admin] Notify callbacks ['neutron.plugins.ml2.plugin.SecurityGroupServerNotifierRpcMixin.notify_sg_on_port_change-553775', 'neutron.plugins.ml2.ovo_rpc._ObjectChangeHandler.handle_event-3798366', 'neutron.api.rpc.agentnotifiers.dhcp_rpc_agent_api.DhcpAgentNotifyAPI._native_event_send_dhcp_notification-3672901', 'neutron.db.l3_db.L3RpcNotifierMixin._notify_gateway_port_ip_changed-8727929700316', 'neutron.db.l3_dvrscheduler_db._notify_l3_agent_port_update-8727929212645', 'neutron.db.l3_hascheduler_db._notify_l3_agent_ha_port_update-8727929208342'] for port, after_update {{(pid=87495) _notify_loop /usr/local/lib/python3.8/dist-packages/neutron_lib/callbacks/manager.py:192}}
Jan 20 14:29:23.073953 dv-neutron-825123-1-hyperv neutron-server[87496]: DEBUG neutron.db.provisioning_blocks [None req-4580ce52-f695-481c-b5ca-a43ec4f45bfd None None] Provisioning complete for port 0bd06f23-5054-486f-8853-c9f619d12f87 triggered by entity L2. {{(pid=87496) provisioning_complete /opt/stack/neutron/neutron/db/provisioning_blocks.py:139}}
Jan 20 14:29:23.074874 dv-neutron-825123-1-hyperv neutron-server[87496]: DEBUG neutron_lib.callbacks.manager [None req-4580ce52-f695-481c-b5ca-a43ec4f45bfd None None] Notify callbacks ['neutron.plugins.ml2.plugin.Ml2Plugin._port_provisioned-723548'] for port, provisioning_complete {{(pid=87496) _notify_loop /usr/local/lib/python3.8/dist-packages/neutron_lib/callbacks/manager.py:192}}
Jan 20 14:29:23.111969 dv-neutron-825123-1-hyperv neutron-server[87495]: DEBUG neutron.pecan_wsgi.hooks.policy_enforcement [None req-fcfafba4-5945-426c-b201-581e9546d5a4 tempest-PortsAdminExtendedAttrsIpV6TestJSON-820347834 tempest-PortsAdminExtendedAttrsIpV6TestJSON-820347834-project-admin] Attributes excluded by policy engine: ['standard_attr_id'] {{(pid=87495) _exclude_attributes_by_policy /opt/stack/neutron/neutron/pecan_wsgi/hooks/policy_enforcement.py:255}}
Jan 20 14:29:23.112655 dv-neutron-825123-1-hyperv neutron-server[87495]: DEBUG neutron_lib.callbacks.manager [None req-fcfafba4-5945-426c-b201-581e9546d5a4 tempest-PortsAdminExtendedAttrsIpV6TestJSON-820347834 tempest-PortsAdminExtendedAttrsIpV6TestJSON-820347834-project-admin] Notify callbacks ['neutron.notifiers.nova.Notifier._send_nova_notification-34979', 'neutron.api.rpc.agentnotifiers.dhcp_rpc_agent_api.DhcpAgentNotifyAPI._send_dhcp_notification-3672919'] for port, before_response {{(pid=87495) _notify_loop /usr/local/lib/python3.8/dist-packages/neutron_lib/callbacks/manager.py:192}}
Jan 20 14:29:23.169683 dv-neutron-825123-1-hyperv neutron-server[87495]: DEBUG neutron.db.db_base_plugin_common [None req-b4ce4704-81ae-4f8a-92b4-3c8ed7811693 admin admin] Allocated IP 172.20.0.1 (7c25f2f0-d8ab-4a04-9730-3c19056abfd2/350e74ee-c648-45bb-8092-9b31691969c2/d1c29d67-1ab3-42f5-b77e-d9930821894b) {{(pid=87495) _store_ip_allocation /opt/stack/neutron/neutron/db/db_base_plugin_common.py:131}}
Jan 20 14:29:23.174761 dv-neutron-825123-1-hyperv neutron-server[87495]: DEBUG neutron.api.rpc.handlers.resources_rpc [None req-fcfafba4-5945-426c-b201-581e9546d5a4 tempest-PortsAdminExtendedAttrsIpV6TestJSON-820347834 tempest-PortsAdminExtendedAttrsIpV6TestJSON-820347834-project-admin] Pushing event updated for resources: {'Port': ['ID=46191791-c8e8-4c0d-bdee-bbb5437b440c,revision_number=2']} {{(pid=87495) push /opt/stack/neutron/neutron/api/rpc/handlers/resources_rpc.py:237}}
Jan 20 14:29:23.197007 dv-neutron-825123-1-hyperv neutron-server[87494]: DEBUG neutron_lib.callbacks.manager [None req-a4f7effb-d078-4885-b738-d0712f02617e tempest-RoutersTestDVR-886217268 tempest-RoutersTestDVR-886217268-project-admin] Notify callbacks ['neutron.services.l3_router.l3_router_plugin.L3_HA_NAT_db_mixin._release_router_vr_id-3740851', 'neutron.services.l3_router.service_providers.driver_controller.DriverController._clear_router_provider-4688'] for router, precommit_delete {{(pid=87494) _notify_loop /usr/local/lib/python3.8/dist-packages/neutron_lib/callbacks/manager.py:192}}
Jan 20 14:29:23.202049 dv-neutron-825123-1-hyperv neutron-server[87494]: DEBUG neutron_lib.callbacks.manager [None req-a4f7effb-d078-4885-b738-d0712f02617e tempest-RoutersTestDVR-886217268 tempest-RoutersTestDVR-886217268-project-admin] Notify callbacks [] for router_controller, precommit_delete_associations {{(pid=87494) _notify_loop /usr/local/lib/python3.8/dist-packages/neutron_lib/callbacks/manager.py:192}}
Jan 20 14:29:23.252024 dv-neutron-825123-1-hyperv neutron-server[87496]: DEBUG neutron.db.provisioning_blocks [None req-2dc46fbc-cf64-4a0b-bbbd-4704b30c9aaa None None] Transition to ACTIVE for port object fb9ac979-0abe-4809-ade7-00e36517140e will not be triggered until provisioned by entity DHCP. {{(pid=87496) add_provisioning_component /opt/stack/neutron/neutron/db/provisioning_blocks.py:73}}
Jan 20 14:29:23.255552 dv-neutron-825123-1-hyperv neutron-server[87495]: INFO neutron.wsgi [None req-fcfafba4-5945-426c-b201-581e9546d5a4 tempest-PortsAdminExtendedAttrsIpV6TestJSON-820347834 tempest-PortsAdminExtendedAttrsIpV6TestJSON-820347834-project-admin] 10.222.0.87 "POST /v2.0/ports HTTP/1.1" status: 201 len: 986 time: 6.1217332
Jan 20 14:29:23.260181 dv-neutron-825123-1-hyperv neutron-server[87495]: DEBUG neutron.wsgi [-] (87495) accepted ('10.222.0.87', 42284) {{(pid=87495) server /usr/local/lib/python3.8/dist-packages/eventlet/wsgi.py:992}}
Jan 20 14:29:23.300849 dv-neutron-825123-1-hyperv neutron-server[87496]: DEBUG neutron_lib.callbacks.manager [None req-2dc46fbc-cf64-4a0b-bbbd-4704b30c9aaa None None] Notify callbacks ['neutron.plugins.ml2.plugin.SecurityGroupServerNotifierRpcMixin.notify_sg_on_port_change-553775', 'neutron.plugins.ml2.ovo_rpc._ObjectChangeHandler.handle_event-3798366', 'neutron.api.rpc.agentnotifiers.dhcp_rpc_agent_api.DhcpAgentNotifyAPI._native_event_send_dhcp_notification-3672901', 'neutron.db.l3_dvrscheduler_db._notify_l3_agent_new_port-8727929212627'] for port, after_create {{(pid=87496) _notify_loop /usr/local/lib/python3.8/dist-packages/neutron_lib/callbacks/manager.py:192}}
Jan 20 14:29:23.333551 dv-neutron-825123-1-hyperv neutron-server[87494]: DEBUG neutron_lib.callbacks.manager [None req-a4f7effb-d078-4885-b738-d0712f02617e tempest-RoutersTestDVR-886217268 tempest-RoutersTestDVR-886217268-project-admin] Notify callbacks ['neutron.services.l3_router.l3_router_plugin.L3_HA_NAT_db_mixin._cleanup_ha_network-3743048'] for router, after_delete {{(pid=87494) _notify_loop /usr/local/lib/python3.8/dist-packages/neutron_lib/callbacks/manager.py:192}}
Jan 20 14:29:23.334201 dv-neutron-825123-1-hyperv neutron-server[87494]: DEBUG neutron.api.rpc.agentnotifiers.l3_rpc_agent_api [None req-a4f7effb-d078-4885-b738-d0712f02617e tempest-RoutersTestDVR-886217268 tempest-RoutersTestDVR-886217268-project-admin] Fanout notify agent at l3_agent the message router_deleted on router 9bee9fc8-7d7b-4213-9952-6b9d8d3dffe4 {{(pid=87494) _notification_fanout /opt/stack/neutron/neutron/api/rpc/agentnotifiers/l3_rpc_agent_api.py:118}}
