Mar 07 03:32:00.033304 dv-neutron-825073-13-hyperv neutron-server[103752]: DEBUG neutron_lib.callbacks.manager [None req-6c84ead5-d556-44b4-b135-6ea9252224fd tempest-BulkNetworkOpsIpV6Test-1570951735 tempest-BulkNetworkOpsIpV6Test-1570951735-project] Publish callbacks ['neutron.plugins.ml2.plugin.SecurityGroupDbMixin._ensure_default_security_group_handler-267859167'] for network (None), before_create {{(pid=103752) _notify_loop /usr/local/lib/python3.8/dist-packages/neutron_lib/callbacks/manager.py:176}}
Mar 07 03:32:00.067468 dv-neutron-825073-13-hyperv neutron-server[103753]: DEBUG neutron.plugins.ml2.rpc [None req-de3fecf6-7082-443c-8b31-0b3da33723b7 None None] Network afc83792-e3cd-4c82-b437-43c5b6615d1a details requested by agent ovs-agent-dv-neutron-825073-13-hyperv with host dv-neutron-825073-13-hyperv {{(pid=103753) get_network_details /opt/stack/neutron/neutron/plugins/ml2/rpc.py:248}}
Mar 07 03:32:00.077791 dv-neutron-825073-13-hyperv neutron-server[103752]: DEBUG neutron.scheduler.dhcp_agent_scheduler [None req-93c8cfd4-1cc3-4915-bfa3-5b34d1e2e16a admin admin] Network fddc10a6-f7ae-41b0-b11a-2f922d96b3ab is already hosted by enough agents. {{(pid=103752) _get_dhcp_agents_hosting_network /opt/stack/neutron/neutron/scheduler/dhcp_agent_scheduler.py:275}}
Mar 07 03:32:00.107146 dv-neutron-825073-13-hyperv neutron-server[103752]: DEBUG neutron.scheduler.base_scheduler [None req-93c8cfd4-1cc3-4915-bfa3-5b34d1e2e16a admin admin] Resources bound (agent type, host, resource id): {{(pid=103752) schedule /opt/stack/neutron/neutron/scheduler/base_scheduler.py:57}}
Mar 07 03:32:00.116310 dv-neutron-825073-13-hyperv neutron-server[103751]: DEBUG neutron.notifiers.nova [None req-6b6991df-d5ab-4d00-9f32-b651c82b86a9 tempest-NetworksTestDHCPv6-1554354710 tempest-NetworksTestDHCPv6-1554354710-project] device_id is not set on port 1053c12f-2b09-4eea-826b-9600232369bd yet. {{(pid=103751) _can_notify /opt/stack/neutron/neutron/notifiers/nova.py:199}}
Mar 07 03:32:00.117228 dv-neutron-825073-13-hyperv neutron-server[103752]: DEBUG neutron.api.rpc.handlers.resources_rpc [None req-93c8cfd4-1cc3-4915-bfa3-5b34d1e2e16a admin admin] Pushing event updated for resources: {'Port': ['ID=777c7e3a-9ccf-40f2-982a-f055d571050d,revision_number=1']} {{(pid=103752) push /opt/stack/neutron/neutron/api/rpc/handlers/resources_rpc.py:237}}
Mar 07 03:32:00.129413 dv-neutron-825073-13-hyperv neutron-server[103752]: DEBUG neutron.db.l3_dvrscheduler_db [None req-93c8cfd4-1cc3-4915-bfa3-5b34d1e2e16a admin admin] Received port after_create {{(pid=103752) _notify_l3_agent_new_port /opt/stack/neutron/neutron/db/l3_dvrscheduler_db.py:536}}
Mar 07 03:32:00.214651 dv-neutron-825073-13-hyperv neutron-server[103752]: DEBUG neutron.plugins.ml2.drivers.helpers [None req-6c84ead5-d556-44b4-b135-6ea9252224fd tempest-BulkNetworkOpsIpV6Test-1570951735 tempest-BulkNetworkOpsIpV6Test-1570951735-project] vlan segment allocate from pool success with {'vlan_id': 119, 'physical_network': 'physnet1'} {{(pid=103752) allocate_partially_specified_segment /opt/stack/neutron/neutron/plugins/ml2/drivers/helpers.py:153}}
Mar 07 03:32:00.248873 dv-neutron-825073-13-hyperv neutron-server[103752]: DEBUG neutron_lib.callbacks.manager [None req-6c84ead5-d556-44b4-b135-6ea9252224fd tempest-BulkNetworkOpsIpV6Test-1570951735 tempest-BulkNetworkOpsIpV6Test-1570951735-project] Publish callbacks ['neutron.plugins.ml2.plugin.Ml2Plugin._handle_segment_change-267790161'] for segment (cd9092ff-3cf8-4d7d-ba91-f295f3dff512), precommit_create {{(pid=103752) _notify_loop /usr/local/lib/python3.8/dist-packages/neutron_lib/callbacks/manager.py:176}}
Mar 07 03:32:00.249077 dv-neutron-825073-13-hyperv neutron-server[103752]: INFO neutron.db.segments_db [None req-6c84ead5-d556-44b4-b135-6ea9252224fd tempest-BulkNetworkOpsIpV6Test-1570951735 tempest-BulkNetworkOpsIpV6Test-1570951735-project] Added segment cd9092ff-3cf8-4d7d-ba91-f295f3dff512 of type vlan for network 6b20f702-5395-4ebd-94c9-67ecfec0c1d5
Mar 07 03:32:00.266287 dv-neutron-825073-13-hyperv neutron-server[103751]: DEBUG neutron_lib.callbacks.manager [None req-9a13f1eb-2f00-40b4-9c1d-4403ffa1f07b admin admin] Publish callbacks ['neutron.services.l3_router.l3_router_plugin.L3_HA_NAT_db_mixin._after_router_create-641378', 'neutron.services.l3_router.l3_router_plugin.DVRResourceOperationHandler._create_snat_interfaces_after_change-639223'] for router (c531880f-3475-48cd-8ffa-548e56bb9aa3), after_create {{(pid=103751) _notify_loop /usr/local/lib/python3.8/dist-packages/neutron_lib/callbacks/manager.py:176}}
Mar 07 03:32:00.363643 dv-neutron-825073-13-hyperv neutron-server[103752]: DEBUG neutron.pecan_wsgi.hooks.quota_enforcement [None req-92b4c222-46d2-40c0-8b6b-cffb6b7dec52 tempest-DHCPAgentSchedulersTestJSON-999694 tempest-DHCPAgentSchedulersTestJSON-999694-project] Made reservation on behalf of cbf5e2fbc3f348d19411e2fc8fbe3006 for: {'port': 1} {{(pid=103752) before /opt/stack/neutron/neutron/pecan_wsgi/hooks/quota_enforcement.py:53}}
Mar 07 03:32:00.366993 dv-neutron-825073-13-hyperv neutron-server[103752]: DEBUG neutron_lib.callbacks.manager [None req-92b4c222-46d2-40c0-8b6b-cffb6b7dec52 tempest-DHCPAgentSchedulersTestJSON-999694 tempest-DHCPAgentSchedulersTestJSON-999694-project] Publish callbacks ['neutron.plugins.ml2.plugin.SecurityGroupDbMixin._ensure_default_security_group_handler-267859167'] for port (None), before_create {{(pid=103752) _notify_loop /usr/local/lib/python3.8/dist-packages/neutron_lib/callbacks/manager.py:176}}
Mar 07 03:32:00.426130 dv-neutron-825073-13-hyperv neutron-server[103753]: DEBUG neutron.plugins.ml2.plugin [None req-9eda61d2-5134-4113-ac0e-b22e0d427915 None None] Current status of the port eec788d1-cfd7-4e5c-be75-de799bb6ac3f is: ACTIVE; New status is: ACTIVE {{(pid=103753) _update_individual_port_db_status /opt/stack/neutron/neutron/plugins/ml2/plugin.py:2232}}
Mar 07 03:32:00.445365 dv-neutron-825073-13-hyperv neutron-server[103752]: DEBUG neutron_lib.callbacks.manager [None req-6c84ead5-d556-44b4-b135-6ea9252224fd tempest-BulkNetworkOpsIpV6Test-1570951735 tempest-BulkNetworkOpsIpV6Test-1570951735-project] Publish callbacks ['neutron.services.auto_allocate.db._ensure_external_network_default_value_callback-8726433429751'] for network (6b20f702-5395-4ebd-94c9-67ecfec0c1d5), precommit_create {{(pid=103752) _notify_loop /usr/local/lib/python3.8/dist-packages/neutron_lib/callbacks/manager.py:176}}
Mar 07 03:32:00.452904 dv-neutron-825073-13-hyperv neutron-server[103753]: DEBUG neutron.plugins.ml2.plugin [None req-de3fecf6-7082-443c-8b31-0b3da33723b7 None None] Current status of the port aa2a8c17-fa86-4156-a29e-0774ddb10339 is: ACTIVE; New status is: ACTIVE {{(pid=103753) _update_individual_port_db_status /opt/stack/neutron/neutron/plugins/ml2/plugin.py:2232}}
Mar 07 03:32:00.464169 dv-neutron-825073-13-hyperv neutron-server[103753]: DEBUG neutron.db.db_base_plugin_common [None req-698ff7f1-38cc-4d25-9b61-7559b625a7e8 None None] Allocated IP 172.20.0.2 (491218b9-ae5d-4912-a2fc-cbbe93af4143/3ea7f72f-07f9-4417-9488-32dc8fa37a62/f56e8806-1df3-4482-84c2-4acc3a46a21e) {{(pid=103753) _store_ip_allocation /opt/stack/neutron/neutron/db/db_base_plugin_common.py:131}}
Mar 07 03:32:00.483836 dv-neutron-825073-13-hyperv neutron-server[103753]: DEBUG neutron.db.provisioning_blocks [None req-9eda61d2-5134-4113-ac0e-b22e0d427915 None None] Provisioning complete for port 462763dc-6ffe-4a4f-9d96-e56c5f6666b5 triggered by entity DHCP. {{(pid=103753) provisioning_complete /opt/stack/neutron/neutron/db/provisioning_blocks.py:140}}
Mar 07 03:32:00.484219 dv-neutron-825073-13-hyperv neutron-server[103753]: DEBUG neutron_lib.callbacks.manager [None req-9eda61d2-5134-4113-ac0e-b22e0d427915 None None] Publish callbacks ['neutron.plugins.ml2.plugin.Ml2Plugin._port_provisioned-267716840'] for port (462763dc-6ffe-4a4f-9d96-e56c5f6666b5), provisioning_complete {{(pid=103753) _notify_loop /usr/local/lib/python3.8/dist-packages/neutron_lib/callbacks/manager.py:176}}
Mar 07 03:32:00.493103 dv-neutron-825073-13-hyperv neutron-server[103752]: DEBUG neutron.notifiers.nova [None req-92b4c222-46d2-40c0-8b6b-cffb6b7dec52 tempest-DHCPAgentSchedulersTestJSON-999694 tempest-DHCPAgentSchedulersTestJSON-999694-project] device_id is not set on port 0be5876a-4fcc-4a0e-a14f-8131c33e03c8 yet. {{(pid=103752) _can_notify /opt/stack/neutron/neutron/notifiers/nova.py:199}}
Mar 07 03:32:00.516185 dv-neutron-825073-13-hyperv neutron-server[103752]: DEBUG neutron_lib.callbacks.manager [None req-720e3c30-28b6-4359-a241-c436def32682 admin admin] Publish callbacks [] for security_group (19849d57-c510-44e4-b8b6-44c89a40c15b), precommit_create {{(pid=103752) _notify_loop /usr/local/lib/python3.8/dist-packages/neutron_lib/callbacks/manager.py:176}}
Mar 07 03:32:00.561335 dv-neutron-825073-13-hyperv neutron-server[103751]: DEBUG neutron_lib.callbacks.manager [None req-24facc07-51b0-4739-a069-d251926f7dad admin admin] Publish callbacks [] for port (462763dc-6ffe-4a4f-9d96-e56c5f6666b5), precommit_update {{(pid=103751) _notify_loop /usr/local/lib/python3.8/dist-packages/neutron_lib/callbacks/manager.py:176}}
Mar 07 03:32:00.574607 dv-neutron-825073-13-hyperv neutron-server[103751]: DEBUG neutron_lib.callbacks.manager [None req-24facc07-51b0-4739-a069-d251926f7dad admin admin] Publish callbacks ['neutron.plugins.ml2.plugin.SecurityGroupServerNotifierRpcMixin._notify_sg_on_port_change-267859088', 'neutron.plugins.ml2.ovo_rpc._ObjectChangeHandler.handle_event-122940', 'neutron.api.rpc.agentnotifiers.dhcp_rpc_agent_api.DhcpAgentNotifyAPI._native_event_send_dhcp_notification-267890437', 'neutron.db.l3_db.L3RpcNotifierMixin._notify_gateway_port_ip_changed-8726433897912', 'neutron.db.l3_dvrscheduler_db._notify_l3_agent_port_update-8726433457062', 'neutron.db.l3_hascheduler_db._notify_l3_agent_ha_port_update-8726433457080'] for port (462763dc-6ffe-4a4f-9d96-e56c5f6666b5), after_update {{(pid=103751) _notify_loop /usr/local/lib/python3.8/dist-packages/neutron_lib/callbacks/manager.py:176}}
Mar 07 03:32:00.575324 dv-neutron-825073-13-hyperv neutron-server[103751]: DEBUG neutron_lib.callbacks.manager [None req-24facc07-51b0-4739-a069-d251926f7dad admin admin] Publish callbacks ['neutron.api.rpc.agentnotifiers.dhcp_rpc_agent_api.DhcpAgentNotifyAPI._after_router_interface_created-267890547', 'neutron.services.l3_router.l3_router_plugin.DVRResourceOperationHandler._update_snat_v6_addrs_after_intf_update-640438'] for router_interface (c99a9e53-7999-4e7b-9d54-c23565e0fce6), after_create {{(pid=103751) _notify_loop /usr/local/lib/python3.8/dist-packages/neutron_lib/callbacks/manager.py:176}}
Mar 07 03:32:00.585002 dv-neutron-825073-13-hyperv neutron-server[103753]: DEBUG neutron.plugins.ml2.plugin [None req-9eda61d2-5134-4113-ac0e-b22e0d427915 None None] Port 462763dc-6ffe-4a4f-9d96-e56c5f6666b5 cannot update to ACTIVE because it is not bound. {{(pid=103753) _port_provisioned /opt/stack/neutron/neutron/plugins/ml2/plugin.py:343}}
Mar 07 03:32:00.592536 dv-neutron-825073-13-hyperv neutron-server[103752]: DEBUG neutron_lib.callbacks.manager [None req-720e3c30-28b6-4359-a241-c436def32682 admin admin] Publish callbacks ['neutron.plugins.ml2.ovo_rpc._ObjectChangeHandler.handle_event-739735'] for security_group (19849d57-c510-44e4-b8b6-44c89a40c15b), after_create {{(pid=103752) _notify_loop /usr/local/lib/python3.8/dist-packages/neutron_lib/callbacks/manager.py:176}}
Mar 07 03:32:00.641387 dv-neutron-825073-13-hyperv neutron-server[103753]: DEBUG neutron_lib.callbacks.manager [None req-12d9eb03-eece-41cc-88ca-7e69509a0522 None None] Publish callbacks [] for port (87f42c7d-3540-4fe3-8e4a-6cc0e276b368), precommit_create {{(pid=103753) _notify_loop /usr/local/lib/python3.8/dist-packages/neutron_lib/callbacks/manager.py:176}}
Mar 07 03:32:00.641872 dv-neutron-825073-13-hyperv neutron-server[103752]: DEBUG neutron_lib.callbacks.manager [None req-6c84ead5-d556-44b4-b135-6ea9252224fd tempest-BulkNetworkOpsIpV6Test-1570951735 tempest-BulkNetworkOpsIpV6Test-1570951735-project] Publish callbacks ['neutron.plugins.ml2.ovo_rpc._ObjectChangeHandler.handle_event-742777', 'neutron.api.rpc.agentnotifiers.dhcp_rpc_agent_api.DhcpAgentNotifyAPI._native_event_send_dhcp_notification-267890437'] for network (6b20f702-5395-4ebd-94c9-67ecfec0c1d5), after_create {{(pid=103752) _notify_loop /usr/local/lib/python3.8/dist-packages/neutron_lib/callbacks/manager.py:176}}
Mar 07 03:32:00.648076 dv-neutron-825073-13-hyperv neutron-server[103752]: DEBUG neutron.pecan_wsgi.hooks.policy_enforcement [None req-6c84ead5-d556-44b4-b135-6ea9252224fd tempest-BulkNetworkOpsIpV6Test-1570951735 tempest-BulkNetworkOpsIpV6Test-1570951735-project] Attributes excluded by policy engine: ['standard_attr_id', 'provider:network_type', 'provider:physical_network', 'provider:segmentation_id', 'vlan_transparent'] {{(pid=103752) _exclude_attributes_by_policy /opt/stack/neutron/neutron/pecan_wsgi/hooks/policy_enforcement.py:255}}
Mar 07 03:32:00.648893 dv-neutron-825073-13-hyperv neutron-server[103752]: DEBUG neutron_lib.callbacks.manager [None req-6c84ead5-d556-44b4-b135-6ea9252224fd tempest-BulkNetworkOpsIpV6Test-1570951735 tempest-BulkNetworkOpsIpV6Test-1570951735-project] Publish callbacks ['neutron.api.rpc.agentnotifiers.dhcp_rpc_agent_api.DhcpAgentNotifyAPI._send_dhcp_notification-267890455'] for network (None), before_response {{(pid=103752) _notify_loop /usr/local/lib/python3.8/dist-packages/neutron_lib/callbacks/manager.py:176}}
Mar 07 03:32:00.653838 dv-neutron-825073-13-hyperv neutron-server[103753]: DEBUG neutron_lib.callbacks.manager [None req-12d9eb03-eece-41cc-88ca-7e69509a0522 None None] Publish callbacks ['neutron.plugins.ml2.plugin.SecurityGroupServerNotifierRpcMixin._notify_sg_on_port_change-267859088', 'neutron.plugins.ml2.ovo_rpc._ObjectChangeHandler.handle_event-122940', 'neutron.api.rpc.agentnotifiers.dhcp_rpc_agent_api.DhcpAgentNotifyAPI._native_event_send_dhcp_notification-267890437', 'neutron.db.l3_dvrscheduler_db._notify_l3_agent_new_port-8726433457044'] for port (87f42c7d-3540-4fe3-8e4a-6cc0e276b368), after_create {{(pid=103753) _notify_loop /usr/local/lib/python3.8/dist-packages/neutron_lib/callbacks/manager.py:176}}
Mar 07 03:32:00.694827 dv-neutron-825073-13-hyperv neutron-server[103753]: DEBUG neutron.plugins.ml2.rpc [None req-de3fecf6-7082-443c-8b31-0b3da33723b7 None None] Device 8350b0d5-6667-4aa4-a8c4-e250b7a3a95e up at agent ovs-agent-dv-neutron-825073-13-hyperv {{(pid=103753) update_device_up /opt/stack/neutron/neutron/plugins/ml2/rpc.py:296}}
Mar 07 03:32:00.753407 dv-neutron-825073-13-hyperv neutron-server[103753]: DEBUG neutron.scheduler.dhcp_agent_scheduler [None req-12d9eb03-eece-41cc-88ca-7e69509a0522 None None] Network 76cb1afc-2708-43c1-a3e1-09c920d9d10f is already hosted by enough agents. {{(pid=103753) _get_dhcp_agents_hosting_network /opt/stack/neutron/neutron/scheduler/dhcp_agent_scheduler.py:275}}
Mar 07 03:32:00.765091 dv-neutron-825073-13-hyperv neutron-server[103753]: DEBUG neutron.scheduler.base_scheduler [None req-12d9eb03-eece-41cc-88ca-7e69509a0522 None None] Resources bound (agent type, host, resource id): {{(pid=103753) schedule /opt/stack/neutron/neutron/scheduler/base_scheduler.py:57}}
Mar 07 03:32:00.785061 dv-neutron-825073-13-hyperv neutron-server[103753]: DEBUG neutron.api.rpc.handlers.resources_rpc [None req-12d9eb03-eece-41cc-88ca-7e69509a0522 None None] Pushing event updated for resources: {'Port': ['ID=87f42c7d-3540-4fe3-8e4a-6cc0e276b368,revision_number=1']} {{(pid=103753) push /opt/stack/neutron/neutron/api/rpc/handlers/resources_rpc.py:237}}
Mar 07 03:32:00.788010 dv-neutron-825073-13-hyperv neutron-server[103753]: DEBUG neutron.db.l3_dvrscheduler_db [None req-12d9eb03-eece-41cc-88ca-7e69509a0522 None None] Received port after_create {{(pid=103753) _notify_l3_agent_new_port /opt/stack/neutron/neutron/db/l3_dvrscheduler_db.py:536}}
Mar 07 03:32:00.794205 dv-neutron-825073-13-hyperv neutron-server[103752]: INFO neutron.wsgi [None req-720e3c30-28b6-4359-a241-c436def32682 admin admin] 10.222.0.39 "GET /v2.0/security-groups?tenant_id=d99f12ef4d824ef99269d459b6cf6499&name=default HTTP/1.1" status: 200 len: 2995 time: 1.3015814
Mar 07 03:32:00.815635 dv-neutron-825073-13-hyperv neutron-server[103752]: DEBUG neutron.wsgi [-] (103752) accepted ('10.222.0.39', 46346) {{(pid=103752) server /usr/local/lib/python3.8/dist-packages/eventlet/wsgi.py:1004}}
Mar 07 03:32:00.817106 dv-neutron-825073-13-hyperv neutron-server[103751]: DEBUG neutron_lib.callbacks.manager [None req-8a0bde43-0f39-4cdb-ba61-380734eeb94d tempest-ExternalNetworksAdminNegativeTestJSON-171227669 tempest-ExternalNetworksAdminNegativeTestJSON-171227669-project-admin] Publish callbacks [] for port (0bb17503-dff5-4241-b6db-cc9a13b12361), precommit_update {{(pid=103751) _notify_loop /usr/local/lib/python3.8/dist-packages/neutron_lib/callbacks/manager.py:176}}
Mar 07 03:32:00.835715 dv-neutron-825073-13-hyperv neutron-server[103752]: DEBUG neutron.api.rpc.handlers.resources_rpc [None req-720e3c30-28b6-4359-a241-c436def32682 admin admin] Pushing event updated for resources: {'SecurityGroup': ['ID=19849d57-c510-44e4-b8b6-44c89a40c15b,revision_number=1']} {{(pid=103752) push /opt/stack/neutron/neutron/api/rpc/handlers/resources_rpc.py:237}}
Mar 07 03:32:00.845149 dv-neutron-825073-13-hyperv neutron-server[103751]: DEBUG neutron_lib.callbacks.manager [None req-8a0bde43-0f39-4cdb-ba61-380734eeb94d tempest-ExternalNetworksAdminNegativeTestJSON-171227669 tempest-ExternalNetworksAdminNegativeTestJSON-171227669-project-admin] Publish callbacks ['neutron.plugins.ml2.plugin.SecurityGroupServerNotifierRpcMixin._notify_sg_on_port_change-267859088', 'neutron.plugins.ml2.ovo_rpc._ObjectChangeHandler.handle_event-122940', 'neutron.api.rpc.agentnotifiers.dhcp_rpc_agent_api.DhcpAgentNotifyAPI._native_event_send_dhcp_notification-267890437', 'neutron.db.l3_db.L3RpcNotifierMixin._notify_gateway_port_ip_changed-8726433897912', 'neutron.db.l3_dvrscheduler_db._notify_l3_agent_port_update-8726433457062', 'neutron.db.l3_hascheduler_db._notify_l3_agent_ha_port_update-8726433457080'] for port (0bb17503-dff5-4241-b6db-cc9a13b12361), after_update {{(pid=103751) _notify_loop /usr/local/lib/python3.8/dist-packages/neutron_lib/callbacks/manager.py:176}}
Mar 07 03:32:00.845381 dv-neutron-825073-13-hyperv neutron-server[103753]: DEBUG neutron_lib.callbacks.manager [None req-698ff7f1-38cc-4d25-9b61-7559b625a7e8 None None] Publish callbacks [] for port (f56e8806-1df3-4482-84c2-4acc3a46a21e), precommit_create {{(pid=103753) _notify_loop /usr/local/lib/python3.8/dist-packages/neutron_lib/callbacks/manager.py:176}}
Mar 07 03:32:00.869646 dv-neutron-825073-13-hyperv neutron-server[103751]: DEBUG neutron.api.rpc.handlers.resources_rpc [None req-24facc07-51b0-4739-a069-d251926f7dad admin admin] Pushing event updated for resources: {'Port': ['ID=462763dc-6ffe-4a4f-9d96-e56c5f6666b5,revision_number=2']} {{(pid=103751) push /opt/stack/neutron/neutron/api/rpc/handlers/resources_rpc.py:237}}
Mar 07 03:32:00.882198 dv-neutron-825073-13-hyperv neutron-server[103753]: DEBUG neutron_lib.callbacks.manager [None req-698ff7f1-38cc-4d25-9b61-7559b625a7e8 None None] Publish callbacks ['neutron.plugins.ml2.plugin.SecurityGroupServerNotifierRpcMixin._notify_sg_on_port_change-267859088', 'neutron.plugins.ml2.ovo_rpc._ObjectChangeHandler.handle_event-122940', 'neutron.api.rpc.agentnotifiers.dhcp_rpc_agent_api.DhcpAgentNotifyAPI._native_event_send_dhcp_notification-267890437', 'neutron.db.l3_dvrscheduler_db._notify_l3_agent_new_port-8726433457044'] for port (f56e8806-1df3-4482-84c2-4acc3a46a21e), after_create {{(pid=103753) _notify_loop /usr/local/lib/python3.8/dist-packages/neutron_lib/callbacks/manager.py:176}}
Mar 07 03:32:00.893250 dv-neutron-825073-13-hyperv neutron-server[103752]: INFO neutron.wsgi [None req-6c84ead5-d556-44b4-b135-6ea9252224fd tempest-BulkNetworkOpsIpV6Test-1570951735 tempest-BulkNetworkOpsIpV6Test-1570951735-project] 10.222.0.39 "POST /v2.0/networks HTTP/1.1" status: 201 len: 789 time: 1.2877219
Mar 07 03:32:00.906841 dv-neutron-825073-13-hyperv neutron-server[103753]: DEBUG neutron.db.provisioning_blocks [None req-de3fecf6-7082-443c-8b31-0b3da33723b7 None None] Provisioning complete for port 8350b0d5-6667-4aa4-a8c4-e250b7a3a95e triggered by entity L2. {{(pid=103753) provisioning_complete /opt/stack/neutron/neutron/db/provisioning_blocks.py:140}}
Mar 07 03:32:00.907329 dv-neutron-825073-13-hyperv neutron-server[103753]: DEBUG neutron_lib.callbacks.manager [None req-de3fecf6-7082-443c-8b31-0b3da33723b7 None None] Publish callbacks ['neutron.plugins.ml2.plugin.Ml2Plugin._port_provisioned-267716840'] for port (8350b0d5-6667-4aa4-a8c4-e250b7a3a95e), provisioning_complete {{(pid=103753) _notify_loop /usr/local/lib/python3.8/dist-packages/neutron_lib/callbacks/manager.py:176}}
Mar 07 03:32:00.912429 dv-neutron-825073-13-hyperv neutron-server[103751]: DEBUG neutron.wsgi [-] (103751) accepted ('10.222.0.39', 46348) {{(pid=103751) server /usr/local/lib/python3.8/dist-packages/eventlet/wsgi.py:1004}}
Mar 07 03:32:00.913335 dv-neutron-825073-13-hyperv neutron-server[103753]: DEBUG neutron.plugins.ml2.managers [None req-12d9eb03-eece-41cc-88ca-7e69509a0522 None None] Attempting to bind port 87f42c7d-3540-4fe3-8e4a-6cc0e276b368 on host dv-neutron-825073-13-hyperv for vnic_type normal with profile {{(pid=103753) bind_port /opt/stack/neutron/neutron/plugins/ml2/managers.py:795}}
Mar 07 03:32:00.913776 dv-neutron-825073-13-hyperv neutron-server[103753]: DEBUG neutron.plugins.ml2.managers [None req-12d9eb03-eece-41cc-88ca-7e69509a0522 None None] Attempting to bind port 87f42c7d-3540-4fe3-8e4a-6cc0e276b368 by drivers openvswitch,hyperv on host dv-neutron-825073-13-hyperv at level 0 using segments [{'id': '62e0a292-6b21-4cfa-9b15-091b43ef4d34', 'network_type': 'vlan', 'physical_network': 'physnet1', 'segmentation_id': 109, 'network_id': '76cb1afc-2708-43c1-a3e1-09c920d9d10f'}] {{(pid=103753) _bind_port_level /opt/stack/neutron/neutron/plugins/ml2/managers.py:820}}
Mar 07 03:32:00.914217 dv-neutron-825073-13-hyperv neutron-server[103753]: DEBUG neutron.plugins.ml2.drivers.mech_agent [None req-12d9eb03-eece-41cc-88ca-7e69509a0522 None None] Attempting to bind port 87f42c7d-3540-4fe3-8e4a-6cc0e276b368 on network 76cb1afc-2708-43c1-a3e1-09c920d9d10f {{(pid=103753) bind_port /opt/stack/neutron/neutron/plugins/ml2/drivers/mech_agent.py:91}}
Mar 07 03:32:00.923257 dv-neutron-825073-13-hyperv neutron-server[103751]: DEBUG neutron.api.v2.base [None req-effd1d60-a3fd-400e-a440-9d1bbd0ed1ff tempest-BulkNetworkOpsIpV6Test-1570951735 tempest-BulkNetworkOpsIpV6Test-1570951735-project] Request body: {'ports': [{'network_id': 'afc83792-e3cd-4c82-b437-43c5b6615d1a', 'name': 'tempest-port--216188364', 'admin_state_up': True}, {'network_id': '6b20f702-5395-4ebd-94c9-67ecfec0c1d5', 'admin_state_up': False}]} {{(pid=103751) prepare_request_body /opt/stack/neutron/neutron/api/v2/base.py:729}}
Mar 07 03:32:00.923592 dv-neutron-825073-13-hyperv neutron-server[103751]: DEBUG neutron.api.v2.base [None req-effd1d60-a3fd-400e-a440-9d1bbd0ed1ff tempest-BulkNetworkOpsIpV6Test-1570951735 tempest-BulkNetworkOpsIpV6Test-1570951735-project] Request body: {'port': {'network_id': 'afc83792-e3cd-4c82-b437-43c5b6615d1a', 'name': 'tempest-port--216188364', 'admin_state_up': True}} {{(pid=103751) prepare_request_body /opt/stack/neutron/neutron/api/v2/base.py:729}}
Mar 07 03:32:00.924273 dv-neutron-825073-13-hyperv neutron-server[103751]: DEBUG neutron.api.v2.base [None req-effd1d60-a3fd-400e-a440-9d1bbd0ed1ff tempest-BulkNetworkOpsIpV6Test-1570951735 tempest-BulkNetworkOpsIpV6Test-1570951735-project] Request body: {'port': {'network_id': '6b20f702-5395-4ebd-94c9-67ecfec0c1d5', 'admin_state_up': False}} {{(pid=103751) prepare_request_body /opt/stack/neutron/neutron/api/v2/base.py:729}}
Mar 07 03:32:00.945940 dv-neutron-825073-13-hyperv neutron-server[103752]: DEBUG neutron.api.rpc.handlers.resources_rpc [None req-6c84ead5-d556-44b4-b135-6ea9252224fd tempest-BulkNetworkOpsIpV6Test-1570951735 tempest-BulkNetworkOpsIpV6Test-1570951735-project] Pushing event updated for resources: {'Network': ['ID=6b20f702-5395-4ebd-94c9-67ecfec0c1d5,revision_number=1']} {{(pid=103752) push /opt/stack/neutron/neutron/api/rpc/handlers/resources_rpc.py:237}}
Mar 07 03:32:00.968459 dv-neutron-825073-13-hyperv neutron-server[103753]: DEBUG neutron.plugins.ml2.drivers.mech_agent [None req-12d9eb03-eece-41cc-88ca-7e69509a0522 None None] Checking agent: {'id': 'd06bfa4b-025f-45a1-adf9-9d0199949de0', 'agent_type': 'Open vSwitch agent', 'binary': 'neutron-openvswitch-agent', 'topic': 'N/A', 'host': 'dv-neutron-825073-13-hyperv', 'admin_state_up': True, 'created_at': datetime.datetime(2022, 3, 7, 3, 24, 23), 'started_at': datetime.datetime(2022, 3, 7, 3, 24, 53), 'heartbeat_timestamp': datetime.datetime(2022, 3, 7, 3, 31, 53), 'description': None, 'resources_synced': None, 'availability_zone': None, 'alive': True, 'configurations': {'arp_responder_enabled': False, 'baremetal_smartnic': False, 'bridge_mappings': {'physnet1': 'br-data'}, 'datapath_type': 'system', 'devices': 0, 'enable_distributed_routing': False, 'extensions': [], 'in_distributed_mode': False, 'integration_bridge': 'br-int', 'l2_population': False, 'log_agent_heartbeats': False, 'ovs_capabilities': {'datapath_types': ['netdev', 'system'], 'iface_types': ['erspan', 'geneve', 'gre', 'internal', 'ip6erspan', 'ip6gre', 'lisp', 'patch', 'stt', 'system', 'tap', 'vxlan']}, 'ovs_hybrid_plug': False, 'resource_provider_bandwidths': {}, 'resource_provider_hypervisors': {'br-data': 'dv-neutron-825073-13-hyperv'}, 'resource_provider_inventory_defaults': {'allocation_ratio': 1.0, 'min_unit': 1, 'step_size': 1, 'reserved': 0}, 'resource_provider_packet_processing_inventory_defaults': {'allocation_ratio': 1.0, 'min_unit': 1, 'step_size': 1, 'reserved': 0}, 'resource_provider_packet_processing_with_direction': {}, 'resource_provider_packet_processing_without_direction': {}, 'tunnel_types': [], 'tunneling_ip': None, 'vhostuser_socket_dir': '/var/run/openvswitch'}, 'resource_versions': {'AddressGroup': '1.2', 'ConntrackHelper': '1.0', 'LocalIPAssociation': '1.0', 'Log': '1.0', 'Network': '1.1', 'Port': '1.7', 'PortForwarding': '1.2', 'QosPolicy': '1.10', 'SecurityGroup': '1.5', 'SecurityGroupRule': '1.2', 'SubPort': '1.0', 'Subnet': '1.1', 'Trunk': '1.1'}} {{(pid=103753) bind_port /opt/stack/neutron/neutron/plugins/ml2/drivers/mech_agent.py:110}}
Mar 07 03:32:00.968952 dv-neutron-825073-13-hyperv neutron-server[103753]: DEBUG neutron.plugins.ml2.drivers.mech_agent [None req-12d9eb03-eece-41cc-88ca-7e69509a0522 None None] Checking segment: {'id': '62e0a292-6b21-4cfa-9b15-091b43ef4d34', 'network_type': 'vlan', 'physical_network': 'physnet1', 'segmentation_id': 109, 'network_id': '76cb1afc-2708-43c1-a3e1-09c920d9d10f'} for mappings: {'physnet1': 'br-data'} with network types: ['local', 'flat', 'vlan'] {{(pid=103753) check_segment_for_agent /opt/stack/neutron/neutron/plugins/ml2/drivers/mech_agent.py:373}}
Mar 07 03:32:00.969440 dv-neutron-825073-13-hyperv neutron-server[103753]: DEBUG neutron_lib.callbacks.manager [None req-12d9eb03-eece-41cc-88ca-7e69509a0522 None None] Publish callbacks [] for ovs_bridge_name (None), before_read {{(pid=103753) _notify_loop /usr/local/lib/python3.8/dist-packages/neutron_lib/callbacks/manager.py:176}}
Mar 07 03:32:00.969920 dv-neutron-825073-13-hyperv neutron-server[103753]: DEBUG neutron.plugins.ml2.drivers.mech_agent [None req-12d9eb03-eece-41cc-88ca-7e69509a0522 None None] Bound using segment: {'id': '62e0a292-6b21-4cfa-9b15-091b43ef4d34', 'network_type': 'vlan', 'physical_network': 'physnet1', 'segmentation_id': 109, 'network_id': '76cb1afc-2708-43c1-a3e1-09c920d9d10f'} {{(pid=103753) bind_port /opt/stack/neutron/neutron/plugins/ml2/drivers/mech_agent.py:120}}
Mar 07 03:32:00.970465 dv-neutron-825073-13-hyperv neutron-server[103753]: DEBUG neutron.plugins.ml2.managers [None req-12d9eb03-eece-41cc-88ca-7e69509a0522 None None] Bound port: 87f42c7d-3540-4fe3-8e4a-6cc0e276b368, host: dv-neutron-825073-13-hyperv, vif_type: ovs, vif_details: {"connectivity": "l2", "port_filter": true, "ovs_hybrid_plug": false, "datapath_type": "system", "bridge_name": "br-int"}, binding_levels: [{'bound_driver': 'openvswitch', 'bound_segment': {'id': '62e0a292-6b21-4cfa-9b15-091b43ef4d34', 'network_type': 'vlan', 'physical_network': 'physnet1', 'segmentation_id': 109, 'network_id': '76cb1afc-2708-43c1-a3e1-09c920d9d10f'}}] {{(pid=103753) _bind_port_level /opt/stack/neutron/neutron/plugins/ml2/managers.py:932}}
Mar 07 03:32:00.971402 dv-neutron-825073-13-hyperv neutron-server[103753]: DEBUG neutron_lib.callbacks.manager [None req-12d9eb03-eece-41cc-88ca-7e69509a0522 None None] Publish callbacks ['neutron.plugins.ml2.plugin.SecurityGroupDbMixin._ensure_default_security_group_handler-267859167'] for port (87f42c7d-3540-4fe3-8e4a-6cc0e276b368), before_update {{(pid=103753) _notify_loop /usr/local/lib/python3.8/dist-packages/neutron_lib/callbacks/manager.py:176}}
Mar 07 03:32:00.974698 dv-neutron-825073-13-hyperv neutron-server[103753]: DEBUG neutron.scheduler.dhcp_agent_scheduler [None req-698ff7f1-38cc-4d25-9b61-7559b625a7e8 None None] Network 491218b9-ae5d-4912-a2fc-cbbe93af4143 is already hosted by enough agents. {{(pid=103753) _get_dhcp_agents_hosting_network /opt/stack/neutron/neutron/scheduler/dhcp_agent_scheduler.py:275}}
Mar 07 03:32:00.979782 dv-neutron-825073-13-hyperv neutron-server[103751]: DEBUG neutron.db.db_base_plugin_common [None req-6b6991df-d5ab-4d00-9f32-b651c82b86a9 tempest-NetworksTestDHCPv6-1554354710 tempest-NetworksTestDHCPv6-1554354710-project] Allocated IP 2001:db8::34d (76cb1afc-2708-43c1-a3e1-09c920d9d10f/3ac64674-fdee-48ca-9547-a85da3c07d9a/1053c12f-2b09-4eea-826b-9600232369bd) {{(pid=103751) _store_ip_allocation /opt/stack/neutron/neutron/db/db_base_plugin_common.py:131}}
Mar 07 03:32:00.984586 dv-neutron-825073-13-hyperv neutron-server[103751]: DEBUG neutron_lib.callbacks.manager [None req-8a0bde43-0f39-4cdb-ba61-380734eeb94d tempest-ExternalNetworksAdminNegativeTestJSON-171227669 tempest-ExternalNetworksAdminNegativeTestJSON-171227669-project-admin] Publish callbacks ['neutron.services.l3_router.l3_router_plugin.DVRResourceOperationHandler._create_dvr_floating_gw_port-640341'] for floatingip (a7fdf477-db6b-42ce-b936-cfe05f250e21), after_create {{(pid=103751) _notify_loop /usr/local/lib/python3.8/dist-packages/neutron_lib/callbacks/manager.py:176}}
Mar 07 03:32:00.985016 dv-neutron-825073-13-hyperv neutron-server[103753]: DEBUG neutron.plugins.ml2.rpc [None req-de3fecf6-7082-443c-8b31-0b3da33723b7 None None] Network 6b20f702-5395-4ebd-94c9-67ecfec0c1d5 details requested by agent ovs-agent-dv-neutron-825073-13-hyperv with host dv-neutron-825073-13-hyperv {{(pid=103753) get_network_details /opt/stack/neutron/neutron/plugins/ml2/rpc.py:248}}
Mar 07 03:32:00.996534 dv-neutron-825073-13-hyperv neutron-server[103751]: DEBUG neutron.scheduler.l3_agent_scheduler [None req-9a13f1eb-2f00-40b4-9c1d-4403ffa1f07b admin admin] Router c531880f-3475-48cd-8ffa-548e56bb9aa3 is scheduled to L3 agent 7a3a5b31-26e2-4207-ae9f-f53fd779fa44 with binding_index 1 {{(pid=103751) bind_router /opt/stack/neutron/neutron/scheduler/l3_agent_scheduler.py:209}}
Mar 07 03:32:00.999733 dv-neutron-825073-13-hyperv neutron-server[103753]: DEBUG neutron.scheduler.base_scheduler [None req-698ff7f1-38cc-4d25-9b61-7559b625a7e8 None None] Resources bound (agent type, host, resource id): {{(pid=103753) schedule /opt/stack/neutron/neutron/scheduler/base_scheduler.py:57}}
Mar 07 03:32:01.018020 dv-neutron-825073-13-hyperv neutron-server[103753]: DEBUG neutron.db.l3_dvrscheduler_db [None req-698ff7f1-38cc-4d25-9b61-7559b625a7e8 None None] Received port after_create {{(pid=103753) _notify_l3_agent_new_port /opt/stack/neutron/neutron/db/l3_dvrscheduler_db.py:536}}
Mar 07 03:32:01.020073 dv-neutron-825073-13-hyperv neutron-server[103753]: DEBUG neutron.api.rpc.handlers.resources_rpc [None req-698ff7f1-38cc-4d25-9b61-7559b625a7e8 None None] Pushing event updated for resources: {'Port': ['ID=f56e8806-1df3-4482-84c2-4acc3a46a21e,revision_number=1']} {{(pid=103753) push /opt/stack/neutron/neutron/api/rpc/handlers/resources_rpc.py:237}}
Mar 07 03:32:01.092439 dv-neutron-825073-13-hyperv neutron-server[103751]: DEBUG neutron.api.rpc.handlers.resources_rpc [None req-8a0bde43-0f39-4cdb-ba61-380734eeb94d tempest-ExternalNetworksAdminNegativeTestJSON-171227669 tempest-ExternalNetworksAdminNegativeTestJSON-171227669-project-admin] Pushing event updated for resources: {'Port': ['ID=0bb17503-dff5-4241-b6db-cc9a13b12361,revision_number=2']} {{(pid=103751) push /opt/stack/neutron/neutron/api/rpc/handlers/resources_rpc.py:237}}
Mar 07 03:32:01.114503 dv-neutron-825073-13-hyperv neutron-server[103752]: DEBUG neutron.db.db_base_plugin_common [None req-92b4c222-46d2-40c0-8b6b-cffb6b7dec52 tempest-DHCPAgentSchedulersTestJSON-999694 tempest-DHCPAgentSchedulersTestJSON-999694-project] Allocated IP 172.20.0.12 (491218b9-ae5d-4912-a2fc-cbbe93af4143/3ea7f72f-07f9-4417-9488-32dc8fa37a62/0be5876a-4fcc-4a0e-a14f-8131c33e03c8) {{(pid=103752) _store_ip_allocation /opt/stack/neutron/neutron/db/db_base_plugin_common.py:131}}
Mar 07 03:32:01.118600 dv-neutron-825073-13-hyperv neutron-server[103751]: DEBUG neutron_lib.callbacks.manager [None req-8a0bde43-0f39-4cdb-ba61-380734eeb94d tempest-ExternalNetworksAdminNegativeTestJSON-171227669 tempest-ExternalNetworksAdminNegativeTestJSON-171227669-project-admin] Publish callbacks ['neutron.notifiers.nova.Notifier._send_nova_notification-123875'] for floatingip (None), before_response {{(pid=103751) _notify_loop /usr/local/lib/python3.8/dist-packages/neutron_lib/callbacks/manager.py:176}}
Mar 07 03:32:01.123225 dv-neutron-825073-13-hyperv neutron-server[103751]: INFO neutron.wsgi [None req-8a0bde43-0f39-4cdb-ba61-380734eeb94d tempest-ExternalNetworksAdminNegativeTestJSON-171227669 tempest-ExternalNetworksAdminNegativeTestJSON-171227669-project-admin] 10.222.0.39 "POST /v2.0/floatingips HTTP/1.1" status: 201 len: 693 time: 6.0233359
Mar 07 03:32:01.124198 dv-neutron-825073-13-hyperv neutron-server[103751]: DEBUG neutron.wsgi [-] (103751) accepted ('10.222.0.39', 46350) {{(pid=103751) server /usr/local/lib/python3.8/dist-packages/eventlet/wsgi.py:1004}}
Mar 07 03:32:01.135818 dv-neutron-825073-13-hyperv neutron-server[103751]: DEBUG neutron.api.v2.base [None req-2b190e40-a0a7-4e82-9374-be761e57668c tempest-ExternalNetworksAdminNegativeTestJSON-171227669 tempest-ExternalNetworksAdminNegativeTestJSON-171227669-project-admin] Request body: {'port': {'name': 'tempest-ExternalNetworksAdminNegativeTestJSON-1076132487', 'network_id': 'fddc10a6-f7ae-41b0-b11a-2f922d96b3ab', 'fixed_ips': [{'ip_address': '172.26.8.197'}]}} {{(pid=103751) prepare_request_body /opt/stack/neutron/neutron/api/v2/base.py:729}}
Mar 07 03:32:01.136036 dv-neutron-825073-13-hyperv neutron-server[103752]: DEBUG neutron_lib.callbacks.manager [None req-670f168e-f2ad-4a33-aa16-6a1758435280 admin admin] Publish callbacks [] for security_group (19849d57-c510-44e4-b8b6-44c89a40c15b), before_delete {{(pid=103752) _notify_loop /usr/local/lib/python3.8/dist-packages/neutron_lib/callbacks/manager.py:176}}
Mar 07 03:32:01.137706 dv-neutron-825073-13-hyperv neutron-server[103752]: DEBUG neutron_lib.callbacks.manager [None req-93c8cfd4-1cc3-4915-bfa3-5b34d1e2e16a admin admin] Publish callbacks [] for router_gateway (acebccc7-48eb-4f1a-b463-3be7f865b9fd), after_create {{(pid=103752) _notify_loop /usr/local/lib/python3.8/dist-packages/neutron_lib/callbacks/manager.py:176}}
Mar 07 03:32:01.171647 dv-neutron-825073-13-hyperv neutron-server[103751]: DEBUG neutron.scheduler.dhcp_agent_scheduler [None req-24facc07-51b0-4739-a069-d251926f7dad admin admin] Network c3c96695-6728-49c3-b596-4987d251b324 is already hosted by enough agents. {{(pid=103751) _get_dhcp_agents_hosting_network /opt/stack/neutron/neutron/scheduler/dhcp_agent_scheduler.py:275}}
Mar 07 03:32:01.206932 dv-neutron-825073-13-hyperv neutron-server[103753]: DEBUG neutron.plugins.ml2.managers [None req-698ff7f1-38cc-4d25-9b61-7559b625a7e8 None None] Attempting to bind port f56e8806-1df3-4482-84c2-4acc3a46a21e on host dv-neutron-825073-13-hyperv for vnic_type normal with profile {{(pid=103753) bind_port /opt/stack/neutron/neutron/plugins/ml2/managers.py:795}}
Mar 07 03:32:01.207245 dv-neutron-825073-13-hyperv neutron-server[103753]: DEBUG neutron.plugins.ml2.managers [None req-698ff7f1-38cc-4d25-9b61-7559b625a7e8 None None] Attempting to bind port f56e8806-1df3-4482-84c2-4acc3a46a21e by drivers openvswitch,hyperv on host dv-neutron-825073-13-hyperv at level 0 using segments [{'id': '5fb95a9e-c738-45c9-a449-d4dbbacf8db7', 'network_type': 'vlan', 'physical_network': 'physnet1', 'segmentation_id': 138, 'network_id': '491218b9-ae5d-4912-a2fc-cbbe93af4143'}] {{(pid=103753) _bind_port_level /opt/stack/neutron/neutron/plugins/ml2/managers.py:820}}
Mar 07 03:32:01.207823 dv-neutron-825073-13-hyperv neutron-server[103753]: DEBUG neutron.plugins.ml2.drivers.mech_agent [None req-698ff7f1-38cc-4d25-9b61-7559b625a7e8 None None] Attempting to bind port f56e8806-1df3-4482-84c2-4acc3a46a21e on network 491218b9-ae5d-4912-a2fc-cbbe93af4143 {{(pid=103753) bind_port /opt/stack/neutron/neutron/plugins/ml2/drivers/mech_agent.py:91}}
Mar 07 03:32:01.223329 dv-neutron-825073-13-hyperv neutron-server[103753]: DEBUG neutron.plugins.ml2.db [None req-12d9eb03-eece-41cc-88ca-7e69509a0522 None None] For port 87f42c7d-3540-4fe3-8e4a-6cc0e276b368, host dv-neutron-825073-13-hyperv, cleared binding levels {{(pid=103753) clear_binding_levels /opt/stack/neutron/neutron/plugins/ml2/db.py:87}}
Mar 07 03:32:01.227300 dv-neutron-825073-13-hyperv neutron-server[103753]: DEBUG neutron.plugins.ml2.drivers.mech_agent [None req-698ff7f1-38cc-4d25-9b61-7559b625a7e8 None None] Checking agent: {'id': 'd06bfa4b-025f-45a1-adf9-9d0199949de0', 'agent_type': 'Open vSwitch agent', 'binary': 'neutron-openvswitch-agent', 'topic': 'N/A', 'host': 'dv-neutron-825073-13-hyperv', 'admin_state_up': True, 'created_at': datetime.datetime(2022, 3, 7, 3, 24, 23), 'started_at': datetime.datetime(2022, 3, 7, 3, 24, 53), 'heartbeat_timestamp': datetime.datetime(2022, 3, 7, 3, 31, 53), 'description': None, 'resources_synced': None, 'availability_zone': None, 'alive': True, 'configurations': {'arp_responder_enabled': False, 'baremetal_smartnic': False, 'bridge_mappings': {'physnet1': 'br-data'}, 'datapath_type': 'system', 'devices': 0, 'enable_distributed_routing': False, 'extensions': [], 'in_distributed_mode': False, 'integration_bridge': 'br-int', 'l2_population': False, 'log_agent_heartbeats': False, 'ovs_capabilities': {'datapath_types': ['netdev', 'system'], 'iface_types': ['erspan', 'geneve', 'gre', 'internal', 'ip6erspan', 'ip6gre', 'lisp', 'patch', 'stt', 'system', 'tap', 'vxlan']}, 'ovs_hybrid_plug': False, 'resource_provider_bandwidths': {}, 'resource_provider_hypervisors': {'br-data': 'dv-neutron-825073-13-hyperv'}, 'resource_provider_inventory_defaults': {'allocation_ratio': 1.0, 'min_unit': 1, 'step_size': 1, 'reserved': 0}, 'resource_provider_packet_processing_inventory_defaults': {'allocation_ratio': 1.0, 'min_unit': 1, 'step_size': 1, 'reserved': 0}, 'resource_provider_packet_processing_with_direction': {}, 'resource_provider_packet_processing_without_direction': {}, 'tunnel_types': [], 'tunneling_ip': None, 'vhostuser_socket_dir': '/var/run/openvswitch'}, 'resource_versions': {'AddressGroup': '1.2', 'ConntrackHelper': '1.0', 'LocalIPAssociation': '1.0', 'Log': '1.0', 'Network': '1.1', 'Port': '1.7', 'PortForwarding': '1.2', 'QosPolicy': '1.10', 'SecurityGroup': '1.5', 'SecurityGroupRule': '1.2', 'SubPort': '1.0', 'Subnet': '1.1', 'Trunk': '1.1'}} {{(pid=103753) bind_port /opt/stack/neutron/neutron/plugins/ml2/drivers/mech_agent.py:110}}
Mar 07 03:32:01.227724 dv-neutron-825073-13-hyperv neutron-server[103753]: DEBUG neutron.plugins.ml2.drivers.mech_agent [None req-698ff7f1-38cc-4d25-9b61-7559b625a7e8 None None] Checking segment: {'id': '5fb95a9e-c738-45c9-a449-d4dbbacf8db7', 'network_type': 'vlan', 'physical_network': 'physnet1', 'segmentation_id': 138, 'network_id': '491218b9-ae5d-4912-a2fc-cbbe93af4143'} for mappings: {'physnet1': 'br-data'} with network types: ['local', 'flat', 'vlan'] {{(pid=103753) check_segment_for_agent /opt/stack/neutron/neutron/plugins/ml2/drivers/mech_agent.py:373}}
Mar 07 03:32:01.228138 dv-neutron-825073-13-hyperv neutron-server[103753]: DEBUG neutron_lib.callbacks.manager [None req-698ff7f1-38cc-4d25-9b61-7559b625a7e8 None None] Publish callbacks [] for ovs_bridge_name (None), before_read {{(pid=103753) _notify_loop /usr/local/lib/python3.8/dist-packages/neutron_lib/callbacks/manager.py:176}}
Mar 07 03:32:01.228541 dv-neutron-825073-13-hyperv neutron-server[103753]: DEBUG neutron.plugins.ml2.drivers.mech_agent [None req-698ff7f1-38cc-4d25-9b61-7559b625a7e8 None None] Bound using segment: {'id': '5fb95a9e-c738-45c9-a449-d4dbbacf8db7', 'network_type': 'vlan', 'physical_network': 'physnet1', 'segmentation_id': 138, 'network_id': '491218b9-ae5d-4912-a2fc-cbbe93af4143'} {{(pid=103753) bind_port /opt/stack/neutron/neutron/plugins/ml2/drivers/mech_agent.py:120}}
Mar 07 03:32:01.229036 dv-neutron-825073-13-hyperv neutron-server[103753]: DEBUG neutron.plugins.ml2.managers [None req-698ff7f1-38cc-4d25-9b61-7559b625a7e8 None None] Bound port: f56e8806-1df3-4482-84c2-4acc3a46a21e, host: dv-neutron-825073-13-hyperv, vif_type: ovs, vif_details: {"connectivity": "l2", "port_filter": true, "ovs_hybrid_plug": false, "datapath_type": "system", "bridge_name": "br-int"}, binding_levels: [{'bound_driver': 'openvswitch', 'bound_segment': {'id': '5fb95a9e-c738-45c9-a449-d4dbbacf8db7', 'network_type': 'vlan', 'physical_network': 'physnet1', 'segmentation_id': 138, 'network_id': '491218b9-ae5d-4912-a2fc-cbbe93af4143'}}] {{(pid=103753) _bind_port_level /opt/stack/neutron/neutron/plugins/ml2/managers.py:932}}
Mar 07 03:32:01.229419 dv-neutron-825073-13-hyperv neutron-server[103753]: DEBUG neutron_lib.callbacks.manager [None req-698ff7f1-38cc-4d25-9b61-7559b625a7e8 None None] Publish callbacks ['neutron.plugins.ml2.plugin.SecurityGroupDbMixin._ensure_default_security_group_handler-267859167'] for port (f56e8806-1df3-4482-84c2-4acc3a46a21e), before_update {{(pid=103753) _notify_loop /usr/local/lib/python3.8/dist-packages/neutron_lib/callbacks/manager.py:176}}
Mar 07 03:32:01.237015 dv-neutron-825073-13-hyperv neutron-server[103751]: DEBUG neutron.scheduler.base_scheduler [None req-24facc07-51b0-4739-a069-d251926f7dad admin admin] Resources bound (agent type, host, resource id): {{(pid=103751) schedule /opt/stack/neutron/neutron/scheduler/base_scheduler.py:57}}
Mar 07 03:32:01.250362 dv-neutron-825073-13-hyperv neutron-server[103753]: DEBUG neutron.plugins.ml2.plugin [None req-de3fecf6-7082-443c-8b31-0b3da33723b7 None None] Current status of the port 8350b0d5-6667-4aa4-a8c4-e250b7a3a95e is: ACTIVE; New status is: ACTIVE {{(pid=103753) _update_individual_port_db_status /opt/stack/neutron/neutron/plugins/ml2/plugin.py:2232}}
Mar 07 03:32:01.251530 dv-neutron-825073-13-hyperv neutron-server[103753]: DEBUG neutron.plugins.ml2.rpc [None req-de3fecf6-7082-443c-8b31-0b3da33723b7 None None] Device eec788d1-cfd7-4e5c-be75-de799bb6ac3f up at agent ovs-agent-dv-neutron-825073-13-hyperv {{(pid=103753) update_device_up /opt/stack/neutron/neutron/plugins/ml2/rpc.py:296}}
Mar 07 03:32:01.255184 dv-neutron-825073-13-hyperv neutron-server[103753]: DEBUG neutron.plugins.ml2.db [None req-12d9eb03-eece-41cc-88ca-7e69509a0522 None None] For port 87f42c7d-3540-4fe3-8e4a-6cc0e276b368, host dv-neutron-825073-13-hyperv, set binding levels [PortBindingLevel(driver='openvswitch',host='dv-neutron-825073-13-hyperv',level=0,port_id=87f42c7d-3540-4fe3-8e4a-6cc0e276b368,segment=NetworkSegment(62e0a292-6b21-4cfa-9b15-091b43ef4d34),segment_id=62e0a292-6b21-4cfa-9b15-091b43ef4d34)] {{(pid=103753) set_binding_levels /opt/stack/neutron/neutron/plugins/ml2/db.py:59}}
Mar 07 03:32:01.258145 dv-neutron-825073-13-hyperv neutron-server[103752]: DEBUG neutron_lib.callbacks.manager [None req-670f168e-f2ad-4a33-aa16-6a1758435280 admin admin] Publish callbacks [] for security_group (19849d57-c510-44e4-b8b6-44c89a40c15b), precommit_delete {{(pid=103752) _notify_loop /usr/local/lib/python3.8/dist-packages/neutron_lib/callbacks/manager.py:176}}
Mar 07 03:32:01.284404 dv-neutron-825073-13-hyperv neutron-server[103753]: DEBUG neutron_lib.callbacks.manager [None req-12d9eb03-eece-41cc-88ca-7e69509a0522 None None] Publish callbacks ['neutron.plugins.ml2.plugin.SecurityGroupServerNotifierRpcMixin._notify_sg_on_port_change-267859088', 'neutron.plugins.ml2.ovo_rpc._ObjectChangeHandler.handle_event-122940', 'neutron.api.rpc.agentnotifiers.dhcp_rpc_agent_api.DhcpAgentNotifyAPI._native_event_send_dhcp_notification-267890437', 'neutron.db.l3_db.L3RpcNotifierMixin._notify_gateway_port_ip_changed-8726433897912', 'neutron.db.l3_dvrscheduler_db._notify_l3_agent_port_update-8726433457062', 'neutron.db.l3_hascheduler_db._notify_l3_agent_ha_port_update-8726433457080'] for port (87f42c7d-3540-4fe3-8e4a-6cc0e276b368), after_update {{(pid=103753) _notify_loop /usr/local/lib/python3.8/dist-packages/neutron_lib/callbacks/manager.py:176}}
Mar 07 03:32:01.450838 dv-neutron-825073-13-hyperv neutron-server[103751]: DEBUG neutron.api.rpc.agentnotifiers.l3_rpc_agent_api [None req-9a13f1eb-2f00-40b4-9c1d-4403ffa1f07b admin admin] Notify agent at l3_agent.dv-neutron-825073-13-hyperv the message routers_updated {{(pid=103751) _agent_notification /opt/stack/neutron/neutron/api/rpc/agentnotifiers/l3_rpc_agent_api.py:65}}
Mar 07 03:32:01.475121 dv-neutron-825073-13-hyperv neutron-server[103753]: DEBUG neutron.api.rpc.handlers.l3_rpc [None req-7701eea7-25bd-4a35-9705-519539901915 None None] Sync routers for ids ['c531880f-3475-48cd-8ffa-548e56bb9aa3'] in dv-neutron-825073-13-hyperv {{(pid=103753) sync_routers /opt/stack/neutron/neutron/api/rpc/handlers/l3_rpc.py:125}}
Mar 07 03:32:01.483326 dv-neutron-825073-13-hyperv neutron-server[103753]: DEBUG neutron.api.rpc.handlers.resources_rpc [None req-12d9eb03-eece-41cc-88ca-7e69509a0522 None None] Pushing event updated for resources: {'Port': ['ID=87f42c7d-3540-4fe3-8e4a-6cc0e276b368,revision_number=2']} {{(pid=103753) push /opt/stack/neutron/neutron/api/rpc/handlers/resources_rpc.py:237}}
Mar 07 03:32:01.492814 dv-neutron-825073-13-hyperv neutron-server[103753]: DEBUG neutron.plugins.ml2.db [None req-698ff7f1-38cc-4d25-9b61-7559b625a7e8 None None] For port f56e8806-1df3-4482-84c2-4acc3a46a21e, host dv-neutron-825073-13-hyperv, cleared binding levels {{(pid=103753) clear_binding_levels /opt/stack/neutron/neutron/plugins/ml2/db.py:87}}
Mar 07 03:32:01.500749 dv-neutron-825073-13-hyperv neutron-server[103753]: DEBUG neutron.plugins.ml2.db [None req-698ff7f1-38cc-4d25-9b61-7559b625a7e8 None None] For port f56e8806-1df3-4482-84c2-4acc3a46a21e, host dv-neutron-825073-13-hyperv, set binding levels [PortBindingLevel(driver='openvswitch',host='dv-neutron-825073-13-hyperv',level=0,port_id=f56e8806-1df3-4482-84c2-4acc3a46a21e,segment=NetworkSegment(5fb95a9e-c738-45c9-a449-d4dbbacf8db7),segment_id=5fb95a9e-c738-45c9-a449-d4dbbacf8db7)] {{(pid=103753) set_binding_levels /opt/stack/neutron/neutron/plugins/ml2/db.py:59}}
Mar 07 03:32:01.523554 dv-neutron-825073-13-hyperv neutron-server[103753]: DEBUG neutron_lib.callbacks.manager [None req-698ff7f1-38cc-4d25-9b61-7559b625a7e8 None None] Publish callbacks ['neutron.plugins.ml2.plugin.SecurityGroupServerNotifierRpcMixin._notify_sg_on_port_change-267859088', 'neutron.plugins.ml2.ovo_rpc._ObjectChangeHandler.handle_event-122940', 'neutron.api.rpc.agentnotifiers.dhcp_rpc_agent_api.DhcpAgentNotifyAPI._native_event_send_dhcp_notification-267890437', 'neutron.db.l3_db.L3RpcNotifierMixin._notify_gateway_port_ip_changed-8726433897912', 'neutron.db.l3_dvrscheduler_db._notify_l3_agent_port_update-8726433457062', 'neutron.db.l3_hascheduler_db._notify_l3_agent_ha_port_update-8726433457080'] for port (f56e8806-1df3-4482-84c2-4acc3a46a21e), after_update {{(pid=103753) _notify_loop /usr/local/lib/python3.8/dist-packages/neutron_lib/callbacks/manager.py:176}}
Mar 07 03:32:01.534862 dv-neutron-825073-13-hyperv neutron-server[103751]: DEBUG neutron.pecan_wsgi.hooks.quota_enforcement [None req-2b190e40-a0a7-4e82-9374-be761e57668c tempest-ExternalNetworksAdminNegativeTestJSON-171227669 tempest-ExternalNetworksAdminNegativeTestJSON-171227669-project-admin] Made reservation on behalf of 30fac5e3427741fe86d3e576a59a9bb2 for: {'port': 1} {{(pid=103751) before /opt/stack/neutron/neutron/pecan_wsgi/hooks/quota_enforcement.py:53}}
Mar 07 03:32:01.537229 dv-neutron-825073-13-hyperv neutron-server[103751]: DEBUG neutron_lib.callbacks.manager [None req-2b190e40-a0a7-4e82-9374-be761e57668c tempest-ExternalNetworksAdminNegativeTestJSON-171227669 tempest-ExternalNetworksAdminNegativeTestJSON-171227669-project-admin] Publish callbacks ['neutron.plugins.ml2.plugin.SecurityGroupDbMixin._ensure_default_security_group_handler-267859167'] for port (None), before_create {{(pid=103751) _notify_loop /usr/local/lib/python3.8/dist-packages/neutron_lib/callbacks/manager.py:176}}
Mar 07 03:32:01.579780 dv-neutron-825073-13-hyperv neutron-server[103751]: DEBUG neutron_lib.callbacks.manager [None req-2b190e40-a0a7-4e82-9374-be761e57668c tempest-ExternalNetworksAdminNegativeTestJSON-171227669 tempest-ExternalNetworksAdminNegativeTestJSON-171227669-project-admin] Publish callbacks [] for security_group (None), before_create {{(pid=103751) _notify_loop /usr/local/lib/python3.8/dist-packages/neutron_lib/callbacks/manager.py:176}}
