Jan 18 10:46:20.637534 dv-neutron-825073-1-hyperv neutron-server[120261]: DEBUG neutron.plugins.ml2.drivers.mech_agent [None req-2f1a5455-080b-411d-8d1e-e96afe15c231 tempest-PortsAdminExtendedAttrsIpV6TestJSON-1002065911 tempest-PortsAdminExtendedAttrsIpV6TestJSON-1002065911-project-admin] Attempting to bind port 9b656146-df3d-43c5-b6a5-7b45f605fa39 on network b3c3b47d-67a5-4aef-bf08-5cc2c6eaf54a {{(pid=120261) bind_port /opt/stack/neutron/neutron/plugins/ml2/drivers/mech_agent.py:91}}
Jan 18 10:46:20.642343 dv-neutron-825073-1-hyperv neutron-server[120261]: INFO neutron.wsgi [req-2e730d0c-879d-4356-9c15-e46d4294b88d req-6a08cd45-29d4-47e6-9527-7df6393ff2be tempest-ServerActionsTestJSON-17243948 tempest-ServerActionsTestJSON-17243948-project] 10.222.0.88 "POST /v2.0/ports HTTP/1.1" status: 201 len: 933 time: 4.5999815
Jan 18 10:46:20.668713 dv-neutron-825073-1-hyperv neutron-server[120261]: DEBUG neutron.plugins.ml2.drivers.mech_agent [None req-2f1a5455-080b-411d-8d1e-e96afe15c231 tempest-PortsAdminExtendedAttrsIpV6TestJSON-1002065911 tempest-PortsAdminExtendedAttrsIpV6TestJSON-1002065911-project-admin] Port 9b656146-df3d-43c5-b6a5-7b45f605fa39 on network b3c3b47d-67a5-4aef-bf08-5cc2c6eaf54a not bound, no agent of type Open vSwitch agent registered on host hv-neutron-8250 {{(pid=120261) bind_port /opt/stack/neutron/neutron/plugins/ml2/drivers/mech_agent.py:103}}
Jan 18 10:46:20.669015 dv-neutron-825073-1-hyperv neutron-server[120261]: ERROR neutron.plugins.ml2.managers [None req-2f1a5455-080b-411d-8d1e-e96afe15c231 tempest-PortsAdminExtendedAttrsIpV6TestJSON-1002065911 tempest-PortsAdminExtendedAttrsIpV6TestJSON-1002065911-project-admin] Failed to bind port 9b656146-df3d-43c5-b6a5-7b45f605fa39 on host hv-neutron-8250 for vnic_type normal using segments [{'id': 'c0ded060-987e-4c75-82a2-de2e572717e2', 'network_type': 'vlan', 'physical_network': 'physnet1', 'segmentation_id': 541, 'network_id': 'b3c3b47d-67a5-4aef-bf08-5cc2c6eaf54a'}]
Jan 18 10:46:20.671050 dv-neutron-825073-1-hyperv neutron-server[120262]: DEBUG neutron.plugins.ml2.drivers.helpers [None req-ddd637be-04e7-4624-890f-44f7212dca32 tempest-ExtraDHCPOptionsTestJSON-221225374 tempest-ExtraDHCPOptionsTestJSON-221225374-project] vlan segment allocate from pool success with {'physical_network': 'physnet1', 'vlan_id': 546} {{(pid=120262) allocate_partially_specified_segment /opt/stack/neutron/neutron/plugins/ml2/drivers/helpers.py:153}}
Jan 18 10:46:20.676878 dv-neutron-825073-1-hyperv neutron-server[120261]: INFO neutron.plugins.ml2.plugin [None req-2f1a5455-080b-411d-8d1e-e96afe15c231 tempest-PortsAdminExtendedAttrsIpV6TestJSON-1002065911 tempest-PortsAdminExtendedAttrsIpV6TestJSON-1002065911-project-admin] Attempt 7 to bind port 9b656146-df3d-43c5-b6a5-7b45f605fa39
Jan 18 10:46:20.682154 dv-neutron-825073-1-hyperv neutron-server[120262]: DEBUG neutron.api.rpc.handlers.resources_rpc [None req-ddd637be-04e7-4624-890f-44f7212dca32 tempest-ExtraDHCPOptionsTestJSON-221225374 tempest-ExtraDHCPOptionsTestJSON-221225374-project] Pushing event updated for resources: {'SecurityGroup': ['ID=95ab71d9-0370-4fc8-9806-79bccd963ffe,revision_number=1']} {{(pid=120262) push /opt/stack/neutron/neutron/api/rpc/handlers/resources_rpc.py:237}}
Jan 18 10:46:20.690442 dv-neutron-825073-1-hyperv neutron-server[120262]: DEBUG neutron_lib.callbacks.manager [None req-ddd637be-04e7-4624-890f-44f7212dca32 tempest-ExtraDHCPOptionsTestJSON-221225374 tempest-ExtraDHCPOptionsTestJSON-221225374-project] Publish callbacks ['neutron.plugins.ml2.plugin.Ml2Plugin._handle_segment_change-1655683'] for segment (48ddbd7c-f5fc-434c-bee8-320f2662fbb5), precommit_create {{(pid=120262) _notify_loop /usr/local/lib/python3.8/dist-packages/neutron_lib/callbacks/manager.py:176}}
Jan 18 10:46:20.691312 dv-neutron-825073-1-hyperv neutron-server[120262]: INFO neutron.db.segments_db [None req-ddd637be-04e7-4624-890f-44f7212dca32 tempest-ExtraDHCPOptionsTestJSON-221225374 tempest-ExtraDHCPOptionsTestJSON-221225374-project] Added segment 48ddbd7c-f5fc-434c-bee8-320f2662fbb5 of type vlan for network cdfb5d2a-81fa-4700-ada3-32752322c6bb
Jan 18 10:46:20.727518 dv-neutron-825073-1-hyperv neutron-server[120261]: DEBUG neutron.pecan_wsgi.hooks.policy_enforcement [None req-cfd3339d-2b88-4c25-90ae-a10dc71c3209 tempest-PortsTestJSON-173408377 tempest-PortsTestJSON-173408377-project] Attributes excluded by policy engine: ['standard_attr_id', 'binding:profile', 'binding:host_id', 'binding:vif_type', 'binding:vif_details'] {{(pid=120261) _exclude_attributes_by_policy /opt/stack/neutron/neutron/pecan_wsgi/hooks/policy_enforcement.py:255}}
Jan 18 10:46:20.733989 dv-neutron-825073-1-hyperv neutron-server[120261]: DEBUG neutron.pecan_wsgi.hooks.policy_enforcement [None req-cfd3339d-2b88-4c25-90ae-a10dc71c3209 tempest-PortsTestJSON-173408377 tempest-PortsTestJSON-173408377-project] Attributes excluded by policy engine: ['standard_attr_id', 'binding:profile', 'binding:host_id', 'binding:vif_type', 'binding:vif_details'] {{(pid=120261) _exclude_attributes_by_policy /opt/stack/neutron/neutron/pecan_wsgi/hooks/policy_enforcement.py:255}}
Jan 18 10:46:20.741279 dv-neutron-825073-1-hyperv neutron-server[120261]: INFO neutron.wsgi [None req-cfd3339d-2b88-4c25-90ae-a10dc71c3209 tempest-PortsTestJSON-173408377 tempest-PortsTestJSON-173408377-project] 10.222.0.64 "GET /v2.0/ports HTTP/1.1" status: 200 len: 1451 time: 0.2166564
Jan 18 10:46:20.741279 dv-neutron-825073-1-hyperv neutron-server[120261]: INFO neutron.wsgi [None req-fc3d4bcf-4d0f-4d44-a0c5-0e9819a309c2 admin admin] 10.222.0.64 "GET /v2.0/security-groups?tenant_id=c1bed62330854f56984311c1c323928f&name=default HTTP/1.1" status: 200 len: 2992 time: 0.8331420
Jan 18 10:46:20.741279 dv-neutron-825073-1-hyperv neutron-server[120261]: DEBUG neutron.wsgi [-] (120261) accepted ('10.222.0.64', 43428) {{(pid=120261) server /usr/local/lib/python3.8/dist-packages/eventlet/wsgi.py:1004}}
Jan 18 10:46:20.741677 dv-neutron-825073-1-hyperv neutron-server[120262]: DEBUG neutron.wsgi [-] (120262) accepted ('10.222.0.64', 43430) {{(pid=120262) server /usr/local/lib/python3.8/dist-packages/eventlet/wsgi.py:1004}}
Jan 18 10:46:20.743126 dv-neutron-825073-1-hyperv neutron-server[120261]: DEBUG neutron.plugins.ml2.managers [None req-2f1a5455-080b-411d-8d1e-e96afe15c231 tempest-PortsAdminExtendedAttrsIpV6TestJSON-1002065911 tempest-PortsAdminExtendedAttrsIpV6TestJSON-1002065911-project-admin] Attempting to bind port 9b656146-df3d-43c5-b6a5-7b45f605fa39 on host hv-neutron-8250 for vnic_type normal with profile {{(pid=120261) bind_port /opt/stack/neutron/neutron/plugins/ml2/managers.py:795}}
Jan 18 10:46:20.743473 dv-neutron-825073-1-hyperv neutron-server[120261]: DEBUG neutron.plugins.ml2.managers [None req-2f1a5455-080b-411d-8d1e-e96afe15c231 tempest-PortsAdminExtendedAttrsIpV6TestJSON-1002065911 tempest-PortsAdminExtendedAttrsIpV6TestJSON-1002065911-project-admin] Attempting to bind port 9b656146-df3d-43c5-b6a5-7b45f605fa39 by drivers openvswitch,hyperv on host hv-neutron-8250 at level 0 using segments [{'id': 'c0ded060-987e-4c75-82a2-de2e572717e2', 'network_type': 'vlan', 'physical_network': 'physnet1', 'segmentation_id': 541, 'network_id': 'b3c3b47d-67a5-4aef-bf08-5cc2c6eaf54a'}] {{(pid=120261) _bind_port_level /opt/stack/neutron/neutron/plugins/ml2/managers.py:820}}
Jan 18 10:46:20.743801 dv-neutron-825073-1-hyperv neutron-server[120261]: DEBUG neutron.plugins.ml2.drivers.mech_agent [None req-2f1a5455-080b-411d-8d1e-e96afe15c231 tempest-PortsAdminExtendedAttrsIpV6TestJSON-1002065911 tempest-PortsAdminExtendedAttrsIpV6TestJSON-1002065911-project-admin] Attempting to bind port 9b656146-df3d-43c5-b6a5-7b45f605fa39 on network b3c3b47d-67a5-4aef-bf08-5cc2c6eaf54a {{(pid=120261) bind_port /opt/stack/neutron/neutron/plugins/ml2/drivers/mech_agent.py:91}}
Jan 18 10:46:20.760639 dv-neutron-825073-1-hyperv neutron-server[120261]: DEBUG neutron.api.v2.base [req-2e730d0c-879d-4356-9c15-e46d4294b88d req-cc43c17e-df31-4ff0-bc40-83fd188cad68 service neutron] Request body: {'port': {'device_id': '58a46cde-dc74-4a18-9a6c-8da24ca32777', 'device_owner': 'compute:nova', 'binding:host_id': 'hv-neutron-8250'}} {{(pid=120261) prepare_request_body /opt/stack/neutron/neutron/api/v2/base.py:729}}
Jan 18 10:46:20.784625 dv-neutron-825073-1-hyperv neutron-server[120262]: DEBUG neutron_lib.callbacks.manager [None req-ddd637be-04e7-4624-890f-44f7212dca32 tempest-ExtraDHCPOptionsTestJSON-221225374 tempest-ExtraDHCPOptionsTestJSON-221225374-project] Publish callbacks ['neutron.services.auto_allocate.db._ensure_external_network_default_value_callback-8766123018150'] for network (cdfb5d2a-81fa-4700-ada3-32752322c6bb), precommit_create {{(pid=120262) _notify_loop /usr/local/lib/python3.8/dist-packages/neutron_lib/callbacks/manager.py:176}}
Jan 18 10:46:20.786403 dv-neutron-825073-1-hyperv neutron-server[120261]: DEBUG neutron.plugins.ml2.db [req-8878b189-fdd5-465f-b36c-1fa470d1d449 req-f4372c3f-f103-47c4-9c54-d5a8cb4e10df service neutron] For port 6b1b355a-21f5-4acf-abce-e7014563e11b, host hv-neutron-8250, cleared binding levels {{(pid=120261) clear_binding_levels /opt/stack/neutron/neutron/plugins/ml2/db.py:87}}
Jan 18 10:46:20.805882 dv-neutron-825073-1-hyperv neutron-server[120261]: DEBUG neutron.plugins.ml2.drivers.mech_agent [None req-2f1a5455-080b-411d-8d1e-e96afe15c231 tempest-PortsAdminExtendedAttrsIpV6TestJSON-1002065911 tempest-PortsAdminExtendedAttrsIpV6TestJSON-1002065911-project-admin] Port 9b656146-df3d-43c5-b6a5-7b45f605fa39 on network b3c3b47d-67a5-4aef-bf08-5cc2c6eaf54a not bound, no agent of type Open vSwitch agent registered on host hv-neutron-8250 {{(pid=120261) bind_port /opt/stack/neutron/neutron/plugins/ml2/drivers/mech_agent.py:103}}
Jan 18 10:46:20.806224 dv-neutron-825073-1-hyperv neutron-server[120261]: ERROR neutron.plugins.ml2.managers [None req-2f1a5455-080b-411d-8d1e-e96afe15c231 tempest-PortsAdminExtendedAttrsIpV6TestJSON-1002065911 tempest-PortsAdminExtendedAttrsIpV6TestJSON-1002065911-project-admin] Failed to bind port 9b656146-df3d-43c5-b6a5-7b45f605fa39 on host hv-neutron-8250 for vnic_type normal using segments [{'id': 'c0ded060-987e-4c75-82a2-de2e572717e2', 'network_type': 'vlan', 'physical_network': 'physnet1', 'segmentation_id': 541, 'network_id': 'b3c3b47d-67a5-4aef-bf08-5cc2c6eaf54a'}]
Jan 18 10:46:20.814251 dv-neutron-825073-1-hyperv neutron-server[120261]: INFO neutron.plugins.ml2.plugin [None req-2f1a5455-080b-411d-8d1e-e96afe15c231 tempest-PortsAdminExtendedAttrsIpV6TestJSON-1002065911 tempest-PortsAdminExtendedAttrsIpV6TestJSON-1002065911-project-admin] Attempt 8 to bind port 9b656146-df3d-43c5-b6a5-7b45f605fa39
Jan 18 10:46:20.838055 dv-neutron-825073-1-hyperv neutron-server[120262]: DEBUG neutron_lib.callbacks.manager [None req-a685337e-287d-47fd-8420-341007a95332 admin admin] Publish callbacks [] for security_group (d800cb6d-ccf6-415e-92cd-d4c9e18629fb), before_delete {{(pid=120262) _notify_loop /usr/local/lib/python3.8/dist-packages/neutron_lib/callbacks/manager.py:176}}
Jan 18 10:46:20.841541 dv-neutron-825073-1-hyperv neutron-server[120262]: DEBUG neutron_lib.callbacks.manager [None req-ddd637be-04e7-4624-890f-44f7212dca32 tempest-ExtraDHCPOptionsTestJSON-221225374 tempest-ExtraDHCPOptionsTestJSON-221225374-project] Publish callbacks ['neutron.plugins.ml2.ovo_rpc._ObjectChangeHandler.handle_event-740951', 'neutron.api.rpc.agentnotifiers.dhcp_rpc_agent_api.DhcpAgentNotifyAPI._native_event_send_dhcp_notification-734462'] for network (cdfb5d2a-81fa-4700-ada3-32752322c6bb), after_create {{(pid=120262) _notify_loop /usr/local/lib/python3.8/dist-packages/neutron_lib/callbacks/manager.py:176}}
Jan 18 10:46:20.847349 dv-neutron-825073-1-hyperv neutron-server[120262]: DEBUG neutron.pecan_wsgi.hooks.policy_enforcement [None req-ddd637be-04e7-4624-890f-44f7212dca32 tempest-ExtraDHCPOptionsTestJSON-221225374 tempest-ExtraDHCPOptionsTestJSON-221225374-project] Attributes excluded by policy engine: ['standard_attr_id', 'provider:network_type', 'provider:physical_network', 'provider:segmentation_id', 'vlan_transparent'] {{(pid=120262) _exclude_attributes_by_policy /opt/stack/neutron/neutron/pecan_wsgi/hooks/policy_enforcement.py:255}}
Jan 18 10:46:20.847808 dv-neutron-825073-1-hyperv neutron-server[120261]: DEBUG neutron.plugins.ml2.db [req-8878b189-fdd5-465f-b36c-1fa470d1d449 req-f4372c3f-f103-47c4-9c54-d5a8cb4e10df service neutron] For port 6b1b355a-21f5-4acf-abce-e7014563e11b, host hv-neutron-8250, set binding levels [PortBindingLevel(driver='hyperv',host='hv-neutron-8250',level=0,port_id=6b1b355a-21f5-4acf-abce-e7014563e11b,segment=NetworkSegment(19c2a1d1-3d6e-4cf1-9b40-22d198f8c6de),segment_id=19c2a1d1-3d6e-4cf1-9b40-22d198f8c6de)] {{(pid=120261) set_binding_levels /opt/stack/neutron/neutron/plugins/ml2/db.py:59}}
Jan 18 10:46:20.848003 dv-neutron-825073-1-hyperv neutron-server[120262]: DEBUG neutron_lib.callbacks.manager [None req-ddd637be-04e7-4624-890f-44f7212dca32 tempest-ExtraDHCPOptionsTestJSON-221225374 tempest-ExtraDHCPOptionsTestJSON-221225374-project] Publish callbacks [] for network (None), before_response {{(pid=120262) _notify_loop /usr/local/lib/python3.8/dist-packages/neutron_lib/callbacks/manager.py:176}}
Jan 18 10:46:20.878380 dv-neutron-825073-1-hyperv neutron-server[120262]: DEBUG neutron.plugins.ml2.plugin [None req-ca12371f-5001-4fb4-ba57-a2b6acbf05e6 tempest-RoutersAdminTest-781012004 tempest-RoutersAdminTest-781012004-project-admin] Deleting port 20a83a52-8668-439f-a5c9-2daba2d0830a {{(pid=120262) _pre_delete_port /opt/stack/neutron/neutron/plugins/ml2/plugin.py:1959}}
Jan 18 10:46:20.879384 dv-neutron-825073-1-hyperv neutron-server[120261]: DEBUG neutron_lib.callbacks.manager [req-8878b189-fdd5-465f-b36c-1fa470d1d449 req-f4372c3f-f103-47c4-9c54-d5a8cb4e10df service neutron] Publish callbacks ['neutron.plugins.ml2.plugin.SecurityGroupServerNotifierRpcMixin._notify_sg_on_port_change-1816000', 'neutron.plugins.ml2.ovo_rpc._ObjectChangeHandler.handle_event-454694', 'neutron.api.rpc.agentnotifiers.dhcp_rpc_agent_api.DhcpAgentNotifyAPI._native_event_send_dhcp_notification-734462', 'neutron.db.l3_db.L3RpcNotifierMixin._notify_gateway_port_ip_changed-8766123499138', 'neutron.db.l3_dvrscheduler_db._notify_l3_agent_port_update-8766122983262', 'neutron.db.l3_hascheduler_db._notify_l3_agent_ha_port_update-8766122983280', 'neutron.services.segments.plugin.NovaSegmentNotifier._notify_port_updated-9445866'] for port (6b1b355a-21f5-4acf-abce-e7014563e11b), after_update {{(pid=120261) _notify_loop /usr/local/lib/python3.8/dist-packages/neutron_lib/callbacks/manager.py:176}}
Jan 18 10:46:20.879738 dv-neutron-825073-1-hyperv neutron-server[120262]: DEBUG neutron_lib.callbacks.manager [None req-ca12371f-5001-4fb4-ba57-a2b6acbf05e6 tempest-RoutersAdminTest-781012004 tempest-RoutersAdminTest-781012004-project-admin] Publish callbacks ['neutron.db.l3_db.L3_NAT_dbonly_mixin._prevent_l3_port_delete_callback-8766123490012'] for port (20a83a52-8668-439f-a5c9-2daba2d0830a), before_delete {{(pid=120262) _notify_loop /usr/local/lib/python3.8/dist-packages/neutron_lib/callbacks/manager.py:176}}
Jan 18 10:46:20.881372 dv-neutron-825073-1-hyperv neutron-server[120261]: DEBUG neutron.plugins.ml2.managers [None req-2f1a5455-080b-411d-8d1e-e96afe15c231 tempest-PortsAdminExtendedAttrsIpV6TestJSON-1002065911 tempest-PortsAdminExtendedAttrsIpV6TestJSON-1002065911-project-admin] Attempting to bind port 9b656146-df3d-43c5-b6a5-7b45f605fa39 on host hv-neutron-8250 for vnic_type normal with profile {{(pid=120261) bind_port /opt/stack/neutron/neutron/plugins/ml2/managers.py:795}}
Jan 18 10:46:20.881703 dv-neutron-825073-1-hyperv neutron-server[120261]: DEBUG neutron.plugins.ml2.managers [None req-2f1a5455-080b-411d-8d1e-e96afe15c231 tempest-PortsAdminExtendedAttrsIpV6TestJSON-1002065911 tempest-PortsAdminExtendedAttrsIpV6TestJSON-1002065911-project-admin] Attempting to bind port 9b656146-df3d-43c5-b6a5-7b45f605fa39 by drivers openvswitch,hyperv on host hv-neutron-8250 at level 0 using segments [{'id': 'c0ded060-987e-4c75-82a2-de2e572717e2', 'network_type': 'vlan', 'physical_network': 'physnet1', 'segmentation_id': 541, 'network_id': 'b3c3b47d-67a5-4aef-bf08-5cc2c6eaf54a'}] {{(pid=120261) _bind_port_level /opt/stack/neutron/neutron/plugins/ml2/managers.py:820}}
Jan 18 10:46:20.882041 dv-neutron-825073-1-hyperv neutron-server[120261]: DEBUG neutron.plugins.ml2.drivers.mech_agent [None req-2f1a5455-080b-411d-8d1e-e96afe15c231 tempest-PortsAdminExtendedAttrsIpV6TestJSON-1002065911 tempest-PortsAdminExtendedAttrsIpV6TestJSON-1002065911-project-admin] Attempting to bind port 9b656146-df3d-43c5-b6a5-7b45f605fa39 on network b3c3b47d-67a5-4aef-bf08-5cc2c6eaf54a {{(pid=120261) bind_port /opt/stack/neutron/neutron/plugins/ml2/drivers/mech_agent.py:91}}
Jan 18 10:46:20.941234 dv-neutron-825073-1-hyperv neutron-server[120261]: DEBUG neutron.plugins.ml2.drivers.mech_agent [None req-2f1a5455-080b-411d-8d1e-e96afe15c231 tempest-PortsAdminExtendedAttrsIpV6TestJSON-1002065911 tempest-PortsAdminExtendedAttrsIpV6TestJSON-1002065911-project-admin] Port 9b656146-df3d-43c5-b6a5-7b45f605fa39 on network b3c3b47d-67a5-4aef-bf08-5cc2c6eaf54a not bound, no agent of type Open vSwitch agent registered on host hv-neutron-8250 {{(pid=120261) bind_port /opt/stack/neutron/neutron/plugins/ml2/drivers/mech_agent.py:103}}
Jan 18 10:46:20.941234 dv-neutron-825073-1-hyperv neutron-server[120261]: ERROR neutron.plugins.ml2.managers [None req-2f1a5455-080b-411d-8d1e-e96afe15c231 tempest-PortsAdminExtendedAttrsIpV6TestJSON-1002065911 tempest-PortsAdminExtendedAttrsIpV6TestJSON-1002065911-project-admin] Failed to bind port 9b656146-df3d-43c5-b6a5-7b45f605fa39 on host hv-neutron-8250 for vnic_type normal using segments [{'id': 'c0ded060-987e-4c75-82a2-de2e572717e2', 'network_type': 'vlan', 'physical_network': 'physnet1', 'segmentation_id': 541, 'network_id': 'b3c3b47d-67a5-4aef-bf08-5cc2c6eaf54a'}]
Jan 18 10:46:20.941234 dv-neutron-825073-1-hyperv neutron-server[120261]: INFO neutron.plugins.ml2.plugin [None req-2f1a5455-080b-411d-8d1e-e96afe15c231 tempest-PortsAdminExtendedAttrsIpV6TestJSON-1002065911 tempest-PortsAdminExtendedAttrsIpV6TestJSON-1002065911-project-admin] Attempt 9 to bind port 9b656146-df3d-43c5-b6a5-7b45f605fa39
Jan 18 10:46:20.944487 dv-neutron-825073-1-hyperv neutron-server[120262]: DEBUG neutron_lib.callbacks.manager [None req-a685337e-287d-47fd-8420-341007a95332 admin admin] Publish callbacks [] for security_group (d800cb6d-ccf6-415e-92cd-d4c9e18629fb), precommit_delete {{(pid=120262) _notify_loop /usr/local/lib/python3.8/dist-packages/neutron_lib/callbacks/manager.py:176}}
Jan 18 10:46:20.971948 dv-neutron-825073-1-hyperv neutron-server[120261]: DEBUG neutron_lib.callbacks.manager [req-2e730d0c-879d-4356-9c15-e46d4294b88d req-cc43c17e-df31-4ff0-bc40-83fd188cad68 service neutron] Publish callbacks ['neutron.plugins.ml2.plugin.SecurityGroupDbMixin._ensure_default_security_group_handler-1815053'] for port (2ee6ad30-9216-433c-95f9-6eff2284d40e), before_update {{(pid=120261) _notify_loop /usr/local/lib/python3.8/dist-packages/neutron_lib/callbacks/manager.py:176}}
Jan 18 10:46:20.975062 dv-neutron-825073-1-hyperv neutron-server[120262]: INFO neutron.wsgi [None req-ddd637be-04e7-4624-890f-44f7212dca32 tempest-ExtraDHCPOptionsTestJSON-221225374 tempest-ExtraDHCPOptionsTestJSON-221225374-project] 10.222.0.64 "POST /v2.0/networks HTTP/1.1" status: 201 len: 791 time: 2.1038744
Jan 18 10:46:20.975672 dv-neutron-825073-1-hyperv neutron-server[120263]: DEBUG neutron_lib.callbacks.manager [None req-8c64bf84-f518-47d3-abdf-b63a57e33cc6 None None] Publish callbacks ['neutron.services.segments.db._update_segment_host_mapping_for_agent-8766123536909', 'neutron.plugins.ml2.plugin.Ml2Plugin._retry_binding_revived_agents-1664543'] for agent (508fc1ce-1a51-410e-8bc4-0a4376d2c9a3), after_update {{(pid=120263) _notify_loop /usr/local/lib/python3.8/dist-packages/neutron_lib/callbacks/manager.py:176}}
Jan 18 10:46:20.986747 dv-neutron-825073-1-hyperv neutron-server[120261]: DEBUG neutron.pecan_wsgi.hooks.policy_enforcement [req-8878b189-fdd5-465f-b36c-1fa470d1d449 req-f4372c3f-f103-47c4-9c54-d5a8cb4e10df service neutron] Attributes excluded by policy engine: ['standard_attr_id'] {{(pid=120261) _exclude_attributes_by_policy /opt/stack/neutron/neutron/pecan_wsgi/hooks/policy_enforcement.py:255}}
Jan 18 10:46:20.987383 dv-neutron-825073-1-hyperv neutron-server[120261]: DEBUG neutron_lib.callbacks.manager [req-8878b189-fdd5-465f-b36c-1fa470d1d449 req-f4372c3f-f103-47c4-9c54-d5a8cb4e10df service neutron] Publish callbacks ['neutron.notifiers.nova.Notifier._send_nova_notification-155684'] for port (None), before_response {{(pid=120261) _notify_loop /usr/local/lib/python3.8/dist-packages/neutron_lib/callbacks/manager.py:176}}
Jan 18 10:46:20.988799 dv-neutron-825073-1-hyperv neutron-server[120262]: DEBUG neutron.wsgi [-] (120262) accepted ('10.222.0.64', 43440) {{(pid=120262) server /usr/local/lib/python3.8/dist-packages/eventlet/wsgi.py:1004}}
Jan 18 10:46:20.988921 dv-neutron-825073-1-hyperv neutron-server[120261]: INFO neutron.wsgi [req-8878b189-fdd5-465f-b36c-1fa470d1d449 req-f4372c3f-f103-47c4-9c54-d5a8cb4e10df service neutron] 10.222.0.88 "PUT /v2.0/ports/6b1b355a-21f5-4acf-abce-e7014563e11b HTTP/1.1" status: 200 len: 1094 time: 4.6502910
Jan 18 10:46:20.994989 dv-neutron-825073-1-hyperv neutron-server[120261]: DEBUG neutron.notifiers.nova [-] Sending events: [{'name': 'network-changed', 'server_uuid': '651846be-eca6-46f6-a3b3-924ba264e164', 'tag': '6b1b355a-21f5-4acf-abce-e7014563e11b'}] {{(pid=120261) send_events /opt/stack/neutron/neutron/notifiers/nova.py:262}}
Jan 18 10:46:20.997837 dv-neutron-825073-1-hyperv neutron-server[120262]: DEBUG neutron.api.v2.base [None req-1875ceb0-563b-45a5-8d81-20500f09b4ea tempest-ExtraDHCPOptionsTestJSON-221225374 tempest-ExtraDHCPOptionsTestJSON-221225374-project] Request body: {'subnet': {'network_id': 'cdfb5d2a-81fa-4700-ada3-32752322c6bb', 'cidr': '172.20.0.0/28', 'ip_version': 4, 'gateway_ip': '172.20.0.1'}} {{(pid=120262) prepare_request_body /opt/stack/neutron/neutron/api/v2/base.py:729}}
Jan 18 10:46:21.018472 dv-neutron-825073-1-hyperv neutron-server[120261]: DEBUG neutron.plugins.ml2.managers [None req-2f1a5455-080b-411d-8d1e-e96afe15c231 tempest-PortsAdminExtendedAttrsIpV6TestJSON-1002065911 tempest-PortsAdminExtendedAttrsIpV6TestJSON-1002065911-project-admin] Attempting to bind port 9b656146-df3d-43c5-b6a5-7b45f605fa39 on host hv-neutron-8250 for vnic_type normal with profile {{(pid=120261) bind_port /opt/stack/neutron/neutron/plugins/ml2/managers.py:795}}
Jan 18 10:46:21.018815 dv-neutron-825073-1-hyperv neutron-server[120261]: DEBUG neutron.plugins.ml2.managers [None req-2f1a5455-080b-411d-8d1e-e96afe15c231 tempest-PortsAdminExtendedAttrsIpV6TestJSON-1002065911 tempest-PortsAdminExtendedAttrsIpV6TestJSON-1002065911-project-admin] Attempting to bind port 9b656146-df3d-43c5-b6a5-7b45f605fa39 by drivers openvswitch,hyperv on host hv-neutron-8250 at level 0 using segments [{'id': 'c0ded060-987e-4c75-82a2-de2e572717e2', 'network_type': 'vlan', 'physical_network': 'physnet1', 'segmentation_id': 541, 'network_id': 'b3c3b47d-67a5-4aef-bf08-5cc2c6eaf54a'}] {{(pid=120261) _bind_port_level /opt/stack/neutron/neutron/plugins/ml2/managers.py:820}}
Jan 18 10:46:21.020526 dv-neutron-825073-1-hyperv neutron-server[120261]: DEBUG neutron.plugins.ml2.drivers.mech_agent [None req-2f1a5455-080b-411d-8d1e-e96afe15c231 tempest-PortsAdminExtendedAttrsIpV6TestJSON-1002065911 tempest-PortsAdminExtendedAttrsIpV6TestJSON-1002065911-project-admin] Attempting to bind port 9b656146-df3d-43c5-b6a5-7b45f605fa39 on network b3c3b47d-67a5-4aef-bf08-5cc2c6eaf54a {{(pid=120261) bind_port /opt/stack/neutron/neutron/plugins/ml2/drivers/mech_agent.py:91}}
Jan 18 10:46:21.070505 dv-neutron-825073-1-hyperv neutron-server[120261]: DEBUG neutron.plugins.ml2.drivers.mech_agent [None req-2f1a5455-080b-411d-8d1e-e96afe15c231 tempest-PortsAdminExtendedAttrsIpV6TestJSON-1002065911 tempest-PortsAdminExtendedAttrsIpV6TestJSON-1002065911-project-admin] Port 9b656146-df3d-43c5-b6a5-7b45f605fa39 on network b3c3b47d-67a5-4aef-bf08-5cc2c6eaf54a not bound, no agent of type Open vSwitch agent registered on host hv-neutron-8250 {{(pid=120261) bind_port /opt/stack/neutron/neutron/plugins/ml2/drivers/mech_agent.py:103}}
Jan 18 10:46:21.070849 dv-neutron-825073-1-hyperv neutron-server[120261]: ERROR neutron.plugins.ml2.managers [None req-2f1a5455-080b-411d-8d1e-e96afe15c231 tempest-PortsAdminExtendedAttrsIpV6TestJSON-1002065911 tempest-PortsAdminExtendedAttrsIpV6TestJSON-1002065911-project-admin] Failed to bind port 9b656146-df3d-43c5-b6a5-7b45f605fa39 on host hv-neutron-8250 for vnic_type normal using segments [{'id': 'c0ded060-987e-4c75-82a2-de2e572717e2', 'network_type': 'vlan', 'physical_network': 'physnet1', 'segmentation_id': 541, 'network_id': 'b3c3b47d-67a5-4aef-bf08-5cc2c6eaf54a'}]
Jan 18 10:46:21.071431 dv-neutron-825073-1-hyperv neutron-server[120261]: DEBUG neutron.api.rpc.handlers.resources_rpc [None req-f4372c3f-f103-47c4-9c54-d5a8cb4e10df service neutron] Pushing event updated for resources: {'Port': ['ID=6b1b355a-21f5-4acf-abce-e7014563e11b,revision_number=3']} {{(pid=120261) push /opt/stack/neutron/neutron/api/rpc/handlers/resources_rpc.py:237}}
Jan 18 10:46:21.077960 dv-neutron-825073-1-hyperv neutron-server[120261]: INFO neutron.plugins.ml2.plugin [None req-2f1a5455-080b-411d-8d1e-e96afe15c231 tempest-PortsAdminExtendedAttrsIpV6TestJSON-1002065911 tempest-PortsAdminExtendedAttrsIpV6TestJSON-1002065911-project-admin] Attempt 10 to bind port 9b656146-df3d-43c5-b6a5-7b45f605fa39
Jan 18 10:46:21.088312 dv-neutron-825073-1-hyperv neutron-server[120262]: DEBUG neutron.api.rpc.handlers.resources_rpc [None req-ddd637be-04e7-4624-890f-44f7212dca32 tempest-ExtraDHCPOptionsTestJSON-221225374 tempest-ExtraDHCPOptionsTestJSON-221225374-project] Pushing event updated for resources: {'Network': ['ID=cdfb5d2a-81fa-4700-ada3-32752322c6bb,revision_number=1']} {{(pid=120262) push /opt/stack/neutron/neutron/api/rpc/handlers/resources_rpc.py:237}}
Jan 18 10:46:21.105145 dv-neutron-825073-1-hyperv neutron-server[120263]: DEBUG neutron.plugins.ml2.rpc [None req-c329a7fe-3ad9-4288-94af-f7255fb8cfdc None None] Network cdfb5d2a-81fa-4700-ada3-32752322c6bb details requested by agent ovs-agent-dv-neutron-825073-1-hyperv with host dv-neutron-825073-1-hyperv {{(pid=120263) get_network_details /opt/stack/neutron/neutron/plugins/ml2/rpc.py:248}}
Jan 18 10:46:21.165250 dv-neutron-825073-1-hyperv neutron-server[120262]: DEBUG neutron_lib.callbacks.manager [None req-ca12371f-5001-4fb4-ba57-a2b6acbf05e6 tempest-RoutersAdminTest-781012004 tempest-RoutersAdminTest-781012004-project-admin] Publish callbacks ['neutron.services.l3_router.l3_router_plugin.L3_NAT_dbonly_mixin._precommit_delete_port_callback-559273'] for port (20a83a52-8668-439f-a5c9-2daba2d0830a), precommit_delete {{(pid=120262) _notify_loop /usr/local/lib/python3.8/dist-packages/neutron_lib/callbacks/manager.py:176}}
Jan 18 10:46:21.192139 dv-neutron-825073-1-hyperv neutron-server[120262]: DEBUG neutron.plugins.ml2.plugin [None req-ca12371f-5001-4fb4-ba57-a2b6acbf05e6 tempest-RoutersAdminTest-781012004 tempest-RoutersAdminTest-781012004-project-admin] Calling delete_port for 20a83a52-8668-439f-a5c9-2daba2d0830a owned by {{(pid=120262) delete_port /opt/stack/neutron/neutron/plugins/ml2/plugin.py:2037}}
Jan 18 10:46:21.194084 dv-neutron-825073-1-hyperv neutron-server[120262]: DEBUG neutron_lib.callbacks.manager [None req-a685337e-287d-47fd-8420-341007a95332 admin admin] Publish callbacks ['neutron.plugins.ml2.ovo_rpc._ObjectChangeHandler.handle_event-741118'] for security_group (d800cb6d-ccf6-415e-92cd-d4c9e18629fb), after_delete {{(pid=120262) _notify_loop /usr/local/lib/python3.8/dist-packages/neutron_lib/callbacks/manager.py:176}}
Jan 18 10:46:21.196677 dv-neutron-825073-1-hyperv neutron-server[120262]: DEBUG neutron_lib.callbacks.manager [None req-a685337e-287d-47fd-8420-341007a95332 admin admin] Publish callbacks [] for security_group (None), before_response {{(pid=120262) _notify_loop /usr/local/lib/python3.8/dist-packages/neutron_lib/callbacks/manager.py:176}}
Jan 18 10:46:21.199732 dv-neutron-825073-1-hyperv neutron-server[120262]: INFO neutron.wsgi [None req-a685337e-287d-47fd-8420-341007a95332 admin admin] 10.222.0.64 "DELETE /v2.0/security-groups/d800cb6d-ccf6-415e-92cd-d4c9e18629fb HTTP/1.1" status: 204 len: 168 time: 0.4562821
Jan 18 10:46:21.242356 dv-neutron-825073-1-hyperv neutron-server[120262]: DEBUG neutron.wsgi [-] (120262) accepted ('10.222.0.64', 43450) {{(pid=120262) server /usr/local/lib/python3.8/dist-packages/eventlet/wsgi.py:1004}}
Jan 18 10:46:21.244279 dv-neutron-825073-1-hyperv neutron-server[120261]: DEBUG neutron.plugins.ml2.plugin [None req-5e427ca7-3610-47f6-bc53-13b91883ed4f tempest-PortsTestJSON-173408377 tempest-PortsTestJSON-173408377-project] Deleting port 07779eca-988c-4004-92df-26e09e44dc9c {{(pid=120261) _pre_delete_port /opt/stack/neutron/neutron/plugins/ml2/plugin.py:1959}}
Jan 18 10:46:21.244737 dv-neutron-825073-1-hyperv neutron-server[120261]: DEBUG neutron_lib.callbacks.manager [None req-5e427ca7-3610-47f6-bc53-13b91883ed4f tempest-PortsTestJSON-173408377 tempest-PortsTestJSON-173408377-project] Publish callbacks ['neutron.db.l3_db.L3_NAT_dbonly_mixin._prevent_l3_port_delete_callback-8766123490012'] for port (07779eca-988c-4004-92df-26e09e44dc9c), before_delete {{(pid=120261) _notify_loop /usr/local/lib/python3.8/dist-packages/neutron_lib/callbacks/manager.py:176}}
Jan 18 10:46:21.250719 dv-neutron-825073-1-hyperv neutron-server[120262]: DEBUG neutron.api.rpc.handlers.resources_rpc [None req-a685337e-287d-47fd-8420-341007a95332 admin admin] Pushing event deleted for resources: {'SecurityGroup': ['ID=d800cb6d-ccf6-415e-92cd-d4c9e18629fb,revision_number=None']} {{(pid=120262) push /opt/stack/neutron/neutron/api/rpc/handlers/resources_rpc.py:237}}
Jan 18 10:46:21.267541 dv-neutron-825073-1-hyperv neutron-server[120261]: DEBUG neutron.plugins.ml2.managers [None req-2f1a5455-080b-411d-8d1e-e96afe15c231 tempest-PortsAdminExtendedAttrsIpV6TestJSON-1002065911 tempest-PortsAdminExtendedAttrsIpV6TestJSON-1002065911-project-admin] Attempting to bind port 9b656146-df3d-43c5-b6a5-7b45f605fa39 on host hv-neutron-8250 for vnic_type normal with profile {{(pid=120261) bind_port /opt/stack/neutron/neutron/plugins/ml2/managers.py:795}}
Jan 18 10:46:21.267807 dv-neutron-825073-1-hyperv neutron-server[120261]: DEBUG neutron.plugins.ml2.managers [None req-2f1a5455-080b-411d-8d1e-e96afe15c231 tempest-PortsAdminExtendedAttrsIpV6TestJSON-1002065911 tempest-PortsAdminExtendedAttrsIpV6TestJSON-1002065911-project-admin] Attempting to bind port 9b656146-df3d-43c5-b6a5-7b45f605fa39 by drivers openvswitch,hyperv on host hv-neutron-8250 at level 0 using segments [{'id': 'c0ded060-987e-4c75-82a2-de2e572717e2', 'network_type': 'vlan', 'physical_network': 'physnet1', 'segmentation_id': 541, 'network_id': 'b3c3b47d-67a5-4aef-bf08-5cc2c6eaf54a'}] {{(pid=120261) _bind_port_level /opt/stack/neutron/neutron/plugins/ml2/managers.py:820}}
Jan 18 10:46:21.268436 dv-neutron-825073-1-hyperv neutron-server[120261]: DEBUG neutron.plugins.ml2.drivers.mech_agent [None req-2f1a5455-080b-411d-8d1e-e96afe15c231 tempest-PortsAdminExtendedAttrsIpV6TestJSON-1002065911 tempest-PortsAdminExtendedAttrsIpV6TestJSON-1002065911-project-admin] Attempting to bind port 9b656146-df3d-43c5-b6a5-7b45f605fa39 on network b3c3b47d-67a5-4aef-bf08-5cc2c6eaf54a {{(pid=120261) bind_port /opt/stack/neutron/neutron/plugins/ml2/drivers/mech_agent.py:91}}
Jan 18 10:46:21.361341 dv-neutron-825073-1-hyperv neutron-server[120262]: DEBUG neutron.pecan_wsgi.hooks.quota_enforcement [None req-1875ceb0-563b-45a5-8d81-20500f09b4ea tempest-ExtraDHCPOptionsTestJSON-221225374 tempest-ExtraDHCPOptionsTestJSON-221225374-project] Made reservation on behalf of 026ed1d8ea0c4eb4995a9d8023514fe0 for: {'subnet': 1} {{(pid=120262) before /opt/stack/neutron/neutron/pecan_wsgi/hooks/quota_enforcement.py:53}}
Jan 18 10:46:21.364968 dv-neutron-825073-1-hyperv neutron-server[120262]: DEBUG neutron_lib.callbacks.manager [None req-1875ceb0-563b-45a5-8d81-20500f09b4ea tempest-ExtraDHCPOptionsTestJSON-221225374 tempest-ExtraDHCPOptionsTestJSON-221225374-project] Publish callbacks ['neutron.services.segments.plugin.SegmentHostRoutes.host_routes_before_create-9667464'] for subnet (None), before_create {{(pid=120262) _notify_loop /usr/local/lib/python3.8/dist-packages/neutron_lib/callbacks/manager.py:176}}
Jan 18 10:46:21.388287 dv-neutron-825073-1-hyperv neutron-server[120261]: DEBUG novaclient.v2.client [-] REQ: curl -g -i --cacert "/opt/stack/data/ca-bundle.pem" -X POST http://10.222.0.64/compute/v2.1/os-server-external-events -H "Accept: application/json" -H "Content-Type: application/json" -H "User-Agent: python-novaclient" -H "X-Auth-Token: {SHA256}96bf8e978be15a5677e87f9c7d802f4de84e009ec2474a5b6c3b99bec4909a42" -H "X-OpenStack-Nova-API-Version: 2.1" -H "X-OpenStack-Request-ID: req-336a2e6b-c218-44c1-b3e3-760e130b2728" -d '{"events": [{"name": "network-changed", "server_uuid": "651846be-eca6-46f6-a3b3-924ba264e164", "tag": "6b1b355a-21f5-4acf-abce-e7014563e11b"}]}' {{(pid=120261) _http_log_request /usr/local/lib/python3.8/dist-packages/keystoneauth1/session.py:519}}
Jan 18 10:46:21.396084 dv-neutron-825073-1-hyperv neutron-server[120261]: DEBUG neutron.plugins.ml2.drivers.mech_agent [None req-2f1a5455-080b-411d-8d1e-e96afe15c231 tempest-PortsAdminExtendedAttrsIpV6TestJSON-1002065911 tempest-PortsAdminExtendedAttrsIpV6TestJSON-1002065911-project-admin] Port 9b656146-df3d-43c5-b6a5-7b45f605fa39 on network b3c3b47d-67a5-4aef-bf08-5cc2c6eaf54a not bound, no agent of type Open vSwitch agent registered on host hv-neutron-8250 {{(pid=120261) bind_port /opt/stack/neutron/neutron/plugins/ml2/drivers/mech_agent.py:103}}
Jan 18 10:46:21.396522 dv-neutron-825073-1-hyperv neutron-server[120261]: ERROR neutron.plugins.ml2.managers [None req-2f1a5455-080b-411d-8d1e-e96afe15c231 tempest-PortsAdminExtendedAttrsIpV6TestJSON-1002065911 tempest-PortsAdminExtendedAttrsIpV6TestJSON-1002065911-project-admin] Failed to bind port 9b656146-df3d-43c5-b6a5-7b45f605fa39 on host hv-neutron-8250 for vnic_type normal using segments [{'id': 'c0ded060-987e-4c75-82a2-de2e572717e2', 'network_type': 'vlan', 'physical_network': 'physnet1', 'segmentation_id': 541, 'network_id': 'b3c3b47d-67a5-4aef-bf08-5cc2c6eaf54a'}]
Jan 18 10:46:21.396962 dv-neutron-825073-1-hyperv neutron-server[120261]: DEBUG neutron_lib.callbacks.manager [None req-2f1a5455-080b-411d-8d1e-e96afe15c231 tempest-PortsAdminExtendedAttrsIpV6TestJSON-1002065911 tempest-PortsAdminExtendedAttrsIpV6TestJSON-1002065911-project-admin] Publish callbacks ['neutron.plugins.ml2.plugin.SecurityGroupDbMixin._ensure_default_security_group_handler-1815053'] for port (9b656146-df3d-43c5-b6a5-7b45f605fa39), before_update {{(pid=120261) _notify_loop /usr/local/lib/python3.8/dist-packages/neutron_lib/callbacks/manager.py:176}}
Jan 18 10:46:21.470493 dv-neutron-825073-1-hyperv neutron-server[120261]: DEBUG neutron.pecan_wsgi.hooks.policy_enforcement [req-8878b189-fdd5-465f-b36c-1fa470d1d449 req-c4ee7e07-cba0-4bfd-b908-3fb12f29b5b2 service neutron] Attributes excluded by policy engine: ['standard_attr_id'] {{(pid=120261) _exclude_attributes_by_policy /opt/stack/neutron/neutron/pecan_wsgi/hooks/policy_enforcement.py:255}}
Jan 18 10:46:21.472168 dv-neutron-825073-1-hyperv neutron-server[120261]: INFO neutron.wsgi [req-8878b189-fdd5-465f-b36c-1fa470d1d449 req-c4ee7e07-cba0-4bfd-b908-3fb12f29b5b2 service neutron] 10.222.0.88 "GET /v2.0/ports?tenant_id=6dd2c43e09ef4a4ea255dad655f45342&device_id=651846be-eca6-46f6-a3b3-924ba264e164 HTTP/1.1" status: 200 len: 1097 time: 0.3951230
Jan 18 10:46:21.485114 dv-neutron-825073-1-hyperv neutron-server[120261]: DEBUG neutron_lib.callbacks.manager [None req-5e427ca7-3610-47f6-bc53-13b91883ed4f tempest-PortsTestJSON-173408377 tempest-PortsTestJSON-173408377-project] Publish callbacks ['neutron.services.l3_router.l3_router_plugin.L3_NAT_dbonly_mixin._precommit_delete_port_callback-559273'] for port (07779eca-988c-4004-92df-26e09e44dc9c), precommit_delete {{(pid=120261) _notify_loop /usr/local/lib/python3.8/dist-packages/neutron_lib/callbacks/manager.py:176}}
Jan 18 10:46:21.491186 dv-neutron-825073-1-hyperv neutron-server[120262]: DEBUG neutron.api.v2.base [None req-fe0761b5-b08a-47b0-b498-6150e99d90fa tempest-FloatingIPTestJSON-1808445562 tempest-FloatingIPTestJSON-1808445562-project] Request body: {'network': {'name': 'tempest-FloatingIPTestJSON-test-network-674533206'}} {{(pid=120262) prepare_request_body /opt/stack/neutron/neutron/api/v2/base.py:729}}
Jan 18 10:46:21.549131 dv-neutron-825073-1-hyperv neutron-server[120262]: DEBUG neutron_lib.callbacks.manager [None req-ca12371f-5001-4fb4-ba57-a2b6acbf05e6 tempest-RoutersAdminTest-781012004 tempest-RoutersAdminTest-781012004-project-admin] Publish callbacks ['neutron.plugins.ml2.plugin.SecurityGroupServerNotifierRpcMixin._notify_sg_on_port_change-1816000', 'neutron.plugins.ml2.ovo_rpc._ObjectChangeHandler.handle_event-454694', 'neutron.api.rpc.agentnotifiers.dhcp_rpc_agent_api.DhcpAgentNotifyAPI._native_event_send_dhcp_notification-734462', 'neutron.db.l3_db.L3RpcNotifierMixin._notify_routers_callback-8766123499120', 'neutron.db.l3_dvrscheduler_db._notify_port_delete-8766122983253', 'neutron.services.segments.plugin.NovaSegmentNotifier._notify_port_created_or_deleted-9933836'] for port (20a83a52-8668-439f-a5c9-2daba2d0830a), after_delete {{(pid=120262) _notify_loop /usr/local/lib/python3.8/dist-packages/neutron_lib/callbacks/manager.py:176}}
Jan 18 10:46:21.572880 dv-neutron-825073-1-hyperv neutron-server[120261]: DEBUG neutron.plugins.ml2.plugin [None req-5e427ca7-3610-47f6-bc53-13b91883ed4f tempest-PortsTestJSON-173408377 tempest-PortsTestJSON-173408377-project] Calling delete_port for 07779eca-988c-4004-92df-26e09e44dc9c owned by {{(pid=120261) delete_port /opt/stack/neutron/neutron/plugins/ml2/plugin.py:2037}}
Jan 18 10:46:21.593428 dv-neutron-825073-1-hyperv neutron-server[120262]: DEBUG neutron.pecan_wsgi.hooks.quota_enforcement [None req-fe0761b5-b08a-47b0-b498-6150e99d90fa tempest-FloatingIPTestJSON-1808445562 tempest-FloatingIPTestJSON-1808445562-project] Made reservation on behalf of 7eea65d59ebf43108f8098969a5f3faa for: {'network': 1} {{(pid=120262) before /opt/stack/neutron/neutron/pecan_wsgi/hooks/quota_enforcement.py:53}}
Jan 18 10:46:21.596996 dv-neutron-825073-1-hyperv neutron-server[120262]: DEBUG neutron_lib.callbacks.manager [None req-fe0761b5-b08a-47b0-b498-6150e99d90fa tempest-FloatingIPTestJSON-1808445562 tempest-FloatingIPTestJSON-1808445562-project] Publish callbacks ['neutron.plugins.ml2.plugin.SecurityGroupDbMixin._ensure_default_security_group_handler-1815053'] for network (None), before_create {{(pid=120262) _notify_loop /usr/local/lib/python3.8/dist-packages/neutron_lib/callbacks/manager.py:176}}
Jan 18 10:46:21.603074 dv-neutron-825073-1-hyperv neutron-server[120262]: DEBUG neutron.api.rpc.handlers.resources_rpc [None req-ca12371f-5001-4fb4-ba57-a2b6acbf05e6 tempest-RoutersAdminTest-781012004 tempest-RoutersAdminTest-781012004-project-admin] Pushing event deleted for resources: {'Port': ['ID=20a83a52-8668-439f-a5c9-2daba2d0830a,revision_number=None']} {{(pid=120262) push /opt/stack/neutron/neutron/api/rpc/handlers/resources_rpc.py:237}}
Jan 18 10:46:21.620134 dv-neutron-825073-1-hyperv neutron-server[120261]: INFO neutron.wsgi [req-8878b189-fdd5-465f-b36c-1fa470d1d449 req-efd88954-1fcf-4c21-804e-abf5802c1c8e service neutron] 10.222.0.88 "GET /v2.0/floatingips?fixed_ip_address=172.20.0.11&port_id=6b1b355a-21f5-4acf-abce-e7014563e11b HTTP/1.1" status: 200 len: 217 time: 0.1271996
Jan 18 10:46:21.621684 dv-neutron-825073-1-hyperv neutron-server[120262]: DEBUG neutron_lib.callbacks.manager [None req-fe0761b5-b08a-47b0-b498-6150e99d90fa tempest-FloatingIPTestJSON-1808445562 tempest-FloatingIPTestJSON-1808445562-project] Publish callbacks [] for security_group (None), before_create {{(pid=120262) _notify_loop /usr/local/lib/python3.8/dist-packages/neutron_lib/callbacks/manager.py:176}}
Jan 18 10:46:21.661549 dv-neutron-825073-1-hyperv neutron-server[120261]: DEBUG novaclient.v2.client [-] RESP: [200] Connection: close Content-Length: 179 Content-Type: application/json Date: Tue, 18 Jan 2022 10:46:21 GMT OpenStack-API-Version: compute 2.1 Server: Apache/2.4.41 (Ubuntu) Vary: OpenStack-API-Version,X-OpenStack-Nova-API-Version X-OpenStack-Nova-API-Version: 2.1 x-compute-request-id: req-d203c772-7343-43f7-ad91-7288ae4ce7f1 x-openstack-request-id: req-d203c772-7343-43f7-ad91-7288ae4ce7f1 {{(pid=120261) _http_log_response /usr/local/lib/python3.8/dist-packages/keystoneauth1/session.py:550}}
Jan 18 10:46:21.661914 dv-neutron-825073-1-hyperv neutron-server[120261]: DEBUG novaclient.v2.client [-] RESP BODY: {"events": [{"name": "network-changed", "server_uuid": "651846be-eca6-46f6-a3b3-924ba264e164", "tag": "6b1b355a-21f5-4acf-abce-e7014563e11b", "status": "completed", "code": 200}]} {{(pid=120261) _http_log_response /usr/local/lib/python3.8/dist-packages/keystoneauth1/session.py:582}}
Jan 18 10:46:21.662224 dv-neutron-825073-1-hyperv neutron-server[120261]: DEBUG novaclient.v2.client [-] POST call to compute for http://10.222.0.64/compute/v2.1/os-server-external-events used request id req-d203c772-7343-43f7-ad91-7288ae4ce7f1 {{(pid=120261) request /usr/local/lib/python3.8/dist-packages/keystoneauth1/session.py:954}}
Jan 18 10:46:21.662698 dv-neutron-825073-1-hyperv neutron-server[120261]: INFO neutron.notifiers.nova [-] Nova event response: {'name': 'network-changed', 'server_uuid': '651846be-eca6-46f6-a3b3-924ba264e164', 'tag': '6b1b355a-21f5-4acf-abce-e7014563e11b', 'status': 'completed', 'code': 200}
Jan 18 10:46:21.684052 dv-neutron-825073-1-hyperv neutron-server[120261]: DEBUG neutron.pecan_wsgi.hooks.policy_enforcement [req-84ee212f-dd09-4c05-8117-da03ddeecca4 req-16d16c11-03e5-4a6d-b6f5-7a9683b7fe37 tempest-ServersTestJSON-949745184 tempest-ServersTestJSON-949745184-project] Attributes excluded by policy engine: ['standard_attr_id', 'binding:profile', 'binding:host_id', 'binding:vif_type', 'binding:vif_details'] {{(pid=120261) _exclude_attributes_by_policy /opt/stack/neutron/neutron/pecan_wsgi/hooks/policy_enforcement.py:255}}
Jan 18 10:46:21.685464 dv-neutron-825073-1-hyperv neutron-server[120261]: INFO neutron.wsgi [req-84ee212f-dd09-4c05-8117-da03ddeecca4 req-16d16c11-03e5-4a6d-b6f5-7a9683b7fe37 tempest-ServersTestJSON-949745184 tempest-ServersTestJSON-949745184-project] 10.222.0.64 "GET /v2.0/ports?device_id=651846be-eca6-46f6-a3b3-924ba264e164 HTTP/1.1" status: 200 len: 944 time: 0.3963482
Jan 18 10:46:21.750672 dv-neutron-825073-1-hyperv neutron-server[120262]: DEBUG neutron_lib.callbacks.manager [None req-ca12371f-5001-4fb4-ba57-a2b6acbf05e6 tempest-RoutersAdminTest-781012004 tempest-RoutersAdminTest-781012004-project-admin] Publish callbacks ['neutron.notifiers.nova.Notifier._send_nova_notification-155684'] for port (None), before_response {{(pid=120262) _notify_loop /usr/local/lib/python3.8/dist-packages/neutron_lib/callbacks/manager.py:176}}
Jan 18 10:46:21.754520 dv-neutron-825073-1-hyperv neutron-server[120262]: INFO neutron.wsgi [None req-ca12371f-5001-4fb4-ba57-a2b6acbf05e6 tempest-RoutersAdminTest-781012004 tempest-RoutersAdminTest-781012004-project-admin] 10.222.0.64 "DELETE /v2.0/ports/20a83a52-8668-439f-a5c9-2daba2d0830a HTTP/1.1" status: 204 len: 168 time: 1.1192882
Jan 18 10:46:21.771617 dv-neutron-825073-1-hyperv neutron-server[120261]: DEBUG neutron.wsgi [-] (120261) accepted ('10.222.0.64', 43464) {{(pid=120261) server /usr/local/lib/python3.8/dist-packages/eventlet/wsgi.py:1004}}
Jan 18 10:46:21.786166 dv-neutron-825073-1-hyperv neutron-server[120261]: DEBUG neutron.api.v2.base [None req-8c6bf543-90ff-44c5-aac5-cdd60b5685af tempest-RoutersAdminTest-781012004 tempest-RoutersAdminTest-781012004-project-admin] Request body: {'router': {'external_gateway_info': {'network_id': '9b3a19a3-cf9a-49b4-aed7-e4d1831b6ad0', 'external_fixed_ips': [{'subnet_id': 'bed26e4b-86e9-4951-93dc-0bfcd12f82c8', 'ip_address': '172.20.0.11'}]}}} {{(pid=120261) prepare_request_body /opt/stack/neutron/neutron/api/v2/base.py:729}}
Jan 18 10:46:21.828510 dv-neutron-825073-1-hyperv neutron-server[120261]: DEBUG neutron.plugins.ml2.db [None req-2f1a5455-080b-411d-8d1e-e96afe15c231 tempest-PortsAdminExtendedAttrsIpV6TestJSON-1002065911 tempest-PortsAdminExtendedAttrsIpV6TestJSON-1002065911-project-admin] For port 9b656146-df3d-43c5-b6a5-7b45f605fa39, host hv-neutron-8250, cleared binding levels {{(pid=120261) clear_binding_levels /opt/stack/neutron/neutron/plugins/ml2/db.py:87}}
Jan 18 10:46:21.829120 dv-neutron-825073-1-hyperv neutron-server[120261]: DEBUG neutron.plugins.ml2.db [None req-2f1a5455-080b-411d-8d1e-e96afe15c231 tempest-PortsAdminExtendedAttrsIpV6TestJSON-1002065911 tempest-PortsAdminExtendedAttrsIpV6TestJSON-1002065911-project-admin] Attempted to set empty binding levels {{(pid=120261) set_binding_levels /opt/stack/neutron/neutron/plugins/ml2/db.py:65}}
Jan 18 10:46:21.837982 dv-neutron-825073-1-hyperv neutron-server[120262]: DEBUG neutron.wsgi [-] (120262) accepted ('10.222.0.64', 43466) {{(pid=120262) server /usr/local/lib/python3.8/dist-packages/eventlet/wsgi.py:1004}}
Jan 18 10:46:21.856134 dv-neutron-825073-1-hyperv neutron-server[120261]: DEBUG neutron.pecan_wsgi.hooks.policy_enforcement [req-8878b189-fdd5-465f-b36c-1fa470d1d449 req-d0ad506f-e39f-4cdb-805c-ff97066b589b service neutron] Attributes excluded by policy engine: ['standard_attr_id', 'shared', 'segment_id'] {{(pid=120261) _exclude_attributes_by_policy /opt/stack/neutron/neutron/pecan_wsgi/hooks/policy_enforcement.py:255}}
Jan 18 10:46:21.857637 dv-neutron-825073-1-hyperv neutron-server[120261]: INFO neutron.wsgi [req-8878b189-fdd5-465f-b36c-1fa470d1d449 req-d0ad506f-e39f-4cdb-805c-ff97066b589b service neutron] 10.222.0.88 "GET /v2.0/subnets?id=eec81c93-7ffa-4d86-abda-fbb8d446633a HTTP/1.1" status: 200 len: 843 time: 0.2003787
Jan 18 10:46:21.869508 dv-neutron-825073-1-hyperv neutron-server[120261]: DEBUG neutron_lib.callbacks.manager [None req-2f1a5455-080b-411d-8d1e-e96afe15c231 tempest-PortsAdminExtendedAttrsIpV6TestJSON-1002065911 tempest-PortsAdminExtendedAttrsIpV6TestJSON-1002065911-project-admin] Publish callbacks ['neutron.plugins.ml2.plugin.SecurityGroupServerNotifierRpcMixin._notify_sg_on_port_change-1816000', 'neutron.plugins.ml2.ovo_rpc._ObjectChangeHandler.handle_event-454694', 'neutron.api.rpc.agentnotifiers.dhcp_rpc_agent_api.DhcpAgentNotifyAPI._native_event_send_dhcp_notification-734462', 'neutron.db.l3_db.L3RpcNotifierMixin._notify_gateway_port_ip_changed-8766123499138', 'neutron.db.l3_dvrscheduler_db._notify_l3_agent_port_update-8766122983262', 'neutron.db.l3_hascheduler_db._notify_l3_agent_ha_port_update-8766122983280', 'neutron.services.segments.plugin.NovaSegmentNotifier._notify_port_updated-9445866'] for port (9b656146-df3d-43c5-b6a5-7b45f605fa39), after_update {{(pid=120261) _notify_loop /usr/local/lib/python3.8/dist-packages/neutron_lib/callbacks/manager.py:176}}
Jan 18 10:46:21.875801 dv-neutron-825073-1-hyperv neutron-server[120262]: DEBUG neutron_lib.callbacks.manager [None req-1875ceb0-563b-45a5-8d81-20500f09b4ea tempest-ExtraDHCPOptionsTestJSON-221225374 tempest-ExtraDHCPOptionsTestJSON-221225374-project] Publish callbacks ['neutron.plugins.ml2.ovo_rpc._ObjectChangeHandler.handle_event-740908', 'neutron.api.rpc.agentnotifiers.dhcp_rpc_agent_api.DhcpAgentNotifyAPI._native_event_send_dhcp_notification-734462', 'neutron.services.segments.plugin.NovaSegmentNotifier._notify_subnet_created-9934048', 'neutron.services.segments.plugin.SegmentHostRoutes.host_routes_after_create-9667494'] for subnet (3c5f4e70-1ab6-47bb-a550-e31ce0b3840e), after_create {{(pid=120262) _notify_loop /usr/local/lib/python3.8/dist-packages/neutron_lib/callbacks/manager.py:176}}
Jan 18 10:46:21.923806 dv-neutron-825073-1-hyperv neutron-server[120262]: DEBUG neutron.pecan_wsgi.hooks.policy_enforcement [req-cceafc2f-90d6-4212-b556-c10c09f93f1b req-3c64cb01-80be-4d7a-8768-07153dac97bf tempest-ServerActionsTestJSON-17243948 tempest-ServerActionsTestJSON-17243948-project] Attributes excluded by policy engine: ['standard_attr_id', 'binding:profile', 'binding:host_id', 'binding:vif_type', 'binding:vif_details'] {{(pid=120262) _exclude_attributes_by_policy /opt/stack/neutron/neutron/pecan_wsgi/hooks/policy_enforcement.py:255}}
Jan 18 10:46:21.924047 dv-neutron-825073-1-hyperv neutron-server[120262]: INFO neutron.wsgi [req-cceafc2f-90d6-4212-b556-c10c09f93f1b req-3c64cb01-80be-4d7a-8768-07153dac97bf tempest-ServerActionsTestJSON-17243948 tempest-ServerActionsTestJSON-17243948-project] 10.222.0.64 "GET /v2.0/ports?device_id=58a46cde-dc74-4a18-9a6c-8da24ca32777 HTTP/1.1" status: 200 len: 931 time: 0.1822734
Jan 18 10:46:21.986833 dv-neutron-825073-1-hyperv neutron-server[120261]: INFO neutron.wsgi [req-84ee212f-dd09-4c05-8117-da03ddeecca4 req-f2562b79-1f2d-4ccd-bfc8-8ff5d8b1a3e5 tempest-ServersTestJSON-949745184 tempest-ServersTestJSON-949745184-project] 10.222.0.64 "GET /v2.0/security-groups?id=77baa16d-2fee-4f9a-9c5a-5b269b305e7c&fields=id&fields=name HTTP/1.1" status: 200 len: 313 time: 0.2893465
Jan 18 10:46:21.987686 dv-neutron-825073-1-hyperv neutron-server[120262]: DEBUG neutron_lib.callbacks.manager [None req-fe0761b5-b08a-47b0-b498-6150e99d90fa tempest-FloatingIPTestJSON-1808445562 tempest-FloatingIPTestJSON-1808445562-project] Publish callbacks [] for security_group (5249d71f-3e75-4f18-b8f6-bc3557d032d0), precommit_create {{(pid=120262) _notify_loop /usr/local/lib/python3.8/dist-packages/neutron_lib/callbacks/manager.py:176}}
